{"id":1083,"date":"2020-11-18T14:53:13","date_gmt":"2020-11-18T13:53:13","guid":{"rendered":"https:\/\/www.alteacultural.com\/events\/botifarra-a-banda-acte-de-cloenda-altea-capital-cultural-valenciana-2019-2020\/"},"modified":"2020-12-02T21:41:36","modified_gmt":"2020-12-02T20:41:36","slug":"botifarra-a-banda-acte-de-cloenda-altea-capital-cultural-valenciana-2019-2020","status":"publish","type":"mec-events","link":"https:\/\/www.alteacultural.com\/es\/events\/botifarra-a-banda-acte-de-cloenda-altea-capital-cultural-valenciana-2019-2020\/","title":{"rendered":"Botifarra a banda &#8211; Clausura &#8216;Altea Capital Cultural Valenciana&#8217;"},"content":{"rendered":"<p><em>ACTO EN VALENCIANO<\/em><\/p>\n<p>5-des.<br \/>\nBotifarra a banda<br \/>\n<strong>Acte de cloenda &#8216;Altea Capital Cultural Valenciana 2019-2020&#8217;<\/strong><br \/>\nAmb Pep Gimeno &#8216;Botifarra&#8217; i la Banda Simf\u00f2nica de la Societat Filharm\u00f2nica Alteanense<br \/>\n20:00 h \u00b7 Palau Altea<\/p>\n<p>Entrada gratu\u00efta amb reserva.<\/p>\n<h2><span style=\"color: #00ccff;\">Entrades:<\/span><\/h2>\n<p><iframe id=\"etktfrm9175\" data-src=\"https:\/\/venta.atenea360.es\/buy\/?id=9175\" width=\"100%\" frameborder=\"0\" src=\"data:image\/gif;base64,R0lGODlhAQABAAAAACH5BAEKAAEALAAAAAABAAEAAAICTAEAOw==\" class=\"lazyload\" data-load-mode=\"1\"><\/iframe><script type=\"text\/javascript\" src=\"https:\/\/d31tcnbxvxtafg.cloudfront.net\/js\/libraries\/buy.js\"><\/script><\/p>\n<p><span style=\"color: #ff0000;\">Actualitzaci\u00f3: A hores d&#8217;ara, 02-12-2020 a 20.36 h, tenim les <strong>ENTRADES ESGOTADES<\/strong>. No obstant aix\u00f2, es recomana els interessats visitar aquesta p\u00e0gina fins al moment de l&#8217;espectacle, perqu\u00e8 poden alliberar-se algunes reserves que s&#8217;anul\u00b7len.<\/span><\/p>\n","protected":false},"excerpt":{"rendered":"<p>ACTO EN VALENCIANO 5-des. Botifarra a banda Acte de cloenda &#8216;Altea Capital Cultural Valenciana 2019-2020&#8217; Amb Pep Gimeno &#8216;Botifarra&#8217; [&hellip;]<\/p>\n","protected":false},"author":1,"featured_media":1084,"comment_status":"open","ping_status":"closed","template":"","meta":{"_expiration-date-status":"saved","_expiration-date":0,"_expiration-date-type":"","_expiration-date-categories":[],"_expiration-date-options":[]},"yoast_head":"<!-- This site is optimized with the Yoast SEO plugin v22.8 - https:\/\/yoast.com\/wordpress\/plugins\/seo\/ -->\n<title>Botifarra a banda - Clausura &#039;Altea Capital Cultural Valenciana&#039; - Altea Cultural<\/title>\n<meta name=\"robots\" content=\"index, follow, max-snippet:-1, max-image-preview:large, max-video-preview:-1\" \/>\n<link rel=\"canonical\" href=\"https:\/\/www.alteacultural.com\/es\/events\/botifarra-a-banda-acte-de-cloenda-altea-capital-cultural-valenciana-2019-2020\/\" \/>\n<meta property=\"og:locale\" content=\"es_ES\" \/>\n<meta property=\"og:type\" content=\"article\" \/>\n<meta property=\"og:title\" content=\"Botifarra a banda - Clausura &#039;Altea Capital Cultural Valenciana&#039; - Altea Cultural\" \/>\n<meta property=\"og:description\" content=\"ACTO EN VALENCIANO 5-des. Botifarra a banda Acte de cloenda &#8216;Altea Capital Cultural Valenciana 2019-2020&#8217; Amb Pep Gimeno &#8216;Botifarra&#8217; [&hellip;]\" \/>\n<meta property=\"og:url\" content=\"https:\/\/www.alteacultural.com\/es\/events\/botifarra-a-banda-acte-de-cloenda-altea-capital-cultural-valenciana-2019-2020\/\" \/>\n<meta property=\"og:site_name\" content=\"Altea Cultural\" \/>\n<meta property=\"article:modified_time\" content=\"2020-12-02T20:41:36+00:00\" \/>\n<meta property=\"og:image\" content=\"https:\/\/www.alteacultural.com\/wp-content\/uploads\/2020\/11\/BANNER-BOTIFARRA-A-BANDA_med.jpg\" \/>\n\t<meta property=\"og:image:width\" content=\"1500\" \/>\n\t<meta property=\"og:image:height\" content=\"567\" \/>\n\t<meta property=\"og:image:type\" content=\"image\/jpeg\" \/>\n<meta name=\"twitter:card\" content=\"summary_large_image\" \/>\n<script type=\"application\/ld+json\" class=\"yoast-schema-graph\">{\"@context\":\"https:\/\/schema.org\",\"@graph\":[{\"@type\":\"WebPage\",\"@id\":\"https:\/\/www.alteacultural.com\/es\/events\/botifarra-a-banda-acte-de-cloenda-altea-capital-cultural-valenciana-2019-2020\/\",\"url\":\"https:\/\/www.alteacultural.com\/es\/events\/botifarra-a-banda-acte-de-cloenda-altea-capital-cultural-valenciana-2019-2020\/\",\"name\":\"Botifarra a banda - Clausura 'Altea Capital Cultural Valenciana' - Altea Cultural\",\"isPartOf\":{\"@id\":\"https:\/\/www.alteacultural.com\/es\/#website\"},\"primaryImageOfPage\":{\"@id\":\"https:\/\/www.alteacultural.com\/es\/events\/botifarra-a-banda-acte-de-cloenda-altea-capital-cultural-valenciana-2019-2020\/#primaryimage\"},\"image\":{\"@id\":\"https:\/\/www.alteacultural.com\/es\/events\/botifarra-a-banda-acte-de-cloenda-altea-capital-cultural-valenciana-2019-2020\/#primaryimage\"},\"thumbnailUrl\":\"https:\/\/www.alteacultural.com\/wp-content\/uploads\/2020\/11\/BANNER-BOTIFARRA-A-BANDA_med.jpg\",\"datePublished\":\"2020-11-18T13:53:13+00:00\",\"dateModified\":\"2020-12-02T20:41:36+00:00\",\"breadcrumb\":{\"@id\":\"https:\/\/www.alteacultural.com\/es\/events\/botifarra-a-banda-acte-de-cloenda-altea-capital-cultural-valenciana-2019-2020\/#breadcrumb\"},\"inLanguage\":\"es\",\"potentialAction\":[{\"@type\":\"ReadAction\",\"target\":[\"https:\/\/www.alteacultural.com\/es\/events\/botifarra-a-banda-acte-de-cloenda-altea-capital-cultural-valenciana-2019-2020\/\"]}]},{\"@type\":\"ImageObject\",\"inLanguage\":\"es\",\"@id\":\"https:\/\/www.alteacultural.com\/es\/events\/botifarra-a-banda-acte-de-cloenda-altea-capital-cultural-valenciana-2019-2020\/#primaryimage\",\"url\":\"https:\/\/www.alteacultural.com\/wp-content\/uploads\/2020\/11\/BANNER-BOTIFARRA-A-BANDA_med.jpg\",\"contentUrl\":\"https:\/\/www.alteacultural.com\/wp-content\/uploads\/2020\/11\/BANNER-BOTIFARRA-A-BANDA_med.jpg\",\"width\":1500,\"height\":567},{\"@type\":\"BreadcrumbList\",\"@id\":\"https:\/\/www.alteacultural.com\/es\/events\/botifarra-a-banda-acte-de-cloenda-altea-capital-cultural-valenciana-2019-2020\/#breadcrumb\",\"itemListElement\":[{\"@type\":\"ListItem\",\"position\":1,\"name\":\"Inici\",\"item\":\"https:\/\/www.alteacultural.com\/es\/\"},{\"@type\":\"ListItem\",\"position\":2,\"name\":\"Eventos\",\"item\":\"https:\/\/www.alteacultural.com\/es\/events\/\"},{\"@type\":\"ListItem\",\"position\":3,\"name\":\"Botifarra a banda &#8211; Clausura &#8216;Altea Capital Cultural Valenciana&#8217;\"}]},{\"@type\":\"WebSite\",\"@id\":\"https:\/\/www.alteacultural.com\/es\/#website\",\"url\":\"https:\/\/www.alteacultural.com\/es\/\",\"name\":\"Altea Cultural\",\"description\":\"Regidoria de Cultura de l&#039;Ajuntament d&#039;Altea\",\"potentialAction\":[{\"@type\":\"SearchAction\",\"target\":{\"@type\":\"EntryPoint\",\"urlTemplate\":\"https:\/\/www.alteacultural.com\/es\/?s={search_term_string}\"},\"query-input\":\"required name=search_term_string\"}],\"inLanguage\":\"es\"}]}<\/script>\n<!-- \/ Yoast SEO plugin. -->","yoast_head_json":{"title":"Botifarra a banda - Clausura 'Altea Capital Cultural Valenciana' - Altea Cultural","robots":{"index":"index","follow":"follow","max-snippet":"max-snippet:-1","max-image-preview":"max-image-preview:large","max-video-preview":"max-video-preview:-1"},"canonical":"https:\/\/www.alteacultural.com\/es\/events\/botifarra-a-banda-acte-de-cloenda-altea-capital-cultural-valenciana-2019-2020\/","og_locale":"es_ES","og_type":"article","og_title":"Botifarra a banda - Clausura 'Altea Capital Cultural Valenciana' - Altea Cultural","og_description":"ACTO EN VALENCIANO 5-des. Botifarra a banda Acte de cloenda &#8216;Altea Capital Cultural Valenciana 2019-2020&#8217; Amb Pep Gimeno &#8216;Botifarra&#8217; [&hellip;]","og_url":"https:\/\/www.alteacultural.com\/es\/events\/botifarra-a-banda-acte-de-cloenda-altea-capital-cultural-valenciana-2019-2020\/","og_site_name":"Altea Cultural","article_modified_time":"2020-12-02T20:41:36+00:00","og_image":[{"width":1500,"height":567,"url":"https:\/\/www.alteacultural.com\/wp-content\/uploads\/2020\/11\/BANNER-BOTIFARRA-A-BANDA_med.jpg","type":"image\/jpeg"}],"twitter_card":"summary_large_image","schema":{"@context":"https:\/\/schema.org","@graph":[{"@type":"WebPage","@id":"https:\/\/www.alteacultural.com\/es\/events\/botifarra-a-banda-acte-de-cloenda-altea-capital-cultural-valenciana-2019-2020\/","url":"https:\/\/www.alteacultural.com\/es\/events\/botifarra-a-banda-acte-de-cloenda-altea-capital-cultural-valenciana-2019-2020\/","name":"Botifarra a banda - Clausura 'Altea Capital Cultural Valenciana' - Altea Cultural","isPartOf":{"@id":"https:\/\/www.alteacultural.com\/es\/#website"},"primaryImageOfPage":{"@id":"https:\/\/www.alteacultural.com\/es\/events\/botifarra-a-banda-acte-de-cloenda-altea-capital-cultural-valenciana-2019-2020\/#primaryimage"},"image":{"@id":"https:\/\/www.alteacultural.com\/es\/events\/botifarra-a-banda-acte-de-cloenda-altea-capital-cultural-valenciana-2019-2020\/#primaryimage"},"thumbnailUrl":"https:\/\/www.alteacultural.com\/wp-content\/uploads\/2020\/11\/BANNER-BOTIFARRA-A-BANDA_med.jpg","datePublished":"2020-11-18T13:53:13+00:00","dateModified":"2020-12-02T20:41:36+00:00","breadcrumb":{"@id":"https:\/\/www.alteacultural.com\/es\/events\/botifarra-a-banda-acte-de-cloenda-altea-capital-cultural-valenciana-2019-2020\/#breadcrumb"},"inLanguage":"es","potentialAction":[{"@type":"ReadAction","target":["https:\/\/www.alteacultural.com\/es\/events\/botifarra-a-banda-acte-de-cloenda-altea-capital-cultural-valenciana-2019-2020\/"]}]},{"@type":"ImageObject","inLanguage":"es","@id":"https:\/\/www.alteacultural.com\/es\/events\/botifarra-a-banda-acte-de-cloenda-altea-capital-cultural-valenciana-2019-2020\/#primaryimage","url":"https:\/\/www.alteacultural.com\/wp-content\/uploads\/2020\/11\/BANNER-BOTIFARRA-A-BANDA_med.jpg","contentUrl":"https:\/\/www.alteacultural.com\/wp-content\/uploads\/2020\/11\/BANNER-BOTIFARRA-A-BANDA_med.jpg","width":1500,"height":567},{"@type":"BreadcrumbList","@id":"https:\/\/www.alteacultural.com\/es\/events\/botifarra-a-banda-acte-de-cloenda-altea-capital-cultural-valenciana-2019-2020\/#breadcrumb","itemListElement":[{"@type":"ListItem","position":1,"name":"Inici","item":"https:\/\/www.alteacultural.com\/es\/"},{"@type":"ListItem","position":2,"name":"Eventos","item":"https:\/\/www.alteacultural.com\/es\/events\/"},{"@type":"ListItem","position":3,"name":"Botifarra a banda &#8211; Clausura &#8216;Altea Capital Cultural Valenciana&#8217;"}]},{"@type":"WebSite","@id":"https:\/\/www.alteacultural.com\/es\/#website","url":"https:\/\/www.alteacultural.com\/es\/","name":"Altea Cultural","description":"Regidoria de Cultura de l&#039;Ajuntament d&#039;Altea","potentialAction":[{"@type":"SearchAction","target":{"@type":"EntryPoint","urlTemplate":"https:\/\/www.alteacultural.com\/es\/?s={search_term_string}"},"query-input":"required name=search_term_string"}],"inLanguage":"es"}]}},"mec_cost":"Entrada gratuita con reserva","mec_date":{"start":{"date":"2020-12-05","hour":8,"minutes":"0","ampm":"PM"},"end":{"date":"2020-12-05","hour":9,"minutes":"30","ampm":"PM"},"comment":"","repeat":{"type":"daily","interval":"1","advanced":"","end":"never","end_at_date":"","end_at_occurrences":"10"}},"_links":{"self":[{"href":"https:\/\/www.alteacultural.com\/es\/wp-json\/wp\/v2\/mec-events\/1083"}],"collection":[{"href":"https:\/\/www.alteacultural.com\/es\/wp-json\/wp\/v2\/mec-events"}],"about":[{"href":"https:\/\/www.alteacultural.com\/es\/wp-json\/wp\/v2\/types\/mec-events"}],"author":[{"embeddable":true,"href":"https:\/\/www.alteacultural.com\/es\/wp-json\/wp\/v2\/users\/1"}],"replies":[{"embeddable":true,"href":"https:\/\/www.alteacultural.com\/es\/wp-json\/wp\/v2\/comments?post=1083"}],"wp:featuredmedia":[{"embeddable":true,"href":"https:\/\/www.alteacultural.com\/es\/wp-json\/wp\/v2\/media\/1084"}],"wp:attachment":[{"href":"https:\/\/www.alteacultural.com\/es\/wp-json\/wp\/v2\/media?parent=1083"}],"curies":[{"name":"wp","href":"https:\/\/api.w.org\/{rel}","templated":true}]}}

<p><em>ACTO EN VALENCIANO</em></p>
<p>5-des.<br />
Botifarra a banda<br />
<strong>Acte de cloenda &#8216;Altea Capital Cultural Valenciana 2019-2020&#8217;</strong><br />
Amb Pep Gimeno &#8216;Botifarra&#8217; i la Banda Simfònica de la Societat Filharmònica Alteanense<br />
20:00 h · Palau Altea</p>
<p>Entrada gratuïta amb reserva.</p>
<h2><span style="color: #00ccff;">Entrades:</span></h2>
<p><iframe id="etktfrm9175" data-src="https://venta.atenea360.es/buy/?id=9175" width="100%" frameborder="0" src="data:image/gif;base64,R0lGODlhAQABAAAAACH5BAEKAAEALAAAAAABAAEAAAICTAEAOw==" class="lazyload" data-load-mode="1"></iframe><script type="text/javascript" src="https://d31tcnbxvxtafg.cloudfront.net/js/libraries/buy.js"></script></p>
<p><span style="color: #ff0000;">Actualització: A hores d&#8217;ara, 02-12-2020 a 20.36 h, tenim les <strong>ENTRADES ESGOTADES</strong>. No obstant això, es recomana els interessats visitar aquesta pàgina fins al moment de l&#8217;espectacle, perquè poden alliberar-se algunes reserves que s&#8217;anul·len.</span></p>
