{"id":11860,"date":"2021-08-05T12:34:41","date_gmt":"2021-08-05T10:34:41","guid":{"rendered":"https:\/\/www.alteacultural.com\/events\/maestrissimo\/"},"modified":"2021-08-17T10:08:47","modified_gmt":"2021-08-17T08:08:47","slug":"maestrissimo","status":"publish","type":"mec-events","link":"https:\/\/www.alteacultural.com\/es\/events\/maestrissimo\/","title":{"rendered":"Maestr\u00edssimo"},"content":{"rendered":"<p>11 dic | 18h | Palau Altea<\/p>\n<p>&nbsp;<\/p>\n<p>Maestr\u00edssimo es un espect\u00e1culo \u00aballegro e molto vivace\u00bb a mitad de camino entre el concierto de c\u00e1mara, la comedia sat\u00edrica y el retrato de \u00e9poca, en el que se muestran, al m\u00e1s puro estilo Yllana, las aventuras y desventuras de un cuarteto de cuerdas en un per\u00edodo indeterminado entre los siglos XVII y XVIII (Barroco y Neoclasicismo).<\/p>\n<p>Un m\u00fasico de relleno, un segund\u00f3n sin apellidos, pero con un talento descomunal, intentar\u00e1 progresar en el escalaf\u00f3n y alcanzar el t\u00edtulo de Maestr\u00edssimo. \u00bfSer\u00e1n su talento y su genialidad suficientes como para hacerse un hueco en un mundo tan jerarquizado? \u00bfConseguir\u00e1 el prestigio que por derecho se merece?<\/p>\n<p>En la misma l\u00ednea que Pagagnini, pero con una entidad propia, Maestr\u00cdssimo deleitar\u00e1 a los espectadores con una cuidad\u00edsima est\u00e9tica y unos personajes divertid\u00edsimos, abordando temas como la \u00e9tica, la creaci\u00f3n, la originalidad y el valor del arte en la sociedad, al mismo tiempo que repasa<br \/>\nmomentos cumbre de la m\u00fasica cl\u00e1sica.<\/p>\n<p>&nbsp;<\/p>\n<p>+info: https:\/\/yllana.com\/espectaculo\/maestrissimo\/<\/p>\n<p>&nbsp;<\/p>\n<p>&nbsp;<\/p>\n","protected":false},"excerpt":{"rendered":"<p>11 dic | 18h | Palau Altea &nbsp; Maestr\u00edssimo es un espect\u00e1culo \u00aballegro e molto vivace\u00bb a mitad de [&hellip;]<\/p>\n","protected":false},"author":1,"featured_media":11859,"comment_status":"open","ping_status":"closed","template":"","meta":{"_expiration-date-status":"saved","_expiration-date":0,"_expiration-date-type":"","_expiration-date-categories":[],"_expiration-date-options":[]},"yoast_head":"<!-- This site is optimized with the Yoast SEO plugin v22.8 - https:\/\/yoast.com\/wordpress\/plugins\/seo\/ -->\n<title>Maestr\u00edssimo - Altea Cultural<\/title>\n<meta name=\"robots\" content=\"index, follow, max-snippet:-1, max-image-preview:large, max-video-preview:-1\" \/>\n<link rel=\"canonical\" href=\"https:\/\/www.alteacultural.com\/es\/events\/maestrissimo\/\" \/>\n<meta property=\"og:locale\" content=\"es_ES\" \/>\n<meta property=\"og:type\" content=\"article\" \/>\n<meta property=\"og:title\" content=\"Maestr\u00edssimo - Altea Cultural\" \/>\n<meta property=\"og:description\" content=\"11 dic | 18h | Palau Altea &nbsp; Maestr\u00edssimo es un espect\u00e1culo \u00aballegro e molto vivace\u00bb a mitad de [&hellip;]\" \/>\n<meta property=\"og:url\" content=\"https:\/\/www.alteacultural.com\/es\/events\/maestrissimo\/\" \/>\n<meta property=\"og:site_name\" content=\"Altea Cultural\" \/>\n<meta property=\"article:modified_time\" content=\"2021-08-17T08:08:47+00:00\" \/>\n<meta property=\"og:image\" content=\"https:\/\/www.alteacultural.com\/wp-content\/uploads\/2021\/08\/master.jpg\" \/>\n\t<meta property=\"og:image:width\" content=\"2048\" \/>\n\t<meta property=\"og:image:height\" content=\"779\" \/>\n\t<meta property=\"og:image:type\" content=\"image\/jpeg\" \/>\n<meta name=\"twitter:card\" content=\"summary_large_image\" \/>\n<meta name=\"twitter:label1\" content=\"Tiempo de lectura\" \/>\n\t<meta name=\"twitter:data1\" content=\"1 minuto\" \/>\n<script type=\"application\/ld+json\" class=\"yoast-schema-graph\">{\"@context\":\"https:\/\/schema.org\",\"@graph\":[{\"@type\":\"WebPage\",\"@id\":\"https:\/\/www.alteacultural.com\/es\/events\/maestrissimo\/\",\"url\":\"https:\/\/www.alteacultural.com\/es\/events\/maestrissimo\/\",\"name\":\"Maestr\u00edssimo - Altea Cultural\",\"isPartOf\":{\"@id\":\"https:\/\/www.alteacultural.com\/es\/#website\"},\"primaryImageOfPage\":{\"@id\":\"https:\/\/www.alteacultural.com\/es\/events\/maestrissimo\/#primaryimage\"},\"image\":{\"@id\":\"https:\/\/www.alteacultural.com\/es\/events\/maestrissimo\/#primaryimage\"},\"thumbnailUrl\":\"https:\/\/www.alteacultural.com\/wp-content\/uploads\/2021\/08\/master.jpg\",\"datePublished\":\"2021-08-05T10:34:41+00:00\",\"dateModified\":\"2021-08-17T08:08:47+00:00\",\"breadcrumb\":{\"@id\":\"https:\/\/www.alteacultural.com\/es\/events\/maestrissimo\/#breadcrumb\"},\"inLanguage\":\"es\",\"potentialAction\":[{\"@type\":\"ReadAction\",\"target\":[\"https:\/\/www.alteacultural.com\/es\/events\/maestrissimo\/\"]}]},{\"@type\":\"ImageObject\",\"inLanguage\":\"es\",\"@id\":\"https:\/\/www.alteacultural.com\/es\/events\/maestrissimo\/#primaryimage\",\"url\":\"https:\/\/www.alteacultural.com\/wp-content\/uploads\/2021\/08\/master.jpg\",\"contentUrl\":\"https:\/\/www.alteacultural.com\/wp-content\/uploads\/2021\/08\/master.jpg\",\"width\":2048,\"height\":779},{\"@type\":\"BreadcrumbList\",\"@id\":\"https:\/\/www.alteacultural.com\/es\/events\/maestrissimo\/#breadcrumb\",\"itemListElement\":[{\"@type\":\"ListItem\",\"position\":1,\"name\":\"Inici\",\"item\":\"https:\/\/www.alteacultural.com\/es\/\"},{\"@type\":\"ListItem\",\"position\":2,\"name\":\"Eventos\",\"item\":\"https:\/\/www.alteacultural.com\/es\/events\/\"},{\"@type\":\"ListItem\",\"position\":3,\"name\":\"Maestr\u00edssimo\"}]},{\"@type\":\"WebSite\",\"@id\":\"https:\/\/www.alteacultural.com\/es\/#website\",\"url\":\"https:\/\/www.alteacultural.com\/es\/\",\"name\":\"Altea Cultural\",\"description\":\"Regidoria de Cultura de l&#039;Ajuntament d&#039;Altea\",\"potentialAction\":[{\"@type\":\"SearchAction\",\"target\":{\"@type\":\"EntryPoint\",\"urlTemplate\":\"https:\/\/www.alteacultural.com\/es\/?s={search_term_string}\"},\"query-input\":\"required name=search_term_string\"}],\"inLanguage\":\"es\"}]}<\/script>\n<!-- \/ Yoast SEO plugin. -->","yoast_head_json":{"title":"Maestr\u00edssimo - Altea Cultural","robots":{"index":"index","follow":"follow","max-snippet":"max-snippet:-1","max-image-preview":"max-image-preview:large","max-video-preview":"max-video-preview:-1"},"canonical":"https:\/\/www.alteacultural.com\/es\/events\/maestrissimo\/","og_locale":"es_ES","og_type":"article","og_title":"Maestr\u00edssimo - Altea Cultural","og_description":"11 dic | 18h | Palau Altea &nbsp; Maestr\u00edssimo es un espect\u00e1culo \u00aballegro e molto vivace\u00bb a mitad de [&hellip;]","og_url":"https:\/\/www.alteacultural.com\/es\/events\/maestrissimo\/","og_site_name":"Altea Cultural","article_modified_time":"2021-08-17T08:08:47+00:00","og_image":[{"width":2048,"height":779,"url":"https:\/\/www.alteacultural.com\/wp-content\/uploads\/2021\/08\/master.jpg","type":"image\/jpeg"}],"twitter_card":"summary_large_image","twitter_misc":{"Tiempo de lectura":"1 minuto"},"schema":{"@context":"https:\/\/schema.org","@graph":[{"@type":"WebPage","@id":"https:\/\/www.alteacultural.com\/es\/events\/maestrissimo\/","url":"https:\/\/www.alteacultural.com\/es\/events\/maestrissimo\/","name":"Maestr\u00edssimo - Altea Cultural","isPartOf":{"@id":"https:\/\/www.alteacultural.com\/es\/#website"},"primaryImageOfPage":{"@id":"https:\/\/www.alteacultural.com\/es\/events\/maestrissimo\/#primaryimage"},"image":{"@id":"https:\/\/www.alteacultural.com\/es\/events\/maestrissimo\/#primaryimage"},"thumbnailUrl":"https:\/\/www.alteacultural.com\/wp-content\/uploads\/2021\/08\/master.jpg","datePublished":"2021-08-05T10:34:41+00:00","dateModified":"2021-08-17T08:08:47+00:00","breadcrumb":{"@id":"https:\/\/www.alteacultural.com\/es\/events\/maestrissimo\/#breadcrumb"},"inLanguage":"es","potentialAction":[{"@type":"ReadAction","target":["https:\/\/www.alteacultural.com\/es\/events\/maestrissimo\/"]}]},{"@type":"ImageObject","inLanguage":"es","@id":"https:\/\/www.alteacultural.com\/es\/events\/maestrissimo\/#primaryimage","url":"https:\/\/www.alteacultural.com\/wp-content\/uploads\/2021\/08\/master.jpg","contentUrl":"https:\/\/www.alteacultural.com\/wp-content\/uploads\/2021\/08\/master.jpg","width":2048,"height":779},{"@type":"BreadcrumbList","@id":"https:\/\/www.alteacultural.com\/es\/events\/maestrissimo\/#breadcrumb","itemListElement":[{"@type":"ListItem","position":1,"name":"Inici","item":"https:\/\/www.alteacultural.com\/es\/"},{"@type":"ListItem","position":2,"name":"Eventos","item":"https:\/\/www.alteacultural.com\/es\/events\/"},{"@type":"ListItem","position":3,"name":"Maestr\u00edssimo"}]},{"@type":"WebSite","@id":"https:\/\/www.alteacultural.com\/es\/#website","url":"https:\/\/www.alteacultural.com\/es\/","name":"Altea Cultural","description":"Regidoria de Cultura de l&#039;Ajuntament d&#039;Altea","potentialAction":[{"@type":"SearchAction","target":{"@type":"EntryPoint","urlTemplate":"https:\/\/www.alteacultural.com\/es\/?s={search_term_string}"},"query-input":"required name=search_term_string"}],"inLanguage":"es"}]}},"mec_cost":"19\u20ac (precio general)","mec_date":{"start":{"date":"2021-12-11","hour":6,"minutes":"0","ampm":"PM"},"end":{"date":"2021-12-11","hour":7,"minutes":"0","ampm":"PM"},"comment":"","repeat":{"type":"daily","interval":"1","advanced":"","end":"never","end_at_date":"","end_at_occurrences":"10"}},"_links":{"self":[{"href":"https:\/\/www.alteacultural.com\/es\/wp-json\/wp\/v2\/mec-events\/11860"}],"collection":[{"href":"https:\/\/www.alteacultural.com\/es\/wp-json\/wp\/v2\/mec-events"}],"about":[{"href":"https:\/\/www.alteacultural.com\/es\/wp-json\/wp\/v2\/types\/mec-events"}],"author":[{"embeddable":true,"href":"https:\/\/www.alteacultural.com\/es\/wp-json\/wp\/v2\/users\/1"}],"replies":[{"embeddable":true,"href":"https:\/\/www.alteacultural.com\/es\/wp-json\/wp\/v2\/comments?post=11860"}],"wp:featuredmedia":[{"embeddable":true,"href":"https:\/\/www.alteacultural.com\/es\/wp-json\/wp\/v2\/media\/11859"}],"wp:attachment":[{"href":"https:\/\/www.alteacultural.com\/es\/wp-json\/wp\/v2\/media?parent=11860"}],"curies":[{"name":"wp","href":"https:\/\/api.w.org\/{rel}","templated":true}]}}

Maestríssimo

<p>11 dic | 18h | Palau Altea</p>
<p>&nbsp;</p>
<p>Maestríssimo es un espectáculo «allegro e molto vivace» a mitad de camino entre el concierto de cámara, la comedia satírica y el retrato de época, en el que se muestran, al más puro estilo Yllana, las aventuras y desventuras de un cuarteto de cuerdas en un período indeterminado entre los siglos XVII y XVIII (Barroco y Neoclasicismo).</p>
<p>Un músico de relleno, un segundón sin apellidos, pero con un talento descomunal, intentará progresar en el escalafón y alcanzar el título de Maestríssimo. ¿Serán su talento y su genialidad suficientes como para hacerse un hueco en un mundo tan jerarquizado? ¿Conseguirá el prestigio que por derecho se merece?</p>
<p>En la misma línea que Pagagnini, pero con una entidad propia, MaestrÍssimo deleitará a los espectadores con una cuidadísima estética y unos personajes divertidísimos, abordando temas como la ética, la creación, la originalidad y el valor del arte en la sociedad, al mismo tiempo que repasa<br />
momentos cumbre de la música clásica.</p>
<p>&nbsp;</p>
<p>+info: https://yllana.com/espectaculo/maestrissimo/</p>
<p>&nbsp;</p>
<p>&nbsp;</p>

<p>11 dic | 18h | Palau Altea &nbsp; Maestríssimo es un espectáculo «allegro e molto vivace» a mitad de [&hellip;]</p>

<!-- This site is optimized with the Yoast SEO plugin v22.8 - https://yoast.com/wordpress/plugins/seo/ -->
<title>Maestríssimo - Altea Cultural</title>
<meta name="robots" content="index, follow, max-snippet:-1, max-image-preview:large, max-video-preview:-1" />
<link rel="canonical" href="https://www.alteacultural.com/es/events/maestrissimo/" />
<meta property="og:locale" content="es_ES" />
<meta property="og:type" content="article" />
<meta property="og:title" content="Maestríssimo - Altea Cultural" />
<meta property="og:description" content="11 dic | 18h | Palau Altea &nbsp; Maestríssimo es un espectáculo «allegro e molto vivace» a mitad de [&hellip;]" />
<meta property="og:url" content="https://www.alteacultural.com/es/events/maestrissimo/" />
<meta property="og:site_name" content="Altea Cultural" />
<meta property="article:modified_time" content="2021-08-17T08:08:47+00:00" />
<meta property="og:image" content="https://www.alteacultural.com/wp-content/uploads/2021/08/master.jpg" />
	<meta property="og:image:width" content="2048" />
	<meta property="og:image:height" content="779" />
	<meta property="og:image:type" content="image/jpeg" />
<meta name="twitter:card" content="summary_large_image" />
<meta name="twitter:label1" content="Tiempo de lectura" />
	<meta name="twitter:data1" content="1 minuto" />
<script type="application/ld+json" class="yoast-schema-graph">{"@context":"https://schema.org","@graph":[{"@type":"WebPage","@id":"https://www.alteacultural.com/es/events/maestrissimo/","url":"https://www.alteacultural.com/es/events/maestrissimo/","name":"Maestríssimo - Altea Cultural","isPartOf":{"@id":"https://www.alteacultural.com/es/#website"},"primaryImageOfPage":{"@id":"https://www.alteacultural.com/es/events/maestrissimo/#primaryimage"},"image":{"@id":"https://www.alteacultural.com/es/events/maestrissimo/#primaryimage"},"thumbnailUrl":"https://www.alteacultural.com/wp-content/uploads/2021/08/master.jpg","datePublished":"2021-08-05T10:34:41+00:00","dateModified":"2021-08-17T08:08:47+00:00","breadcrumb":{"@id":"https://www.alteacultural.com/es/events/maestrissimo/#breadcrumb"},"inLanguage":"es","potentialAction":[{"@type":"ReadAction","target":["https://www.alteacultural.com/es/events/maestrissimo/"]}]},{"@type":"ImageObject","inLanguage":"es","@id":"https://www.alteacultural.com/es/events/maestrissimo/#primaryimage","url":"https://www.alteacultural.com/wp-content/uploads/2021/08/master.jpg","contentUrl":"https://www.alteacultural.com/wp-content/uploads/2021/08/master.jpg","width":2048,"height":779},{"@type":"BreadcrumbList","@id":"https://www.alteacultural.com/es/events/maestrissimo/#breadcrumb","itemListElement":[{"@type":"ListItem","position":1,"name":"Inici","item":"https://www.alteacultural.com/es/"},{"@type":"ListItem","position":2,"name":"Eventos","item":"https://www.alteacultural.com/es/events/"},{"@type":"ListItem","position":3,"name":"Maestríssimo"}]},{"@type":"WebSite","@id":"https://www.alteacultural.com/es/#website","url":"https://www.alteacultural.com/es/","name":"Altea Cultural","description":"Regidoria de Cultura de l&#039;Ajuntament d&#039;Altea","potentialAction":[{"@type":"SearchAction","target":{"@type":"EntryPoint","urlTemplate":"https://www.alteacultural.com/es/?s={search_term_string}"},"query-input":"required name=search_term_string"}],"inLanguage":"es"}]}</script>
<!-- / Yoast SEO plugin. -->

Maestríssimo - Altea Cultural

11 dic | 18h | Palau Altea &nbsp; Maestríssimo es un espectáculo «allegro e molto vivace» a mitad de [&hellip;]
