{"id":12053,"date":"2021-09-17T10:29:07","date_gmt":"2021-09-17T08:29:07","guid":{"rendered":"https:\/\/www.alteacultural.com\/events\/kike-perez-gira-por-europa\/"},"modified":"2021-09-17T10:34:25","modified_gmt":"2021-09-17T08:34:25","slug":"kike-perez-gira-por-europa","status":"publish","type":"mec-events","link":"https:\/\/www.alteacultural.com\/es\/events\/kike-perez-gira-por-europa\/","title":{"rendered":"Kike P\u00e9rez, gira por Europa"},"content":{"rendered":"<p>16 oct | 19:30h | Palau Altea<\/p>\n<p>&nbsp;<\/p>\n<p><strong>Kike P\u00e9rez<\/strong>\u00a0es un humorista canario con una carrera profesional de m\u00e1s de una d\u00e9cada. Su espontaneidad, cercan\u00eda y verborrea son las armas principales de este c\u00f3mico que no duda en desnudar su alma en cualquiera de los proyectos en los que se implica.<\/p>\n<p>Se define como un aprovechador de los buenos momentos y sus participaciones en obras de las principales productoras de Canarias, as\u00ed como su aparici\u00f3n en anuncios publicitarios y su apartado m\u00e1s gamberro y personal en redes sociales (m\u00e1s de 110.000 seguidores activos), hacen de Kike P\u00e9rez, una de las caras m\u00e1s reconocidas del panorama art\u00edstico canario.<\/p>\n<p>&nbsp;<\/p>\n<p>M\u00e1s informaci\u00f3n en\u00a0<a href=\"https:\/\/kikeperezcomico.es\/\">https:\/\/kikeperezcomico.es\/<\/a><\/p>\n<p>&nbsp;<\/p>\n<p><img fetchpriority=\"high\" decoding=\"async\" class=\"size-full wp-image-12051 aligncenter\" src=\"https:\/\/www.alteacultural.com\/wp-content\/uploads\/2021\/09\/kike.jpg\" alt=\"\" width=\"400\" height=\"600\" \/><\/p>\n","protected":false},"excerpt":{"rendered":"<p>16 oct | 19:30h | Palau Altea &nbsp; Kike P\u00e9rez\u00a0es un humorista canario con una carrera profesional de m\u00e1s [&hellip;]<\/p>\n","protected":false},"author":1,"featured_media":12054,"comment_status":"open","ping_status":"closed","template":"","meta":{"_expiration-date-status":"saved","_expiration-date":0,"_expiration-date-type":"","_expiration-date-categories":[],"_expiration-date-options":[]},"yoast_head":"<!-- This site is optimized with the Yoast SEO plugin v22.8 - https:\/\/yoast.com\/wordpress\/plugins\/seo\/ -->\n<title>Kike P\u00e9rez, gira por Europa - Altea Cultural<\/title>\n<meta name=\"robots\" content=\"index, follow, max-snippet:-1, max-image-preview:large, max-video-preview:-1\" \/>\n<link rel=\"canonical\" href=\"https:\/\/www.alteacultural.com\/es\/events\/kike-perez-gira-por-europa\/\" \/>\n<meta property=\"og:locale\" content=\"es_ES\" \/>\n<meta property=\"og:type\" content=\"article\" \/>\n<meta property=\"og:title\" content=\"Kike P\u00e9rez, gira por Europa - Altea Cultural\" \/>\n<meta property=\"og:description\" content=\"16 oct | 19:30h | Palau Altea &nbsp; Kike P\u00e9rez\u00a0es un humorista canario con una carrera profesional de m\u00e1s [&hellip;]\" \/>\n<meta property=\"og:url\" content=\"https:\/\/www.alteacultural.com\/es\/events\/kike-perez-gira-por-europa\/\" \/>\n<meta property=\"og:site_name\" content=\"Altea Cultural\" \/>\n<meta property=\"article:modified_time\" content=\"2021-09-17T08:34:25+00:00\" \/>\n<meta property=\"og:image\" content=\"https:\/\/www.alteacultural.com\/wp-content\/uploads\/2021\/09\/kikep.jpg\" \/>\n\t<meta property=\"og:image:width\" content=\"1536\" \/>\n\t<meta property=\"og:image:height\" content=\"584\" \/>\n\t<meta property=\"og:image:type\" content=\"image\/jpeg\" \/>\n<meta name=\"twitter:card\" content=\"summary_large_image\" \/>\n<meta name=\"twitter:label1\" content=\"Tiempo de lectura\" \/>\n\t<meta name=\"twitter:data1\" content=\"1 minuto\" \/>\n<script type=\"application\/ld+json\" class=\"yoast-schema-graph\">{\"@context\":\"https:\/\/schema.org\",\"@graph\":[{\"@type\":\"WebPage\",\"@id\":\"https:\/\/www.alteacultural.com\/es\/events\/kike-perez-gira-por-europa\/\",\"url\":\"https:\/\/www.alteacultural.com\/es\/events\/kike-perez-gira-por-europa\/\",\"name\":\"Kike P\u00e9rez, gira por Europa - Altea Cultural\",\"isPartOf\":{\"@id\":\"https:\/\/www.alteacultural.com\/es\/#website\"},\"primaryImageOfPage\":{\"@id\":\"https:\/\/www.alteacultural.com\/es\/events\/kike-perez-gira-por-europa\/#primaryimage\"},\"image\":{\"@id\":\"https:\/\/www.alteacultural.com\/es\/events\/kike-perez-gira-por-europa\/#primaryimage\"},\"thumbnailUrl\":\"https:\/\/www.alteacultural.com\/wp-content\/uploads\/2021\/09\/kikep.jpg\",\"datePublished\":\"2021-09-17T08:29:07+00:00\",\"dateModified\":\"2021-09-17T08:34:25+00:00\",\"breadcrumb\":{\"@id\":\"https:\/\/www.alteacultural.com\/es\/events\/kike-perez-gira-por-europa\/#breadcrumb\"},\"inLanguage\":\"es\",\"potentialAction\":[{\"@type\":\"ReadAction\",\"target\":[\"https:\/\/www.alteacultural.com\/es\/events\/kike-perez-gira-por-europa\/\"]}]},{\"@type\":\"ImageObject\",\"inLanguage\":\"es\",\"@id\":\"https:\/\/www.alteacultural.com\/es\/events\/kike-perez-gira-por-europa\/#primaryimage\",\"url\":\"https:\/\/www.alteacultural.com\/wp-content\/uploads\/2021\/09\/kikep.jpg\",\"contentUrl\":\"https:\/\/www.alteacultural.com\/wp-content\/uploads\/2021\/09\/kikep.jpg\",\"width\":1536,\"height\":584},{\"@type\":\"BreadcrumbList\",\"@id\":\"https:\/\/www.alteacultural.com\/es\/events\/kike-perez-gira-por-europa\/#breadcrumb\",\"itemListElement\":[{\"@type\":\"ListItem\",\"position\":1,\"name\":\"Inici\",\"item\":\"https:\/\/www.alteacultural.com\/es\/\"},{\"@type\":\"ListItem\",\"position\":2,\"name\":\"Eventos\",\"item\":\"https:\/\/www.alteacultural.com\/es\/events\/\"},{\"@type\":\"ListItem\",\"position\":3,\"name\":\"Kike P\u00e9rez, gira por Europa\"}]},{\"@type\":\"WebSite\",\"@id\":\"https:\/\/www.alteacultural.com\/es\/#website\",\"url\":\"https:\/\/www.alteacultural.com\/es\/\",\"name\":\"Altea Cultural\",\"description\":\"Regidoria de Cultura de l&#039;Ajuntament d&#039;Altea\",\"potentialAction\":[{\"@type\":\"SearchAction\",\"target\":{\"@type\":\"EntryPoint\",\"urlTemplate\":\"https:\/\/www.alteacultural.com\/es\/?s={search_term_string}\"},\"query-input\":\"required name=search_term_string\"}],\"inLanguage\":\"es\"}]}<\/script>\n<!-- \/ Yoast SEO plugin. -->","yoast_head_json":{"title":"Kike P\u00e9rez, gira por Europa - Altea Cultural","robots":{"index":"index","follow":"follow","max-snippet":"max-snippet:-1","max-image-preview":"max-image-preview:large","max-video-preview":"max-video-preview:-1"},"canonical":"https:\/\/www.alteacultural.com\/es\/events\/kike-perez-gira-por-europa\/","og_locale":"es_ES","og_type":"article","og_title":"Kike P\u00e9rez, gira por Europa - Altea Cultural","og_description":"16 oct | 19:30h | Palau Altea &nbsp; Kike P\u00e9rez\u00a0es un humorista canario con una carrera profesional de m\u00e1s [&hellip;]","og_url":"https:\/\/www.alteacultural.com\/es\/events\/kike-perez-gira-por-europa\/","og_site_name":"Altea Cultural","article_modified_time":"2021-09-17T08:34:25+00:00","og_image":[{"width":1536,"height":584,"url":"https:\/\/www.alteacultural.com\/wp-content\/uploads\/2021\/09\/kikep.jpg","type":"image\/jpeg"}],"twitter_card":"summary_large_image","twitter_misc":{"Tiempo de lectura":"1 minuto"},"schema":{"@context":"https:\/\/schema.org","@graph":[{"@type":"WebPage","@id":"https:\/\/www.alteacultural.com\/es\/events\/kike-perez-gira-por-europa\/","url":"https:\/\/www.alteacultural.com\/es\/events\/kike-perez-gira-por-europa\/","name":"Kike P\u00e9rez, gira por Europa - Altea Cultural","isPartOf":{"@id":"https:\/\/www.alteacultural.com\/es\/#website"},"primaryImageOfPage":{"@id":"https:\/\/www.alteacultural.com\/es\/events\/kike-perez-gira-por-europa\/#primaryimage"},"image":{"@id":"https:\/\/www.alteacultural.com\/es\/events\/kike-perez-gira-por-europa\/#primaryimage"},"thumbnailUrl":"https:\/\/www.alteacultural.com\/wp-content\/uploads\/2021\/09\/kikep.jpg","datePublished":"2021-09-17T08:29:07+00:00","dateModified":"2021-09-17T08:34:25+00:00","breadcrumb":{"@id":"https:\/\/www.alteacultural.com\/es\/events\/kike-perez-gira-por-europa\/#breadcrumb"},"inLanguage":"es","potentialAction":[{"@type":"ReadAction","target":["https:\/\/www.alteacultural.com\/es\/events\/kike-perez-gira-por-europa\/"]}]},{"@type":"ImageObject","inLanguage":"es","@id":"https:\/\/www.alteacultural.com\/es\/events\/kike-perez-gira-por-europa\/#primaryimage","url":"https:\/\/www.alteacultural.com\/wp-content\/uploads\/2021\/09\/kikep.jpg","contentUrl":"https:\/\/www.alteacultural.com\/wp-content\/uploads\/2021\/09\/kikep.jpg","width":1536,"height":584},{"@type":"BreadcrumbList","@id":"https:\/\/www.alteacultural.com\/es\/events\/kike-perez-gira-por-europa\/#breadcrumb","itemListElement":[{"@type":"ListItem","position":1,"name":"Inici","item":"https:\/\/www.alteacultural.com\/es\/"},{"@type":"ListItem","position":2,"name":"Eventos","item":"https:\/\/www.alteacultural.com\/es\/events\/"},{"@type":"ListItem","position":3,"name":"Kike P\u00e9rez, gira por Europa"}]},{"@type":"WebSite","@id":"https:\/\/www.alteacultural.com\/es\/#website","url":"https:\/\/www.alteacultural.com\/es\/","name":"Altea Cultural","description":"Regidoria de Cultura de l&#039;Ajuntament d&#039;Altea","potentialAction":[{"@type":"SearchAction","target":{"@type":"EntryPoint","urlTemplate":"https:\/\/www.alteacultural.com\/es\/?s={search_term_string}"},"query-input":"required name=search_term_string"}],"inLanguage":"es"}]}},"mec_cost":"16\u20ac (Entrada general)","mec_date":{"start":{"date":"2021-10-16","hour":7,"minutes":"30","ampm":"PM"},"end":{"date":"2021-10-16","hour":9,"minutes":"0","ampm":"PM"},"comment":"","repeat":{"type":"daily","interval":"1","advanced":"","end":"never","end_at_date":"","end_at_occurrences":"10"}},"_links":{"self":[{"href":"https:\/\/www.alteacultural.com\/es\/wp-json\/wp\/v2\/mec-events\/12053"}],"collection":[{"href":"https:\/\/www.alteacultural.com\/es\/wp-json\/wp\/v2\/mec-events"}],"about":[{"href":"https:\/\/www.alteacultural.com\/es\/wp-json\/wp\/v2\/types\/mec-events"}],"author":[{"embeddable":true,"href":"https:\/\/www.alteacultural.com\/es\/wp-json\/wp\/v2\/users\/1"}],"replies":[{"embeddable":true,"href":"https:\/\/www.alteacultural.com\/es\/wp-json\/wp\/v2\/comments?post=12053"}],"wp:featuredmedia":[{"embeddable":true,"href":"https:\/\/www.alteacultural.com\/es\/wp-json\/wp\/v2\/media\/12054"}],"wp:attachment":[{"href":"https:\/\/www.alteacultural.com\/es\/wp-json\/wp\/v2\/media?parent=12053"}],"curies":[{"name":"wp","href":"https:\/\/api.w.org\/{rel}","templated":true}]}}

Kike Pérez, gira por Europa

<p>16 oct | 19:30h | Palau Altea</p>
<p>&nbsp;</p>
<p><strong>Kike Pérez</strong> es un humorista canario con una carrera profesional de más de una década. Su espontaneidad, cercanía y verborrea son las armas principales de este cómico que no duda en desnudar su alma en cualquiera de los proyectos en los que se implica.</p>
<p>Se define como un aprovechador de los buenos momentos y sus participaciones en obras de las principales productoras de Canarias, así como su aparición en anuncios publicitarios y su apartado más gamberro y personal en redes sociales (más de 110.000 seguidores activos), hacen de Kike Pérez, una de las caras más reconocidas del panorama artístico canario.</p>
<p>&nbsp;</p>
<p>Más información en <a href="https://kikeperezcomico.es/">https://kikeperezcomico.es/</a></p>
<p>&nbsp;</p>
<p><img fetchpriority="high" decoding="async" class="size-full wp-image-12051 aligncenter" src="https://www.alteacultural.com/wp-content/uploads/2021/09/kike.jpg" alt="" width="400" height="600" /></p>

<p>16 oct | 19:30h | Palau Altea &nbsp; Kike Pérez es un humorista canario con una carrera profesional de más [&hellip;]</p>

<!-- This site is optimized with the Yoast SEO plugin v22.8 - https://yoast.com/wordpress/plugins/seo/ -->
<title>Kike Pérez, gira por Europa - Altea Cultural</title>
<meta name="robots" content="index, follow, max-snippet:-1, max-image-preview:large, max-video-preview:-1" />
<link rel="canonical" href="https://www.alteacultural.com/es/events/kike-perez-gira-por-europa/" />
<meta property="og:locale" content="es_ES" />
<meta property="og:type" content="article" />
<meta property="og:title" content="Kike Pérez, gira por Europa - Altea Cultural" />
<meta property="og:description" content="16 oct | 19:30h | Palau Altea &nbsp; Kike Pérez es un humorista canario con una carrera profesional de más [&hellip;]" />
<meta property="og:url" content="https://www.alteacultural.com/es/events/kike-perez-gira-por-europa/" />
<meta property="og:site_name" content="Altea Cultural" />
<meta property="article:modified_time" content="2021-09-17T08:34:25+00:00" />
<meta property="og:image" content="https://www.alteacultural.com/wp-content/uploads/2021/09/kikep.jpg" />
	<meta property="og:image:width" content="1536" />
	<meta property="og:image:height" content="584" />
	<meta property="og:image:type" content="image/jpeg" />
<meta name="twitter:card" content="summary_large_image" />
<meta name="twitter:label1" content="Tiempo de lectura" />
	<meta name="twitter:data1" content="1 minuto" />
<script type="application/ld+json" class="yoast-schema-graph">{"@context":"https://schema.org","@graph":[{"@type":"WebPage","@id":"https://www.alteacultural.com/es/events/kike-perez-gira-por-europa/","url":"https://www.alteacultural.com/es/events/kike-perez-gira-por-europa/","name":"Kike Pérez, gira por Europa - Altea Cultural","isPartOf":{"@id":"https://www.alteacultural.com/es/#website"},"primaryImageOfPage":{"@id":"https://www.alteacultural.com/es/events/kike-perez-gira-por-europa/#primaryimage"},"image":{"@id":"https://www.alteacultural.com/es/events/kike-perez-gira-por-europa/#primaryimage"},"thumbnailUrl":"https://www.alteacultural.com/wp-content/uploads/2021/09/kikep.jpg","datePublished":"2021-09-17T08:29:07+00:00","dateModified":"2021-09-17T08:34:25+00:00","breadcrumb":{"@id":"https://www.alteacultural.com/es/events/kike-perez-gira-por-europa/#breadcrumb"},"inLanguage":"es","potentialAction":[{"@type":"ReadAction","target":["https://www.alteacultural.com/es/events/kike-perez-gira-por-europa/"]}]},{"@type":"ImageObject","inLanguage":"es","@id":"https://www.alteacultural.com/es/events/kike-perez-gira-por-europa/#primaryimage","url":"https://www.alteacultural.com/wp-content/uploads/2021/09/kikep.jpg","contentUrl":"https://www.alteacultural.com/wp-content/uploads/2021/09/kikep.jpg","width":1536,"height":584},{"@type":"BreadcrumbList","@id":"https://www.alteacultural.com/es/events/kike-perez-gira-por-europa/#breadcrumb","itemListElement":[{"@type":"ListItem","position":1,"name":"Inici","item":"https://www.alteacultural.com/es/"},{"@type":"ListItem","position":2,"name":"Eventos","item":"https://www.alteacultural.com/es/events/"},{"@type":"ListItem","position":3,"name":"Kike Pérez, gira por Europa"}]},{"@type":"WebSite","@id":"https://www.alteacultural.com/es/#website","url":"https://www.alteacultural.com/es/","name":"Altea Cultural","description":"Regidoria de Cultura de l&#039;Ajuntament d&#039;Altea","potentialAction":[{"@type":"SearchAction","target":{"@type":"EntryPoint","urlTemplate":"https://www.alteacultural.com/es/?s={search_term_string}"},"query-input":"required name=search_term_string"}],"inLanguage":"es"}]}</script>
<!-- / Yoast SEO plugin. -->

Kike Pérez, gira por Europa - Altea Cultural

16 oct | 19:30h | Palau Altea &nbsp; Kike Pérez es un humorista canario con una carrera profesional de más [&hellip;]
