{"id":12068,"date":"2021-09-24T12:01:00","date_gmt":"2021-09-24T10:01:00","guid":{"rendered":"https:\/\/www.alteacultural.com\/events\/wiki-takes-altea-2-10-2021\/"},"modified":"2021-09-26T12:47:42","modified_gmt":"2021-09-26T10:47:42","slug":"wiki-takes-altea-2-10-2021","status":"publish","type":"mec-events","link":"https:\/\/www.alteacultural.com\/es\/events\/wiki-takes-altea-2-10-2021\/","title":{"rendered":"Wiki Takes Altea &#8211; 2\/10\/2021"},"content":{"rendered":"<p>Recorrido por diversas zonas de Altea y zonas que aparecen en la novela <em>Mat\u00e8ria de Bretanya<\/em> para hacer fotograf\u00edas y compartirlas en Wikimedia Commons.<\/p>\n<p>Inscripciones <strong>hasta 28\/sept<\/strong><\/p>\n<p>&nbsp;<\/p>\n<p><a href=\"https:\/\/ca.wikipedia.org\/wiki\/Viquip%C3%A8dia:Wiki_Takes_Altea:_La_casa_de_la_mar\" target=\"_blank\" rel=\"noopener noreferrer\">CLIC AQU\u00cd PARA <strong>M\u00c1S INFO \/ INSCRIPCI\u00d3N<\/strong><\/a><\/p>\n<p>&nbsp;<\/p>\n<p>Cualquier duda \/ consulta se podr\u00e1 dejar en la caja de comentarios de esta p\u00e1gina (ver m\u00e1s abajo) y procuraremos dar respuesta en breve tanto en esta misma p\u00e1gina como por e-mail a la persona interesada.<\/p>\n","protected":false},"excerpt":{"rendered":"<p>Recorrido por diversas zonas de Altea y zonas que aparecen en la novela Mat\u00e8ria de Bretanya para hacer fotograf\u00edas [&hellip;]<\/p>\n","protected":false},"author":1,"featured_media":12075,"comment_status":"open","ping_status":"closed","template":"","meta":{"_expiration-date-status":"saved","_expiration-date":0,"_expiration-date-type":"","_expiration-date-categories":[],"_expiration-date-options":[]},"yoast_head":"<!-- This site is optimized with the Yoast SEO plugin v22.8 - https:\/\/yoast.com\/wordpress\/plugins\/seo\/ -->\n<title>Wiki Takes Altea - 2\/10\/2021 - Altea Cultural<\/title>\n<meta name=\"robots\" content=\"index, follow, max-snippet:-1, max-image-preview:large, max-video-preview:-1\" \/>\n<link rel=\"canonical\" href=\"https:\/\/www.alteacultural.com\/es\/events\/wiki-takes-altea-2-10-2021\/\" \/>\n<meta property=\"og:locale\" content=\"es_ES\" \/>\n<meta property=\"og:type\" content=\"article\" \/>\n<meta property=\"og:title\" content=\"Wiki Takes Altea - 2\/10\/2021 - Altea Cultural\" \/>\n<meta property=\"og:description\" content=\"Recorrido por diversas zonas de Altea y zonas que aparecen en la novela Mat\u00e8ria de Bretanya para hacer fotograf\u00edas [&hellip;]\" \/>\n<meta property=\"og:url\" content=\"https:\/\/www.alteacultural.com\/es\/events\/wiki-takes-altea-2-10-2021\/\" \/>\n<meta property=\"og:site_name\" content=\"Altea Cultural\" \/>\n<meta property=\"article:modified_time\" content=\"2021-09-26T10:47:42+00:00\" \/>\n<meta property=\"og:image\" content=\"https:\/\/www.alteacultural.com\/wp-content\/uploads\/2021\/09\/WikiTakesAltea_Carmelina_24set2021-2-scaled.jpg\" \/>\n\t<meta property=\"og:image:width\" content=\"2560\" \/>\n\t<meta property=\"og:image:height\" content=\"1207\" \/>\n\t<meta property=\"og:image:type\" content=\"image\/jpeg\" \/>\n<meta name=\"twitter:card\" content=\"summary_large_image\" \/>\n<meta name=\"twitter:label1\" content=\"Tiempo de lectura\" \/>\n\t<meta name=\"twitter:data1\" content=\"1 minuto\" \/>\n<script type=\"application\/ld+json\" class=\"yoast-schema-graph\">{\"@context\":\"https:\/\/schema.org\",\"@graph\":[{\"@type\":\"WebPage\",\"@id\":\"https:\/\/www.alteacultural.com\/es\/events\/wiki-takes-altea-2-10-2021\/\",\"url\":\"https:\/\/www.alteacultural.com\/es\/events\/wiki-takes-altea-2-10-2021\/\",\"name\":\"Wiki Takes Altea - 2\/10\/2021 - Altea Cultural\",\"isPartOf\":{\"@id\":\"https:\/\/www.alteacultural.com\/es\/#website\"},\"primaryImageOfPage\":{\"@id\":\"https:\/\/www.alteacultural.com\/es\/events\/wiki-takes-altea-2-10-2021\/#primaryimage\"},\"image\":{\"@id\":\"https:\/\/www.alteacultural.com\/es\/events\/wiki-takes-altea-2-10-2021\/#primaryimage\"},\"thumbnailUrl\":\"https:\/\/www.alteacultural.com\/wp-content\/uploads\/2021\/09\/WikiTakesAltea_Carmelina_24set2021-2-scaled.jpg\",\"datePublished\":\"2021-09-24T10:01:00+00:00\",\"dateModified\":\"2021-09-26T10:47:42+00:00\",\"breadcrumb\":{\"@id\":\"https:\/\/www.alteacultural.com\/es\/events\/wiki-takes-altea-2-10-2021\/#breadcrumb\"},\"inLanguage\":\"es\",\"potentialAction\":[{\"@type\":\"ReadAction\",\"target\":[\"https:\/\/www.alteacultural.com\/es\/events\/wiki-takes-altea-2-10-2021\/\"]}]},{\"@type\":\"ImageObject\",\"inLanguage\":\"es\",\"@id\":\"https:\/\/www.alteacultural.com\/es\/events\/wiki-takes-altea-2-10-2021\/#primaryimage\",\"url\":\"https:\/\/www.alteacultural.com\/wp-content\/uploads\/2021\/09\/WikiTakesAltea_Carmelina_24set2021-2-scaled.jpg\",\"contentUrl\":\"https:\/\/www.alteacultural.com\/wp-content\/uploads\/2021\/09\/WikiTakesAltea_Carmelina_24set2021-2-scaled.jpg\",\"width\":2560,\"height\":1207},{\"@type\":\"BreadcrumbList\",\"@id\":\"https:\/\/www.alteacultural.com\/es\/events\/wiki-takes-altea-2-10-2021\/#breadcrumb\",\"itemListElement\":[{\"@type\":\"ListItem\",\"position\":1,\"name\":\"Inici\",\"item\":\"https:\/\/www.alteacultural.com\/es\/\"},{\"@type\":\"ListItem\",\"position\":2,\"name\":\"Eventos\",\"item\":\"https:\/\/www.alteacultural.com\/es\/events\/\"},{\"@type\":\"ListItem\",\"position\":3,\"name\":\"Wiki Takes Altea &#8211; 2\/10\/2021\"}]},{\"@type\":\"WebSite\",\"@id\":\"https:\/\/www.alteacultural.com\/es\/#website\",\"url\":\"https:\/\/www.alteacultural.com\/es\/\",\"name\":\"Altea Cultural\",\"description\":\"Regidoria de Cultura de l&#039;Ajuntament d&#039;Altea\",\"potentialAction\":[{\"@type\":\"SearchAction\",\"target\":{\"@type\":\"EntryPoint\",\"urlTemplate\":\"https:\/\/www.alteacultural.com\/es\/?s={search_term_string}\"},\"query-input\":\"required name=search_term_string\"}],\"inLanguage\":\"es\"}]}<\/script>\n<!-- \/ Yoast SEO plugin. -->","yoast_head_json":{"title":"Wiki Takes Altea - 2\/10\/2021 - Altea Cultural","robots":{"index":"index","follow":"follow","max-snippet":"max-snippet:-1","max-image-preview":"max-image-preview:large","max-video-preview":"max-video-preview:-1"},"canonical":"https:\/\/www.alteacultural.com\/es\/events\/wiki-takes-altea-2-10-2021\/","og_locale":"es_ES","og_type":"article","og_title":"Wiki Takes Altea - 2\/10\/2021 - Altea Cultural","og_description":"Recorrido por diversas zonas de Altea y zonas que aparecen en la novela Mat\u00e8ria de Bretanya para hacer fotograf\u00edas [&hellip;]","og_url":"https:\/\/www.alteacultural.com\/es\/events\/wiki-takes-altea-2-10-2021\/","og_site_name":"Altea Cultural","article_modified_time":"2021-09-26T10:47:42+00:00","og_image":[{"width":2560,"height":1207,"url":"https:\/\/www.alteacultural.com\/wp-content\/uploads\/2021\/09\/WikiTakesAltea_Carmelina_24set2021-2-scaled.jpg","type":"image\/jpeg"}],"twitter_card":"summary_large_image","twitter_misc":{"Tiempo de lectura":"1 minuto"},"schema":{"@context":"https:\/\/schema.org","@graph":[{"@type":"WebPage","@id":"https:\/\/www.alteacultural.com\/es\/events\/wiki-takes-altea-2-10-2021\/","url":"https:\/\/www.alteacultural.com\/es\/events\/wiki-takes-altea-2-10-2021\/","name":"Wiki Takes Altea - 2\/10\/2021 - Altea Cultural","isPartOf":{"@id":"https:\/\/www.alteacultural.com\/es\/#website"},"primaryImageOfPage":{"@id":"https:\/\/www.alteacultural.com\/es\/events\/wiki-takes-altea-2-10-2021\/#primaryimage"},"image":{"@id":"https:\/\/www.alteacultural.com\/es\/events\/wiki-takes-altea-2-10-2021\/#primaryimage"},"thumbnailUrl":"https:\/\/www.alteacultural.com\/wp-content\/uploads\/2021\/09\/WikiTakesAltea_Carmelina_24set2021-2-scaled.jpg","datePublished":"2021-09-24T10:01:00+00:00","dateModified":"2021-09-26T10:47:42+00:00","breadcrumb":{"@id":"https:\/\/www.alteacultural.com\/es\/events\/wiki-takes-altea-2-10-2021\/#breadcrumb"},"inLanguage":"es","potentialAction":[{"@type":"ReadAction","target":["https:\/\/www.alteacultural.com\/es\/events\/wiki-takes-altea-2-10-2021\/"]}]},{"@type":"ImageObject","inLanguage":"es","@id":"https:\/\/www.alteacultural.com\/es\/events\/wiki-takes-altea-2-10-2021\/#primaryimage","url":"https:\/\/www.alteacultural.com\/wp-content\/uploads\/2021\/09\/WikiTakesAltea_Carmelina_24set2021-2-scaled.jpg","contentUrl":"https:\/\/www.alteacultural.com\/wp-content\/uploads\/2021\/09\/WikiTakesAltea_Carmelina_24set2021-2-scaled.jpg","width":2560,"height":1207},{"@type":"BreadcrumbList","@id":"https:\/\/www.alteacultural.com\/es\/events\/wiki-takes-altea-2-10-2021\/#breadcrumb","itemListElement":[{"@type":"ListItem","position":1,"name":"Inici","item":"https:\/\/www.alteacultural.com\/es\/"},{"@type":"ListItem","position":2,"name":"Eventos","item":"https:\/\/www.alteacultural.com\/es\/events\/"},{"@type":"ListItem","position":3,"name":"Wiki Takes Altea &#8211; 2\/10\/2021"}]},{"@type":"WebSite","@id":"https:\/\/www.alteacultural.com\/es\/#website","url":"https:\/\/www.alteacultural.com\/es\/","name":"Altea Cultural","description":"Regidoria de Cultura de l&#039;Ajuntament d&#039;Altea","potentialAction":[{"@type":"SearchAction","target":{"@type":"EntryPoint","urlTemplate":"https:\/\/www.alteacultural.com\/es\/?s={search_term_string}"},"query-input":"required name=search_term_string"}],"inLanguage":"es"}]}},"mec_cost":"","mec_date":{"start":{"date":"2021-10-02","hour":"9","minutes":"0","ampm":"AM"},"end":{"date":"2021-10-02","hour":6,"minutes":"0","ampm":"PM"},"comment":"","repeat":{"type":"daily","interval":"1","advanced":"","end":"never","end_at_date":"","end_at_occurrences":"10"}},"_links":{"self":[{"href":"https:\/\/www.alteacultural.com\/es\/wp-json\/wp\/v2\/mec-events\/12068"}],"collection":[{"href":"https:\/\/www.alteacultural.com\/es\/wp-json\/wp\/v2\/mec-events"}],"about":[{"href":"https:\/\/www.alteacultural.com\/es\/wp-json\/wp\/v2\/types\/mec-events"}],"author":[{"embeddable":true,"href":"https:\/\/www.alteacultural.com\/es\/wp-json\/wp\/v2\/users\/1"}],"replies":[{"embeddable":true,"href":"https:\/\/www.alteacultural.com\/es\/wp-json\/wp\/v2\/comments?post=12068"}],"wp:featuredmedia":[{"embeddable":true,"href":"https:\/\/www.alteacultural.com\/es\/wp-json\/wp\/v2\/media\/12075"}],"wp:attachment":[{"href":"https:\/\/www.alteacultural.com\/es\/wp-json\/wp\/v2\/media?parent=12068"}],"curies":[{"name":"wp","href":"https:\/\/api.w.org\/{rel}","templated":true}]}}

<p>Recorrido por diversas zonas de Altea y zonas que aparecen en la novela <em>Matèria de Bretanya</em> para hacer fotografías y compartirlas en Wikimedia Commons.</p>
<p>Inscripciones <strong>hasta 28/sept</strong></p>
<p>&nbsp;</p>
<p><a href="https://ca.wikipedia.org/wiki/Viquip%C3%A8dia:Wiki_Takes_Altea:_La_casa_de_la_mar" target="_blank" rel="noopener noreferrer">CLIC AQUÍ PARA <strong>MÁS INFO / INSCRIPCIÓN</strong></a></p>
<p>&nbsp;</p>
<p>Cualquier duda / consulta se podrá dejar en la caja de comentarios de esta página (ver más abajo) y procuraremos dar respuesta en breve tanto en esta misma página como por e-mail a la persona interesada.</p>

<p>Recorrido por diversas zonas de Altea y zonas que aparecen en la novela Matèria de Bretanya para hacer fotografías [&hellip;]</p>

<!-- This site is optimized with the Yoast SEO plugin v22.8 - https://yoast.com/wordpress/plugins/seo/ -->
<title>Wiki Takes Altea - 2/10/2021 - Altea Cultural</title>
<meta name="robots" content="index, follow, max-snippet:-1, max-image-preview:large, max-video-preview:-1" />
<link rel="canonical" href="https://www.alteacultural.com/es/events/wiki-takes-altea-2-10-2021/" />
<meta property="og:locale" content="es_ES" />
<meta property="og:type" content="article" />
<meta property="og:title" content="Wiki Takes Altea - 2/10/2021 - Altea Cultural" />
<meta property="og:description" content="Recorrido por diversas zonas de Altea y zonas que aparecen en la novela Matèria de Bretanya para hacer fotografías [&hellip;]" />
<meta property="og:url" content="https://www.alteacultural.com/es/events/wiki-takes-altea-2-10-2021/" />
<meta property="og:site_name" content="Altea Cultural" />
<meta property="article:modified_time" content="2021-09-26T10:47:42+00:00" />
<meta property="og:image" content="https://www.alteacultural.com/wp-content/uploads/2021/09/WikiTakesAltea_Carmelina_24set2021-2-scaled.jpg" />
	<meta property="og:image:width" content="2560" />
	<meta property="og:image:height" content="1207" />
	<meta property="og:image:type" content="image/jpeg" />
<meta name="twitter:card" content="summary_large_image" />
<meta name="twitter:label1" content="Tiempo de lectura" />
	<meta name="twitter:data1" content="1 minuto" />
<script type="application/ld+json" class="yoast-schema-graph">{"@context":"https://schema.org","@graph":[{"@type":"WebPage","@id":"https://www.alteacultural.com/es/events/wiki-takes-altea-2-10-2021/","url":"https://www.alteacultural.com/es/events/wiki-takes-altea-2-10-2021/","name":"Wiki Takes Altea - 2/10/2021 - Altea Cultural","isPartOf":{"@id":"https://www.alteacultural.com/es/#website"},"primaryImageOfPage":{"@id":"https://www.alteacultural.com/es/events/wiki-takes-altea-2-10-2021/#primaryimage"},"image":{"@id":"https://www.alteacultural.com/es/events/wiki-takes-altea-2-10-2021/#primaryimage"},"thumbnailUrl":"https://www.alteacultural.com/wp-content/uploads/2021/09/WikiTakesAltea_Carmelina_24set2021-2-scaled.jpg","datePublished":"2021-09-24T10:01:00+00:00","dateModified":"2021-09-26T10:47:42+00:00","breadcrumb":{"@id":"https://www.alteacultural.com/es/events/wiki-takes-altea-2-10-2021/#breadcrumb"},"inLanguage":"es","potentialAction":[{"@type":"ReadAction","target":["https://www.alteacultural.com/es/events/wiki-takes-altea-2-10-2021/"]}]},{"@type":"ImageObject","inLanguage":"es","@id":"https://www.alteacultural.com/es/events/wiki-takes-altea-2-10-2021/#primaryimage","url":"https://www.alteacultural.com/wp-content/uploads/2021/09/WikiTakesAltea_Carmelina_24set2021-2-scaled.jpg","contentUrl":"https://www.alteacultural.com/wp-content/uploads/2021/09/WikiTakesAltea_Carmelina_24set2021-2-scaled.jpg","width":2560,"height":1207},{"@type":"BreadcrumbList","@id":"https://www.alteacultural.com/es/events/wiki-takes-altea-2-10-2021/#breadcrumb","itemListElement":[{"@type":"ListItem","position":1,"name":"Inici","item":"https://www.alteacultural.com/es/"},{"@type":"ListItem","position":2,"name":"Eventos","item":"https://www.alteacultural.com/es/events/"},{"@type":"ListItem","position":3,"name":"Wiki Takes Altea &#8211; 2/10/2021"}]},{"@type":"WebSite","@id":"https://www.alteacultural.com/es/#website","url":"https://www.alteacultural.com/es/","name":"Altea Cultural","description":"Regidoria de Cultura de l&#039;Ajuntament d&#039;Altea","potentialAction":[{"@type":"SearchAction","target":{"@type":"EntryPoint","urlTemplate":"https://www.alteacultural.com/es/?s={search_term_string}"},"query-input":"required name=search_term_string"}],"inLanguage":"es"}]}</script>
<!-- / Yoast SEO plugin. -->

Recorrido por diversas zonas de Altea y zonas que aparecen en la novela Matèria de Bretanya para hacer fotografías [&hellip;]
