{"id":12343,"date":"2021-10-01T13:15:51","date_gmt":"2021-10-01T11:15:51","guid":{"rendered":"https:\/\/www.alteacultural.com\/events\/12338\/"},"modified":"2022-07-27T12:22:04","modified_gmt":"2022-07-27T10:22:04","slug":"lalqueria-blanca-en-ruta-altea","status":"publish","type":"mec-events","link":"https:\/\/www.alteacultural.com\/es\/events\/lalqueria-blanca-en-ruta-altea\/","title":{"rendered":"L&#8217;Alqueria Blanca en ruta: Altea"},"content":{"rendered":"<p><span style=\"color: #000000;\"><em>Acto en valenciano<\/em><\/span><\/p>\n<p>6 de Octubre | 19:00h | Palau Altea<\/p>\n<p>La ruta de la s\u00e8rie de la radiotelevisi\u00f3 p\u00fablica valenciana \u00c0 Punt\u00a0<em>L\u2019Alqueria Blanca<\/em>\u00a0continua el recorregut la setmana del 4 al 8 d\u2019octubre per cinc localitats de la Comunitat Valenciana: la ciutat de Val\u00e8ncia, Crevillent, Altea, Alcoi i Gandia.<\/p>\n<p>Abans de l\u2019estrena de la s\u00e8rie, el diumenge 17 d\u2019octubre, en aquestes localitats es projectar\u00e0 en exclusiva el primer cap\u00edtol que s\u2019emetr\u00e0 en la televisi\u00f3 d\u2019\u00c0 Punt. Les preestrenes, anomenades\u00a0<em>L\u2019Alqueria Blanca en ruta,<\/em>\u00a0comencen a les 19:00 hores i estan sent tot un \u00e8xit de participaci\u00f3 i expectaci\u00f3 als llocs de tota la Comunitat Valenciana que les acullen.\u00a0<strong>L\u2019entrada \u00e9s gratu\u00efta i fins a completar l\u2019aforament; els actes estan adaptats a la normativa sanit\u00e0ria vigent.\u00a0<\/strong>Totes les persones que acudisquen a veure els seus actors preferits rebran un detall de record del pas de\u00a0<em>L\u2019Alqueria Blanca\u00a0<\/em>per la seua localitat.<\/p>\n<p><strong>El dimecres 6 el Palau d\u2019Altea<\/strong>\u00a0rebr\u00e0 Elisa Lled\u00f3 (Empar) i Ana Conca (Isabel). Amb la col\u00b7laboraci\u00f3 de l\u2019Ajuntament d\u2019Altea, no cal fer reservar d\u2019entrada: l\u2019acc\u00e9s \u00e9s gratu\u00eft, fins a completar l\u2019aforament.<\/p>\n<p>&nbsp;<\/p>\n<p>+info: <span style=\"color: #333333;\"><a style=\"color: #333333;\" href=\"https:\/\/www.apuntmedia.es\/series\/alqueria-blanca\/articles\/l-alqueria-blanca-ruta-complira-tercera-setmana_1_1454139.html\">https:\/\/www.apuntmedia.es\/series\/alqueria-blanca\/articles\/l-alqueria-blanca-ruta-complira-tercera-setmana_1_1454139.html<\/a><\/span><\/p>\n<p><img fetchpriority=\"high\" decoding=\"async\" class=\"wp-image-12339 aligncenter\" src=\"https:\/\/www.alteacultural.com\/wp-content\/uploads\/2021\/10\/Carteles-anunci-ALTEA.png\" alt=\"\" width=\"750\" height=\"750\" srcset=\"https:\/\/www.alteacultural.com\/wp-content\/uploads\/2021\/10\/Carteles-anunci-ALTEA.png 1200w, https:\/\/www.alteacultural.com\/wp-content\/uploads\/2021\/10\/Carteles-anunci-ALTEA-768x768.png 768w, https:\/\/www.alteacultural.com\/wp-content\/uploads\/2021\/10\/Carteles-anunci-ALTEA-300x300.png 300w\" sizes=\"(max-width: 750px) 100vw, 750px\" \/><\/p>\n","protected":false},"excerpt":{"rendered":"<p>Acto en valenciano 6 de Octubre | 19:00h | Palau Altea La ruta de la s\u00e8rie de la radiotelevisi\u00f3 [&hellip;]<\/p>\n","protected":false},"author":1,"featured_media":12341,"comment_status":"open","ping_status":"closed","template":"","meta":{"_expiration-date-status":"","_expiration-date":0,"_expiration-date-type":"","_expiration-date-categories":[],"_expiration-date-options":[]},"yoast_head":"<!-- This site is optimized with the Yoast SEO plugin v22.8 - https:\/\/yoast.com\/wordpress\/plugins\/seo\/ -->\n<title>L&#039;Alqueria Blanca en ruta: Altea - Altea Cultural<\/title>\n<meta name=\"robots\" content=\"index, follow, max-snippet:-1, max-image-preview:large, max-video-preview:-1\" \/>\n<link rel=\"canonical\" href=\"https:\/\/www.alteacultural.com\/es\/events\/lalqueria-blanca-en-ruta-altea\/\" \/>\n<meta property=\"og:locale\" content=\"es_ES\" \/>\n<meta property=\"og:type\" content=\"article\" \/>\n<meta property=\"og:title\" content=\"L&#039;Alqueria Blanca en ruta: Altea - Altea Cultural\" \/>\n<meta property=\"og:description\" content=\"Acto en valenciano 6 de Octubre | 19:00h | Palau Altea La ruta de la s\u00e8rie de la radiotelevisi\u00f3 [&hellip;]\" \/>\n<meta property=\"og:url\" content=\"https:\/\/www.alteacultural.com\/es\/events\/lalqueria-blanca-en-ruta-altea\/\" \/>\n<meta property=\"og:site_name\" content=\"Altea Cultural\" \/>\n<meta property=\"article:modified_time\" content=\"2022-07-27T10:22:04+00:00\" \/>\n<meta property=\"og:image\" content=\"https:\/\/www.alteacultural.com\/wp-content\/uploads\/2021\/10\/lalqueriablanca.jpg\" \/>\n\t<meta property=\"og:image:width\" content=\"1920\" \/>\n\t<meta property=\"og:image:height\" content=\"964\" \/>\n\t<meta property=\"og:image:type\" content=\"image\/jpeg\" \/>\n<meta name=\"twitter:card\" content=\"summary_large_image\" \/>\n<meta name=\"twitter:label1\" content=\"Tiempo de lectura\" \/>\n\t<meta name=\"twitter:data1\" content=\"2 minutos\" \/>\n<script type=\"application\/ld+json\" class=\"yoast-schema-graph\">{\"@context\":\"https:\/\/schema.org\",\"@graph\":[{\"@type\":\"WebPage\",\"@id\":\"https:\/\/www.alteacultural.com\/es\/events\/lalqueria-blanca-en-ruta-altea\/\",\"url\":\"https:\/\/www.alteacultural.com\/es\/events\/lalqueria-blanca-en-ruta-altea\/\",\"name\":\"L'Alqueria Blanca en ruta: Altea - Altea Cultural\",\"isPartOf\":{\"@id\":\"https:\/\/www.alteacultural.com\/es\/#website\"},\"primaryImageOfPage\":{\"@id\":\"https:\/\/www.alteacultural.com\/es\/events\/lalqueria-blanca-en-ruta-altea\/#primaryimage\"},\"image\":{\"@id\":\"https:\/\/www.alteacultural.com\/es\/events\/lalqueria-blanca-en-ruta-altea\/#primaryimage\"},\"thumbnailUrl\":\"https:\/\/www.alteacultural.com\/wp-content\/uploads\/2021\/10\/lalqueriablanca.jpg\",\"datePublished\":\"2021-10-01T11:15:51+00:00\",\"dateModified\":\"2022-07-27T10:22:04+00:00\",\"breadcrumb\":{\"@id\":\"https:\/\/www.alteacultural.com\/es\/events\/lalqueria-blanca-en-ruta-altea\/#breadcrumb\"},\"inLanguage\":\"es\",\"potentialAction\":[{\"@type\":\"ReadAction\",\"target\":[\"https:\/\/www.alteacultural.com\/es\/events\/lalqueria-blanca-en-ruta-altea\/\"]}]},{\"@type\":\"ImageObject\",\"inLanguage\":\"es\",\"@id\":\"https:\/\/www.alteacultural.com\/es\/events\/lalqueria-blanca-en-ruta-altea\/#primaryimage\",\"url\":\"https:\/\/www.alteacultural.com\/wp-content\/uploads\/2021\/10\/lalqueriablanca.jpg\",\"contentUrl\":\"https:\/\/www.alteacultural.com\/wp-content\/uploads\/2021\/10\/lalqueriablanca.jpg\",\"width\":1920,\"height\":964},{\"@type\":\"BreadcrumbList\",\"@id\":\"https:\/\/www.alteacultural.com\/es\/events\/lalqueria-blanca-en-ruta-altea\/#breadcrumb\",\"itemListElement\":[{\"@type\":\"ListItem\",\"position\":1,\"name\":\"Inici\",\"item\":\"https:\/\/www.alteacultural.com\/es\/\"},{\"@type\":\"ListItem\",\"position\":2,\"name\":\"Eventos\",\"item\":\"https:\/\/www.alteacultural.com\/es\/events\/\"},{\"@type\":\"ListItem\",\"position\":3,\"name\":\"L&#8217;Alqueria Blanca en ruta: Altea\"}]},{\"@type\":\"WebSite\",\"@id\":\"https:\/\/www.alteacultural.com\/es\/#website\",\"url\":\"https:\/\/www.alteacultural.com\/es\/\",\"name\":\"Altea Cultural\",\"description\":\"Regidoria de Cultura de l&#039;Ajuntament d&#039;Altea\",\"potentialAction\":[{\"@type\":\"SearchAction\",\"target\":{\"@type\":\"EntryPoint\",\"urlTemplate\":\"https:\/\/www.alteacultural.com\/es\/?s={search_term_string}\"},\"query-input\":\"required name=search_term_string\"}],\"inLanguage\":\"es\"}]}<\/script>\n<!-- \/ Yoast SEO plugin. -->","yoast_head_json":{"title":"L'Alqueria Blanca en ruta: Altea - Altea Cultural","robots":{"index":"index","follow":"follow","max-snippet":"max-snippet:-1","max-image-preview":"max-image-preview:large","max-video-preview":"max-video-preview:-1"},"canonical":"https:\/\/www.alteacultural.com\/es\/events\/lalqueria-blanca-en-ruta-altea\/","og_locale":"es_ES","og_type":"article","og_title":"L'Alqueria Blanca en ruta: Altea - Altea Cultural","og_description":"Acto en valenciano 6 de Octubre | 19:00h | Palau Altea La ruta de la s\u00e8rie de la radiotelevisi\u00f3 [&hellip;]","og_url":"https:\/\/www.alteacultural.com\/es\/events\/lalqueria-blanca-en-ruta-altea\/","og_site_name":"Altea Cultural","article_modified_time":"2022-07-27T10:22:04+00:00","og_image":[{"width":1920,"height":964,"url":"https:\/\/www.alteacultural.com\/wp-content\/uploads\/2021\/10\/lalqueriablanca.jpg","type":"image\/jpeg"}],"twitter_card":"summary_large_image","twitter_misc":{"Tiempo de lectura":"2 minutos"},"schema":{"@context":"https:\/\/schema.org","@graph":[{"@type":"WebPage","@id":"https:\/\/www.alteacultural.com\/es\/events\/lalqueria-blanca-en-ruta-altea\/","url":"https:\/\/www.alteacultural.com\/es\/events\/lalqueria-blanca-en-ruta-altea\/","name":"L'Alqueria Blanca en ruta: Altea - Altea Cultural","isPartOf":{"@id":"https:\/\/www.alteacultural.com\/es\/#website"},"primaryImageOfPage":{"@id":"https:\/\/www.alteacultural.com\/es\/events\/lalqueria-blanca-en-ruta-altea\/#primaryimage"},"image":{"@id":"https:\/\/www.alteacultural.com\/es\/events\/lalqueria-blanca-en-ruta-altea\/#primaryimage"},"thumbnailUrl":"https:\/\/www.alteacultural.com\/wp-content\/uploads\/2021\/10\/lalqueriablanca.jpg","datePublished":"2021-10-01T11:15:51+00:00","dateModified":"2022-07-27T10:22:04+00:00","breadcrumb":{"@id":"https:\/\/www.alteacultural.com\/es\/events\/lalqueria-blanca-en-ruta-altea\/#breadcrumb"},"inLanguage":"es","potentialAction":[{"@type":"ReadAction","target":["https:\/\/www.alteacultural.com\/es\/events\/lalqueria-blanca-en-ruta-altea\/"]}]},{"@type":"ImageObject","inLanguage":"es","@id":"https:\/\/www.alteacultural.com\/es\/events\/lalqueria-blanca-en-ruta-altea\/#primaryimage","url":"https:\/\/www.alteacultural.com\/wp-content\/uploads\/2021\/10\/lalqueriablanca.jpg","contentUrl":"https:\/\/www.alteacultural.com\/wp-content\/uploads\/2021\/10\/lalqueriablanca.jpg","width":1920,"height":964},{"@type":"BreadcrumbList","@id":"https:\/\/www.alteacultural.com\/es\/events\/lalqueria-blanca-en-ruta-altea\/#breadcrumb","itemListElement":[{"@type":"ListItem","position":1,"name":"Inici","item":"https:\/\/www.alteacultural.com\/es\/"},{"@type":"ListItem","position":2,"name":"Eventos","item":"https:\/\/www.alteacultural.com\/es\/events\/"},{"@type":"ListItem","position":3,"name":"L&#8217;Alqueria Blanca en ruta: Altea"}]},{"@type":"WebSite","@id":"https:\/\/www.alteacultural.com\/es\/#website","url":"https:\/\/www.alteacultural.com\/es\/","name":"Altea Cultural","description":"Regidoria de Cultura de l&#039;Ajuntament d&#039;Altea","potentialAction":[{"@type":"SearchAction","target":{"@type":"EntryPoint","urlTemplate":"https:\/\/www.alteacultural.com\/es\/?s={search_term_string}"},"query-input":"required name=search_term_string"}],"inLanguage":"es"}]}},"mec_cost":"Entrada Libre","mec_date":{"start":{"date":"2021-10-06","hour":7,"minutes":"0","ampm":"PM"},"end":{"date":"2021-10-06","hour":8,"minutes":"0","ampm":"PM"},"comment":"","repeat":{"type":"daily","interval":"1","advanced":"","end":"never","end_at_date":"","end_at_occurrences":"10"}},"_links":{"self":[{"href":"https:\/\/www.alteacultural.com\/es\/wp-json\/wp\/v2\/mec-events\/12343"}],"collection":[{"href":"https:\/\/www.alteacultural.com\/es\/wp-json\/wp\/v2\/mec-events"}],"about":[{"href":"https:\/\/www.alteacultural.com\/es\/wp-json\/wp\/v2\/types\/mec-events"}],"author":[{"embeddable":true,"href":"https:\/\/www.alteacultural.com\/es\/wp-json\/wp\/v2\/users\/1"}],"replies":[{"embeddable":true,"href":"https:\/\/www.alteacultural.com\/es\/wp-json\/wp\/v2\/comments?post=12343"}],"wp:featuredmedia":[{"embeddable":true,"href":"https:\/\/www.alteacultural.com\/es\/wp-json\/wp\/v2\/media\/12341"}],"wp:attachment":[{"href":"https:\/\/www.alteacultural.com\/es\/wp-json\/wp\/v2\/media?parent=12343"}],"curies":[{"name":"wp","href":"https:\/\/api.w.org\/{rel}","templated":true}]}}

<p><span style="color: #000000;"><em>Acto en valenciano</em></span></p>
<p>6 de Octubre | 19:00h | Palau Altea</p>
<p>La ruta de la sèrie de la radiotelevisió pública valenciana À Punt <em>L’Alqueria Blanca</em> continua el recorregut la setmana del 4 al 8 d’octubre per cinc localitats de la Comunitat Valenciana: la ciutat de València, Crevillent, Altea, Alcoi i Gandia.</p>
<p>Abans de l’estrena de la sèrie, el diumenge 17 d’octubre, en aquestes localitats es projectarà en exclusiva el primer capítol que s’emetrà en la televisió d’À Punt. Les preestrenes, anomenades <em>L’Alqueria Blanca en ruta,</em> comencen a les 19:00 hores i estan sent tot un èxit de participació i expectació als llocs de tota la Comunitat Valenciana que les acullen. <strong>L’entrada és gratuïta i fins a completar l’aforament; els actes estan adaptats a la normativa sanitària vigent. </strong>Totes les persones que acudisquen a veure els seus actors preferits rebran un detall de record del pas de <em>L’Alqueria Blanca </em>per la seua localitat.</p>
<p><strong>El dimecres 6 el Palau d’Altea</strong> rebrà Elisa Lledó (Empar) i Ana Conca (Isabel). Amb la col·laboració de l’Ajuntament d’Altea, no cal fer reservar d’entrada: l’accés és gratuït, fins a completar l’aforament.</p>
<p>&nbsp;</p>
<p>+info: <span style="color: #333333;"><a style="color: #333333;" href="https://www.apuntmedia.es/series/alqueria-blanca/articles/l-alqueria-blanca-ruta-complira-tercera-setmana_1_1454139.html">https://www.apuntmedia.es/series/alqueria-blanca/articles/l-alqueria-blanca-ruta-complira-tercera-setmana_1_1454139.html</a></span></p>
<p><img fetchpriority="high" decoding="async" class="wp-image-12339 aligncenter" src="https://www.alteacultural.com/wp-content/uploads/2021/10/Carteles-anunci-ALTEA.png" alt="" width="750" height="750" srcset="https://www.alteacultural.com/wp-content/uploads/2021/10/Carteles-anunci-ALTEA.png 1200w, https://www.alteacultural.com/wp-content/uploads/2021/10/Carteles-anunci-ALTEA-768x768.png 768w, https://www.alteacultural.com/wp-content/uploads/2021/10/Carteles-anunci-ALTEA-300x300.png 300w" sizes="(max-width: 750px) 100vw, 750px" /></p>

<p>Acto en valenciano 6 de Octubre | 19:00h | Palau Altea La ruta de la sèrie de la radiotelevisió [&hellip;]</p>

<!-- This site is optimized with the Yoast SEO plugin v22.8 - https://yoast.com/wordpress/plugins/seo/ -->
<title>L&#039;Alqueria Blanca en ruta: Altea - Altea Cultural</title>
<meta name="robots" content="index, follow, max-snippet:-1, max-image-preview:large, max-video-preview:-1" />
<link rel="canonical" href="https://www.alteacultural.com/es/events/lalqueria-blanca-en-ruta-altea/" />
<meta property="og:locale" content="es_ES" />
<meta property="og:type" content="article" />
<meta property="og:title" content="L&#039;Alqueria Blanca en ruta: Altea - Altea Cultural" />
<meta property="og:description" content="Acto en valenciano 6 de Octubre | 19:00h | Palau Altea La ruta de la sèrie de la radiotelevisió [&hellip;]" />
<meta property="og:url" content="https://www.alteacultural.com/es/events/lalqueria-blanca-en-ruta-altea/" />
<meta property="og:site_name" content="Altea Cultural" />
<meta property="article:modified_time" content="2022-07-27T10:22:04+00:00" />
<meta property="og:image" content="https://www.alteacultural.com/wp-content/uploads/2021/10/lalqueriablanca.jpg" />
	<meta property="og:image:width" content="1920" />
	<meta property="og:image:height" content="964" />
	<meta property="og:image:type" content="image/jpeg" />
<meta name="twitter:card" content="summary_large_image" />
<meta name="twitter:label1" content="Tiempo de lectura" />
	<meta name="twitter:data1" content="2 minutos" />
<script type="application/ld+json" class="yoast-schema-graph">{"@context":"https://schema.org","@graph":[{"@type":"WebPage","@id":"https://www.alteacultural.com/es/events/lalqueria-blanca-en-ruta-altea/","url":"https://www.alteacultural.com/es/events/lalqueria-blanca-en-ruta-altea/","name":"L'Alqueria Blanca en ruta: Altea - Altea Cultural","isPartOf":{"@id":"https://www.alteacultural.com/es/#website"},"primaryImageOfPage":{"@id":"https://www.alteacultural.com/es/events/lalqueria-blanca-en-ruta-altea/#primaryimage"},"image":{"@id":"https://www.alteacultural.com/es/events/lalqueria-blanca-en-ruta-altea/#primaryimage"},"thumbnailUrl":"https://www.alteacultural.com/wp-content/uploads/2021/10/lalqueriablanca.jpg","datePublished":"2021-10-01T11:15:51+00:00","dateModified":"2022-07-27T10:22:04+00:00","breadcrumb":{"@id":"https://www.alteacultural.com/es/events/lalqueria-blanca-en-ruta-altea/#breadcrumb"},"inLanguage":"es","potentialAction":[{"@type":"ReadAction","target":["https://www.alteacultural.com/es/events/lalqueria-blanca-en-ruta-altea/"]}]},{"@type":"ImageObject","inLanguage":"es","@id":"https://www.alteacultural.com/es/events/lalqueria-blanca-en-ruta-altea/#primaryimage","url":"https://www.alteacultural.com/wp-content/uploads/2021/10/lalqueriablanca.jpg","contentUrl":"https://www.alteacultural.com/wp-content/uploads/2021/10/lalqueriablanca.jpg","width":1920,"height":964},{"@type":"BreadcrumbList","@id":"https://www.alteacultural.com/es/events/lalqueria-blanca-en-ruta-altea/#breadcrumb","itemListElement":[{"@type":"ListItem","position":1,"name":"Inici","item":"https://www.alteacultural.com/es/"},{"@type":"ListItem","position":2,"name":"Eventos","item":"https://www.alteacultural.com/es/events/"},{"@type":"ListItem","position":3,"name":"L&#8217;Alqueria Blanca en ruta: Altea"}]},{"@type":"WebSite","@id":"https://www.alteacultural.com/es/#website","url":"https://www.alteacultural.com/es/","name":"Altea Cultural","description":"Regidoria de Cultura de l&#039;Ajuntament d&#039;Altea","potentialAction":[{"@type":"SearchAction","target":{"@type":"EntryPoint","urlTemplate":"https://www.alteacultural.com/es/?s={search_term_string}"},"query-input":"required name=search_term_string"}],"inLanguage":"es"}]}</script>
<!-- / Yoast SEO plugin. -->

Acto en valenciano 6 de Octubre | 19:00h | Palau Altea La ruta de la sèrie de la radiotelevisió [&hellip;]
