{"id":12388,"date":"2021-10-15T12:20:09","date_gmt":"2021-10-15T10:20:09","guid":{"rendered":"https:\/\/www.alteacultural.com\/events\/cine-el-camino-celebramos-el-dia-del-cine-espanol\/"},"modified":"2021-10-15T12:31:34","modified_gmt":"2021-10-15T10:31:34","slug":"cine-el-camino-celebramos-el-dia-del-cine-espanol","status":"publish","type":"mec-events","link":"https:\/\/www.alteacultural.com\/es\/events\/cine-el-camino-celebramos-el-dia-del-cine-espanol\/","title":{"rendered":"Cine: EL CAMINO &#8211; Celebramos el D\u00cdA DEL CINE ESPA\u00d1OL"},"content":{"rendered":"<p>20-oct | 20:00 | Centro Social Altea<br \/>\nProyecci\u00f3n de la pel\u00edcula EL CAMINO (Ana Mariscal Drama \u00b7 91 min. \u00b7 1963)<br \/>\nCelebramos el D\u00cdA DEL CINE ESPA\u00d1OL<\/p>\n<p>Entrada gratuita con reserva<br \/>\nAforo limitado y medidas especiales Covid-19<\/p>\n<p>#D\u00edaDelCineEspa\u00f1ol<br \/>\n#MuchoQueContar<\/p>\n<p><a href=\"https:\/\/www.alteacultural.com\/wp-content\/uploads\/2021\/10\/2021-10-20-Guia-didactica_El_camino_Dia_Cine_Espanol.pdf\" target=\"_blank\" rel=\"noopener noreferrer\">GUIA\/DOSSIER DE LA PELICULA<\/a><\/p>\n<h2><span style=\"color: #00ccff;\">Entradas<\/span><\/h2>\n<p><iframe id=\"etktfrm12786\" data-src=\"https:\/\/venta.atenea360.es\/buy\/?id=12786\" width=\"100%\" frameborder=\"0\" src=\"data:image\/gif;base64,R0lGODlhAQABAAAAACH5BAEKAAEALAAAAAABAAEAAAICTAEAOw==\" class=\"lazyload\" data-load-mode=\"1\"><\/iframe><script type=\"text\/javascript\" src=\"https:\/\/d31tcnbxvxtafg.cloudfront.net\/js\/libraries\/buy.js\"><\/script><\/p>\n<p>&nbsp;<\/p>\n<h2><span style=\"color: #00ccff;\">Cartel<\/span><img fetchpriority=\"high\" decoding=\"async\" class=\"aligncenter wp-image-12383\" src=\"https:\/\/www.alteacultural.com\/wp-content\/uploads\/2021\/10\/Proyeccion_DiaDelCineEspanol_20oct21_Cartel-01.jpg\" alt=\"\" width=\"750\" height=\"1055\" srcset=\"https:\/\/www.alteacultural.com\/wp-content\/uploads\/2021\/10\/Proyeccion_DiaDelCineEspanol_20oct21_Cartel-01.jpg 1789w, https:\/\/www.alteacultural.com\/wp-content\/uploads\/2021\/10\/Proyeccion_DiaDelCineEspanol_20oct21_Cartel-01-768x1080.jpg 768w, https:\/\/www.alteacultural.com\/wp-content\/uploads\/2021\/10\/Proyeccion_DiaDelCineEspanol_20oct21_Cartel-01-1092x1536.jpg 1092w, https:\/\/www.alteacultural.com\/wp-content\/uploads\/2021\/10\/Proyeccion_DiaDelCineEspanol_20oct21_Cartel-01-1456x2048.jpg 1456w\" sizes=\"(max-width: 750px) 100vw, 750px\" \/>l<\/h2>\n<p>&nbsp;<\/p>\n<p>&nbsp;<\/p>\n<p>&nbsp;<\/p>\n","protected":false},"excerpt":{"rendered":"<p>20-oct | 20:00 | Centro Social Altea Proyecci\u00f3n de la pel\u00edcula EL CAMINO (Ana Mariscal Drama \u00b7 91 min. [&hellip;]<\/p>\n","protected":false},"author":1,"featured_media":12382,"comment_status":"open","ping_status":"closed","template":"","meta":{"_expiration-date-status":"saved","_expiration-date":0,"_expiration-date-type":"","_expiration-date-categories":[],"_expiration-date-options":[]},"yoast_head":"<!-- This site is optimized with the Yoast SEO plugin v22.8 - https:\/\/yoast.com\/wordpress\/plugins\/seo\/ -->\n<title>Cine: EL CAMINO - Celebramos el D\u00cdA DEL CINE ESPA\u00d1OL - Altea Cultural<\/title>\n<meta name=\"robots\" content=\"index, follow, max-snippet:-1, max-image-preview:large, max-video-preview:-1\" \/>\n<link rel=\"canonical\" href=\"https:\/\/www.alteacultural.com\/es\/events\/cine-el-camino-celebramos-el-dia-del-cine-espanol\/\" \/>\n<meta property=\"og:locale\" content=\"es_ES\" \/>\n<meta property=\"og:type\" content=\"article\" \/>\n<meta property=\"og:title\" content=\"Cine: EL CAMINO - Celebramos el D\u00cdA DEL CINE ESPA\u00d1OL - Altea Cultural\" \/>\n<meta property=\"og:description\" content=\"20-oct | 20:00 | Centro Social Altea Proyecci\u00f3n de la pel\u00edcula EL CAMINO (Ana Mariscal Drama \u00b7 91 min. [&hellip;]\" \/>\n<meta property=\"og:url\" content=\"https:\/\/www.alteacultural.com\/es\/events\/cine-el-camino-celebramos-el-dia-del-cine-espanol\/\" \/>\n<meta property=\"og:site_name\" content=\"Altea Cultural\" \/>\n<meta property=\"article:modified_time\" content=\"2021-10-15T10:31:34+00:00\" \/>\n<meta property=\"og:image\" content=\"https:\/\/www.alteacultural.com\/wp-content\/uploads\/2021\/10\/Proyeccion_DiaDelCineEspanol_20oct21_Cabecera-01.jpg\" \/>\n\t<meta property=\"og:image:width\" content=\"2398\" \/>\n\t<meta property=\"og:image:height\" content=\"900\" \/>\n\t<meta property=\"og:image:type\" content=\"image\/jpeg\" \/>\n<meta name=\"twitter:card\" content=\"summary_large_image\" \/>\n<meta name=\"twitter:label1\" content=\"Tiempo de lectura\" \/>\n\t<meta name=\"twitter:data1\" content=\"1 minuto\" \/>\n<script type=\"application\/ld+json\" class=\"yoast-schema-graph\">{\"@context\":\"https:\/\/schema.org\",\"@graph\":[{\"@type\":\"WebPage\",\"@id\":\"https:\/\/www.alteacultural.com\/es\/events\/cine-el-camino-celebramos-el-dia-del-cine-espanol\/\",\"url\":\"https:\/\/www.alteacultural.com\/es\/events\/cine-el-camino-celebramos-el-dia-del-cine-espanol\/\",\"name\":\"Cine: EL CAMINO - Celebramos el D\u00cdA DEL CINE ESPA\u00d1OL - Altea Cultural\",\"isPartOf\":{\"@id\":\"https:\/\/www.alteacultural.com\/es\/#website\"},\"primaryImageOfPage\":{\"@id\":\"https:\/\/www.alteacultural.com\/es\/events\/cine-el-camino-celebramos-el-dia-del-cine-espanol\/#primaryimage\"},\"image\":{\"@id\":\"https:\/\/www.alteacultural.com\/es\/events\/cine-el-camino-celebramos-el-dia-del-cine-espanol\/#primaryimage\"},\"thumbnailUrl\":\"https:\/\/www.alteacultural.com\/wp-content\/uploads\/2021\/10\/Proyeccion_DiaDelCineEspanol_20oct21_Cabecera-01.jpg\",\"datePublished\":\"2021-10-15T10:20:09+00:00\",\"dateModified\":\"2021-10-15T10:31:34+00:00\",\"breadcrumb\":{\"@id\":\"https:\/\/www.alteacultural.com\/es\/events\/cine-el-camino-celebramos-el-dia-del-cine-espanol\/#breadcrumb\"},\"inLanguage\":\"es\",\"potentialAction\":[{\"@type\":\"ReadAction\",\"target\":[\"https:\/\/www.alteacultural.com\/es\/events\/cine-el-camino-celebramos-el-dia-del-cine-espanol\/\"]}]},{\"@type\":\"ImageObject\",\"inLanguage\":\"es\",\"@id\":\"https:\/\/www.alteacultural.com\/es\/events\/cine-el-camino-celebramos-el-dia-del-cine-espanol\/#primaryimage\",\"url\":\"https:\/\/www.alteacultural.com\/wp-content\/uploads\/2021\/10\/Proyeccion_DiaDelCineEspanol_20oct21_Cabecera-01.jpg\",\"contentUrl\":\"https:\/\/www.alteacultural.com\/wp-content\/uploads\/2021\/10\/Proyeccion_DiaDelCineEspanol_20oct21_Cabecera-01.jpg\",\"width\":2398,\"height\":900},{\"@type\":\"BreadcrumbList\",\"@id\":\"https:\/\/www.alteacultural.com\/es\/events\/cine-el-camino-celebramos-el-dia-del-cine-espanol\/#breadcrumb\",\"itemListElement\":[{\"@type\":\"ListItem\",\"position\":1,\"name\":\"Inici\",\"item\":\"https:\/\/www.alteacultural.com\/es\/\"},{\"@type\":\"ListItem\",\"position\":2,\"name\":\"Eventos\",\"item\":\"https:\/\/www.alteacultural.com\/es\/events\/\"},{\"@type\":\"ListItem\",\"position\":3,\"name\":\"Cine: EL CAMINO &#8211; Celebramos el D\u00cdA DEL CINE ESPA\u00d1OL\"}]},{\"@type\":\"WebSite\",\"@id\":\"https:\/\/www.alteacultural.com\/es\/#website\",\"url\":\"https:\/\/www.alteacultural.com\/es\/\",\"name\":\"Altea Cultural\",\"description\":\"Regidoria de Cultura de l&#039;Ajuntament d&#039;Altea\",\"potentialAction\":[{\"@type\":\"SearchAction\",\"target\":{\"@type\":\"EntryPoint\",\"urlTemplate\":\"https:\/\/www.alteacultural.com\/es\/?s={search_term_string}\"},\"query-input\":\"required name=search_term_string\"}],\"inLanguage\":\"es\"}]}<\/script>\n<!-- \/ Yoast SEO plugin. -->","yoast_head_json":{"title":"Cine: EL CAMINO - Celebramos el D\u00cdA DEL CINE ESPA\u00d1OL - Altea Cultural","robots":{"index":"index","follow":"follow","max-snippet":"max-snippet:-1","max-image-preview":"max-image-preview:large","max-video-preview":"max-video-preview:-1"},"canonical":"https:\/\/www.alteacultural.com\/es\/events\/cine-el-camino-celebramos-el-dia-del-cine-espanol\/","og_locale":"es_ES","og_type":"article","og_title":"Cine: EL CAMINO - Celebramos el D\u00cdA DEL CINE ESPA\u00d1OL - Altea Cultural","og_description":"20-oct | 20:00 | Centro Social Altea Proyecci\u00f3n de la pel\u00edcula EL CAMINO (Ana Mariscal Drama \u00b7 91 min. [&hellip;]","og_url":"https:\/\/www.alteacultural.com\/es\/events\/cine-el-camino-celebramos-el-dia-del-cine-espanol\/","og_site_name":"Altea Cultural","article_modified_time":"2021-10-15T10:31:34+00:00","og_image":[{"width":2398,"height":900,"url":"https:\/\/www.alteacultural.com\/wp-content\/uploads\/2021\/10\/Proyeccion_DiaDelCineEspanol_20oct21_Cabecera-01.jpg","type":"image\/jpeg"}],"twitter_card":"summary_large_image","twitter_misc":{"Tiempo de lectura":"1 minuto"},"schema":{"@context":"https:\/\/schema.org","@graph":[{"@type":"WebPage","@id":"https:\/\/www.alteacultural.com\/es\/events\/cine-el-camino-celebramos-el-dia-del-cine-espanol\/","url":"https:\/\/www.alteacultural.com\/es\/events\/cine-el-camino-celebramos-el-dia-del-cine-espanol\/","name":"Cine: EL CAMINO - Celebramos el D\u00cdA DEL CINE ESPA\u00d1OL - Altea Cultural","isPartOf":{"@id":"https:\/\/www.alteacultural.com\/es\/#website"},"primaryImageOfPage":{"@id":"https:\/\/www.alteacultural.com\/es\/events\/cine-el-camino-celebramos-el-dia-del-cine-espanol\/#primaryimage"},"image":{"@id":"https:\/\/www.alteacultural.com\/es\/events\/cine-el-camino-celebramos-el-dia-del-cine-espanol\/#primaryimage"},"thumbnailUrl":"https:\/\/www.alteacultural.com\/wp-content\/uploads\/2021\/10\/Proyeccion_DiaDelCineEspanol_20oct21_Cabecera-01.jpg","datePublished":"2021-10-15T10:20:09+00:00","dateModified":"2021-10-15T10:31:34+00:00","breadcrumb":{"@id":"https:\/\/www.alteacultural.com\/es\/events\/cine-el-camino-celebramos-el-dia-del-cine-espanol\/#breadcrumb"},"inLanguage":"es","potentialAction":[{"@type":"ReadAction","target":["https:\/\/www.alteacultural.com\/es\/events\/cine-el-camino-celebramos-el-dia-del-cine-espanol\/"]}]},{"@type":"ImageObject","inLanguage":"es","@id":"https:\/\/www.alteacultural.com\/es\/events\/cine-el-camino-celebramos-el-dia-del-cine-espanol\/#primaryimage","url":"https:\/\/www.alteacultural.com\/wp-content\/uploads\/2021\/10\/Proyeccion_DiaDelCineEspanol_20oct21_Cabecera-01.jpg","contentUrl":"https:\/\/www.alteacultural.com\/wp-content\/uploads\/2021\/10\/Proyeccion_DiaDelCineEspanol_20oct21_Cabecera-01.jpg","width":2398,"height":900},{"@type":"BreadcrumbList","@id":"https:\/\/www.alteacultural.com\/es\/events\/cine-el-camino-celebramos-el-dia-del-cine-espanol\/#breadcrumb","itemListElement":[{"@type":"ListItem","position":1,"name":"Inici","item":"https:\/\/www.alteacultural.com\/es\/"},{"@type":"ListItem","position":2,"name":"Eventos","item":"https:\/\/www.alteacultural.com\/es\/events\/"},{"@type":"ListItem","position":3,"name":"Cine: EL CAMINO &#8211; Celebramos el D\u00cdA DEL CINE ESPA\u00d1OL"}]},{"@type":"WebSite","@id":"https:\/\/www.alteacultural.com\/es\/#website","url":"https:\/\/www.alteacultural.com\/es\/","name":"Altea Cultural","description":"Regidoria de Cultura de l&#039;Ajuntament d&#039;Altea","potentialAction":[{"@type":"SearchAction","target":{"@type":"EntryPoint","urlTemplate":"https:\/\/www.alteacultural.com\/es\/?s={search_term_string}"},"query-input":"required name=search_term_string"}],"inLanguage":"es"}]}},"mec_cost":"Entrada gratuita con reserva","mec_date":{"start":{"date":"2021-10-20","hour":8,"minutes":"0","ampm":"PM"},"end":{"date":"2021-10-20","hour":9,"minutes":"30","ampm":"PM"},"comment":"","repeat":{"type":"daily","interval":"1","advanced":"","end":"never","end_at_date":"","end_at_occurrences":"10"}},"_links":{"self":[{"href":"https:\/\/www.alteacultural.com\/es\/wp-json\/wp\/v2\/mec-events\/12388"}],"collection":[{"href":"https:\/\/www.alteacultural.com\/es\/wp-json\/wp\/v2\/mec-events"}],"about":[{"href":"https:\/\/www.alteacultural.com\/es\/wp-json\/wp\/v2\/types\/mec-events"}],"author":[{"embeddable":true,"href":"https:\/\/www.alteacultural.com\/es\/wp-json\/wp\/v2\/users\/1"}],"replies":[{"embeddable":true,"href":"https:\/\/www.alteacultural.com\/es\/wp-json\/wp\/v2\/comments?post=12388"}],"wp:featuredmedia":[{"embeddable":true,"href":"https:\/\/www.alteacultural.com\/es\/wp-json\/wp\/v2\/media\/12382"}],"wp:attachment":[{"href":"https:\/\/www.alteacultural.com\/es\/wp-json\/wp\/v2\/media?parent=12388"}],"curies":[{"name":"wp","href":"https:\/\/api.w.org\/{rel}","templated":true}]}}

Cine: EL CAMINO &#8211; Celebramos el DÍA DEL CINE ESPAÑOL

<p>20-oct | 20:00 | Centro Social Altea<br />
Proyección de la película EL CAMINO (Ana Mariscal Drama · 91 min. · 1963)<br />
Celebramos el DÍA DEL CINE ESPAÑOL</p>
<p>Entrada gratuita con reserva<br />
Aforo limitado y medidas especiales Covid-19</p>
<p>#DíaDelCineEspañol<br />
#MuchoQueContar</p>
<p><a href="https://www.alteacultural.com/wp-content/uploads/2021/10/2021-10-20-Guia-didactica_El_camino_Dia_Cine_Espanol.pdf" target="_blank" rel="noopener noreferrer">GUIA/DOSSIER DE LA PELICULA</a></p>
<h2><span style="color: #00ccff;">Entradas</span></h2>
<p><iframe id="etktfrm12786" data-src="https://venta.atenea360.es/buy/?id=12786" width="100%" frameborder="0" src="data:image/gif;base64,R0lGODlhAQABAAAAACH5BAEKAAEALAAAAAABAAEAAAICTAEAOw==" class="lazyload" data-load-mode="1"></iframe><script type="text/javascript" src="https://d31tcnbxvxtafg.cloudfront.net/js/libraries/buy.js"></script></p>
<p>&nbsp;</p>
<h2><span style="color: #00ccff;">Cartel</span><img fetchpriority="high" decoding="async" class="aligncenter wp-image-12383" src="https://www.alteacultural.com/wp-content/uploads/2021/10/Proyeccion_DiaDelCineEspanol_20oct21_Cartel-01.jpg" alt="" width="750" height="1055" srcset="https://www.alteacultural.com/wp-content/uploads/2021/10/Proyeccion_DiaDelCineEspanol_20oct21_Cartel-01.jpg 1789w, https://www.alteacultural.com/wp-content/uploads/2021/10/Proyeccion_DiaDelCineEspanol_20oct21_Cartel-01-768x1080.jpg 768w, https://www.alteacultural.com/wp-content/uploads/2021/10/Proyeccion_DiaDelCineEspanol_20oct21_Cartel-01-1092x1536.jpg 1092w, https://www.alteacultural.com/wp-content/uploads/2021/10/Proyeccion_DiaDelCineEspanol_20oct21_Cartel-01-1456x2048.jpg 1456w" sizes="(max-width: 750px) 100vw, 750px" />l</h2>
<p>&nbsp;</p>
<p>&nbsp;</p>
<p>&nbsp;</p>

<p>20-oct | 20:00 | Centro Social Altea Proyección de la película EL CAMINO (Ana Mariscal Drama · 91 min. [&hellip;]</p>

<!-- This site is optimized with the Yoast SEO plugin v22.8 - https://yoast.com/wordpress/plugins/seo/ -->
<title>Cine: EL CAMINO - Celebramos el DÍA DEL CINE ESPAÑOL - Altea Cultural</title>
<meta name="robots" content="index, follow, max-snippet:-1, max-image-preview:large, max-video-preview:-1" />
<link rel="canonical" href="https://www.alteacultural.com/es/events/cine-el-camino-celebramos-el-dia-del-cine-espanol/" />
<meta property="og:locale" content="es_ES" />
<meta property="og:type" content="article" />
<meta property="og:title" content="Cine: EL CAMINO - Celebramos el DÍA DEL CINE ESPAÑOL - Altea Cultural" />
<meta property="og:description" content="20-oct | 20:00 | Centro Social Altea Proyección de la película EL CAMINO (Ana Mariscal Drama · 91 min. [&hellip;]" />
<meta property="og:url" content="https://www.alteacultural.com/es/events/cine-el-camino-celebramos-el-dia-del-cine-espanol/" />
<meta property="og:site_name" content="Altea Cultural" />
<meta property="article:modified_time" content="2021-10-15T10:31:34+00:00" />
<meta property="og:image" content="https://www.alteacultural.com/wp-content/uploads/2021/10/Proyeccion_DiaDelCineEspanol_20oct21_Cabecera-01.jpg" />
	<meta property="og:image:width" content="2398" />
	<meta property="og:image:height" content="900" />
	<meta property="og:image:type" content="image/jpeg" />
<meta name="twitter:card" content="summary_large_image" />
<meta name="twitter:label1" content="Tiempo de lectura" />
	<meta name="twitter:data1" content="1 minuto" />
<script type="application/ld+json" class="yoast-schema-graph">{"@context":"https://schema.org","@graph":[{"@type":"WebPage","@id":"https://www.alteacultural.com/es/events/cine-el-camino-celebramos-el-dia-del-cine-espanol/","url":"https://www.alteacultural.com/es/events/cine-el-camino-celebramos-el-dia-del-cine-espanol/","name":"Cine: EL CAMINO - Celebramos el DÍA DEL CINE ESPAÑOL - Altea Cultural","isPartOf":{"@id":"https://www.alteacultural.com/es/#website"},"primaryImageOfPage":{"@id":"https://www.alteacultural.com/es/events/cine-el-camino-celebramos-el-dia-del-cine-espanol/#primaryimage"},"image":{"@id":"https://www.alteacultural.com/es/events/cine-el-camino-celebramos-el-dia-del-cine-espanol/#primaryimage"},"thumbnailUrl":"https://www.alteacultural.com/wp-content/uploads/2021/10/Proyeccion_DiaDelCineEspanol_20oct21_Cabecera-01.jpg","datePublished":"2021-10-15T10:20:09+00:00","dateModified":"2021-10-15T10:31:34+00:00","breadcrumb":{"@id":"https://www.alteacultural.com/es/events/cine-el-camino-celebramos-el-dia-del-cine-espanol/#breadcrumb"},"inLanguage":"es","potentialAction":[{"@type":"ReadAction","target":["https://www.alteacultural.com/es/events/cine-el-camino-celebramos-el-dia-del-cine-espanol/"]}]},{"@type":"ImageObject","inLanguage":"es","@id":"https://www.alteacultural.com/es/events/cine-el-camino-celebramos-el-dia-del-cine-espanol/#primaryimage","url":"https://www.alteacultural.com/wp-content/uploads/2021/10/Proyeccion_DiaDelCineEspanol_20oct21_Cabecera-01.jpg","contentUrl":"https://www.alteacultural.com/wp-content/uploads/2021/10/Proyeccion_DiaDelCineEspanol_20oct21_Cabecera-01.jpg","width":2398,"height":900},{"@type":"BreadcrumbList","@id":"https://www.alteacultural.com/es/events/cine-el-camino-celebramos-el-dia-del-cine-espanol/#breadcrumb","itemListElement":[{"@type":"ListItem","position":1,"name":"Inici","item":"https://www.alteacultural.com/es/"},{"@type":"ListItem","position":2,"name":"Eventos","item":"https://www.alteacultural.com/es/events/"},{"@type":"ListItem","position":3,"name":"Cine: EL CAMINO &#8211; Celebramos el DÍA DEL CINE ESPAÑOL"}]},{"@type":"WebSite","@id":"https://www.alteacultural.com/es/#website","url":"https://www.alteacultural.com/es/","name":"Altea Cultural","description":"Regidoria de Cultura de l&#039;Ajuntament d&#039;Altea","potentialAction":[{"@type":"SearchAction","target":{"@type":"EntryPoint","urlTemplate":"https://www.alteacultural.com/es/?s={search_term_string}"},"query-input":"required name=search_term_string"}],"inLanguage":"es"}]}</script>
<!-- / Yoast SEO plugin. -->

Cine: EL CAMINO - Celebramos el DÍA DEL CINE ESPAÑOL - Altea Cultural

20-oct | 20:00 | Centro Social Altea Proyección de la película EL CAMINO (Ana Mariscal Drama · 91 min. [&hellip;]
