{"id":12517,"date":"2021-11-01T12:16:32","date_gmt":"2021-11-01T11:16:32","guid":{"rendered":"https:\/\/www.alteacultural.com\/events\/concert-en-honor-a-santa-cecilia-per-la-banda-simfonica-de-la-stat-filharmonica-alteanense-sfa-2021\/"},"modified":"2021-11-28T08:59:37","modified_gmt":"2021-11-28T07:59:37","slug":"concert-en-honor-a-santa-cecilia-per-la-banda-simfonica-de-la-stat-filharmonica-alteanense-sfa-2021","status":"publish","type":"mec-events","link":"https:\/\/www.alteacultural.com\/es\/events\/concert-en-honor-a-santa-cecilia-per-la-banda-simfonica-de-la-stat-filharmonica-alteanense-sfa-2021\/","title":{"rendered":"Concierto en honor a Santa Cecilia por la Banda Sinf\u00f3nica de la Stat. Filharm\u00f2nica Alteanense &#8211; SFA 2021"},"content":{"rendered":"<p>28-nov | 11:30 | Palau Altea<br \/>\nConcierto en honor a Santa Cecilia por la Banda Sinf\u00f3nica de la Stat. Filharm\u00f2nica Alteanense<br \/>\nEntrada libre y gratuita. Aforo limitado y medidas especiales Covid-19.<\/p>\n<p>La banda de la Sociedad Filarm\u00f3nica Alteanense realiza su emblem\u00e1tico Concierto en honor a Santa Cecilia en el que, al inicio del concierto, se realizar\u00e1 la habitual ceremonia de acceso de nuevos m\u00fasicos que entrar\u00e1n a formar parte de forma oficial a la Sociedad Filarm\u00f3nica Alteanense.<\/p>\n<p><a href=\"https:\/\/www.alteacultural.com\/wp-content\/uploads\/2021\/11\/PROGRAMA-28-nov.pdf\" target=\"_blank\" rel=\"noopener noreferrer\">PROGRAMA DEL CONCIERTO<\/a><\/p>\n<p>Jornades Musicals en Honor a Santa Cec\u00edlia organitzades per la Stat. Filharm\u00f2nica Alteanense<\/p>\n<p>&nbsp;<\/p>\n<p><img fetchpriority=\"high\" decoding=\"async\" class=\"aligncenter wp-image-12507\" src=\"https:\/\/www.alteacultural.com\/wp-content\/uploads\/2021\/11\/JornadesMusicalSantaCeciliaSFA2021_Cartell-01.jpg\" alt=\"\" width=\"750\" height=\"1055\" srcset=\"https:\/\/www.alteacultural.com\/wp-content\/uploads\/2021\/11\/JornadesMusicalSantaCeciliaSFA2021_Cartell-01.jpg 1789w, https:\/\/www.alteacultural.com\/wp-content\/uploads\/2021\/11\/JornadesMusicalSantaCeciliaSFA2021_Cartell-01-768x1080.jpg 768w, https:\/\/www.alteacultural.com\/wp-content\/uploads\/2021\/11\/JornadesMusicalSantaCeciliaSFA2021_Cartell-01-1092x1536.jpg 1092w, https:\/\/www.alteacultural.com\/wp-content\/uploads\/2021\/11\/JornadesMusicalSantaCeciliaSFA2021_Cartell-01-1456x2048.jpg 1456w\" sizes=\"(max-width: 750px) 100vw, 750px\" \/><\/p>\n","protected":false},"excerpt":{"rendered":"<p>28-nov | 11:30 | Palau Altea Concierto en honor a Santa Cecilia por la Banda Sinf\u00f3nica de la Stat. [&hellip;]<\/p>\n","protected":false},"author":1,"featured_media":12516,"comment_status":"open","ping_status":"closed","template":"","meta":{"_expiration-date-status":"saved","_expiration-date":0,"_expiration-date-type":"","_expiration-date-categories":[],"_expiration-date-options":[]},"yoast_head":"<!-- This site is optimized with the Yoast SEO plugin v22.8 - https:\/\/yoast.com\/wordpress\/plugins\/seo\/ -->\n<title>Concierto en honor a Santa Cecilia por la Banda Sinf\u00f3nica de la Stat. Filharm\u00f2nica Alteanense - SFA 2021 - Altea Cultural<\/title>\n<meta name=\"robots\" content=\"index, follow, max-snippet:-1, max-image-preview:large, max-video-preview:-1\" \/>\n<link rel=\"canonical\" href=\"https:\/\/www.alteacultural.com\/es\/events\/concert-en-honor-a-santa-cecilia-per-la-banda-simfonica-de-la-stat-filharmonica-alteanense-sfa-2021\/\" \/>\n<meta property=\"og:locale\" content=\"es_ES\" \/>\n<meta property=\"og:type\" content=\"article\" \/>\n<meta property=\"og:title\" content=\"Concierto en honor a Santa Cecilia por la Banda Sinf\u00f3nica de la Stat. Filharm\u00f2nica Alteanense - SFA 2021 - Altea Cultural\" \/>\n<meta property=\"og:description\" content=\"28-nov | 11:30 | Palau Altea Concierto en honor a Santa Cecilia por la Banda Sinf\u00f3nica de la Stat. [&hellip;]\" \/>\n<meta property=\"og:url\" content=\"https:\/\/www.alteacultural.com\/es\/events\/concert-en-honor-a-santa-cecilia-per-la-banda-simfonica-de-la-stat-filharmonica-alteanense-sfa-2021\/\" \/>\n<meta property=\"og:site_name\" content=\"Altea Cultural\" \/>\n<meta property=\"article:modified_time\" content=\"2021-11-28T07:59:37+00:00\" \/>\n<meta property=\"og:image\" content=\"https:\/\/www.alteacultural.com\/wp-content\/uploads\/2021\/11\/bandaSFA.jpg\" \/>\n\t<meta property=\"og:image:width\" content=\"2048\" \/>\n\t<meta property=\"og:image:height\" content=\"850\" \/>\n\t<meta property=\"og:image:type\" content=\"image\/jpeg\" \/>\n<meta name=\"twitter:card\" content=\"summary_large_image\" \/>\n<meta name=\"twitter:label1\" content=\"Tiempo de lectura\" \/>\n\t<meta name=\"twitter:data1\" content=\"1 minuto\" \/>\n<script type=\"application\/ld+json\" class=\"yoast-schema-graph\">{\"@context\":\"https:\/\/schema.org\",\"@graph\":[{\"@type\":\"WebPage\",\"@id\":\"https:\/\/www.alteacultural.com\/es\/events\/concert-en-honor-a-santa-cecilia-per-la-banda-simfonica-de-la-stat-filharmonica-alteanense-sfa-2021\/\",\"url\":\"https:\/\/www.alteacultural.com\/es\/events\/concert-en-honor-a-santa-cecilia-per-la-banda-simfonica-de-la-stat-filharmonica-alteanense-sfa-2021\/\",\"name\":\"Concierto en honor a Santa Cecilia por la Banda Sinf\u00f3nica de la Stat. Filharm\u00f2nica Alteanense - SFA 2021 - Altea Cultural\",\"isPartOf\":{\"@id\":\"https:\/\/www.alteacultural.com\/es\/#website\"},\"primaryImageOfPage\":{\"@id\":\"https:\/\/www.alteacultural.com\/es\/events\/concert-en-honor-a-santa-cecilia-per-la-banda-simfonica-de-la-stat-filharmonica-alteanense-sfa-2021\/#primaryimage\"},\"image\":{\"@id\":\"https:\/\/www.alteacultural.com\/es\/events\/concert-en-honor-a-santa-cecilia-per-la-banda-simfonica-de-la-stat-filharmonica-alteanense-sfa-2021\/#primaryimage\"},\"thumbnailUrl\":\"https:\/\/www.alteacultural.com\/wp-content\/uploads\/2021\/11\/bandaSFA.jpg\",\"datePublished\":\"2021-11-01T11:16:32+00:00\",\"dateModified\":\"2021-11-28T07:59:37+00:00\",\"breadcrumb\":{\"@id\":\"https:\/\/www.alteacultural.com\/es\/events\/concert-en-honor-a-santa-cecilia-per-la-banda-simfonica-de-la-stat-filharmonica-alteanense-sfa-2021\/#breadcrumb\"},\"inLanguage\":\"es\",\"potentialAction\":[{\"@type\":\"ReadAction\",\"target\":[\"https:\/\/www.alteacultural.com\/es\/events\/concert-en-honor-a-santa-cecilia-per-la-banda-simfonica-de-la-stat-filharmonica-alteanense-sfa-2021\/\"]}]},{\"@type\":\"ImageObject\",\"inLanguage\":\"es\",\"@id\":\"https:\/\/www.alteacultural.com\/es\/events\/concert-en-honor-a-santa-cecilia-per-la-banda-simfonica-de-la-stat-filharmonica-alteanense-sfa-2021\/#primaryimage\",\"url\":\"https:\/\/www.alteacultural.com\/wp-content\/uploads\/2021\/11\/bandaSFA.jpg\",\"contentUrl\":\"https:\/\/www.alteacultural.com\/wp-content\/uploads\/2021\/11\/bandaSFA.jpg\",\"width\":2048,\"height\":850},{\"@type\":\"BreadcrumbList\",\"@id\":\"https:\/\/www.alteacultural.com\/es\/events\/concert-en-honor-a-santa-cecilia-per-la-banda-simfonica-de-la-stat-filharmonica-alteanense-sfa-2021\/#breadcrumb\",\"itemListElement\":[{\"@type\":\"ListItem\",\"position\":1,\"name\":\"Inici\",\"item\":\"https:\/\/www.alteacultural.com\/es\/\"},{\"@type\":\"ListItem\",\"position\":2,\"name\":\"Eventos\",\"item\":\"https:\/\/www.alteacultural.com\/es\/events\/\"},{\"@type\":\"ListItem\",\"position\":3,\"name\":\"Concierto en honor a Santa Cecilia por la Banda Sinf\u00f3nica de la Stat. Filharm\u00f2nica Alteanense &#8211; SFA 2021\"}]},{\"@type\":\"WebSite\",\"@id\":\"https:\/\/www.alteacultural.com\/es\/#website\",\"url\":\"https:\/\/www.alteacultural.com\/es\/\",\"name\":\"Altea Cultural\",\"description\":\"Regidoria de Cultura de l&#039;Ajuntament d&#039;Altea\",\"potentialAction\":[{\"@type\":\"SearchAction\",\"target\":{\"@type\":\"EntryPoint\",\"urlTemplate\":\"https:\/\/www.alteacultural.com\/es\/?s={search_term_string}\"},\"query-input\":\"required name=search_term_string\"}],\"inLanguage\":\"es\"}]}<\/script>\n<!-- \/ Yoast SEO plugin. -->","yoast_head_json":{"title":"Concierto en honor a Santa Cecilia por la Banda Sinf\u00f3nica de la Stat. Filharm\u00f2nica Alteanense - SFA 2021 - Altea Cultural","robots":{"index":"index","follow":"follow","max-snippet":"max-snippet:-1","max-image-preview":"max-image-preview:large","max-video-preview":"max-video-preview:-1"},"canonical":"https:\/\/www.alteacultural.com\/es\/events\/concert-en-honor-a-santa-cecilia-per-la-banda-simfonica-de-la-stat-filharmonica-alteanense-sfa-2021\/","og_locale":"es_ES","og_type":"article","og_title":"Concierto en honor a Santa Cecilia por la Banda Sinf\u00f3nica de la Stat. Filharm\u00f2nica Alteanense - SFA 2021 - Altea Cultural","og_description":"28-nov | 11:30 | Palau Altea Concierto en honor a Santa Cecilia por la Banda Sinf\u00f3nica de la Stat. [&hellip;]","og_url":"https:\/\/www.alteacultural.com\/es\/events\/concert-en-honor-a-santa-cecilia-per-la-banda-simfonica-de-la-stat-filharmonica-alteanense-sfa-2021\/","og_site_name":"Altea Cultural","article_modified_time":"2021-11-28T07:59:37+00:00","og_image":[{"width":2048,"height":850,"url":"https:\/\/www.alteacultural.com\/wp-content\/uploads\/2021\/11\/bandaSFA.jpg","type":"image\/jpeg"}],"twitter_card":"summary_large_image","twitter_misc":{"Tiempo de lectura":"1 minuto"},"schema":{"@context":"https:\/\/schema.org","@graph":[{"@type":"WebPage","@id":"https:\/\/www.alteacultural.com\/es\/events\/concert-en-honor-a-santa-cecilia-per-la-banda-simfonica-de-la-stat-filharmonica-alteanense-sfa-2021\/","url":"https:\/\/www.alteacultural.com\/es\/events\/concert-en-honor-a-santa-cecilia-per-la-banda-simfonica-de-la-stat-filharmonica-alteanense-sfa-2021\/","name":"Concierto en honor a Santa Cecilia por la Banda Sinf\u00f3nica de la Stat. Filharm\u00f2nica Alteanense - SFA 2021 - Altea Cultural","isPartOf":{"@id":"https:\/\/www.alteacultural.com\/es\/#website"},"primaryImageOfPage":{"@id":"https:\/\/www.alteacultural.com\/es\/events\/concert-en-honor-a-santa-cecilia-per-la-banda-simfonica-de-la-stat-filharmonica-alteanense-sfa-2021\/#primaryimage"},"image":{"@id":"https:\/\/www.alteacultural.com\/es\/events\/concert-en-honor-a-santa-cecilia-per-la-banda-simfonica-de-la-stat-filharmonica-alteanense-sfa-2021\/#primaryimage"},"thumbnailUrl":"https:\/\/www.alteacultural.com\/wp-content\/uploads\/2021\/11\/bandaSFA.jpg","datePublished":"2021-11-01T11:16:32+00:00","dateModified":"2021-11-28T07:59:37+00:00","breadcrumb":{"@id":"https:\/\/www.alteacultural.com\/es\/events\/concert-en-honor-a-santa-cecilia-per-la-banda-simfonica-de-la-stat-filharmonica-alteanense-sfa-2021\/#breadcrumb"},"inLanguage":"es","potentialAction":[{"@type":"ReadAction","target":["https:\/\/www.alteacultural.com\/es\/events\/concert-en-honor-a-santa-cecilia-per-la-banda-simfonica-de-la-stat-filharmonica-alteanense-sfa-2021\/"]}]},{"@type":"ImageObject","inLanguage":"es","@id":"https:\/\/www.alteacultural.com\/es\/events\/concert-en-honor-a-santa-cecilia-per-la-banda-simfonica-de-la-stat-filharmonica-alteanense-sfa-2021\/#primaryimage","url":"https:\/\/www.alteacultural.com\/wp-content\/uploads\/2021\/11\/bandaSFA.jpg","contentUrl":"https:\/\/www.alteacultural.com\/wp-content\/uploads\/2021\/11\/bandaSFA.jpg","width":2048,"height":850},{"@type":"BreadcrumbList","@id":"https:\/\/www.alteacultural.com\/es\/events\/concert-en-honor-a-santa-cecilia-per-la-banda-simfonica-de-la-stat-filharmonica-alteanense-sfa-2021\/#breadcrumb","itemListElement":[{"@type":"ListItem","position":1,"name":"Inici","item":"https:\/\/www.alteacultural.com\/es\/"},{"@type":"ListItem","position":2,"name":"Eventos","item":"https:\/\/www.alteacultural.com\/es\/events\/"},{"@type":"ListItem","position":3,"name":"Concierto en honor a Santa Cecilia por la Banda Sinf\u00f3nica de la Stat. Filharm\u00f2nica Alteanense &#8211; SFA 2021"}]},{"@type":"WebSite","@id":"https:\/\/www.alteacultural.com\/es\/#website","url":"https:\/\/www.alteacultural.com\/es\/","name":"Altea Cultural","description":"Regidoria de Cultura de l&#039;Ajuntament d&#039;Altea","potentialAction":[{"@type":"SearchAction","target":{"@type":"EntryPoint","urlTemplate":"https:\/\/www.alteacultural.com\/es\/?s={search_term_string}"},"query-input":"required name=search_term_string"}],"inLanguage":"es"}]}},"mec_cost":"Entrada libre y gratuita","mec_date":{"start":{"date":"2021-11-28","hour":"11","minutes":"30","ampm":"AM"},"end":{"date":"2021-11-28","hour":1,"minutes":"0","ampm":"PM"},"comment":"","repeat":{"type":"daily","interval":"1","advanced":"","end":"never","end_at_date":"","end_at_occurrences":"10"}},"_links":{"self":[{"href":"https:\/\/www.alteacultural.com\/es\/wp-json\/wp\/v2\/mec-events\/12517"}],"collection":[{"href":"https:\/\/www.alteacultural.com\/es\/wp-json\/wp\/v2\/mec-events"}],"about":[{"href":"https:\/\/www.alteacultural.com\/es\/wp-json\/wp\/v2\/types\/mec-events"}],"author":[{"embeddable":true,"href":"https:\/\/www.alteacultural.com\/es\/wp-json\/wp\/v2\/users\/1"}],"replies":[{"embeddable":true,"href":"https:\/\/www.alteacultural.com\/es\/wp-json\/wp\/v2\/comments?post=12517"}],"wp:featuredmedia":[{"embeddable":true,"href":"https:\/\/www.alteacultural.com\/es\/wp-json\/wp\/v2\/media\/12516"}],"wp:attachment":[{"href":"https:\/\/www.alteacultural.com\/es\/wp-json\/wp\/v2\/media?parent=12517"}],"curies":[{"name":"wp","href":"https:\/\/api.w.org\/{rel}","templated":true}]}}

Concierto en honor a Santa Cecilia por la Banda Sinfónica de la Stat. Filharmònica Alteanense &#8211; SFA 2021

<p>28-nov | 11:30 | Palau Altea<br />
Concierto en honor a Santa Cecilia por la Banda Sinfónica de la Stat. Filharmònica Alteanense<br />
Entrada libre y gratuita. Aforo limitado y medidas especiales Covid-19.</p>
<p>La banda de la Sociedad Filarmónica Alteanense realiza su emblemático Concierto en honor a Santa Cecilia en el que, al inicio del concierto, se realizará la habitual ceremonia de acceso de nuevos músicos que entrarán a formar parte de forma oficial a la Sociedad Filarmónica Alteanense.</p>
<p><a href="https://www.alteacultural.com/wp-content/uploads/2021/11/PROGRAMA-28-nov.pdf" target="_blank" rel="noopener noreferrer">PROGRAMA DEL CONCIERTO</a></p>
<p>Jornades Musicals en Honor a Santa Cecília organitzades per la Stat. Filharmònica Alteanense</p>
<p>&nbsp;</p>
<p><img fetchpriority="high" decoding="async" class="aligncenter wp-image-12507" src="https://www.alteacultural.com/wp-content/uploads/2021/11/JornadesMusicalSantaCeciliaSFA2021_Cartell-01.jpg" alt="" width="750" height="1055" srcset="https://www.alteacultural.com/wp-content/uploads/2021/11/JornadesMusicalSantaCeciliaSFA2021_Cartell-01.jpg 1789w, https://www.alteacultural.com/wp-content/uploads/2021/11/JornadesMusicalSantaCeciliaSFA2021_Cartell-01-768x1080.jpg 768w, https://www.alteacultural.com/wp-content/uploads/2021/11/JornadesMusicalSantaCeciliaSFA2021_Cartell-01-1092x1536.jpg 1092w, https://www.alteacultural.com/wp-content/uploads/2021/11/JornadesMusicalSantaCeciliaSFA2021_Cartell-01-1456x2048.jpg 1456w" sizes="(max-width: 750px) 100vw, 750px" /></p>

<p>28-nov | 11:30 | Palau Altea Concierto en honor a Santa Cecilia por la Banda Sinfónica de la Stat. [&hellip;]</p>

<!-- This site is optimized with the Yoast SEO plugin v22.8 - https://yoast.com/wordpress/plugins/seo/ -->
<title>Concierto en honor a Santa Cecilia por la Banda Sinfónica de la Stat. Filharmònica Alteanense - SFA 2021 - Altea Cultural</title>
<meta name="robots" content="index, follow, max-snippet:-1, max-image-preview:large, max-video-preview:-1" />
<link rel="canonical" href="https://www.alteacultural.com/es/events/concert-en-honor-a-santa-cecilia-per-la-banda-simfonica-de-la-stat-filharmonica-alteanense-sfa-2021/" />
<meta property="og:locale" content="es_ES" />
<meta property="og:type" content="article" />
<meta property="og:title" content="Concierto en honor a Santa Cecilia por la Banda Sinfónica de la Stat. Filharmònica Alteanense - SFA 2021 - Altea Cultural" />
<meta property="og:description" content="28-nov | 11:30 | Palau Altea Concierto en honor a Santa Cecilia por la Banda Sinfónica de la Stat. [&hellip;]" />
<meta property="og:url" content="https://www.alteacultural.com/es/events/concert-en-honor-a-santa-cecilia-per-la-banda-simfonica-de-la-stat-filharmonica-alteanense-sfa-2021/" />
<meta property="og:site_name" content="Altea Cultural" />
<meta property="article:modified_time" content="2021-11-28T07:59:37+00:00" />
<meta property="og:image" content="https://www.alteacultural.com/wp-content/uploads/2021/11/bandaSFA.jpg" />
	<meta property="og:image:width" content="2048" />
	<meta property="og:image:height" content="850" />
	<meta property="og:image:type" content="image/jpeg" />
<meta name="twitter:card" content="summary_large_image" />
<meta name="twitter:label1" content="Tiempo de lectura" />
	<meta name="twitter:data1" content="1 minuto" />
<script type="application/ld+json" class="yoast-schema-graph">{"@context":"https://schema.org","@graph":[{"@type":"WebPage","@id":"https://www.alteacultural.com/es/events/concert-en-honor-a-santa-cecilia-per-la-banda-simfonica-de-la-stat-filharmonica-alteanense-sfa-2021/","url":"https://www.alteacultural.com/es/events/concert-en-honor-a-santa-cecilia-per-la-banda-simfonica-de-la-stat-filharmonica-alteanense-sfa-2021/","name":"Concierto en honor a Santa Cecilia por la Banda Sinfónica de la Stat. Filharmònica Alteanense - SFA 2021 - Altea Cultural","isPartOf":{"@id":"https://www.alteacultural.com/es/#website"},"primaryImageOfPage":{"@id":"https://www.alteacultural.com/es/events/concert-en-honor-a-santa-cecilia-per-la-banda-simfonica-de-la-stat-filharmonica-alteanense-sfa-2021/#primaryimage"},"image":{"@id":"https://www.alteacultural.com/es/events/concert-en-honor-a-santa-cecilia-per-la-banda-simfonica-de-la-stat-filharmonica-alteanense-sfa-2021/#primaryimage"},"thumbnailUrl":"https://www.alteacultural.com/wp-content/uploads/2021/11/bandaSFA.jpg","datePublished":"2021-11-01T11:16:32+00:00","dateModified":"2021-11-28T07:59:37+00:00","breadcrumb":{"@id":"https://www.alteacultural.com/es/events/concert-en-honor-a-santa-cecilia-per-la-banda-simfonica-de-la-stat-filharmonica-alteanense-sfa-2021/#breadcrumb"},"inLanguage":"es","potentialAction":[{"@type":"ReadAction","target":["https://www.alteacultural.com/es/events/concert-en-honor-a-santa-cecilia-per-la-banda-simfonica-de-la-stat-filharmonica-alteanense-sfa-2021/"]}]},{"@type":"ImageObject","inLanguage":"es","@id":"https://www.alteacultural.com/es/events/concert-en-honor-a-santa-cecilia-per-la-banda-simfonica-de-la-stat-filharmonica-alteanense-sfa-2021/#primaryimage","url":"https://www.alteacultural.com/wp-content/uploads/2021/11/bandaSFA.jpg","contentUrl":"https://www.alteacultural.com/wp-content/uploads/2021/11/bandaSFA.jpg","width":2048,"height":850},{"@type":"BreadcrumbList","@id":"https://www.alteacultural.com/es/events/concert-en-honor-a-santa-cecilia-per-la-banda-simfonica-de-la-stat-filharmonica-alteanense-sfa-2021/#breadcrumb","itemListElement":[{"@type":"ListItem","position":1,"name":"Inici","item":"https://www.alteacultural.com/es/"},{"@type":"ListItem","position":2,"name":"Eventos","item":"https://www.alteacultural.com/es/events/"},{"@type":"ListItem","position":3,"name":"Concierto en honor a Santa Cecilia por la Banda Sinfónica de la Stat. Filharmònica Alteanense &#8211; SFA 2021"}]},{"@type":"WebSite","@id":"https://www.alteacultural.com/es/#website","url":"https://www.alteacultural.com/es/","name":"Altea Cultural","description":"Regidoria de Cultura de l&#039;Ajuntament d&#039;Altea","potentialAction":[{"@type":"SearchAction","target":{"@type":"EntryPoint","urlTemplate":"https://www.alteacultural.com/es/?s={search_term_string}"},"query-input":"required name=search_term_string"}],"inLanguage":"es"}]}</script>
<!-- / Yoast SEO plugin. -->

Concierto en honor a Santa Cecilia por la Banda Sinfónica de la Stat. Filharmònica Alteanense - SFA 2021 - Altea Cultural

28-nov | 11:30 | Palau Altea Concierto en honor a Santa Cecilia por la Banda Sinfónica de la Stat. [&hellip;]
