{"id":12680,"date":"2021-11-11T09:29:53","date_gmt":"2021-11-11T08:29:53","guid":{"rendered":"https:\/\/www.alteacultural.com\/events\/jornada-carmelina-sanchez-cutillas-des-de-les-fronteres-del-silenci\/"},"modified":"2024-06-12T21:11:29","modified_gmt":"2024-06-12T19:11:29","slug":"jornada-carmelina-sanchez-cutillas-des-de-les-fronteres-del-silenci","status":"publish","type":"mec-events","link":"https:\/\/www.alteacultural.com\/es\/events\/jornada-carmelina-sanchez-cutillas-des-de-les-fronteres-del-silenci\/","title":{"rendered":"Jornada: Carmelina S\u00e1nchez-Cutillas, des de les fronteres del silenci"},"content":{"rendered":"<p><em><strong>ACTO EN VALENCIANO<\/strong><\/em><\/p>\n<p>Jornada: Carmelina S\u00e1nchez-Cutillas, des de les fronteres del silenci<br \/>\n19-20-nov<br \/>\nInscripci\u00f3 gratu\u00efta: <a href=\"https:\/\/www.avl.gva.es\/web\/jornades\/inscripcio-jornada-carmelina\" target=\"_blank\" rel=\"noopener noreferrer\">clic ac\u00ed<\/a><\/p>\n<p><a href=\"https:\/\/www.avl.gva.es\/web\/jornades\/jornada-carmelina\" target=\"_blank\" rel=\"noopener noreferrer\">+info<\/a><\/p>\n","protected":false},"excerpt":{"rendered":"<p>ACTO EN VALENCIANO Jornada: Carmelina S\u00e1nchez-Cutillas, des de les fronteres del silenci 19-20-nov Inscripci\u00f3 gratu\u00efta: clic ac\u00ed +info<\/p>\n","protected":false},"author":1,"featured_media":12676,"comment_status":"open","ping_status":"closed","template":"","meta":{"_expiration-date-status":"saved","_expiration-date":0,"_expiration-date-type":"","_expiration-date-categories":[],"_expiration-date-options":[]},"yoast_head":"<!-- This site is optimized with the Yoast SEO plugin v22.8 - https:\/\/yoast.com\/wordpress\/plugins\/seo\/ -->\n<title>Jornada: Carmelina S\u00e1nchez-Cutillas, des de les fronteres del silenci - Altea Cultural<\/title>\n<meta name=\"robots\" content=\"index, follow, max-snippet:-1, max-image-preview:large, max-video-preview:-1\" \/>\n<link rel=\"canonical\" href=\"https:\/\/www.alteacultural.com\/es\/events\/jornada-carmelina-sanchez-cutillas-des-de-les-fronteres-del-silenci\/\" \/>\n<meta property=\"og:locale\" content=\"es_ES\" \/>\n<meta property=\"og:type\" content=\"article\" \/>\n<meta property=\"og:title\" content=\"Jornada: Carmelina S\u00e1nchez-Cutillas, des de les fronteres del silenci - Altea Cultural\" \/>\n<meta property=\"og:description\" content=\"ACTO EN VALENCIANO Jornada: Carmelina S\u00e1nchez-Cutillas, des de les fronteres del silenci 19-20-nov Inscripci\u00f3 gratu\u00efta: clic ac\u00ed +info\" \/>\n<meta property=\"og:url\" content=\"https:\/\/www.alteacultural.com\/es\/events\/jornada-carmelina-sanchez-cutillas-des-de-les-fronteres-del-silenci\/\" \/>\n<meta property=\"og:site_name\" content=\"Altea Cultural\" \/>\n<meta property=\"article:modified_time\" content=\"2024-06-12T19:11:29+00:00\" \/>\n<meta property=\"og:image\" content=\"https:\/\/www.alteacultural.com\/wp-content\/uploads\/2021\/11\/Jornada-Carmelina-Sanchez-Cutillas-des-de-les-fronteres-del-silenci-19-20-nov-2021.jpg\" \/>\n\t<meta property=\"og:image:width\" content=\"1080\" \/>\n\t<meta property=\"og:image:height\" content=\"511\" \/>\n\t<meta property=\"og:image:type\" content=\"image\/jpeg\" \/>\n<meta name=\"twitter:card\" content=\"summary_large_image\" \/>\n<meta name=\"twitter:label1\" content=\"Tiempo de lectura\" \/>\n\t<meta name=\"twitter:data1\" content=\"1 minuto\" \/>\n<script type=\"application\/ld+json\" class=\"yoast-schema-graph\">{\"@context\":\"https:\/\/schema.org\",\"@graph\":[{\"@type\":\"WebPage\",\"@id\":\"https:\/\/www.alteacultural.com\/es\/events\/jornada-carmelina-sanchez-cutillas-des-de-les-fronteres-del-silenci\/\",\"url\":\"https:\/\/www.alteacultural.com\/es\/events\/jornada-carmelina-sanchez-cutillas-des-de-les-fronteres-del-silenci\/\",\"name\":\"Jornada: Carmelina S\u00e1nchez-Cutillas, des de les fronteres del silenci - Altea Cultural\",\"isPartOf\":{\"@id\":\"https:\/\/www.alteacultural.com\/es\/#website\"},\"primaryImageOfPage\":{\"@id\":\"https:\/\/www.alteacultural.com\/es\/events\/jornada-carmelina-sanchez-cutillas-des-de-les-fronteres-del-silenci\/#primaryimage\"},\"image\":{\"@id\":\"https:\/\/www.alteacultural.com\/es\/events\/jornada-carmelina-sanchez-cutillas-des-de-les-fronteres-del-silenci\/#primaryimage\"},\"thumbnailUrl\":\"https:\/\/www.alteacultural.com\/wp-content\/uploads\/2021\/11\/Jornada-Carmelina-Sanchez-Cutillas-des-de-les-fronteres-del-silenci-19-20-nov-2021.jpg\",\"datePublished\":\"2021-11-11T08:29:53+00:00\",\"dateModified\":\"2024-06-12T19:11:29+00:00\",\"breadcrumb\":{\"@id\":\"https:\/\/www.alteacultural.com\/es\/events\/jornada-carmelina-sanchez-cutillas-des-de-les-fronteres-del-silenci\/#breadcrumb\"},\"inLanguage\":\"es\",\"potentialAction\":[{\"@type\":\"ReadAction\",\"target\":[\"https:\/\/www.alteacultural.com\/es\/events\/jornada-carmelina-sanchez-cutillas-des-de-les-fronteres-del-silenci\/\"]}]},{\"@type\":\"ImageObject\",\"inLanguage\":\"es\",\"@id\":\"https:\/\/www.alteacultural.com\/es\/events\/jornada-carmelina-sanchez-cutillas-des-de-les-fronteres-del-silenci\/#primaryimage\",\"url\":\"https:\/\/www.alteacultural.com\/wp-content\/uploads\/2021\/11\/Jornada-Carmelina-Sanchez-Cutillas-des-de-les-fronteres-del-silenci-19-20-nov-2021.jpg\",\"contentUrl\":\"https:\/\/www.alteacultural.com\/wp-content\/uploads\/2021\/11\/Jornada-Carmelina-Sanchez-Cutillas-des-de-les-fronteres-del-silenci-19-20-nov-2021.jpg\",\"width\":1080,\"height\":511},{\"@type\":\"BreadcrumbList\",\"@id\":\"https:\/\/www.alteacultural.com\/es\/events\/jornada-carmelina-sanchez-cutillas-des-de-les-fronteres-del-silenci\/#breadcrumb\",\"itemListElement\":[{\"@type\":\"ListItem\",\"position\":1,\"name\":\"Inici\",\"item\":\"https:\/\/www.alteacultural.com\/es\/\"},{\"@type\":\"ListItem\",\"position\":2,\"name\":\"Eventos\",\"item\":\"https:\/\/www.alteacultural.com\/es\/events\/\"},{\"@type\":\"ListItem\",\"position\":3,\"name\":\"Jornada: Carmelina S\u00e1nchez-Cutillas, des de les fronteres del silenci\"}]},{\"@type\":\"WebSite\",\"@id\":\"https:\/\/www.alteacultural.com\/es\/#website\",\"url\":\"https:\/\/www.alteacultural.com\/es\/\",\"name\":\"Altea Cultural\",\"description\":\"Regidoria de Cultura de l&#039;Ajuntament d&#039;Altea\",\"potentialAction\":[{\"@type\":\"SearchAction\",\"target\":{\"@type\":\"EntryPoint\",\"urlTemplate\":\"https:\/\/www.alteacultural.com\/es\/?s={search_term_string}\"},\"query-input\":\"required name=search_term_string\"}],\"inLanguage\":\"es\"}]}<\/script>\n<!-- \/ Yoast SEO plugin. -->","yoast_head_json":{"title":"Jornada: Carmelina S\u00e1nchez-Cutillas, des de les fronteres del silenci - Altea Cultural","robots":{"index":"index","follow":"follow","max-snippet":"max-snippet:-1","max-image-preview":"max-image-preview:large","max-video-preview":"max-video-preview:-1"},"canonical":"https:\/\/www.alteacultural.com\/es\/events\/jornada-carmelina-sanchez-cutillas-des-de-les-fronteres-del-silenci\/","og_locale":"es_ES","og_type":"article","og_title":"Jornada: Carmelina S\u00e1nchez-Cutillas, des de les fronteres del silenci - Altea Cultural","og_description":"ACTO EN VALENCIANO Jornada: Carmelina S\u00e1nchez-Cutillas, des de les fronteres del silenci 19-20-nov Inscripci\u00f3 gratu\u00efta: clic ac\u00ed +info","og_url":"https:\/\/www.alteacultural.com\/es\/events\/jornada-carmelina-sanchez-cutillas-des-de-les-fronteres-del-silenci\/","og_site_name":"Altea Cultural","article_modified_time":"2024-06-12T19:11:29+00:00","og_image":[{"width":1080,"height":511,"url":"https:\/\/www.alteacultural.com\/wp-content\/uploads\/2021\/11\/Jornada-Carmelina-Sanchez-Cutillas-des-de-les-fronteres-del-silenci-19-20-nov-2021.jpg","type":"image\/jpeg"}],"twitter_card":"summary_large_image","twitter_misc":{"Tiempo de lectura":"1 minuto"},"schema":{"@context":"https:\/\/schema.org","@graph":[{"@type":"WebPage","@id":"https:\/\/www.alteacultural.com\/es\/events\/jornada-carmelina-sanchez-cutillas-des-de-les-fronteres-del-silenci\/","url":"https:\/\/www.alteacultural.com\/es\/events\/jornada-carmelina-sanchez-cutillas-des-de-les-fronteres-del-silenci\/","name":"Jornada: Carmelina S\u00e1nchez-Cutillas, des de les fronteres del silenci - Altea Cultural","isPartOf":{"@id":"https:\/\/www.alteacultural.com\/es\/#website"},"primaryImageOfPage":{"@id":"https:\/\/www.alteacultural.com\/es\/events\/jornada-carmelina-sanchez-cutillas-des-de-les-fronteres-del-silenci\/#primaryimage"},"image":{"@id":"https:\/\/www.alteacultural.com\/es\/events\/jornada-carmelina-sanchez-cutillas-des-de-les-fronteres-del-silenci\/#primaryimage"},"thumbnailUrl":"https:\/\/www.alteacultural.com\/wp-content\/uploads\/2021\/11\/Jornada-Carmelina-Sanchez-Cutillas-des-de-les-fronteres-del-silenci-19-20-nov-2021.jpg","datePublished":"2021-11-11T08:29:53+00:00","dateModified":"2024-06-12T19:11:29+00:00","breadcrumb":{"@id":"https:\/\/www.alteacultural.com\/es\/events\/jornada-carmelina-sanchez-cutillas-des-de-les-fronteres-del-silenci\/#breadcrumb"},"inLanguage":"es","potentialAction":[{"@type":"ReadAction","target":["https:\/\/www.alteacultural.com\/es\/events\/jornada-carmelina-sanchez-cutillas-des-de-les-fronteres-del-silenci\/"]}]},{"@type":"ImageObject","inLanguage":"es","@id":"https:\/\/www.alteacultural.com\/es\/events\/jornada-carmelina-sanchez-cutillas-des-de-les-fronteres-del-silenci\/#primaryimage","url":"https:\/\/www.alteacultural.com\/wp-content\/uploads\/2021\/11\/Jornada-Carmelina-Sanchez-Cutillas-des-de-les-fronteres-del-silenci-19-20-nov-2021.jpg","contentUrl":"https:\/\/www.alteacultural.com\/wp-content\/uploads\/2021\/11\/Jornada-Carmelina-Sanchez-Cutillas-des-de-les-fronteres-del-silenci-19-20-nov-2021.jpg","width":1080,"height":511},{"@type":"BreadcrumbList","@id":"https:\/\/www.alteacultural.com\/es\/events\/jornada-carmelina-sanchez-cutillas-des-de-les-fronteres-del-silenci\/#breadcrumb","itemListElement":[{"@type":"ListItem","position":1,"name":"Inici","item":"https:\/\/www.alteacultural.com\/es\/"},{"@type":"ListItem","position":2,"name":"Eventos","item":"https:\/\/www.alteacultural.com\/es\/events\/"},{"@type":"ListItem","position":3,"name":"Jornada: Carmelina S\u00e1nchez-Cutillas, des de les fronteres del silenci"}]},{"@type":"WebSite","@id":"https:\/\/www.alteacultural.com\/es\/#website","url":"https:\/\/www.alteacultural.com\/es\/","name":"Altea Cultural","description":"Regidoria de Cultura de l&#039;Ajuntament d&#039;Altea","potentialAction":[{"@type":"SearchAction","target":{"@type":"EntryPoint","urlTemplate":"https:\/\/www.alteacultural.com\/es\/?s={search_term_string}"},"query-input":"required name=search_term_string"}],"inLanguage":"es"}]}},"mec_cost":"","mec_date":{"start":{"date":"2021-11-19","hour":"8","minutes":"0","ampm":"AM"},"end":{"date":"2021-11-20","hour":6,"minutes":"0","ampm":"PM"},"allday":"1","comment":"","repeat":{"type":"daily","interval":"1","advanced":"","end":"never","end_at_date":"","end_at_occurrences":"10"}},"_links":{"self":[{"href":"https:\/\/www.alteacultural.com\/es\/wp-json\/wp\/v2\/mec-events\/12680"}],"collection":[{"href":"https:\/\/www.alteacultural.com\/es\/wp-json\/wp\/v2\/mec-events"}],"about":[{"href":"https:\/\/www.alteacultural.com\/es\/wp-json\/wp\/v2\/types\/mec-events"}],"author":[{"embeddable":true,"href":"https:\/\/www.alteacultural.com\/es\/wp-json\/wp\/v2\/users\/1"}],"replies":[{"embeddable":true,"href":"https:\/\/www.alteacultural.com\/es\/wp-json\/wp\/v2\/comments?post=12680"}],"wp:featuredmedia":[{"embeddable":true,"href":"https:\/\/www.alteacultural.com\/es\/wp-json\/wp\/v2\/media\/12676"}],"wp:attachment":[{"href":"https:\/\/www.alteacultural.com\/es\/wp-json\/wp\/v2\/media?parent=12680"}],"curies":[{"name":"wp","href":"https:\/\/api.w.org\/{rel}","templated":true}]}}

Jornada: Carmelina Sánchez-Cutillas, des de les fronteres del silenci

<p><em><strong>ACTO EN VALENCIANO</strong></em></p>
<p>Jornada: Carmelina Sánchez-Cutillas, des de les fronteres del silenci<br />
19-20-nov<br />
Inscripció gratuïta: <a href="https://www.avl.gva.es/web/jornades/inscripcio-jornada-carmelina" target="_blank" rel="noopener noreferrer">clic ací</a></p>
<p><a href="https://www.avl.gva.es/web/jornades/jornada-carmelina" target="_blank" rel="noopener noreferrer">+info</a></p>

<p>ACTO EN VALENCIANO Jornada: Carmelina Sánchez-Cutillas, des de les fronteres del silenci 19-20-nov Inscripció gratuïta: clic ací +info</p>

<!-- This site is optimized with the Yoast SEO plugin v22.8 - https://yoast.com/wordpress/plugins/seo/ -->
<title>Jornada: Carmelina Sánchez-Cutillas, des de les fronteres del silenci - Altea Cultural</title>
<meta name="robots" content="index, follow, max-snippet:-1, max-image-preview:large, max-video-preview:-1" />
<link rel="canonical" href="https://www.alteacultural.com/es/events/jornada-carmelina-sanchez-cutillas-des-de-les-fronteres-del-silenci/" />
<meta property="og:locale" content="es_ES" />
<meta property="og:type" content="article" />
<meta property="og:title" content="Jornada: Carmelina Sánchez-Cutillas, des de les fronteres del silenci - Altea Cultural" />
<meta property="og:description" content="ACTO EN VALENCIANO Jornada: Carmelina Sánchez-Cutillas, des de les fronteres del silenci 19-20-nov Inscripció gratuïta: clic ací +info" />
<meta property="og:url" content="https://www.alteacultural.com/es/events/jornada-carmelina-sanchez-cutillas-des-de-les-fronteres-del-silenci/" />
<meta property="og:site_name" content="Altea Cultural" />
<meta property="article:modified_time" content="2024-06-12T19:11:29+00:00" />
<meta property="og:image" content="https://www.alteacultural.com/wp-content/uploads/2021/11/Jornada-Carmelina-Sanchez-Cutillas-des-de-les-fronteres-del-silenci-19-20-nov-2021.jpg" />
	<meta property="og:image:width" content="1080" />
	<meta property="og:image:height" content="511" />
	<meta property="og:image:type" content="image/jpeg" />
<meta name="twitter:card" content="summary_large_image" />
<meta name="twitter:label1" content="Tiempo de lectura" />
	<meta name="twitter:data1" content="1 minuto" />
<script type="application/ld+json" class="yoast-schema-graph">{"@context":"https://schema.org","@graph":[{"@type":"WebPage","@id":"https://www.alteacultural.com/es/events/jornada-carmelina-sanchez-cutillas-des-de-les-fronteres-del-silenci/","url":"https://www.alteacultural.com/es/events/jornada-carmelina-sanchez-cutillas-des-de-les-fronteres-del-silenci/","name":"Jornada: Carmelina Sánchez-Cutillas, des de les fronteres del silenci - Altea Cultural","isPartOf":{"@id":"https://www.alteacultural.com/es/#website"},"primaryImageOfPage":{"@id":"https://www.alteacultural.com/es/events/jornada-carmelina-sanchez-cutillas-des-de-les-fronteres-del-silenci/#primaryimage"},"image":{"@id":"https://www.alteacultural.com/es/events/jornada-carmelina-sanchez-cutillas-des-de-les-fronteres-del-silenci/#primaryimage"},"thumbnailUrl":"https://www.alteacultural.com/wp-content/uploads/2021/11/Jornada-Carmelina-Sanchez-Cutillas-des-de-les-fronteres-del-silenci-19-20-nov-2021.jpg","datePublished":"2021-11-11T08:29:53+00:00","dateModified":"2024-06-12T19:11:29+00:00","breadcrumb":{"@id":"https://www.alteacultural.com/es/events/jornada-carmelina-sanchez-cutillas-des-de-les-fronteres-del-silenci/#breadcrumb"},"inLanguage":"es","potentialAction":[{"@type":"ReadAction","target":["https://www.alteacultural.com/es/events/jornada-carmelina-sanchez-cutillas-des-de-les-fronteres-del-silenci/"]}]},{"@type":"ImageObject","inLanguage":"es","@id":"https://www.alteacultural.com/es/events/jornada-carmelina-sanchez-cutillas-des-de-les-fronteres-del-silenci/#primaryimage","url":"https://www.alteacultural.com/wp-content/uploads/2021/11/Jornada-Carmelina-Sanchez-Cutillas-des-de-les-fronteres-del-silenci-19-20-nov-2021.jpg","contentUrl":"https://www.alteacultural.com/wp-content/uploads/2021/11/Jornada-Carmelina-Sanchez-Cutillas-des-de-les-fronteres-del-silenci-19-20-nov-2021.jpg","width":1080,"height":511},{"@type":"BreadcrumbList","@id":"https://www.alteacultural.com/es/events/jornada-carmelina-sanchez-cutillas-des-de-les-fronteres-del-silenci/#breadcrumb","itemListElement":[{"@type":"ListItem","position":1,"name":"Inici","item":"https://www.alteacultural.com/es/"},{"@type":"ListItem","position":2,"name":"Eventos","item":"https://www.alteacultural.com/es/events/"},{"@type":"ListItem","position":3,"name":"Jornada: Carmelina Sánchez-Cutillas, des de les fronteres del silenci"}]},{"@type":"WebSite","@id":"https://www.alteacultural.com/es/#website","url":"https://www.alteacultural.com/es/","name":"Altea Cultural","description":"Regidoria de Cultura de l&#039;Ajuntament d&#039;Altea","potentialAction":[{"@type":"SearchAction","target":{"@type":"EntryPoint","urlTemplate":"https://www.alteacultural.com/es/?s={search_term_string}"},"query-input":"required name=search_term_string"}],"inLanguage":"es"}]}</script>
<!-- / Yoast SEO plugin. -->

Jornada: Carmelina Sánchez-Cutillas, des de les fronteres del silenci - Altea Cultural

ACTO EN VALENCIANO Jornada: Carmelina Sánchez-Cutillas, des de les fronteres del silenci 19-20-nov Inscripció gratuïta: clic ací +info
