{"id":12702,"date":"2021-11-12T13:39:56","date_gmt":"2021-11-12T12:39:56","guid":{"rendered":"https:\/\/www.alteacultural.com\/events\/taller-i-present-llibre-la-cabra-serafina\/"},"modified":"2024-06-12T21:11:29","modified_gmt":"2024-06-12T19:11:29","slug":"taller-i-present-llibre-la-cabra-serafina","status":"publish","type":"mec-events","link":"https:\/\/www.alteacultural.com\/es\/events\/taller-i-present-llibre-la-cabra-serafina\/","title":{"rendered":"Taller i present. llibre La cabra Serafina"},"content":{"rendered":"<p><em><strong>ACTO EN VALENCIANO<\/strong><\/em><\/p>\n<p><strong>17 nov | 17.30 h taller \/ 18 h aprox. presentaci\u00f3 | Biblioteca d&#8217;Altea la Vella<\/strong><\/p>\n<p>A les17:30 farem un taller on cadasc\u00fa es podr\u00e0 personalitzar la seua Serafina.<\/p>\n<p>Presenta Reme Gadea<\/p>\n<p>Album il\u00b7lustrat que actualitza un conte tradicional, amb un to i unes il\u00b7lustracions modernes i divertides.<\/p>\n<p>Aix\u00f2 era i no era una mare que tenia tres filles. Un dia els va dir que no baixaren al soterrani, per\u00f2 la seva curiositat va ser m\u00e9s forta. I. nyam!, van descobrir que hi havia una cabra que, sense preguntar a penes, se les menjava sense mastegar. Una versi\u00f3 actual d&#8217;un conte tradicional divertit i enginy\u00f3s.<\/p>\n<p>&nbsp;<\/p>\n<p><img fetchpriority=\"high\" decoding=\"async\" class=\"aligncenter wp-image-12698\" src=\"https:\/\/www.alteacultural.com\/wp-content\/uploads\/2021\/11\/taller-i-presentacio-llibre-cabra-serafina-17-11-2021.jpeg\" alt=\"\" width=\"450\" height=\"450\" srcset=\"https:\/\/www.alteacultural.com\/wp-content\/uploads\/2021\/11\/taller-i-presentacio-llibre-cabra-serafina-17-11-2021.jpeg 1080w, https:\/\/www.alteacultural.com\/wp-content\/uploads\/2021\/11\/taller-i-presentacio-llibre-cabra-serafina-17-11-2021-768x768.jpeg 768w, https:\/\/www.alteacultural.com\/wp-content\/uploads\/2021\/11\/taller-i-presentacio-llibre-cabra-serafina-17-11-2021-300x300.jpeg 300w\" sizes=\"(max-width: 450px) 100vw, 450px\" \/><\/p>\n","protected":false},"excerpt":{"rendered":"<p>ACTO EN VALENCIANO 17 nov | 17.30 h taller \/ 18 h aprox. presentaci\u00f3 | Biblioteca d&#8217;Altea la Vella [&hellip;]<\/p>\n","protected":false},"author":1,"featured_media":12701,"comment_status":"open","ping_status":"closed","template":"","meta":{"_expiration-date-status":"saved","_expiration-date":0,"_expiration-date-type":"","_expiration-date-categories":[],"_expiration-date-options":[]},"yoast_head":"<!-- This site is optimized with the Yoast SEO plugin v22.8 - https:\/\/yoast.com\/wordpress\/plugins\/seo\/ -->\n<title>Taller i present. llibre La cabra Serafina - Altea Cultural<\/title>\n<meta name=\"robots\" content=\"index, follow, max-snippet:-1, max-image-preview:large, max-video-preview:-1\" \/>\n<link rel=\"canonical\" href=\"https:\/\/www.alteacultural.com\/es\/events\/taller-i-present-llibre-la-cabra-serafina\/\" \/>\n<meta property=\"og:locale\" content=\"es_ES\" \/>\n<meta property=\"og:type\" content=\"article\" \/>\n<meta property=\"og:title\" content=\"Taller i present. llibre La cabra Serafina - Altea Cultural\" \/>\n<meta property=\"og:description\" content=\"ACTO EN VALENCIANO 17 nov | 17.30 h taller \/ 18 h aprox. presentaci\u00f3 | Biblioteca d&#8217;Altea la Vella [&hellip;]\" \/>\n<meta property=\"og:url\" content=\"https:\/\/www.alteacultural.com\/es\/events\/taller-i-present-llibre-la-cabra-serafina\/\" \/>\n<meta property=\"og:site_name\" content=\"Altea Cultural\" \/>\n<meta property=\"article:modified_time\" content=\"2024-06-12T19:11:29+00:00\" \/>\n<meta property=\"og:image\" content=\"https:\/\/www.alteacultural.com\/wp-content\/uploads\/2021\/11\/la-cabra-serafina.jpg\" \/>\n\t<meta property=\"og:image:width\" content=\"2430\" \/>\n\t<meta property=\"og:image:height\" content=\"1172\" \/>\n\t<meta property=\"og:image:type\" content=\"image\/jpeg\" \/>\n<meta name=\"twitter:card\" content=\"summary_large_image\" \/>\n<meta name=\"twitter:label1\" content=\"Tiempo de lectura\" \/>\n\t<meta name=\"twitter:data1\" content=\"1 minuto\" \/>\n<script type=\"application\/ld+json\" class=\"yoast-schema-graph\">{\"@context\":\"https:\/\/schema.org\",\"@graph\":[{\"@type\":\"WebPage\",\"@id\":\"https:\/\/www.alteacultural.com\/es\/events\/taller-i-present-llibre-la-cabra-serafina\/\",\"url\":\"https:\/\/www.alteacultural.com\/es\/events\/taller-i-present-llibre-la-cabra-serafina\/\",\"name\":\"Taller i present. llibre La cabra Serafina - Altea Cultural\",\"isPartOf\":{\"@id\":\"https:\/\/www.alteacultural.com\/es\/#website\"},\"primaryImageOfPage\":{\"@id\":\"https:\/\/www.alteacultural.com\/es\/events\/taller-i-present-llibre-la-cabra-serafina\/#primaryimage\"},\"image\":{\"@id\":\"https:\/\/www.alteacultural.com\/es\/events\/taller-i-present-llibre-la-cabra-serafina\/#primaryimage\"},\"thumbnailUrl\":\"https:\/\/www.alteacultural.com\/wp-content\/uploads\/2021\/11\/la-cabra-serafina.jpg\",\"datePublished\":\"2021-11-12T12:39:56+00:00\",\"dateModified\":\"2024-06-12T19:11:29+00:00\",\"breadcrumb\":{\"@id\":\"https:\/\/www.alteacultural.com\/es\/events\/taller-i-present-llibre-la-cabra-serafina\/#breadcrumb\"},\"inLanguage\":\"es\",\"potentialAction\":[{\"@type\":\"ReadAction\",\"target\":[\"https:\/\/www.alteacultural.com\/es\/events\/taller-i-present-llibre-la-cabra-serafina\/\"]}]},{\"@type\":\"ImageObject\",\"inLanguage\":\"es\",\"@id\":\"https:\/\/www.alteacultural.com\/es\/events\/taller-i-present-llibre-la-cabra-serafina\/#primaryimage\",\"url\":\"https:\/\/www.alteacultural.com\/wp-content\/uploads\/2021\/11\/la-cabra-serafina.jpg\",\"contentUrl\":\"https:\/\/www.alteacultural.com\/wp-content\/uploads\/2021\/11\/la-cabra-serafina.jpg\",\"width\":2430,\"height\":1172},{\"@type\":\"BreadcrumbList\",\"@id\":\"https:\/\/www.alteacultural.com\/es\/events\/taller-i-present-llibre-la-cabra-serafina\/#breadcrumb\",\"itemListElement\":[{\"@type\":\"ListItem\",\"position\":1,\"name\":\"Inici\",\"item\":\"https:\/\/www.alteacultural.com\/es\/\"},{\"@type\":\"ListItem\",\"position\":2,\"name\":\"Eventos\",\"item\":\"https:\/\/www.alteacultural.com\/es\/events\/\"},{\"@type\":\"ListItem\",\"position\":3,\"name\":\"Taller i present. llibre La cabra Serafina\"}]},{\"@type\":\"WebSite\",\"@id\":\"https:\/\/www.alteacultural.com\/es\/#website\",\"url\":\"https:\/\/www.alteacultural.com\/es\/\",\"name\":\"Altea Cultural\",\"description\":\"Regidoria de Cultura de l&#039;Ajuntament d&#039;Altea\",\"potentialAction\":[{\"@type\":\"SearchAction\",\"target\":{\"@type\":\"EntryPoint\",\"urlTemplate\":\"https:\/\/www.alteacultural.com\/es\/?s={search_term_string}\"},\"query-input\":\"required name=search_term_string\"}],\"inLanguage\":\"es\"}]}<\/script>\n<!-- \/ Yoast SEO plugin. -->","yoast_head_json":{"title":"Taller i present. llibre La cabra Serafina - Altea Cultural","robots":{"index":"index","follow":"follow","max-snippet":"max-snippet:-1","max-image-preview":"max-image-preview:large","max-video-preview":"max-video-preview:-1"},"canonical":"https:\/\/www.alteacultural.com\/es\/events\/taller-i-present-llibre-la-cabra-serafina\/","og_locale":"es_ES","og_type":"article","og_title":"Taller i present. llibre La cabra Serafina - Altea Cultural","og_description":"ACTO EN VALENCIANO 17 nov | 17.30 h taller \/ 18 h aprox. presentaci\u00f3 | Biblioteca d&#8217;Altea la Vella [&hellip;]","og_url":"https:\/\/www.alteacultural.com\/es\/events\/taller-i-present-llibre-la-cabra-serafina\/","og_site_name":"Altea Cultural","article_modified_time":"2024-06-12T19:11:29+00:00","og_image":[{"width":2430,"height":1172,"url":"https:\/\/www.alteacultural.com\/wp-content\/uploads\/2021\/11\/la-cabra-serafina.jpg","type":"image\/jpeg"}],"twitter_card":"summary_large_image","twitter_misc":{"Tiempo de lectura":"1 minuto"},"schema":{"@context":"https:\/\/schema.org","@graph":[{"@type":"WebPage","@id":"https:\/\/www.alteacultural.com\/es\/events\/taller-i-present-llibre-la-cabra-serafina\/","url":"https:\/\/www.alteacultural.com\/es\/events\/taller-i-present-llibre-la-cabra-serafina\/","name":"Taller i present. llibre La cabra Serafina - Altea Cultural","isPartOf":{"@id":"https:\/\/www.alteacultural.com\/es\/#website"},"primaryImageOfPage":{"@id":"https:\/\/www.alteacultural.com\/es\/events\/taller-i-present-llibre-la-cabra-serafina\/#primaryimage"},"image":{"@id":"https:\/\/www.alteacultural.com\/es\/events\/taller-i-present-llibre-la-cabra-serafina\/#primaryimage"},"thumbnailUrl":"https:\/\/www.alteacultural.com\/wp-content\/uploads\/2021\/11\/la-cabra-serafina.jpg","datePublished":"2021-11-12T12:39:56+00:00","dateModified":"2024-06-12T19:11:29+00:00","breadcrumb":{"@id":"https:\/\/www.alteacultural.com\/es\/events\/taller-i-present-llibre-la-cabra-serafina\/#breadcrumb"},"inLanguage":"es","potentialAction":[{"@type":"ReadAction","target":["https:\/\/www.alteacultural.com\/es\/events\/taller-i-present-llibre-la-cabra-serafina\/"]}]},{"@type":"ImageObject","inLanguage":"es","@id":"https:\/\/www.alteacultural.com\/es\/events\/taller-i-present-llibre-la-cabra-serafina\/#primaryimage","url":"https:\/\/www.alteacultural.com\/wp-content\/uploads\/2021\/11\/la-cabra-serafina.jpg","contentUrl":"https:\/\/www.alteacultural.com\/wp-content\/uploads\/2021\/11\/la-cabra-serafina.jpg","width":2430,"height":1172},{"@type":"BreadcrumbList","@id":"https:\/\/www.alteacultural.com\/es\/events\/taller-i-present-llibre-la-cabra-serafina\/#breadcrumb","itemListElement":[{"@type":"ListItem","position":1,"name":"Inici","item":"https:\/\/www.alteacultural.com\/es\/"},{"@type":"ListItem","position":2,"name":"Eventos","item":"https:\/\/www.alteacultural.com\/es\/events\/"},{"@type":"ListItem","position":3,"name":"Taller i present. llibre La cabra Serafina"}]},{"@type":"WebSite","@id":"https:\/\/www.alteacultural.com\/es\/#website","url":"https:\/\/www.alteacultural.com\/es\/","name":"Altea Cultural","description":"Regidoria de Cultura de l&#039;Ajuntament d&#039;Altea","potentialAction":[{"@type":"SearchAction","target":{"@type":"EntryPoint","urlTemplate":"https:\/\/www.alteacultural.com\/es\/?s={search_term_string}"},"query-input":"required name=search_term_string"}],"inLanguage":"es"}]}},"mec_cost":"Entrada libre y gratuita","mec_date":{"start":{"date":"2021-11-17","hour":5,"minutes":"30","ampm":"PM"},"end":{"date":"2021-11-17","hour":7,"minutes":"0","ampm":"PM"},"comment":"","repeat":{"type":"daily","interval":"1","advanced":"","end":"never","end_at_date":"","end_at_occurrences":"10"}},"_links":{"self":[{"href":"https:\/\/www.alteacultural.com\/es\/wp-json\/wp\/v2\/mec-events\/12702"}],"collection":[{"href":"https:\/\/www.alteacultural.com\/es\/wp-json\/wp\/v2\/mec-events"}],"about":[{"href":"https:\/\/www.alteacultural.com\/es\/wp-json\/wp\/v2\/types\/mec-events"}],"author":[{"embeddable":true,"href":"https:\/\/www.alteacultural.com\/es\/wp-json\/wp\/v2\/users\/1"}],"replies":[{"embeddable":true,"href":"https:\/\/www.alteacultural.com\/es\/wp-json\/wp\/v2\/comments?post=12702"}],"wp:featuredmedia":[{"embeddable":true,"href":"https:\/\/www.alteacultural.com\/es\/wp-json\/wp\/v2\/media\/12701"}],"wp:attachment":[{"href":"https:\/\/www.alteacultural.com\/es\/wp-json\/wp\/v2\/media?parent=12702"}],"curies":[{"name":"wp","href":"https:\/\/api.w.org\/{rel}","templated":true}]}}

<p><em><strong>ACTO EN VALENCIANO</strong></em></p>
<p><strong>17 nov | 17.30 h taller / 18 h aprox. presentació | Biblioteca d&#8217;Altea la Vella</strong></p>
<p>A les17:30 farem un taller on cadascú es podrà personalitzar la seua Serafina.</p>
<p>Presenta Reme Gadea</p>
<p>Album il·lustrat que actualitza un conte tradicional, amb un to i unes il·lustracions modernes i divertides.</p>
<p>Això era i no era una mare que tenia tres filles. Un dia els va dir que no baixaren al soterrani, però la seva curiositat va ser més forta. I. nyam!, van descobrir que hi havia una cabra que, sense preguntar a penes, se les menjava sense mastegar. Una versió actual d&#8217;un conte tradicional divertit i enginyós.</p>
<p>&nbsp;</p>
<p><img fetchpriority="high" decoding="async" class="aligncenter wp-image-12698" src="https://www.alteacultural.com/wp-content/uploads/2021/11/taller-i-presentacio-llibre-cabra-serafina-17-11-2021.jpeg" alt="" width="450" height="450" srcset="https://www.alteacultural.com/wp-content/uploads/2021/11/taller-i-presentacio-llibre-cabra-serafina-17-11-2021.jpeg 1080w, https://www.alteacultural.com/wp-content/uploads/2021/11/taller-i-presentacio-llibre-cabra-serafina-17-11-2021-768x768.jpeg 768w, https://www.alteacultural.com/wp-content/uploads/2021/11/taller-i-presentacio-llibre-cabra-serafina-17-11-2021-300x300.jpeg 300w" sizes="(max-width: 450px) 100vw, 450px" /></p>

<p>ACTO EN VALENCIANO 17 nov | 17.30 h taller / 18 h aprox. presentació | Biblioteca d&#8217;Altea la Vella [&hellip;]</p>

<!-- This site is optimized with the Yoast SEO plugin v22.8 - https://yoast.com/wordpress/plugins/seo/ -->
<title>Taller i present. llibre La cabra Serafina - Altea Cultural</title>
<meta name="robots" content="index, follow, max-snippet:-1, max-image-preview:large, max-video-preview:-1" />
<link rel="canonical" href="https://www.alteacultural.com/es/events/taller-i-present-llibre-la-cabra-serafina/" />
<meta property="og:locale" content="es_ES" />
<meta property="og:type" content="article" />
<meta property="og:title" content="Taller i present. llibre La cabra Serafina - Altea Cultural" />
<meta property="og:description" content="ACTO EN VALENCIANO 17 nov | 17.30 h taller / 18 h aprox. presentació | Biblioteca d&#8217;Altea la Vella [&hellip;]" />
<meta property="og:url" content="https://www.alteacultural.com/es/events/taller-i-present-llibre-la-cabra-serafina/" />
<meta property="og:site_name" content="Altea Cultural" />
<meta property="article:modified_time" content="2024-06-12T19:11:29+00:00" />
<meta property="og:image" content="https://www.alteacultural.com/wp-content/uploads/2021/11/la-cabra-serafina.jpg" />
	<meta property="og:image:width" content="2430" />
	<meta property="og:image:height" content="1172" />
	<meta property="og:image:type" content="image/jpeg" />
<meta name="twitter:card" content="summary_large_image" />
<meta name="twitter:label1" content="Tiempo de lectura" />
	<meta name="twitter:data1" content="1 minuto" />
<script type="application/ld+json" class="yoast-schema-graph">{"@context":"https://schema.org","@graph":[{"@type":"WebPage","@id":"https://www.alteacultural.com/es/events/taller-i-present-llibre-la-cabra-serafina/","url":"https://www.alteacultural.com/es/events/taller-i-present-llibre-la-cabra-serafina/","name":"Taller i present. llibre La cabra Serafina - Altea Cultural","isPartOf":{"@id":"https://www.alteacultural.com/es/#website"},"primaryImageOfPage":{"@id":"https://www.alteacultural.com/es/events/taller-i-present-llibre-la-cabra-serafina/#primaryimage"},"image":{"@id":"https://www.alteacultural.com/es/events/taller-i-present-llibre-la-cabra-serafina/#primaryimage"},"thumbnailUrl":"https://www.alteacultural.com/wp-content/uploads/2021/11/la-cabra-serafina.jpg","datePublished":"2021-11-12T12:39:56+00:00","dateModified":"2024-06-12T19:11:29+00:00","breadcrumb":{"@id":"https://www.alteacultural.com/es/events/taller-i-present-llibre-la-cabra-serafina/#breadcrumb"},"inLanguage":"es","potentialAction":[{"@type":"ReadAction","target":["https://www.alteacultural.com/es/events/taller-i-present-llibre-la-cabra-serafina/"]}]},{"@type":"ImageObject","inLanguage":"es","@id":"https://www.alteacultural.com/es/events/taller-i-present-llibre-la-cabra-serafina/#primaryimage","url":"https://www.alteacultural.com/wp-content/uploads/2021/11/la-cabra-serafina.jpg","contentUrl":"https://www.alteacultural.com/wp-content/uploads/2021/11/la-cabra-serafina.jpg","width":2430,"height":1172},{"@type":"BreadcrumbList","@id":"https://www.alteacultural.com/es/events/taller-i-present-llibre-la-cabra-serafina/#breadcrumb","itemListElement":[{"@type":"ListItem","position":1,"name":"Inici","item":"https://www.alteacultural.com/es/"},{"@type":"ListItem","position":2,"name":"Eventos","item":"https://www.alteacultural.com/es/events/"},{"@type":"ListItem","position":3,"name":"Taller i present. llibre La cabra Serafina"}]},{"@type":"WebSite","@id":"https://www.alteacultural.com/es/#website","url":"https://www.alteacultural.com/es/","name":"Altea Cultural","description":"Regidoria de Cultura de l&#039;Ajuntament d&#039;Altea","potentialAction":[{"@type":"SearchAction","target":{"@type":"EntryPoint","urlTemplate":"https://www.alteacultural.com/es/?s={search_term_string}"},"query-input":"required name=search_term_string"}],"inLanguage":"es"}]}</script>
<!-- / Yoast SEO plugin. -->

ACTO EN VALENCIANO 17 nov | 17.30 h taller / 18 h aprox. presentació | Biblioteca d&#8217;Altea la Vella [&hellip;]
