{"id":12709,"date":"2021-11-18T12:29:12","date_gmt":"2021-11-18T11:29:12","guid":{"rendered":"https:\/\/www.alteacultural.com\/events\/expo-rostros-mediterraneos-de-la-ciencia\/"},"modified":"2021-11-18T22:35:06","modified_gmt":"2021-11-18T21:35:06","slug":"expo-rostros-mediterraneos-de-la-ciencia","status":"publish","type":"mec-events","link":"https:\/\/www.alteacultural.com\/es\/events\/expo-rostros-mediterraneos-de-la-ciencia\/","title":{"rendered":"Expo: Rostros Mediterr\u00e1neos de la Ciencia"},"content":{"rendered":"<p><em><strong>Ubicaci\u00f3n: <\/strong><\/em><strong>AVDA. Comunidad Valenciana. (ALTEA)<\/strong><\/p>\n<p>Cultura y Proyectos Europeos presentan la muestra sobre mujeres cient\u00edficas.<\/p>\n<p>El objetivo del proyecto, puesto en marcha por la Fundaci\u00f3n S\u00e9neca, Agencia de Ciencia y Tecnolog\u00eda de la Regi\u00f3n de Murcia, es transmitir una imagen actual de la ciencia mediterr\u00e1nea a trav\u00e9s de una colecci\u00f3n de biograf\u00edas breves con caras nuevas, frescas, diferentes y de actualidad; caras de mujeres que viven circunstancias personales, culturales y profesionales muy variadas, pero todas con un elemento com\u00fan que las conecta: el Mare Nostrum.<\/p>\n<p>&nbsp;<\/p>\n<p><img fetchpriority=\"high\" decoding=\"async\" class=\"size-full wp-image-12705 aligncenter\" src=\"https:\/\/www.alteacultural.com\/wp-content\/uploads\/2021\/11\/expo-mujeres-web.jpg\" alt=\"\" width=\"1028\" height=\"904\" srcset=\"https:\/\/www.alteacultural.com\/wp-content\/uploads\/2021\/11\/expo-mujeres-web.jpg 1028w, https:\/\/www.alteacultural.com\/wp-content\/uploads\/2021\/11\/expo-mujeres-web-768x675.jpg 768w\" sizes=\"(max-width: 1028px) 100vw, 1028px\" \/><\/p>\n","protected":false},"excerpt":{"rendered":"<p>Ubicaci\u00f3n: AVDA. Comunidad Valenciana. (ALTEA) Cultura y Proyectos Europeos presentan la muestra sobre mujeres cient\u00edficas. El objetivo del proyecto, [&hellip;]<\/p>\n","protected":false},"author":1,"featured_media":12708,"comment_status":"open","ping_status":"closed","template":"","meta":{"_expiration-date-status":"saved","_expiration-date":0,"_expiration-date-type":"","_expiration-date-categories":[],"_expiration-date-options":[]},"yoast_head":"<!-- This site is optimized with the Yoast SEO plugin v22.8 - https:\/\/yoast.com\/wordpress\/plugins\/seo\/ -->\n<title>Expo: Rostros Mediterr\u00e1neos de la Ciencia - Altea Cultural<\/title>\n<meta name=\"robots\" content=\"index, follow, max-snippet:-1, max-image-preview:large, max-video-preview:-1\" \/>\n<link rel=\"canonical\" href=\"https:\/\/www.alteacultural.com\/es\/events\/expo-rostros-mediterraneos-de-la-ciencia\/\" \/>\n<meta property=\"og:locale\" content=\"es_ES\" \/>\n<meta property=\"og:type\" content=\"article\" \/>\n<meta property=\"og:title\" content=\"Expo: Rostros Mediterr\u00e1neos de la Ciencia - Altea Cultural\" \/>\n<meta property=\"og:description\" content=\"Ubicaci\u00f3n: AVDA. Comunidad Valenciana. (ALTEA) Cultura y Proyectos Europeos presentan la muestra sobre mujeres cient\u00edficas. El objetivo del proyecto, [&hellip;]\" \/>\n<meta property=\"og:url\" content=\"https:\/\/www.alteacultural.com\/es\/events\/expo-rostros-mediterraneos-de-la-ciencia\/\" \/>\n<meta property=\"og:site_name\" content=\"Altea Cultural\" \/>\n<meta property=\"article:modified_time\" content=\"2021-11-18T21:35:06+00:00\" \/>\n<meta property=\"og:image\" content=\"https:\/\/www.alteacultural.com\/wp-content\/uploads\/2021\/11\/exporostros.jpg\" \/>\n\t<meta property=\"og:image:width\" content=\"2048\" \/>\n\t<meta property=\"og:image:height\" content=\"779\" \/>\n\t<meta property=\"og:image:type\" content=\"image\/jpeg\" \/>\n<meta name=\"twitter:card\" content=\"summary_large_image\" \/>\n<meta name=\"twitter:label1\" content=\"Tiempo de lectura\" \/>\n\t<meta name=\"twitter:data1\" content=\"1 minuto\" \/>\n<script type=\"application\/ld+json\" class=\"yoast-schema-graph\">{\"@context\":\"https:\/\/schema.org\",\"@graph\":[{\"@type\":\"WebPage\",\"@id\":\"https:\/\/www.alteacultural.com\/es\/events\/expo-rostros-mediterraneos-de-la-ciencia\/\",\"url\":\"https:\/\/www.alteacultural.com\/es\/events\/expo-rostros-mediterraneos-de-la-ciencia\/\",\"name\":\"Expo: Rostros Mediterr\u00e1neos de la Ciencia - Altea Cultural\",\"isPartOf\":{\"@id\":\"https:\/\/www.alteacultural.com\/es\/#website\"},\"primaryImageOfPage\":{\"@id\":\"https:\/\/www.alteacultural.com\/es\/events\/expo-rostros-mediterraneos-de-la-ciencia\/#primaryimage\"},\"image\":{\"@id\":\"https:\/\/www.alteacultural.com\/es\/events\/expo-rostros-mediterraneos-de-la-ciencia\/#primaryimage\"},\"thumbnailUrl\":\"https:\/\/www.alteacultural.com\/wp-content\/uploads\/2021\/11\/exporostros.jpg\",\"datePublished\":\"2021-11-18T11:29:12+00:00\",\"dateModified\":\"2021-11-18T21:35:06+00:00\",\"breadcrumb\":{\"@id\":\"https:\/\/www.alteacultural.com\/es\/events\/expo-rostros-mediterraneos-de-la-ciencia\/#breadcrumb\"},\"inLanguage\":\"es\",\"potentialAction\":[{\"@type\":\"ReadAction\",\"target\":[\"https:\/\/www.alteacultural.com\/es\/events\/expo-rostros-mediterraneos-de-la-ciencia\/\"]}]},{\"@type\":\"ImageObject\",\"inLanguage\":\"es\",\"@id\":\"https:\/\/www.alteacultural.com\/es\/events\/expo-rostros-mediterraneos-de-la-ciencia\/#primaryimage\",\"url\":\"https:\/\/www.alteacultural.com\/wp-content\/uploads\/2021\/11\/exporostros.jpg\",\"contentUrl\":\"https:\/\/www.alteacultural.com\/wp-content\/uploads\/2021\/11\/exporostros.jpg\",\"width\":2048,\"height\":779},{\"@type\":\"BreadcrumbList\",\"@id\":\"https:\/\/www.alteacultural.com\/es\/events\/expo-rostros-mediterraneos-de-la-ciencia\/#breadcrumb\",\"itemListElement\":[{\"@type\":\"ListItem\",\"position\":1,\"name\":\"Inici\",\"item\":\"https:\/\/www.alteacultural.com\/es\/\"},{\"@type\":\"ListItem\",\"position\":2,\"name\":\"Eventos\",\"item\":\"https:\/\/www.alteacultural.com\/es\/events\/\"},{\"@type\":\"ListItem\",\"position\":3,\"name\":\"Expo: Rostros Mediterr\u00e1neos de la Ciencia\"}]},{\"@type\":\"WebSite\",\"@id\":\"https:\/\/www.alteacultural.com\/es\/#website\",\"url\":\"https:\/\/www.alteacultural.com\/es\/\",\"name\":\"Altea Cultural\",\"description\":\"Regidoria de Cultura de l&#039;Ajuntament d&#039;Altea\",\"potentialAction\":[{\"@type\":\"SearchAction\",\"target\":{\"@type\":\"EntryPoint\",\"urlTemplate\":\"https:\/\/www.alteacultural.com\/es\/?s={search_term_string}\"},\"query-input\":\"required name=search_term_string\"}],\"inLanguage\":\"es\"}]}<\/script>\n<!-- \/ Yoast SEO plugin. -->","yoast_head_json":{"title":"Expo: Rostros Mediterr\u00e1neos de la Ciencia - Altea Cultural","robots":{"index":"index","follow":"follow","max-snippet":"max-snippet:-1","max-image-preview":"max-image-preview:large","max-video-preview":"max-video-preview:-1"},"canonical":"https:\/\/www.alteacultural.com\/es\/events\/expo-rostros-mediterraneos-de-la-ciencia\/","og_locale":"es_ES","og_type":"article","og_title":"Expo: Rostros Mediterr\u00e1neos de la Ciencia - Altea Cultural","og_description":"Ubicaci\u00f3n: AVDA. Comunidad Valenciana. (ALTEA) Cultura y Proyectos Europeos presentan la muestra sobre mujeres cient\u00edficas. El objetivo del proyecto, [&hellip;]","og_url":"https:\/\/www.alteacultural.com\/es\/events\/expo-rostros-mediterraneos-de-la-ciencia\/","og_site_name":"Altea Cultural","article_modified_time":"2021-11-18T21:35:06+00:00","og_image":[{"width":2048,"height":779,"url":"https:\/\/www.alteacultural.com\/wp-content\/uploads\/2021\/11\/exporostros.jpg","type":"image\/jpeg"}],"twitter_card":"summary_large_image","twitter_misc":{"Tiempo de lectura":"1 minuto"},"schema":{"@context":"https:\/\/schema.org","@graph":[{"@type":"WebPage","@id":"https:\/\/www.alteacultural.com\/es\/events\/expo-rostros-mediterraneos-de-la-ciencia\/","url":"https:\/\/www.alteacultural.com\/es\/events\/expo-rostros-mediterraneos-de-la-ciencia\/","name":"Expo: Rostros Mediterr\u00e1neos de la Ciencia - Altea Cultural","isPartOf":{"@id":"https:\/\/www.alteacultural.com\/es\/#website"},"primaryImageOfPage":{"@id":"https:\/\/www.alteacultural.com\/es\/events\/expo-rostros-mediterraneos-de-la-ciencia\/#primaryimage"},"image":{"@id":"https:\/\/www.alteacultural.com\/es\/events\/expo-rostros-mediterraneos-de-la-ciencia\/#primaryimage"},"thumbnailUrl":"https:\/\/www.alteacultural.com\/wp-content\/uploads\/2021\/11\/exporostros.jpg","datePublished":"2021-11-18T11:29:12+00:00","dateModified":"2021-11-18T21:35:06+00:00","breadcrumb":{"@id":"https:\/\/www.alteacultural.com\/es\/events\/expo-rostros-mediterraneos-de-la-ciencia\/#breadcrumb"},"inLanguage":"es","potentialAction":[{"@type":"ReadAction","target":["https:\/\/www.alteacultural.com\/es\/events\/expo-rostros-mediterraneos-de-la-ciencia\/"]}]},{"@type":"ImageObject","inLanguage":"es","@id":"https:\/\/www.alteacultural.com\/es\/events\/expo-rostros-mediterraneos-de-la-ciencia\/#primaryimage","url":"https:\/\/www.alteacultural.com\/wp-content\/uploads\/2021\/11\/exporostros.jpg","contentUrl":"https:\/\/www.alteacultural.com\/wp-content\/uploads\/2021\/11\/exporostros.jpg","width":2048,"height":779},{"@type":"BreadcrumbList","@id":"https:\/\/www.alteacultural.com\/es\/events\/expo-rostros-mediterraneos-de-la-ciencia\/#breadcrumb","itemListElement":[{"@type":"ListItem","position":1,"name":"Inici","item":"https:\/\/www.alteacultural.com\/es\/"},{"@type":"ListItem","position":2,"name":"Eventos","item":"https:\/\/www.alteacultural.com\/es\/events\/"},{"@type":"ListItem","position":3,"name":"Expo: Rostros Mediterr\u00e1neos de la Ciencia"}]},{"@type":"WebSite","@id":"https:\/\/www.alteacultural.com\/es\/#website","url":"https:\/\/www.alteacultural.com\/es\/","name":"Altea Cultural","description":"Regidoria de Cultura de l&#039;Ajuntament d&#039;Altea","potentialAction":[{"@type":"SearchAction","target":{"@type":"EntryPoint","urlTemplate":"https:\/\/www.alteacultural.com\/es\/?s={search_term_string}"},"query-input":"required name=search_term_string"}],"inLanguage":"es"}]}},"mec_cost":"Gratuito","mec_date":{"start":{"date":"2021-11-18","hour":"8","minutes":"0","ampm":"AM"},"end":{"date":"2021-12-31","hour":6,"minutes":"0","ampm":"PM"},"allday":"1","comment":"","repeat":{"type":"daily","interval":"1","advanced":"","end":"never","end_at_date":"","end_at_occurrences":"10"}},"_links":{"self":[{"href":"https:\/\/www.alteacultural.com\/es\/wp-json\/wp\/v2\/mec-events\/12709"}],"collection":[{"href":"https:\/\/www.alteacultural.com\/es\/wp-json\/wp\/v2\/mec-events"}],"about":[{"href":"https:\/\/www.alteacultural.com\/es\/wp-json\/wp\/v2\/types\/mec-events"}],"author":[{"embeddable":true,"href":"https:\/\/www.alteacultural.com\/es\/wp-json\/wp\/v2\/users\/1"}],"replies":[{"embeddable":true,"href":"https:\/\/www.alteacultural.com\/es\/wp-json\/wp\/v2\/comments?post=12709"}],"wp:featuredmedia":[{"embeddable":true,"href":"https:\/\/www.alteacultural.com\/es\/wp-json\/wp\/v2\/media\/12708"}],"wp:attachment":[{"href":"https:\/\/www.alteacultural.com\/es\/wp-json\/wp\/v2\/media?parent=12709"}],"curies":[{"name":"wp","href":"https:\/\/api.w.org\/{rel}","templated":true}]}}

Expo: Rostros Mediterráneos de la Ciencia

<p><em><strong>Ubicación: </strong></em><strong>AVDA. Comunidad Valenciana. (ALTEA)</strong></p>
<p>Cultura y Proyectos Europeos presentan la muestra sobre mujeres científicas.</p>
<p>El objetivo del proyecto, puesto en marcha por la Fundación Séneca, Agencia de Ciencia y Tecnología de la Región de Murcia, es transmitir una imagen actual de la ciencia mediterránea a través de una colección de biografías breves con caras nuevas, frescas, diferentes y de actualidad; caras de mujeres que viven circunstancias personales, culturales y profesionales muy variadas, pero todas con un elemento común que las conecta: el Mare Nostrum.</p>
<p>&nbsp;</p>
<p><img fetchpriority="high" decoding="async" class="size-full wp-image-12705 aligncenter" src="https://www.alteacultural.com/wp-content/uploads/2021/11/expo-mujeres-web.jpg" alt="" width="1028" height="904" srcset="https://www.alteacultural.com/wp-content/uploads/2021/11/expo-mujeres-web.jpg 1028w, https://www.alteacultural.com/wp-content/uploads/2021/11/expo-mujeres-web-768x675.jpg 768w" sizes="(max-width: 1028px) 100vw, 1028px" /></p>

<p>Ubicación: AVDA. Comunidad Valenciana. (ALTEA) Cultura y Proyectos Europeos presentan la muestra sobre mujeres científicas. El objetivo del proyecto, [&hellip;]</p>

<!-- This site is optimized with the Yoast SEO plugin v22.8 - https://yoast.com/wordpress/plugins/seo/ -->
<title>Expo: Rostros Mediterráneos de la Ciencia - Altea Cultural</title>
<meta name="robots" content="index, follow, max-snippet:-1, max-image-preview:large, max-video-preview:-1" />
<link rel="canonical" href="https://www.alteacultural.com/es/events/expo-rostros-mediterraneos-de-la-ciencia/" />
<meta property="og:locale" content="es_ES" />
<meta property="og:type" content="article" />
<meta property="og:title" content="Expo: Rostros Mediterráneos de la Ciencia - Altea Cultural" />
<meta property="og:description" content="Ubicación: AVDA. Comunidad Valenciana. (ALTEA) Cultura y Proyectos Europeos presentan la muestra sobre mujeres científicas. El objetivo del proyecto, [&hellip;]" />
<meta property="og:url" content="https://www.alteacultural.com/es/events/expo-rostros-mediterraneos-de-la-ciencia/" />
<meta property="og:site_name" content="Altea Cultural" />
<meta property="article:modified_time" content="2021-11-18T21:35:06+00:00" />
<meta property="og:image" content="https://www.alteacultural.com/wp-content/uploads/2021/11/exporostros.jpg" />
	<meta property="og:image:width" content="2048" />
	<meta property="og:image:height" content="779" />
	<meta property="og:image:type" content="image/jpeg" />
<meta name="twitter:card" content="summary_large_image" />
<meta name="twitter:label1" content="Tiempo de lectura" />
	<meta name="twitter:data1" content="1 minuto" />
<script type="application/ld+json" class="yoast-schema-graph">{"@context":"https://schema.org","@graph":[{"@type":"WebPage","@id":"https://www.alteacultural.com/es/events/expo-rostros-mediterraneos-de-la-ciencia/","url":"https://www.alteacultural.com/es/events/expo-rostros-mediterraneos-de-la-ciencia/","name":"Expo: Rostros Mediterráneos de la Ciencia - Altea Cultural","isPartOf":{"@id":"https://www.alteacultural.com/es/#website"},"primaryImageOfPage":{"@id":"https://www.alteacultural.com/es/events/expo-rostros-mediterraneos-de-la-ciencia/#primaryimage"},"image":{"@id":"https://www.alteacultural.com/es/events/expo-rostros-mediterraneos-de-la-ciencia/#primaryimage"},"thumbnailUrl":"https://www.alteacultural.com/wp-content/uploads/2021/11/exporostros.jpg","datePublished":"2021-11-18T11:29:12+00:00","dateModified":"2021-11-18T21:35:06+00:00","breadcrumb":{"@id":"https://www.alteacultural.com/es/events/expo-rostros-mediterraneos-de-la-ciencia/#breadcrumb"},"inLanguage":"es","potentialAction":[{"@type":"ReadAction","target":["https://www.alteacultural.com/es/events/expo-rostros-mediterraneos-de-la-ciencia/"]}]},{"@type":"ImageObject","inLanguage":"es","@id":"https://www.alteacultural.com/es/events/expo-rostros-mediterraneos-de-la-ciencia/#primaryimage","url":"https://www.alteacultural.com/wp-content/uploads/2021/11/exporostros.jpg","contentUrl":"https://www.alteacultural.com/wp-content/uploads/2021/11/exporostros.jpg","width":2048,"height":779},{"@type":"BreadcrumbList","@id":"https://www.alteacultural.com/es/events/expo-rostros-mediterraneos-de-la-ciencia/#breadcrumb","itemListElement":[{"@type":"ListItem","position":1,"name":"Inici","item":"https://www.alteacultural.com/es/"},{"@type":"ListItem","position":2,"name":"Eventos","item":"https://www.alteacultural.com/es/events/"},{"@type":"ListItem","position":3,"name":"Expo: Rostros Mediterráneos de la Ciencia"}]},{"@type":"WebSite","@id":"https://www.alteacultural.com/es/#website","url":"https://www.alteacultural.com/es/","name":"Altea Cultural","description":"Regidoria de Cultura de l&#039;Ajuntament d&#039;Altea","potentialAction":[{"@type":"SearchAction","target":{"@type":"EntryPoint","urlTemplate":"https://www.alteacultural.com/es/?s={search_term_string}"},"query-input":"required name=search_term_string"}],"inLanguage":"es"}]}</script>
<!-- / Yoast SEO plugin. -->

Expo: Rostros Mediterráneos de la Ciencia - Altea Cultural

Ubicación: AVDA. Comunidad Valenciana. (ALTEA) Cultura y Proyectos Europeos presentan la muestra sobre mujeres científicas. El objetivo del proyecto, [&hellip;]
