{"id":12741,"date":"2021-12-02T12:10:59","date_gmt":"2021-12-02T11:10:59","guid":{"rendered":"https:\/\/www.alteacultural.com\/events\/el-medico-el-musical\/"},"modified":"2021-12-14T11:58:35","modified_gmt":"2021-12-14T10:58:35","slug":"el-medico-el-musical","status":"publish","type":"mec-events","link":"https:\/\/www.alteacultural.com\/es\/events\/el-medico-el-musical\/","title":{"rendered":"El M\u00e9dico. El Musical"},"content":{"rendered":"<p><strong>Mi\u00e9rcoles 15 de diciembre | 20:15 horas | Palau Altea<br \/>\n(Se anula la funci\u00f3n de martes 14\/dic, s\u00f3lo se realizar\u00e1 la funci\u00f3n del mi\u00e9rcoles 15\/dic)<\/strong><\/p>\n<p>Puede adquirir sus entrada online en el bot\u00f3n entradas o en la taquilla de la Casa de Cultura:<br \/>\nMartes y jueves: 10:00 a 14:00<br \/>\nJueves: 17:00 a 20:00<\/p>\n<p>&nbsp;<\/p>\n<p>La vida del peque\u00f1o Rob J. Cole cambia el d\u00eda que queda hu\u00e9rfano y descubre que posee un ins\u00f3lito don en sus manos: puede predecir la muerte. Adoptado como aprendiz por un cirujano barbero, Rob recorre Inglaterra descubriendo la vida, la disciplina y la curiosidad por aprender. Con diecinueve a\u00f1os, un m\u00e9dico jud\u00edo le habla de la lejana Persia, donde existe una escuela de medicina dirigida por el mejor m\u00e9dico de la \u00e9poca: Avicena.<br \/>\nRob parte hacia la aventura, dispuesto a cruzar medio mundo para convertirse en m\u00e9dico. Mientras viaja en una caravana a trav\u00e9s del desierto conoce a Mary, una chica escocesa que le har\u00e1 recordar sus or\u00edgenes y marcar\u00e1 sus planes de futuro.<br \/>\nNada ser\u00e1 f\u00e1cil para Rob en Ispahan, ni hacerse pasar por jud\u00edo para que se le permita estudiar ni su relaci\u00f3n con el Sha, que se encapricha de su amistad. Pronto se convierte en un alumno aventajado de Avicena, pero una plaga, la guerra y un rey d\u00e9spota pondr\u00e1n a prueba la vida de Rob. S\u00f3lo la amistad, su vocaci\u00f3n y el amor le empujar\u00e1n a sobrevivir.<\/p>\n<p>&nbsp;<\/p>\n<p>Tr\u00e1iler :<\/p>\n<p><center><br \/>\n<iframe title=\"YouTube video player\" data-src=\"https:\/\/www.youtube.com\/embed\/diSPJ56GyrA\" width=\"560\" height=\"315\" frameborder=\"0\" allowfullscreen=\"allowfullscreen\" src=\"data:image\/gif;base64,R0lGODlhAQABAAAAACH5BAEKAAEALAAAAAABAAEAAAICTAEAOw==\" class=\"lazyload\" data-load-mode=\"1\"><\/iframe><\/center>&nbsp;<\/p>\n","protected":false},"excerpt":{"rendered":"<p>Mi\u00e9rcoles 15 de diciembre | 20:15 horas | Palau Altea (Se anula la funci\u00f3n de martes 14\/dic, s\u00f3lo se [&hellip;]<\/p>\n","protected":false},"author":1,"featured_media":12740,"comment_status":"open","ping_status":"closed","template":"","meta":{"_expiration-date-status":"saved","_expiration-date":0,"_expiration-date-type":"","_expiration-date-categories":[],"_expiration-date-options":[]},"yoast_head":"<!-- This site is optimized with the Yoast SEO plugin v22.8 - https:\/\/yoast.com\/wordpress\/plugins\/seo\/ -->\n<title>El M\u00e9dico. El Musical - Altea Cultural<\/title>\n<meta name=\"robots\" content=\"index, follow, max-snippet:-1, max-image-preview:large, max-video-preview:-1\" \/>\n<link rel=\"canonical\" href=\"https:\/\/www.alteacultural.com\/es\/events\/el-medico-el-musical\/\" \/>\n<meta property=\"og:locale\" content=\"es_ES\" \/>\n<meta property=\"og:type\" content=\"article\" \/>\n<meta property=\"og:title\" content=\"El M\u00e9dico. El Musical - Altea Cultural\" \/>\n<meta property=\"og:description\" content=\"Mi\u00e9rcoles 15 de diciembre | 20:15 horas | Palau Altea (Se anula la funci\u00f3n de martes 14\/dic, s\u00f3lo se [&hellip;]\" \/>\n<meta property=\"og:url\" content=\"https:\/\/www.alteacultural.com\/es\/events\/el-medico-el-musical\/\" \/>\n<meta property=\"og:site_name\" content=\"Altea Cultural\" \/>\n<meta property=\"article:modified_time\" content=\"2021-12-14T10:58:35+00:00\" \/>\n<meta property=\"og:image\" content=\"https:\/\/www.alteacultural.com\/wp-content\/uploads\/2021\/12\/medicoban.jpg\" \/>\n\t<meta property=\"og:image:width\" content=\"1360\" \/>\n\t<meta property=\"og:image:height\" content=\"910\" \/>\n\t<meta property=\"og:image:type\" content=\"image\/jpeg\" \/>\n<meta name=\"twitter:card\" content=\"summary_large_image\" \/>\n<meta name=\"twitter:label1\" content=\"Tiempo de lectura\" \/>\n\t<meta name=\"twitter:data1\" content=\"2 minutos\" \/>\n<script type=\"application\/ld+json\" class=\"yoast-schema-graph\">{\"@context\":\"https:\/\/schema.org\",\"@graph\":[{\"@type\":\"WebPage\",\"@id\":\"https:\/\/www.alteacultural.com\/es\/events\/el-medico-el-musical\/\",\"url\":\"https:\/\/www.alteacultural.com\/es\/events\/el-medico-el-musical\/\",\"name\":\"El M\u00e9dico. El Musical - Altea Cultural\",\"isPartOf\":{\"@id\":\"https:\/\/www.alteacultural.com\/es\/#website\"},\"primaryImageOfPage\":{\"@id\":\"https:\/\/www.alteacultural.com\/es\/events\/el-medico-el-musical\/#primaryimage\"},\"image\":{\"@id\":\"https:\/\/www.alteacultural.com\/es\/events\/el-medico-el-musical\/#primaryimage\"},\"thumbnailUrl\":\"https:\/\/www.alteacultural.com\/wp-content\/uploads\/2021\/12\/medicoban.jpg\",\"datePublished\":\"2021-12-02T11:10:59+00:00\",\"dateModified\":\"2021-12-14T10:58:35+00:00\",\"breadcrumb\":{\"@id\":\"https:\/\/www.alteacultural.com\/es\/events\/el-medico-el-musical\/#breadcrumb\"},\"inLanguage\":\"es\",\"potentialAction\":[{\"@type\":\"ReadAction\",\"target\":[\"https:\/\/www.alteacultural.com\/es\/events\/el-medico-el-musical\/\"]}]},{\"@type\":\"ImageObject\",\"inLanguage\":\"es\",\"@id\":\"https:\/\/www.alteacultural.com\/es\/events\/el-medico-el-musical\/#primaryimage\",\"url\":\"https:\/\/www.alteacultural.com\/wp-content\/uploads\/2021\/12\/medicoban.jpg\",\"contentUrl\":\"https:\/\/www.alteacultural.com\/wp-content\/uploads\/2021\/12\/medicoban.jpg\",\"width\":1360,\"height\":910},{\"@type\":\"BreadcrumbList\",\"@id\":\"https:\/\/www.alteacultural.com\/es\/events\/el-medico-el-musical\/#breadcrumb\",\"itemListElement\":[{\"@type\":\"ListItem\",\"position\":1,\"name\":\"Inici\",\"item\":\"https:\/\/www.alteacultural.com\/es\/\"},{\"@type\":\"ListItem\",\"position\":2,\"name\":\"Eventos\",\"item\":\"https:\/\/www.alteacultural.com\/es\/events\/\"},{\"@type\":\"ListItem\",\"position\":3,\"name\":\"El M\u00e9dico. El Musical\"}]},{\"@type\":\"WebSite\",\"@id\":\"https:\/\/www.alteacultural.com\/es\/#website\",\"url\":\"https:\/\/www.alteacultural.com\/es\/\",\"name\":\"Altea Cultural\",\"description\":\"Regidoria de Cultura de l&#039;Ajuntament d&#039;Altea\",\"potentialAction\":[{\"@type\":\"SearchAction\",\"target\":{\"@type\":\"EntryPoint\",\"urlTemplate\":\"https:\/\/www.alteacultural.com\/es\/?s={search_term_string}\"},\"query-input\":\"required name=search_term_string\"}],\"inLanguage\":\"es\"}]}<\/script>\n<!-- \/ Yoast SEO plugin. -->","yoast_head_json":{"title":"El M\u00e9dico. El Musical - Altea Cultural","robots":{"index":"index","follow":"follow","max-snippet":"max-snippet:-1","max-image-preview":"max-image-preview:large","max-video-preview":"max-video-preview:-1"},"canonical":"https:\/\/www.alteacultural.com\/es\/events\/el-medico-el-musical\/","og_locale":"es_ES","og_type":"article","og_title":"El M\u00e9dico. El Musical - Altea Cultural","og_description":"Mi\u00e9rcoles 15 de diciembre | 20:15 horas | Palau Altea (Se anula la funci\u00f3n de martes 14\/dic, s\u00f3lo se [&hellip;]","og_url":"https:\/\/www.alteacultural.com\/es\/events\/el-medico-el-musical\/","og_site_name":"Altea Cultural","article_modified_time":"2021-12-14T10:58:35+00:00","og_image":[{"width":1360,"height":910,"url":"https:\/\/www.alteacultural.com\/wp-content\/uploads\/2021\/12\/medicoban.jpg","type":"image\/jpeg"}],"twitter_card":"summary_large_image","twitter_misc":{"Tiempo de lectura":"2 minutos"},"schema":{"@context":"https:\/\/schema.org","@graph":[{"@type":"WebPage","@id":"https:\/\/www.alteacultural.com\/es\/events\/el-medico-el-musical\/","url":"https:\/\/www.alteacultural.com\/es\/events\/el-medico-el-musical\/","name":"El M\u00e9dico. El Musical - Altea Cultural","isPartOf":{"@id":"https:\/\/www.alteacultural.com\/es\/#website"},"primaryImageOfPage":{"@id":"https:\/\/www.alteacultural.com\/es\/events\/el-medico-el-musical\/#primaryimage"},"image":{"@id":"https:\/\/www.alteacultural.com\/es\/events\/el-medico-el-musical\/#primaryimage"},"thumbnailUrl":"https:\/\/www.alteacultural.com\/wp-content\/uploads\/2021\/12\/medicoban.jpg","datePublished":"2021-12-02T11:10:59+00:00","dateModified":"2021-12-14T10:58:35+00:00","breadcrumb":{"@id":"https:\/\/www.alteacultural.com\/es\/events\/el-medico-el-musical\/#breadcrumb"},"inLanguage":"es","potentialAction":[{"@type":"ReadAction","target":["https:\/\/www.alteacultural.com\/es\/events\/el-medico-el-musical\/"]}]},{"@type":"ImageObject","inLanguage":"es","@id":"https:\/\/www.alteacultural.com\/es\/events\/el-medico-el-musical\/#primaryimage","url":"https:\/\/www.alteacultural.com\/wp-content\/uploads\/2021\/12\/medicoban.jpg","contentUrl":"https:\/\/www.alteacultural.com\/wp-content\/uploads\/2021\/12\/medicoban.jpg","width":1360,"height":910},{"@type":"BreadcrumbList","@id":"https:\/\/www.alteacultural.com\/es\/events\/el-medico-el-musical\/#breadcrumb","itemListElement":[{"@type":"ListItem","position":1,"name":"Inici","item":"https:\/\/www.alteacultural.com\/es\/"},{"@type":"ListItem","position":2,"name":"Eventos","item":"https:\/\/www.alteacultural.com\/es\/events\/"},{"@type":"ListItem","position":3,"name":"El M\u00e9dico. El Musical"}]},{"@type":"WebSite","@id":"https:\/\/www.alteacultural.com\/es\/#website","url":"https:\/\/www.alteacultural.com\/es\/","name":"Altea Cultural","description":"Regidoria de Cultura de l&#039;Ajuntament d&#039;Altea","potentialAction":[{"@type":"SearchAction","target":{"@type":"EntryPoint","urlTemplate":"https:\/\/www.alteacultural.com\/es\/?s={search_term_string}"},"query-input":"required name=search_term_string"}],"inLanguage":"es"}]}},"mec_cost":"desde 25\u20ac","mec_date":{"start":{"date":"2021-12-15","hour":8,"minutes":"15","ampm":"PM"},"end":{"date":"2021-12-15","hour":8,"minutes":"15","ampm":"PM"},"comment":"","repeat":{"type":"daily","interval":"1","advanced":"","end":"never","end_at_date":"","end_at_occurrences":"10"}},"_links":{"self":[{"href":"https:\/\/www.alteacultural.com\/es\/wp-json\/wp\/v2\/mec-events\/12741"}],"collection":[{"href":"https:\/\/www.alteacultural.com\/es\/wp-json\/wp\/v2\/mec-events"}],"about":[{"href":"https:\/\/www.alteacultural.com\/es\/wp-json\/wp\/v2\/types\/mec-events"}],"author":[{"embeddable":true,"href":"https:\/\/www.alteacultural.com\/es\/wp-json\/wp\/v2\/users\/1"}],"replies":[{"embeddable":true,"href":"https:\/\/www.alteacultural.com\/es\/wp-json\/wp\/v2\/comments?post=12741"}],"wp:featuredmedia":[{"embeddable":true,"href":"https:\/\/www.alteacultural.com\/es\/wp-json\/wp\/v2\/media\/12740"}],"wp:attachment":[{"href":"https:\/\/www.alteacultural.com\/es\/wp-json\/wp\/v2\/media?parent=12741"}],"curies":[{"name":"wp","href":"https:\/\/api.w.org\/{rel}","templated":true}]}}

El Médico. El Musical

<p><strong>Miércoles 15 de diciembre | 20:15 horas | Palau Altea<br />
(Se anula la función de martes 14/dic, sólo se realizará la función del miércoles 15/dic)</strong></p>
<p>Puede adquirir sus entrada online en el botón entradas o en la taquilla de la Casa de Cultura:<br />
Martes y jueves: 10:00 a 14:00<br />
Jueves: 17:00 a 20:00</p>
<p>&nbsp;</p>
<p>La vida del pequeño Rob J. Cole cambia el día que queda huérfano y descubre que posee un insólito don en sus manos: puede predecir la muerte. Adoptado como aprendiz por un cirujano barbero, Rob recorre Inglaterra descubriendo la vida, la disciplina y la curiosidad por aprender. Con diecinueve años, un médico judío le habla de la lejana Persia, donde existe una escuela de medicina dirigida por el mejor médico de la época: Avicena.<br />
Rob parte hacia la aventura, dispuesto a cruzar medio mundo para convertirse en médico. Mientras viaja en una caravana a través del desierto conoce a Mary, una chica escocesa que le hará recordar sus orígenes y marcará sus planes de futuro.<br />
Nada será fácil para Rob en Ispahan, ni hacerse pasar por judío para que se le permita estudiar ni su relación con el Sha, que se encapricha de su amistad. Pronto se convierte en un alumno aventajado de Avicena, pero una plaga, la guerra y un rey déspota pondrán a prueba la vida de Rob. Sólo la amistad, su vocación y el amor le empujarán a sobrevivir.</p>
<p>&nbsp;</p>
<p>Tráiler :</p>
<p><center><br />
<iframe title="YouTube video player" data-src="https://www.youtube.com/embed/diSPJ56GyrA" width="560" height="315" frameborder="0" allowfullscreen="allowfullscreen" src="data:image/gif;base64,R0lGODlhAQABAAAAACH5BAEKAAEALAAAAAABAAEAAAICTAEAOw==" class="lazyload" data-load-mode="1"></iframe></center>&nbsp;</p>

<p>Miércoles 15 de diciembre | 20:15 horas | Palau Altea (Se anula la función de martes 14/dic, sólo se [&hellip;]</p>

<!-- This site is optimized with the Yoast SEO plugin v22.8 - https://yoast.com/wordpress/plugins/seo/ -->
<title>El Médico. El Musical - Altea Cultural</title>
<meta name="robots" content="index, follow, max-snippet:-1, max-image-preview:large, max-video-preview:-1" />
<link rel="canonical" href="https://www.alteacultural.com/es/events/el-medico-el-musical/" />
<meta property="og:locale" content="es_ES" />
<meta property="og:type" content="article" />
<meta property="og:title" content="El Médico. El Musical - Altea Cultural" />
<meta property="og:description" content="Miércoles 15 de diciembre | 20:15 horas | Palau Altea (Se anula la función de martes 14/dic, sólo se [&hellip;]" />
<meta property="og:url" content="https://www.alteacultural.com/es/events/el-medico-el-musical/" />
<meta property="og:site_name" content="Altea Cultural" />
<meta property="article:modified_time" content="2021-12-14T10:58:35+00:00" />
<meta property="og:image" content="https://www.alteacultural.com/wp-content/uploads/2021/12/medicoban.jpg" />
	<meta property="og:image:width" content="1360" />
	<meta property="og:image:height" content="910" />
	<meta property="og:image:type" content="image/jpeg" />
<meta name="twitter:card" content="summary_large_image" />
<meta name="twitter:label1" content="Tiempo de lectura" />
	<meta name="twitter:data1" content="2 minutos" />
<script type="application/ld+json" class="yoast-schema-graph">{"@context":"https://schema.org","@graph":[{"@type":"WebPage","@id":"https://www.alteacultural.com/es/events/el-medico-el-musical/","url":"https://www.alteacultural.com/es/events/el-medico-el-musical/","name":"El Médico. El Musical - Altea Cultural","isPartOf":{"@id":"https://www.alteacultural.com/es/#website"},"primaryImageOfPage":{"@id":"https://www.alteacultural.com/es/events/el-medico-el-musical/#primaryimage"},"image":{"@id":"https://www.alteacultural.com/es/events/el-medico-el-musical/#primaryimage"},"thumbnailUrl":"https://www.alteacultural.com/wp-content/uploads/2021/12/medicoban.jpg","datePublished":"2021-12-02T11:10:59+00:00","dateModified":"2021-12-14T10:58:35+00:00","breadcrumb":{"@id":"https://www.alteacultural.com/es/events/el-medico-el-musical/#breadcrumb"},"inLanguage":"es","potentialAction":[{"@type":"ReadAction","target":["https://www.alteacultural.com/es/events/el-medico-el-musical/"]}]},{"@type":"ImageObject","inLanguage":"es","@id":"https://www.alteacultural.com/es/events/el-medico-el-musical/#primaryimage","url":"https://www.alteacultural.com/wp-content/uploads/2021/12/medicoban.jpg","contentUrl":"https://www.alteacultural.com/wp-content/uploads/2021/12/medicoban.jpg","width":1360,"height":910},{"@type":"BreadcrumbList","@id":"https://www.alteacultural.com/es/events/el-medico-el-musical/#breadcrumb","itemListElement":[{"@type":"ListItem","position":1,"name":"Inici","item":"https://www.alteacultural.com/es/"},{"@type":"ListItem","position":2,"name":"Eventos","item":"https://www.alteacultural.com/es/events/"},{"@type":"ListItem","position":3,"name":"El Médico. El Musical"}]},{"@type":"WebSite","@id":"https://www.alteacultural.com/es/#website","url":"https://www.alteacultural.com/es/","name":"Altea Cultural","description":"Regidoria de Cultura de l&#039;Ajuntament d&#039;Altea","potentialAction":[{"@type":"SearchAction","target":{"@type":"EntryPoint","urlTemplate":"https://www.alteacultural.com/es/?s={search_term_string}"},"query-input":"required name=search_term_string"}],"inLanguage":"es"}]}</script>
<!-- / Yoast SEO plugin. -->

El Médico. El Musical - Altea Cultural

Miércoles 15 de diciembre | 20:15 horas | Palau Altea (Se anula la función de martes 14/dic, sólo se [&hellip;]
