{"id":13332,"date":"2021-12-17T23:18:05","date_gmt":"2021-12-17T22:18:05","guid":{"rendered":"https:\/\/www.alteacultural.com\/events\/cuento-de-navidad\/"},"modified":"2021-12-23T20:23:42","modified_gmt":"2021-12-23T19:23:42","slug":"cuento-de-navidad","status":"publish","type":"mec-events","link":"https:\/\/www.alteacultural.com\/es\/events\/cuento-de-navidad\/","title":{"rendered":"Cuento de Navidad"},"content":{"rendered":"<p>26-dic \u00b7 18:00 h \u00b7 Palau Altea<br \/>\n<strong>Cuento de Navidad<\/strong><br \/>\nTeatro<\/p>\n<p>Entrada entre 11-21\u20ac<\/p>\n<p>Esta versi\u00f3n actual del cl\u00e1sico \u00abCuento de Navidad\u00bb narra en una versi\u00f3n divertida y moderna la historia del avaro Scrooge, a quien durante una Noche Buena, solo en su casa, se le aparecer\u00e1n en una noche tres esp\u00edritus, que representan su pasado, su presente y su futuro.<\/p>\n<p>Tras esta visita y tras visionar la soledad y la muerte que le aguardan debido a que no tiene amigos ni familia, en esta versi\u00f3n, adaptada a nuestro entorno cotidiano, evocaremos nostalg\u00eda, diversi\u00f3n y calor de hogar. Un imprescindible para disfrutarlo en familia en Navidad.<\/p>\n<p>Una obra de Mingo Ruano basada en el cl\u00e1sico de Charles Dickens. Versi\u00f3n de Luis O&#8217; Malley.<\/p>\n","protected":false},"excerpt":{"rendered":"<p>26-dic \u00b7 18:00 h \u00b7 Palau Altea Cuento de Navidad Teatro Entrada entre 11-21\u20ac Esta versi\u00f3n actual del cl\u00e1sico [&hellip;]<\/p>\n","protected":false},"author":1,"featured_media":13331,"comment_status":"open","ping_status":"closed","template":"","meta":{"_expiration-date-status":"saved","_expiration-date":0,"_expiration-date-type":"","_expiration-date-categories":[],"_expiration-date-options":[]},"yoast_head":"<!-- This site is optimized with the Yoast SEO plugin v22.8 - https:\/\/yoast.com\/wordpress\/plugins\/seo\/ -->\n<title>Cuento de Navidad - Altea Cultural<\/title>\n<meta name=\"robots\" content=\"index, follow, max-snippet:-1, max-image-preview:large, max-video-preview:-1\" \/>\n<link rel=\"canonical\" href=\"https:\/\/www.alteacultural.com\/es\/events\/cuento-de-navidad\/\" \/>\n<meta property=\"og:locale\" content=\"es_ES\" \/>\n<meta property=\"og:type\" content=\"article\" \/>\n<meta property=\"og:title\" content=\"Cuento de Navidad - Altea Cultural\" \/>\n<meta property=\"og:description\" content=\"26-dic \u00b7 18:00 h \u00b7 Palau Altea Cuento de Navidad Teatro Entrada entre 11-21\u20ac Esta versi\u00f3n actual del cl\u00e1sico [&hellip;]\" \/>\n<meta property=\"og:url\" content=\"https:\/\/www.alteacultural.com\/es\/events\/cuento-de-navidad\/\" \/>\n<meta property=\"og:site_name\" content=\"Altea Cultural\" \/>\n<meta property=\"article:modified_time\" content=\"2021-12-23T19:23:42+00:00\" \/>\n<meta property=\"og:image\" content=\"https:\/\/www.alteacultural.com\/wp-content\/uploads\/2021\/12\/m_banner.jpg\" \/>\n\t<meta property=\"og:image:width\" content=\"1360\" \/>\n\t<meta property=\"og:image:height\" content=\"910\" \/>\n\t<meta property=\"og:image:type\" content=\"image\/jpeg\" \/>\n<meta name=\"twitter:card\" content=\"summary_large_image\" \/>\n<meta name=\"twitter:label1\" content=\"Tiempo de lectura\" \/>\n\t<meta name=\"twitter:data1\" content=\"1 minuto\" \/>\n<script type=\"application\/ld+json\" class=\"yoast-schema-graph\">{\"@context\":\"https:\/\/schema.org\",\"@graph\":[{\"@type\":\"WebPage\",\"@id\":\"https:\/\/www.alteacultural.com\/es\/events\/cuento-de-navidad\/\",\"url\":\"https:\/\/www.alteacultural.com\/es\/events\/cuento-de-navidad\/\",\"name\":\"Cuento de Navidad - Altea Cultural\",\"isPartOf\":{\"@id\":\"https:\/\/www.alteacultural.com\/es\/#website\"},\"primaryImageOfPage\":{\"@id\":\"https:\/\/www.alteacultural.com\/es\/events\/cuento-de-navidad\/#primaryimage\"},\"image\":{\"@id\":\"https:\/\/www.alteacultural.com\/es\/events\/cuento-de-navidad\/#primaryimage\"},\"thumbnailUrl\":\"https:\/\/www.alteacultural.com\/wp-content\/uploads\/2021\/12\/m_banner.jpg\",\"datePublished\":\"2021-12-17T22:18:05+00:00\",\"dateModified\":\"2021-12-23T19:23:42+00:00\",\"breadcrumb\":{\"@id\":\"https:\/\/www.alteacultural.com\/es\/events\/cuento-de-navidad\/#breadcrumb\"},\"inLanguage\":\"es\",\"potentialAction\":[{\"@type\":\"ReadAction\",\"target\":[\"https:\/\/www.alteacultural.com\/es\/events\/cuento-de-navidad\/\"]}]},{\"@type\":\"ImageObject\",\"inLanguage\":\"es\",\"@id\":\"https:\/\/www.alteacultural.com\/es\/events\/cuento-de-navidad\/#primaryimage\",\"url\":\"https:\/\/www.alteacultural.com\/wp-content\/uploads\/2021\/12\/m_banner.jpg\",\"contentUrl\":\"https:\/\/www.alteacultural.com\/wp-content\/uploads\/2021\/12\/m_banner.jpg\",\"width\":1360,\"height\":910},{\"@type\":\"BreadcrumbList\",\"@id\":\"https:\/\/www.alteacultural.com\/es\/events\/cuento-de-navidad\/#breadcrumb\",\"itemListElement\":[{\"@type\":\"ListItem\",\"position\":1,\"name\":\"Inici\",\"item\":\"https:\/\/www.alteacultural.com\/es\/\"},{\"@type\":\"ListItem\",\"position\":2,\"name\":\"Eventos\",\"item\":\"https:\/\/www.alteacultural.com\/es\/events\/\"},{\"@type\":\"ListItem\",\"position\":3,\"name\":\"Cuento de Navidad\"}]},{\"@type\":\"WebSite\",\"@id\":\"https:\/\/www.alteacultural.com\/es\/#website\",\"url\":\"https:\/\/www.alteacultural.com\/es\/\",\"name\":\"Altea Cultural\",\"description\":\"Regidoria de Cultura de l&#039;Ajuntament d&#039;Altea\",\"potentialAction\":[{\"@type\":\"SearchAction\",\"target\":{\"@type\":\"EntryPoint\",\"urlTemplate\":\"https:\/\/www.alteacultural.com\/es\/?s={search_term_string}\"},\"query-input\":\"required name=search_term_string\"}],\"inLanguage\":\"es\"}]}<\/script>\n<!-- \/ Yoast SEO plugin. -->","yoast_head_json":{"title":"Cuento de Navidad - Altea Cultural","robots":{"index":"index","follow":"follow","max-snippet":"max-snippet:-1","max-image-preview":"max-image-preview:large","max-video-preview":"max-video-preview:-1"},"canonical":"https:\/\/www.alteacultural.com\/es\/events\/cuento-de-navidad\/","og_locale":"es_ES","og_type":"article","og_title":"Cuento de Navidad - Altea Cultural","og_description":"26-dic \u00b7 18:00 h \u00b7 Palau Altea Cuento de Navidad Teatro Entrada entre 11-21\u20ac Esta versi\u00f3n actual del cl\u00e1sico [&hellip;]","og_url":"https:\/\/www.alteacultural.com\/es\/events\/cuento-de-navidad\/","og_site_name":"Altea Cultural","article_modified_time":"2021-12-23T19:23:42+00:00","og_image":[{"width":1360,"height":910,"url":"https:\/\/www.alteacultural.com\/wp-content\/uploads\/2021\/12\/m_banner.jpg","type":"image\/jpeg"}],"twitter_card":"summary_large_image","twitter_misc":{"Tiempo de lectura":"1 minuto"},"schema":{"@context":"https:\/\/schema.org","@graph":[{"@type":"WebPage","@id":"https:\/\/www.alteacultural.com\/es\/events\/cuento-de-navidad\/","url":"https:\/\/www.alteacultural.com\/es\/events\/cuento-de-navidad\/","name":"Cuento de Navidad - Altea Cultural","isPartOf":{"@id":"https:\/\/www.alteacultural.com\/es\/#website"},"primaryImageOfPage":{"@id":"https:\/\/www.alteacultural.com\/es\/events\/cuento-de-navidad\/#primaryimage"},"image":{"@id":"https:\/\/www.alteacultural.com\/es\/events\/cuento-de-navidad\/#primaryimage"},"thumbnailUrl":"https:\/\/www.alteacultural.com\/wp-content\/uploads\/2021\/12\/m_banner.jpg","datePublished":"2021-12-17T22:18:05+00:00","dateModified":"2021-12-23T19:23:42+00:00","breadcrumb":{"@id":"https:\/\/www.alteacultural.com\/es\/events\/cuento-de-navidad\/#breadcrumb"},"inLanguage":"es","potentialAction":[{"@type":"ReadAction","target":["https:\/\/www.alteacultural.com\/es\/events\/cuento-de-navidad\/"]}]},{"@type":"ImageObject","inLanguage":"es","@id":"https:\/\/www.alteacultural.com\/es\/events\/cuento-de-navidad\/#primaryimage","url":"https:\/\/www.alteacultural.com\/wp-content\/uploads\/2021\/12\/m_banner.jpg","contentUrl":"https:\/\/www.alteacultural.com\/wp-content\/uploads\/2021\/12\/m_banner.jpg","width":1360,"height":910},{"@type":"BreadcrumbList","@id":"https:\/\/www.alteacultural.com\/es\/events\/cuento-de-navidad\/#breadcrumb","itemListElement":[{"@type":"ListItem","position":1,"name":"Inici","item":"https:\/\/www.alteacultural.com\/es\/"},{"@type":"ListItem","position":2,"name":"Eventos","item":"https:\/\/www.alteacultural.com\/es\/events\/"},{"@type":"ListItem","position":3,"name":"Cuento de Navidad"}]},{"@type":"WebSite","@id":"https:\/\/www.alteacultural.com\/es\/#website","url":"https:\/\/www.alteacultural.com\/es\/","name":"Altea Cultural","description":"Regidoria de Cultura de l&#039;Ajuntament d&#039;Altea","potentialAction":[{"@type":"SearchAction","target":{"@type":"EntryPoint","urlTemplate":"https:\/\/www.alteacultural.com\/es\/?s={search_term_string}"},"query-input":"required name=search_term_string"}],"inLanguage":"es"}]}},"mec_cost":"11-21\u20ac","mec_date":{"start":{"date":"2021-12-26","hour":6,"minutes":"0","ampm":"PM"},"end":{"date":"2021-12-26","hour":7,"minutes":"0","ampm":"PM"},"comment":"","repeat":{"type":"daily","interval":"1","advanced":"","end":"never","end_at_date":"","end_at_occurrences":"10"}},"_links":{"self":[{"href":"https:\/\/www.alteacultural.com\/es\/wp-json\/wp\/v2\/mec-events\/13332"}],"collection":[{"href":"https:\/\/www.alteacultural.com\/es\/wp-json\/wp\/v2\/mec-events"}],"about":[{"href":"https:\/\/www.alteacultural.com\/es\/wp-json\/wp\/v2\/types\/mec-events"}],"author":[{"embeddable":true,"href":"https:\/\/www.alteacultural.com\/es\/wp-json\/wp\/v2\/users\/1"}],"replies":[{"embeddable":true,"href":"https:\/\/www.alteacultural.com\/es\/wp-json\/wp\/v2\/comments?post=13332"}],"wp:featuredmedia":[{"embeddable":true,"href":"https:\/\/www.alteacultural.com\/es\/wp-json\/wp\/v2\/media\/13331"}],"wp:attachment":[{"href":"https:\/\/www.alteacultural.com\/es\/wp-json\/wp\/v2\/media?parent=13332"}],"curies":[{"name":"wp","href":"https:\/\/api.w.org\/{rel}","templated":true}]}}

<p>26-dic · 18:00 h · Palau Altea<br />
<strong>Cuento de Navidad</strong><br />
Teatro</p>
<p>Entrada entre 11-21€</p>
<p>Esta versión actual del clásico «Cuento de Navidad» narra en una versión divertida y moderna la historia del avaro Scrooge, a quien durante una Noche Buena, solo en su casa, se le aparecerán en una noche tres espíritus, que representan su pasado, su presente y su futuro.</p>
<p>Tras esta visita y tras visionar la soledad y la muerte que le aguardan debido a que no tiene amigos ni familia, en esta versión, adaptada a nuestro entorno cotidiano, evocaremos nostalgía, diversión y calor de hogar. Un imprescindible para disfrutarlo en familia en Navidad.</p>
<p>Una obra de Mingo Ruano basada en el clásico de Charles Dickens. Versión de Luis O&#8217; Malley.</p>

<p>26-dic · 18:00 h · Palau Altea Cuento de Navidad Teatro Entrada entre 11-21€ Esta versión actual del clásico [&hellip;]</p>

<!-- This site is optimized with the Yoast SEO plugin v22.8 - https://yoast.com/wordpress/plugins/seo/ -->
<title>Cuento de Navidad - Altea Cultural</title>
<meta name="robots" content="index, follow, max-snippet:-1, max-image-preview:large, max-video-preview:-1" />
<link rel="canonical" href="https://www.alteacultural.com/es/events/cuento-de-navidad/" />
<meta property="og:locale" content="es_ES" />
<meta property="og:type" content="article" />
<meta property="og:title" content="Cuento de Navidad - Altea Cultural" />
<meta property="og:description" content="26-dic · 18:00 h · Palau Altea Cuento de Navidad Teatro Entrada entre 11-21€ Esta versión actual del clásico [&hellip;]" />
<meta property="og:url" content="https://www.alteacultural.com/es/events/cuento-de-navidad/" />
<meta property="og:site_name" content="Altea Cultural" />
<meta property="article:modified_time" content="2021-12-23T19:23:42+00:00" />
<meta property="og:image" content="https://www.alteacultural.com/wp-content/uploads/2021/12/m_banner.jpg" />
	<meta property="og:image:width" content="1360" />
	<meta property="og:image:height" content="910" />
	<meta property="og:image:type" content="image/jpeg" />
<meta name="twitter:card" content="summary_large_image" />
<meta name="twitter:label1" content="Tiempo de lectura" />
	<meta name="twitter:data1" content="1 minuto" />
<script type="application/ld+json" class="yoast-schema-graph">{"@context":"https://schema.org","@graph":[{"@type":"WebPage","@id":"https://www.alteacultural.com/es/events/cuento-de-navidad/","url":"https://www.alteacultural.com/es/events/cuento-de-navidad/","name":"Cuento de Navidad - Altea Cultural","isPartOf":{"@id":"https://www.alteacultural.com/es/#website"},"primaryImageOfPage":{"@id":"https://www.alteacultural.com/es/events/cuento-de-navidad/#primaryimage"},"image":{"@id":"https://www.alteacultural.com/es/events/cuento-de-navidad/#primaryimage"},"thumbnailUrl":"https://www.alteacultural.com/wp-content/uploads/2021/12/m_banner.jpg","datePublished":"2021-12-17T22:18:05+00:00","dateModified":"2021-12-23T19:23:42+00:00","breadcrumb":{"@id":"https://www.alteacultural.com/es/events/cuento-de-navidad/#breadcrumb"},"inLanguage":"es","potentialAction":[{"@type":"ReadAction","target":["https://www.alteacultural.com/es/events/cuento-de-navidad/"]}]},{"@type":"ImageObject","inLanguage":"es","@id":"https://www.alteacultural.com/es/events/cuento-de-navidad/#primaryimage","url":"https://www.alteacultural.com/wp-content/uploads/2021/12/m_banner.jpg","contentUrl":"https://www.alteacultural.com/wp-content/uploads/2021/12/m_banner.jpg","width":1360,"height":910},{"@type":"BreadcrumbList","@id":"https://www.alteacultural.com/es/events/cuento-de-navidad/#breadcrumb","itemListElement":[{"@type":"ListItem","position":1,"name":"Inici","item":"https://www.alteacultural.com/es/"},{"@type":"ListItem","position":2,"name":"Eventos","item":"https://www.alteacultural.com/es/events/"},{"@type":"ListItem","position":3,"name":"Cuento de Navidad"}]},{"@type":"WebSite","@id":"https://www.alteacultural.com/es/#website","url":"https://www.alteacultural.com/es/","name":"Altea Cultural","description":"Regidoria de Cultura de l&#039;Ajuntament d&#039;Altea","potentialAction":[{"@type":"SearchAction","target":{"@type":"EntryPoint","urlTemplate":"https://www.alteacultural.com/es/?s={search_term_string}"},"query-input":"required name=search_term_string"}],"inLanguage":"es"}]}</script>
<!-- / Yoast SEO plugin. -->

26-dic · 18:00 h · Palau Altea Cuento de Navidad Teatro Entrada entre 11-21€ Esta versión actual del clásico [&hellip;]
