{"id":13711,"date":"2022-01-14T10:20:33","date_gmt":"2022-01-14T09:20:33","guid":{"rendered":"https:\/\/www.alteacultural.com\/events\/un-hombre-de-paso\/"},"modified":"2022-01-25T16:30:42","modified_gmt":"2022-01-25T15:30:42","slug":"un-hombre-de-paso","status":"publish","type":"mec-events","link":"https:\/\/www.alteacultural.com\/es\/events\/un-hombre-de-paso\/","title":{"rendered":"Un hombre de paso"},"content":{"rendered":"<p>5 de marzo | 19:00 h | Palau Altea<\/p>\n<p>1984, la historia se desarrolla en el bar de un hotel llamado \u201cRoma\u201d situado en la ciudad de Tur\u00edn. Un hombre de unos 30 a\u00f1os llamado CLAUDE habla por tel\u00e9fono. Por su conversaci\u00f3n, nerviosa, irritada incluso, nos enteramos de que se trata de un periodista franc\u00e9s. Nada m\u00e1s colgar el tel\u00e9fono de entre las sombras surge un hombre menudo. Es PRIMO LEVI, escritor, qu\u00edmico de profesi\u00f3n, y superviviente del Campo de Exterminio de Auschwitz. Levi acude como \u201ctestigo\u201d a una entrevista que Claude va a mantener con MAURICE ROSSEL, de nacionalidad suiza, antiguo miembro de la Cruz Roja Internacional durante los a\u00f1os en los que transcurri\u00f3 la Segunda Guerra Mundial. Por puro azar, Rossel logr\u00f3 \u201ccolarse\u201d en Auschwitz y hablar con el comandante del Campo.<\/p>\n<p>&nbsp;<\/p>\n<p><img fetchpriority=\"high\" decoding=\"async\" class=\"wp-image-13707 aligncenter\" src=\"https:\/\/www.alteacultural.com\/wp-content\/uploads\/2022\/01\/hombre-paso.jpg\" alt=\"\" width=\"750\" height=\"1072\" \/><\/p>\n","protected":false},"excerpt":{"rendered":"<p>5 de marzo | 19:00 h | Palau Altea 1984, la historia se desarrolla en el bar de un [&hellip;]<\/p>\n","protected":false},"author":1,"featured_media":13710,"comment_status":"open","ping_status":"closed","template":"","meta":{"_expiration-date-status":"saved","_expiration-date":0,"_expiration-date-type":"","_expiration-date-categories":[],"_expiration-date-options":[]},"yoast_head":"<!-- This site is optimized with the Yoast SEO plugin v22.8 - https:\/\/yoast.com\/wordpress\/plugins\/seo\/ -->\n<title>Un hombre de paso - Altea Cultural<\/title>\n<meta name=\"robots\" content=\"index, follow, max-snippet:-1, max-image-preview:large, max-video-preview:-1\" \/>\n<link rel=\"canonical\" href=\"https:\/\/www.alteacultural.com\/es\/events\/un-hombre-de-paso\/\" \/>\n<meta property=\"og:locale\" content=\"es_ES\" \/>\n<meta property=\"og:type\" content=\"article\" \/>\n<meta property=\"og:title\" content=\"Un hombre de paso - Altea Cultural\" \/>\n<meta property=\"og:description\" content=\"5 de marzo | 19:00 h | Palau Altea 1984, la historia se desarrolla en el bar de un [&hellip;]\" \/>\n<meta property=\"og:url\" content=\"https:\/\/www.alteacultural.com\/es\/events\/un-hombre-de-paso\/\" \/>\n<meta property=\"og:site_name\" content=\"Altea Cultural\" \/>\n<meta property=\"article:modified_time\" content=\"2022-01-25T15:30:42+00:00\" \/>\n<meta property=\"og:image\" content=\"https:\/\/www.alteacultural.com\/wp-content\/uploads\/2022\/01\/hombrepasobann.jpg\" \/>\n\t<meta property=\"og:image:width\" content=\"2048\" \/>\n\t<meta property=\"og:image:height\" content=\"779\" \/>\n\t<meta property=\"og:image:type\" content=\"image\/jpeg\" \/>\n<meta name=\"twitter:card\" content=\"summary_large_image\" \/>\n<meta name=\"twitter:label1\" content=\"Tiempo de lectura\" \/>\n\t<meta name=\"twitter:data1\" content=\"1 minuto\" \/>\n<script type=\"application\/ld+json\" class=\"yoast-schema-graph\">{\"@context\":\"https:\/\/schema.org\",\"@graph\":[{\"@type\":\"WebPage\",\"@id\":\"https:\/\/www.alteacultural.com\/es\/events\/un-hombre-de-paso\/\",\"url\":\"https:\/\/www.alteacultural.com\/es\/events\/un-hombre-de-paso\/\",\"name\":\"Un hombre de paso - Altea Cultural\",\"isPartOf\":{\"@id\":\"https:\/\/www.alteacultural.com\/es\/#website\"},\"primaryImageOfPage\":{\"@id\":\"https:\/\/www.alteacultural.com\/es\/events\/un-hombre-de-paso\/#primaryimage\"},\"image\":{\"@id\":\"https:\/\/www.alteacultural.com\/es\/events\/un-hombre-de-paso\/#primaryimage\"},\"thumbnailUrl\":\"https:\/\/www.alteacultural.com\/wp-content\/uploads\/2022\/01\/hombrepasobann.jpg\",\"datePublished\":\"2022-01-14T09:20:33+00:00\",\"dateModified\":\"2022-01-25T15:30:42+00:00\",\"breadcrumb\":{\"@id\":\"https:\/\/www.alteacultural.com\/es\/events\/un-hombre-de-paso\/#breadcrumb\"},\"inLanguage\":\"es\",\"potentialAction\":[{\"@type\":\"ReadAction\",\"target\":[\"https:\/\/www.alteacultural.com\/es\/events\/un-hombre-de-paso\/\"]}]},{\"@type\":\"ImageObject\",\"inLanguage\":\"es\",\"@id\":\"https:\/\/www.alteacultural.com\/es\/events\/un-hombre-de-paso\/#primaryimage\",\"url\":\"https:\/\/www.alteacultural.com\/wp-content\/uploads\/2022\/01\/hombrepasobann.jpg\",\"contentUrl\":\"https:\/\/www.alteacultural.com\/wp-content\/uploads\/2022\/01\/hombrepasobann.jpg\",\"width\":2048,\"height\":779},{\"@type\":\"BreadcrumbList\",\"@id\":\"https:\/\/www.alteacultural.com\/es\/events\/un-hombre-de-paso\/#breadcrumb\",\"itemListElement\":[{\"@type\":\"ListItem\",\"position\":1,\"name\":\"Inici\",\"item\":\"https:\/\/www.alteacultural.com\/es\/\"},{\"@type\":\"ListItem\",\"position\":2,\"name\":\"Eventos\",\"item\":\"https:\/\/www.alteacultural.com\/es\/events\/\"},{\"@type\":\"ListItem\",\"position\":3,\"name\":\"Un hombre de paso\"}]},{\"@type\":\"WebSite\",\"@id\":\"https:\/\/www.alteacultural.com\/es\/#website\",\"url\":\"https:\/\/www.alteacultural.com\/es\/\",\"name\":\"Altea Cultural\",\"description\":\"Regidoria de Cultura de l&#039;Ajuntament d&#039;Altea\",\"potentialAction\":[{\"@type\":\"SearchAction\",\"target\":{\"@type\":\"EntryPoint\",\"urlTemplate\":\"https:\/\/www.alteacultural.com\/es\/?s={search_term_string}\"},\"query-input\":\"required name=search_term_string\"}],\"inLanguage\":\"es\"}]}<\/script>\n<!-- \/ Yoast SEO plugin. -->","yoast_head_json":{"title":"Un hombre de paso - Altea Cultural","robots":{"index":"index","follow":"follow","max-snippet":"max-snippet:-1","max-image-preview":"max-image-preview:large","max-video-preview":"max-video-preview:-1"},"canonical":"https:\/\/www.alteacultural.com\/es\/events\/un-hombre-de-paso\/","og_locale":"es_ES","og_type":"article","og_title":"Un hombre de paso - Altea Cultural","og_description":"5 de marzo | 19:00 h | Palau Altea 1984, la historia se desarrolla en el bar de un [&hellip;]","og_url":"https:\/\/www.alteacultural.com\/es\/events\/un-hombre-de-paso\/","og_site_name":"Altea Cultural","article_modified_time":"2022-01-25T15:30:42+00:00","og_image":[{"width":2048,"height":779,"url":"https:\/\/www.alteacultural.com\/wp-content\/uploads\/2022\/01\/hombrepasobann.jpg","type":"image\/jpeg"}],"twitter_card":"summary_large_image","twitter_misc":{"Tiempo de lectura":"1 minuto"},"schema":{"@context":"https:\/\/schema.org","@graph":[{"@type":"WebPage","@id":"https:\/\/www.alteacultural.com\/es\/events\/un-hombre-de-paso\/","url":"https:\/\/www.alteacultural.com\/es\/events\/un-hombre-de-paso\/","name":"Un hombre de paso - Altea Cultural","isPartOf":{"@id":"https:\/\/www.alteacultural.com\/es\/#website"},"primaryImageOfPage":{"@id":"https:\/\/www.alteacultural.com\/es\/events\/un-hombre-de-paso\/#primaryimage"},"image":{"@id":"https:\/\/www.alteacultural.com\/es\/events\/un-hombre-de-paso\/#primaryimage"},"thumbnailUrl":"https:\/\/www.alteacultural.com\/wp-content\/uploads\/2022\/01\/hombrepasobann.jpg","datePublished":"2022-01-14T09:20:33+00:00","dateModified":"2022-01-25T15:30:42+00:00","breadcrumb":{"@id":"https:\/\/www.alteacultural.com\/es\/events\/un-hombre-de-paso\/#breadcrumb"},"inLanguage":"es","potentialAction":[{"@type":"ReadAction","target":["https:\/\/www.alteacultural.com\/es\/events\/un-hombre-de-paso\/"]}]},{"@type":"ImageObject","inLanguage":"es","@id":"https:\/\/www.alteacultural.com\/es\/events\/un-hombre-de-paso\/#primaryimage","url":"https:\/\/www.alteacultural.com\/wp-content\/uploads\/2022\/01\/hombrepasobann.jpg","contentUrl":"https:\/\/www.alteacultural.com\/wp-content\/uploads\/2022\/01\/hombrepasobann.jpg","width":2048,"height":779},{"@type":"BreadcrumbList","@id":"https:\/\/www.alteacultural.com\/es\/events\/un-hombre-de-paso\/#breadcrumb","itemListElement":[{"@type":"ListItem","position":1,"name":"Inici","item":"https:\/\/www.alteacultural.com\/es\/"},{"@type":"ListItem","position":2,"name":"Eventos","item":"https:\/\/www.alteacultural.com\/es\/events\/"},{"@type":"ListItem","position":3,"name":"Un hombre de paso"}]},{"@type":"WebSite","@id":"https:\/\/www.alteacultural.com\/es\/#website","url":"https:\/\/www.alteacultural.com\/es\/","name":"Altea Cultural","description":"Regidoria de Cultura de l&#039;Ajuntament d&#039;Altea","potentialAction":[{"@type":"SearchAction","target":{"@type":"EntryPoint","urlTemplate":"https:\/\/www.alteacultural.com\/es\/?s={search_term_string}"},"query-input":"required name=search_term_string"}],"inLanguage":"es"}]}},"mec_cost":"Entrada general 23 \u20ac","mec_date":{"start":{"date":"2022-03-05","hour":7,"minutes":"0","ampm":"PM"},"end":{"date":"2022-03-05","hour":8,"minutes":"0","ampm":"PM"},"comment":"","repeat":{"type":"daily","interval":"1","advanced":"","end":"never","end_at_date":"","end_at_occurrences":"10"}},"_links":{"self":[{"href":"https:\/\/www.alteacultural.com\/es\/wp-json\/wp\/v2\/mec-events\/13711"}],"collection":[{"href":"https:\/\/www.alteacultural.com\/es\/wp-json\/wp\/v2\/mec-events"}],"about":[{"href":"https:\/\/www.alteacultural.com\/es\/wp-json\/wp\/v2\/types\/mec-events"}],"author":[{"embeddable":true,"href":"https:\/\/www.alteacultural.com\/es\/wp-json\/wp\/v2\/users\/1"}],"replies":[{"embeddable":true,"href":"https:\/\/www.alteacultural.com\/es\/wp-json\/wp\/v2\/comments?post=13711"}],"wp:featuredmedia":[{"embeddable":true,"href":"https:\/\/www.alteacultural.com\/es\/wp-json\/wp\/v2\/media\/13710"}],"wp:attachment":[{"href":"https:\/\/www.alteacultural.com\/es\/wp-json\/wp\/v2\/media?parent=13711"}],"curies":[{"name":"wp","href":"https:\/\/api.w.org\/{rel}","templated":true}]}}

<p>5 de marzo | 19:00 h | Palau Altea</p>
<p>1984, la historia se desarrolla en el bar de un hotel llamado “Roma” situado en la ciudad de Turín. Un hombre de unos 30 años llamado CLAUDE habla por teléfono. Por su conversación, nerviosa, irritada incluso, nos enteramos de que se trata de un periodista francés. Nada más colgar el teléfono de entre las sombras surge un hombre menudo. Es PRIMO LEVI, escritor, químico de profesión, y superviviente del Campo de Exterminio de Auschwitz. Levi acude como “testigo” a una entrevista que Claude va a mantener con MAURICE ROSSEL, de nacionalidad suiza, antiguo miembro de la Cruz Roja Internacional durante los años en los que transcurrió la Segunda Guerra Mundial. Por puro azar, Rossel logró “colarse” en Auschwitz y hablar con el comandante del Campo.</p>
<p>&nbsp;</p>
<p><img fetchpriority="high" decoding="async" class="wp-image-13707 aligncenter" src="https://www.alteacultural.com/wp-content/uploads/2022/01/hombre-paso.jpg" alt="" width="750" height="1072" /></p>
