{"id":139,"date":"2020-01-20T14:03:06","date_gmt":"2020-01-20T14:03:06","guid":{"rendered":"https:\/\/www.alteacultural.com\/?post_type=mec-events&#038;p=139"},"modified":"2020-01-20T14:03:06","modified_gmt":"2020-01-20T14:03:06","slug":"concert-a-carrec-del-xocolater-sentiments","status":"publish","type":"mec-events","link":"https:\/\/www.alteacultural.com\/es\/events\/concert-a-carrec-del-xocolater-sentiments\/","title":{"rendered":"Concert a c\u00e0rrec del Xocolater: &#8216;Sentiments&#8217;"},"content":{"rendered":"<p>25-gen.<br \/>\nConcert a c\u00e0rrec del Xocolater: &#8216;Sentiments&#8217;<br \/>\ni presentaci\u00f3 del disc. Entrada lliure.<br \/>\n20:00 h \u00b7 Centre Social Altea<\/p>\n","protected":false},"excerpt":{"rendered":"<p>25-gen. Concert a c\u00e0rrec del Xocolater: &#8216;Sentiments&#8217; i presentaci\u00f3 del disc. Entrada lliure. 20:00 h \u00b7 Centre Social Altea<\/p>\n","protected":false},"author":1,"featured_media":140,"comment_status":"open","ping_status":"closed","template":"","meta":{"_expiration-date-status":"","_expiration-date":0,"_expiration-date-type":"","_expiration-date-categories":[],"_expiration-date-options":[]},"yoast_head":"<!-- This site is optimized with the Yoast SEO plugin v22.8 - https:\/\/yoast.com\/wordpress\/plugins\/seo\/ -->\n<title>Concert a c\u00e0rrec del Xocolater: &#039;Sentiments&#039; - Altea Cultural<\/title>\n<meta name=\"robots\" content=\"index, follow, max-snippet:-1, max-image-preview:large, max-video-preview:-1\" \/>\n<link rel=\"canonical\" href=\"https:\/\/www.alteacultural.com\/es\/events\/concert-a-carrec-del-xocolater-sentiments\/\" \/>\n<meta property=\"og:locale\" content=\"es_ES\" \/>\n<meta property=\"og:type\" content=\"article\" \/>\n<meta property=\"og:title\" content=\"Concert a c\u00e0rrec del Xocolater: &#039;Sentiments&#039; - Altea Cultural\" \/>\n<meta property=\"og:description\" content=\"25-gen. Concert a c\u00e0rrec del Xocolater: &#8216;Sentiments&#8217; i presentaci\u00f3 del disc. Entrada lliure. 20:00 h \u00b7 Centre Social Altea\" \/>\n<meta property=\"og:url\" content=\"https:\/\/www.alteacultural.com\/es\/events\/concert-a-carrec-del-xocolater-sentiments\/\" \/>\n<meta property=\"og:site_name\" content=\"Altea Cultural\" \/>\n<meta property=\"og:image\" content=\"https:\/\/www.alteacultural.com\/wp-content\/uploads\/2020\/01\/82166942_3024372954262176_2985713586023694336_o.jpg\" \/>\n\t<meta property=\"og:image:width\" content=\"679\" \/>\n\t<meta property=\"og:image:height\" content=\"960\" \/>\n\t<meta property=\"og:image:type\" content=\"image\/jpeg\" \/>\n<meta name=\"twitter:card\" content=\"summary_large_image\" \/>\n<script type=\"application\/ld+json\" class=\"yoast-schema-graph\">{\"@context\":\"https:\/\/schema.org\",\"@graph\":[{\"@type\":\"WebPage\",\"@id\":\"https:\/\/www.alteacultural.com\/es\/events\/concert-a-carrec-del-xocolater-sentiments\/\",\"url\":\"https:\/\/www.alteacultural.com\/es\/events\/concert-a-carrec-del-xocolater-sentiments\/\",\"name\":\"Concert a c\u00e0rrec del Xocolater: 'Sentiments' - Altea Cultural\",\"isPartOf\":{\"@id\":\"https:\/\/www.alteacultural.com\/es\/#website\"},\"primaryImageOfPage\":{\"@id\":\"https:\/\/www.alteacultural.com\/es\/events\/concert-a-carrec-del-xocolater-sentiments\/#primaryimage\"},\"image\":{\"@id\":\"https:\/\/www.alteacultural.com\/es\/events\/concert-a-carrec-del-xocolater-sentiments\/#primaryimage\"},\"thumbnailUrl\":\"https:\/\/www.alteacultural.com\/wp-content\/uploads\/2020\/01\/82166942_3024372954262176_2985713586023694336_o.jpg\",\"datePublished\":\"2020-01-20T14:03:06+00:00\",\"dateModified\":\"2020-01-20T14:03:06+00:00\",\"breadcrumb\":{\"@id\":\"https:\/\/www.alteacultural.com\/es\/events\/concert-a-carrec-del-xocolater-sentiments\/#breadcrumb\"},\"inLanguage\":\"es\",\"potentialAction\":[{\"@type\":\"ReadAction\",\"target\":[\"https:\/\/www.alteacultural.com\/es\/events\/concert-a-carrec-del-xocolater-sentiments\/\"]}]},{\"@type\":\"ImageObject\",\"inLanguage\":\"es\",\"@id\":\"https:\/\/www.alteacultural.com\/es\/events\/concert-a-carrec-del-xocolater-sentiments\/#primaryimage\",\"url\":\"https:\/\/www.alteacultural.com\/wp-content\/uploads\/2020\/01\/82166942_3024372954262176_2985713586023694336_o.jpg\",\"contentUrl\":\"https:\/\/www.alteacultural.com\/wp-content\/uploads\/2020\/01\/82166942_3024372954262176_2985713586023694336_o.jpg\",\"width\":679,\"height\":960},{\"@type\":\"BreadcrumbList\",\"@id\":\"https:\/\/www.alteacultural.com\/es\/events\/concert-a-carrec-del-xocolater-sentiments\/#breadcrumb\",\"itemListElement\":[{\"@type\":\"ListItem\",\"position\":1,\"name\":\"Inici\",\"item\":\"https:\/\/www.alteacultural.com\/es\/\"},{\"@type\":\"ListItem\",\"position\":2,\"name\":\"Eventos\",\"item\":\"https:\/\/www.alteacultural.com\/es\/events\/\"},{\"@type\":\"ListItem\",\"position\":3,\"name\":\"Concert a c\u00e0rrec del Xocolater: &#8216;Sentiments&#8217;\"}]},{\"@type\":\"WebSite\",\"@id\":\"https:\/\/www.alteacultural.com\/es\/#website\",\"url\":\"https:\/\/www.alteacultural.com\/es\/\",\"name\":\"Altea Cultural\",\"description\":\"Regidoria de Cultura de l&#039;Ajuntament d&#039;Altea\",\"potentialAction\":[{\"@type\":\"SearchAction\",\"target\":{\"@type\":\"EntryPoint\",\"urlTemplate\":\"https:\/\/www.alteacultural.com\/es\/?s={search_term_string}\"},\"query-input\":\"required name=search_term_string\"}],\"inLanguage\":\"es\"}]}<\/script>\n<!-- \/ Yoast SEO plugin. -->","yoast_head_json":{"title":"Concert a c\u00e0rrec del Xocolater: 'Sentiments' - Altea Cultural","robots":{"index":"index","follow":"follow","max-snippet":"max-snippet:-1","max-image-preview":"max-image-preview:large","max-video-preview":"max-video-preview:-1"},"canonical":"https:\/\/www.alteacultural.com\/es\/events\/concert-a-carrec-del-xocolater-sentiments\/","og_locale":"es_ES","og_type":"article","og_title":"Concert a c\u00e0rrec del Xocolater: 'Sentiments' - Altea Cultural","og_description":"25-gen. Concert a c\u00e0rrec del Xocolater: &#8216;Sentiments&#8217; i presentaci\u00f3 del disc. Entrada lliure. 20:00 h \u00b7 Centre Social Altea","og_url":"https:\/\/www.alteacultural.com\/es\/events\/concert-a-carrec-del-xocolater-sentiments\/","og_site_name":"Altea Cultural","og_image":[{"width":679,"height":960,"url":"https:\/\/www.alteacultural.com\/wp-content\/uploads\/2020\/01\/82166942_3024372954262176_2985713586023694336_o.jpg","type":"image\/jpeg"}],"twitter_card":"summary_large_image","schema":{"@context":"https:\/\/schema.org","@graph":[{"@type":"WebPage","@id":"https:\/\/www.alteacultural.com\/es\/events\/concert-a-carrec-del-xocolater-sentiments\/","url":"https:\/\/www.alteacultural.com\/es\/events\/concert-a-carrec-del-xocolater-sentiments\/","name":"Concert a c\u00e0rrec del Xocolater: 'Sentiments' - Altea Cultural","isPartOf":{"@id":"https:\/\/www.alteacultural.com\/es\/#website"},"primaryImageOfPage":{"@id":"https:\/\/www.alteacultural.com\/es\/events\/concert-a-carrec-del-xocolater-sentiments\/#primaryimage"},"image":{"@id":"https:\/\/www.alteacultural.com\/es\/events\/concert-a-carrec-del-xocolater-sentiments\/#primaryimage"},"thumbnailUrl":"https:\/\/www.alteacultural.com\/wp-content\/uploads\/2020\/01\/82166942_3024372954262176_2985713586023694336_o.jpg","datePublished":"2020-01-20T14:03:06+00:00","dateModified":"2020-01-20T14:03:06+00:00","breadcrumb":{"@id":"https:\/\/www.alteacultural.com\/es\/events\/concert-a-carrec-del-xocolater-sentiments\/#breadcrumb"},"inLanguage":"es","potentialAction":[{"@type":"ReadAction","target":["https:\/\/www.alteacultural.com\/es\/events\/concert-a-carrec-del-xocolater-sentiments\/"]}]},{"@type":"ImageObject","inLanguage":"es","@id":"https:\/\/www.alteacultural.com\/es\/events\/concert-a-carrec-del-xocolater-sentiments\/#primaryimage","url":"https:\/\/www.alteacultural.com\/wp-content\/uploads\/2020\/01\/82166942_3024372954262176_2985713586023694336_o.jpg","contentUrl":"https:\/\/www.alteacultural.com\/wp-content\/uploads\/2020\/01\/82166942_3024372954262176_2985713586023694336_o.jpg","width":679,"height":960},{"@type":"BreadcrumbList","@id":"https:\/\/www.alteacultural.com\/es\/events\/concert-a-carrec-del-xocolater-sentiments\/#breadcrumb","itemListElement":[{"@type":"ListItem","position":1,"name":"Inici","item":"https:\/\/www.alteacultural.com\/es\/"},{"@type":"ListItem","position":2,"name":"Eventos","item":"https:\/\/www.alteacultural.com\/es\/events\/"},{"@type":"ListItem","position":3,"name":"Concert a c\u00e0rrec del Xocolater: &#8216;Sentiments&#8217;"}]},{"@type":"WebSite","@id":"https:\/\/www.alteacultural.com\/es\/#website","url":"https:\/\/www.alteacultural.com\/es\/","name":"Altea Cultural","description":"Regidoria de Cultura de l&#039;Ajuntament d&#039;Altea","potentialAction":[{"@type":"SearchAction","target":{"@type":"EntryPoint","urlTemplate":"https:\/\/www.alteacultural.com\/es\/?s={search_term_string}"},"query-input":"required name=search_term_string"}],"inLanguage":"es"}]}},"mec_cost":"","mec_date":{"start":{"date":"2020-01-25","hour":8,"minutes":"0","ampm":"PM"},"end":{"date":"2020-01-25","hour":9,"minutes":"30","ampm":"PM"},"comment":"","repeat":{"type":"daily","interval":"","advanced":"","end":"never","end_at_date":"","end_at_occurrences":"10"}},"_links":{"self":[{"href":"https:\/\/www.alteacultural.com\/es\/wp-json\/wp\/v2\/mec-events\/139"}],"collection":[{"href":"https:\/\/www.alteacultural.com\/es\/wp-json\/wp\/v2\/mec-events"}],"about":[{"href":"https:\/\/www.alteacultural.com\/es\/wp-json\/wp\/v2\/types\/mec-events"}],"author":[{"embeddable":true,"href":"https:\/\/www.alteacultural.com\/es\/wp-json\/wp\/v2\/users\/1"}],"replies":[{"embeddable":true,"href":"https:\/\/www.alteacultural.com\/es\/wp-json\/wp\/v2\/comments?post=139"}],"wp:featuredmedia":[{"embeddable":true,"href":"https:\/\/www.alteacultural.com\/es\/wp-json\/wp\/v2\/media\/140"}],"wp:attachment":[{"href":"https:\/\/www.alteacultural.com\/es\/wp-json\/wp\/v2\/media?parent=139"}],"curies":[{"name":"wp","href":"https:\/\/api.w.org\/{rel}","templated":true}]}}

Concert a càrrec del Xocolater: &#8216;Sentiments&#8217;

<p>25-gen.<br />
Concert a càrrec del Xocolater: &#8216;Sentiments&#8217;<br />
i presentació del disc. Entrada lliure.<br />
20:00 h · Centre Social Altea</p>

<p>25-gen. Concert a càrrec del Xocolater: &#8216;Sentiments&#8217; i presentació del disc. Entrada lliure. 20:00 h · Centre Social Altea</p>

<!-- This site is optimized with the Yoast SEO plugin v22.8 - https://yoast.com/wordpress/plugins/seo/ -->
<title>Concert a càrrec del Xocolater: &#039;Sentiments&#039; - Altea Cultural</title>
<meta name="robots" content="index, follow, max-snippet:-1, max-image-preview:large, max-video-preview:-1" />
<link rel="canonical" href="https://www.alteacultural.com/es/events/concert-a-carrec-del-xocolater-sentiments/" />
<meta property="og:locale" content="es_ES" />
<meta property="og:type" content="article" />
<meta property="og:title" content="Concert a càrrec del Xocolater: &#039;Sentiments&#039; - Altea Cultural" />
<meta property="og:description" content="25-gen. Concert a càrrec del Xocolater: &#8216;Sentiments&#8217; i presentació del disc. Entrada lliure. 20:00 h · Centre Social Altea" />
<meta property="og:url" content="https://www.alteacultural.com/es/events/concert-a-carrec-del-xocolater-sentiments/" />
<meta property="og:site_name" content="Altea Cultural" />
<meta property="og:image" content="https://www.alteacultural.com/wp-content/uploads/2020/01/82166942_3024372954262176_2985713586023694336_o.jpg" />
	<meta property="og:image:width" content="679" />
	<meta property="og:image:height" content="960" />
	<meta property="og:image:type" content="image/jpeg" />
<meta name="twitter:card" content="summary_large_image" />
<script type="application/ld+json" class="yoast-schema-graph">{"@context":"https://schema.org","@graph":[{"@type":"WebPage","@id":"https://www.alteacultural.com/es/events/concert-a-carrec-del-xocolater-sentiments/","url":"https://www.alteacultural.com/es/events/concert-a-carrec-del-xocolater-sentiments/","name":"Concert a càrrec del Xocolater: 'Sentiments' - Altea Cultural","isPartOf":{"@id":"https://www.alteacultural.com/es/#website"},"primaryImageOfPage":{"@id":"https://www.alteacultural.com/es/events/concert-a-carrec-del-xocolater-sentiments/#primaryimage"},"image":{"@id":"https://www.alteacultural.com/es/events/concert-a-carrec-del-xocolater-sentiments/#primaryimage"},"thumbnailUrl":"https://www.alteacultural.com/wp-content/uploads/2020/01/82166942_3024372954262176_2985713586023694336_o.jpg","datePublished":"2020-01-20T14:03:06+00:00","dateModified":"2020-01-20T14:03:06+00:00","breadcrumb":{"@id":"https://www.alteacultural.com/es/events/concert-a-carrec-del-xocolater-sentiments/#breadcrumb"},"inLanguage":"es","potentialAction":[{"@type":"ReadAction","target":["https://www.alteacultural.com/es/events/concert-a-carrec-del-xocolater-sentiments/"]}]},{"@type":"ImageObject","inLanguage":"es","@id":"https://www.alteacultural.com/es/events/concert-a-carrec-del-xocolater-sentiments/#primaryimage","url":"https://www.alteacultural.com/wp-content/uploads/2020/01/82166942_3024372954262176_2985713586023694336_o.jpg","contentUrl":"https://www.alteacultural.com/wp-content/uploads/2020/01/82166942_3024372954262176_2985713586023694336_o.jpg","width":679,"height":960},{"@type":"BreadcrumbList","@id":"https://www.alteacultural.com/es/events/concert-a-carrec-del-xocolater-sentiments/#breadcrumb","itemListElement":[{"@type":"ListItem","position":1,"name":"Inici","item":"https://www.alteacultural.com/es/"},{"@type":"ListItem","position":2,"name":"Eventos","item":"https://www.alteacultural.com/es/events/"},{"@type":"ListItem","position":3,"name":"Concert a càrrec del Xocolater: &#8216;Sentiments&#8217;"}]},{"@type":"WebSite","@id":"https://www.alteacultural.com/es/#website","url":"https://www.alteacultural.com/es/","name":"Altea Cultural","description":"Regidoria de Cultura de l&#039;Ajuntament d&#039;Altea","potentialAction":[{"@type":"SearchAction","target":{"@type":"EntryPoint","urlTemplate":"https://www.alteacultural.com/es/?s={search_term_string}"},"query-input":"required name=search_term_string"}],"inLanguage":"es"}]}</script>
<!-- / Yoast SEO plugin. -->

Concert a càrrec del Xocolater: 'Sentiments' - Altea Cultural

25-gen. Concert a càrrec del Xocolater: &#8216;Sentiments&#8217; i presentació del disc. Entrada lliure. 20:00 h · Centre Social Altea
