{"id":14790,"date":"2022-01-28T12:40:39","date_gmt":"2022-01-28T11:40:39","guid":{"rendered":"https:\/\/www.alteacultural.com\/events\/taller-i-present-llibre-contes-a-la-fresca-altea-llibres-a-la-primavera-2022\/"},"modified":"2024-06-12T21:11:19","modified_gmt":"2024-06-12T19:11:19","slug":"taller-i-present-llibre-contes-a-la-fresca-altea-llibres-a-la-primavera-2022","status":"publish","type":"mec-events","link":"https:\/\/www.alteacultural.com\/es\/events\/taller-i-present-llibre-contes-a-la-fresca-altea-llibres-a-la-primavera-2022\/","title":{"rendered":"Taller y present. libro Contes a la fresca &#8211; Altea, llibres a la primavera 2022"},"content":{"rendered":"<p><em>ACTO EN VALENCIANO<\/em><\/p>\n<p><span style=\"color: #ff0000;\"><strong>Nota<\/strong>: Aquest acte s&#8217;ha publicitat com a presentaci\u00f3 + taller infantil, per\u00f2 el taller ser\u00e0 un taller oral (l&#8217;autor contar\u00e0 alguns contes i rondalles a la finalitzaci\u00f3 de la presentaci\u00f3).<\/span><\/p>\n<p><strong>3 de febrero | 18 h | Casa de Cultura Altea<\/strong><\/p>\n<p class=\"mec-single-title\">Taller y present. libro Contes a la fresca.<\/p>\n<p>Autor: Jordi Ra\u00fcl Verd\u00fa<br \/>\nPresentan: Joan Borja i Vicenta P\u00e9rez<\/p>\n<p>Sinopsis:<br \/>\nContes a la fresca \u00e9s un recull de relats populars recopilats per l\u2019autor, Jordi Ra\u00fcl Verdu, a les comarques meridionals valencianes del Comtat, la Vall d\u2019Albaida, l\u2019Alcoi\u00e0, el Vinalop\u00f3 Mitj\u00e0, la Marina Baixa i la Marina Alta. Concretament, els informants amb qui Jordi Ra\u00fcl ha jugat la delitosa partida de la ficci\u00f3 s\u00f3n procedents de les localitats de Beniaia, Aielo de Malferit, Setla de Nunyes, Alcoi, Benilloba, Cocentaina, Tollos, Ares del Bosc, Alcoleja, Millena, Bocairent, el R\u00e0fol d\u2019Alm\u00fania, la Romana, Fageca i Confrides.<\/p>\n<p>Sobre la base de les narracions tradicionals documentades directament de boca dels seus informants, Jordi Ra\u00fcl Verd\u00fa opera amb la seua particular alqu\u00edmia liter\u00e0ria per a construir hist\u00f2ries amb infal\u00b7lible capacitat de seducci\u00f3, que apunten al cor mateix del patrimoni fant\u00e0stic valenci\u00e0 m\u00e9s aut\u00e8ntic i genu\u00ed.<\/p>\n<p>&nbsp;<\/p>\n<p><img fetchpriority=\"high\" decoding=\"async\" class=\"wp-image-14788 aligncenter\" src=\"https:\/\/www.alteacultural.com\/wp-content\/uploads\/2022\/01\/llibresprimavera22cartellindividual-1-01.jpg\" alt=\"\" width=\"750\" height=\"1060\" srcset=\"https:\/\/www.alteacultural.com\/wp-content\/uploads\/2022\/01\/llibresprimavera22cartellindividual-1-01.jpg 1754w, https:\/\/www.alteacultural.com\/wp-content\/uploads\/2022\/01\/llibresprimavera22cartellindividual-1-01-768x1086.jpg 768w, https:\/\/www.alteacultural.com\/wp-content\/uploads\/2022\/01\/llibresprimavera22cartellindividual-1-01-1086x1536.jpg 1086w, https:\/\/www.alteacultural.com\/wp-content\/uploads\/2022\/01\/llibresprimavera22cartellindividual-1-01-1448x2048.jpg 1448w\" sizes=\"(max-width: 750px) 100vw, 750px\" \/><\/p>\n<p>&nbsp;<\/p>\n<p><a href=\"https:\/\/www.alteacultural.com\/2022\/02\/02\/presentacions-de-llibres-amb-altea-llibres-a-la-primavera\/?lang=es\">ALTEA, LLIBRES A LA PRIMAVERA<\/a><\/p>\n","protected":false},"excerpt":{"rendered":"<p>ACTO EN VALENCIANO Nota: Aquest acte s&#8217;ha publicitat com a presentaci\u00f3 + taller infantil, per\u00f2 el taller ser\u00e0 un [&hellip;]<\/p>\n","protected":false},"author":1,"featured_media":14787,"comment_status":"open","ping_status":"closed","template":"","meta":{"_expiration-date-status":"saved","_expiration-date":0,"_expiration-date-type":"","_expiration-date-categories":[],"_expiration-date-options":[]},"yoast_head":"<!-- This site is optimized with the Yoast SEO plugin v22.8 - https:\/\/yoast.com\/wordpress\/plugins\/seo\/ -->\n<title>Taller y present. libro Contes a la fresca - Altea, llibres a la primavera 2022 - Altea Cultural<\/title>\n<meta name=\"robots\" content=\"index, follow, max-snippet:-1, max-image-preview:large, max-video-preview:-1\" \/>\n<link rel=\"canonical\" href=\"https:\/\/www.alteacultural.com\/es\/events\/taller-i-present-llibre-contes-a-la-fresca-altea-llibres-a-la-primavera-2022\/\" \/>\n<meta property=\"og:locale\" content=\"es_ES\" \/>\n<meta property=\"og:type\" content=\"article\" \/>\n<meta property=\"og:title\" content=\"Taller y present. libro Contes a la fresca - Altea, llibres a la primavera 2022 - Altea Cultural\" \/>\n<meta property=\"og:description\" content=\"ACTO EN VALENCIANO Nota: Aquest acte s&#8217;ha publicitat com a presentaci\u00f3 + taller infantil, per\u00f2 el taller ser\u00e0 un [&hellip;]\" \/>\n<meta property=\"og:url\" content=\"https:\/\/www.alteacultural.com\/es\/events\/taller-i-present-llibre-contes-a-la-fresca-altea-llibres-a-la-primavera-2022\/\" \/>\n<meta property=\"og:site_name\" content=\"Altea Cultural\" \/>\n<meta property=\"article:modified_time\" content=\"2024-06-12T19:11:19+00:00\" \/>\n<meta property=\"og:image\" content=\"https:\/\/www.alteacultural.com\/wp-content\/uploads\/2022\/01\/contesfresca.jpg\" \/>\n\t<meta property=\"og:image:width\" content=\"2048\" \/>\n\t<meta property=\"og:image:height\" content=\"779\" \/>\n\t<meta property=\"og:image:type\" content=\"image\/jpeg\" \/>\n<meta name=\"twitter:card\" content=\"summary_large_image\" \/>\n<meta name=\"twitter:label1\" content=\"Tiempo de lectura\" \/>\n\t<meta name=\"twitter:data1\" content=\"2 minutos\" \/>\n<script type=\"application\/ld+json\" class=\"yoast-schema-graph\">{\"@context\":\"https:\/\/schema.org\",\"@graph\":[{\"@type\":\"WebPage\",\"@id\":\"https:\/\/www.alteacultural.com\/es\/events\/taller-i-present-llibre-contes-a-la-fresca-altea-llibres-a-la-primavera-2022\/\",\"url\":\"https:\/\/www.alteacultural.com\/es\/events\/taller-i-present-llibre-contes-a-la-fresca-altea-llibres-a-la-primavera-2022\/\",\"name\":\"Taller y present. libro Contes a la fresca - Altea, llibres a la primavera 2022 - Altea Cultural\",\"isPartOf\":{\"@id\":\"https:\/\/www.alteacultural.com\/es\/#website\"},\"primaryImageOfPage\":{\"@id\":\"https:\/\/www.alteacultural.com\/es\/events\/taller-i-present-llibre-contes-a-la-fresca-altea-llibres-a-la-primavera-2022\/#primaryimage\"},\"image\":{\"@id\":\"https:\/\/www.alteacultural.com\/es\/events\/taller-i-present-llibre-contes-a-la-fresca-altea-llibres-a-la-primavera-2022\/#primaryimage\"},\"thumbnailUrl\":\"https:\/\/www.alteacultural.com\/wp-content\/uploads\/2022\/01\/contesfresca.jpg\",\"datePublished\":\"2022-01-28T11:40:39+00:00\",\"dateModified\":\"2024-06-12T19:11:19+00:00\",\"breadcrumb\":{\"@id\":\"https:\/\/www.alteacultural.com\/es\/events\/taller-i-present-llibre-contes-a-la-fresca-altea-llibres-a-la-primavera-2022\/#breadcrumb\"},\"inLanguage\":\"es\",\"potentialAction\":[{\"@type\":\"ReadAction\",\"target\":[\"https:\/\/www.alteacultural.com\/es\/events\/taller-i-present-llibre-contes-a-la-fresca-altea-llibres-a-la-primavera-2022\/\"]}]},{\"@type\":\"ImageObject\",\"inLanguage\":\"es\",\"@id\":\"https:\/\/www.alteacultural.com\/es\/events\/taller-i-present-llibre-contes-a-la-fresca-altea-llibres-a-la-primavera-2022\/#primaryimage\",\"url\":\"https:\/\/www.alteacultural.com\/wp-content\/uploads\/2022\/01\/contesfresca.jpg\",\"contentUrl\":\"https:\/\/www.alteacultural.com\/wp-content\/uploads\/2022\/01\/contesfresca.jpg\",\"width\":2048,\"height\":779},{\"@type\":\"BreadcrumbList\",\"@id\":\"https:\/\/www.alteacultural.com\/es\/events\/taller-i-present-llibre-contes-a-la-fresca-altea-llibres-a-la-primavera-2022\/#breadcrumb\",\"itemListElement\":[{\"@type\":\"ListItem\",\"position\":1,\"name\":\"Inici\",\"item\":\"https:\/\/www.alteacultural.com\/es\/\"},{\"@type\":\"ListItem\",\"position\":2,\"name\":\"Eventos\",\"item\":\"https:\/\/www.alteacultural.com\/es\/events\/\"},{\"@type\":\"ListItem\",\"position\":3,\"name\":\"Taller y present. libro Contes a la fresca &#8211; Altea, llibres a la primavera 2022\"}]},{\"@type\":\"WebSite\",\"@id\":\"https:\/\/www.alteacultural.com\/es\/#website\",\"url\":\"https:\/\/www.alteacultural.com\/es\/\",\"name\":\"Altea Cultural\",\"description\":\"Regidoria de Cultura de l&#039;Ajuntament d&#039;Altea\",\"potentialAction\":[{\"@type\":\"SearchAction\",\"target\":{\"@type\":\"EntryPoint\",\"urlTemplate\":\"https:\/\/www.alteacultural.com\/es\/?s={search_term_string}\"},\"query-input\":\"required name=search_term_string\"}],\"inLanguage\":\"es\"}]}<\/script>\n<!-- \/ Yoast SEO plugin. -->","yoast_head_json":{"title":"Taller y present. libro Contes a la fresca - Altea, llibres a la primavera 2022 - Altea Cultural","robots":{"index":"index","follow":"follow","max-snippet":"max-snippet:-1","max-image-preview":"max-image-preview:large","max-video-preview":"max-video-preview:-1"},"canonical":"https:\/\/www.alteacultural.com\/es\/events\/taller-i-present-llibre-contes-a-la-fresca-altea-llibres-a-la-primavera-2022\/","og_locale":"es_ES","og_type":"article","og_title":"Taller y present. libro Contes a la fresca - Altea, llibres a la primavera 2022 - Altea Cultural","og_description":"ACTO EN VALENCIANO Nota: Aquest acte s&#8217;ha publicitat com a presentaci\u00f3 + taller infantil, per\u00f2 el taller ser\u00e0 un [&hellip;]","og_url":"https:\/\/www.alteacultural.com\/es\/events\/taller-i-present-llibre-contes-a-la-fresca-altea-llibres-a-la-primavera-2022\/","og_site_name":"Altea Cultural","article_modified_time":"2024-06-12T19:11:19+00:00","og_image":[{"width":2048,"height":779,"url":"https:\/\/www.alteacultural.com\/wp-content\/uploads\/2022\/01\/contesfresca.jpg","type":"image\/jpeg"}],"twitter_card":"summary_large_image","twitter_misc":{"Tiempo de lectura":"2 minutos"},"schema":{"@context":"https:\/\/schema.org","@graph":[{"@type":"WebPage","@id":"https:\/\/www.alteacultural.com\/es\/events\/taller-i-present-llibre-contes-a-la-fresca-altea-llibres-a-la-primavera-2022\/","url":"https:\/\/www.alteacultural.com\/es\/events\/taller-i-present-llibre-contes-a-la-fresca-altea-llibres-a-la-primavera-2022\/","name":"Taller y present. libro Contes a la fresca - Altea, llibres a la primavera 2022 - Altea Cultural","isPartOf":{"@id":"https:\/\/www.alteacultural.com\/es\/#website"},"primaryImageOfPage":{"@id":"https:\/\/www.alteacultural.com\/es\/events\/taller-i-present-llibre-contes-a-la-fresca-altea-llibres-a-la-primavera-2022\/#primaryimage"},"image":{"@id":"https:\/\/www.alteacultural.com\/es\/events\/taller-i-present-llibre-contes-a-la-fresca-altea-llibres-a-la-primavera-2022\/#primaryimage"},"thumbnailUrl":"https:\/\/www.alteacultural.com\/wp-content\/uploads\/2022\/01\/contesfresca.jpg","datePublished":"2022-01-28T11:40:39+00:00","dateModified":"2024-06-12T19:11:19+00:00","breadcrumb":{"@id":"https:\/\/www.alteacultural.com\/es\/events\/taller-i-present-llibre-contes-a-la-fresca-altea-llibres-a-la-primavera-2022\/#breadcrumb"},"inLanguage":"es","potentialAction":[{"@type":"ReadAction","target":["https:\/\/www.alteacultural.com\/es\/events\/taller-i-present-llibre-contes-a-la-fresca-altea-llibres-a-la-primavera-2022\/"]}]},{"@type":"ImageObject","inLanguage":"es","@id":"https:\/\/www.alteacultural.com\/es\/events\/taller-i-present-llibre-contes-a-la-fresca-altea-llibres-a-la-primavera-2022\/#primaryimage","url":"https:\/\/www.alteacultural.com\/wp-content\/uploads\/2022\/01\/contesfresca.jpg","contentUrl":"https:\/\/www.alteacultural.com\/wp-content\/uploads\/2022\/01\/contesfresca.jpg","width":2048,"height":779},{"@type":"BreadcrumbList","@id":"https:\/\/www.alteacultural.com\/es\/events\/taller-i-present-llibre-contes-a-la-fresca-altea-llibres-a-la-primavera-2022\/#breadcrumb","itemListElement":[{"@type":"ListItem","position":1,"name":"Inici","item":"https:\/\/www.alteacultural.com\/es\/"},{"@type":"ListItem","position":2,"name":"Eventos","item":"https:\/\/www.alteacultural.com\/es\/events\/"},{"@type":"ListItem","position":3,"name":"Taller y present. libro Contes a la fresca &#8211; Altea, llibres a la primavera 2022"}]},{"@type":"WebSite","@id":"https:\/\/www.alteacultural.com\/es\/#website","url":"https:\/\/www.alteacultural.com\/es\/","name":"Altea Cultural","description":"Regidoria de Cultura de l&#039;Ajuntament d&#039;Altea","potentialAction":[{"@type":"SearchAction","target":{"@type":"EntryPoint","urlTemplate":"https:\/\/www.alteacultural.com\/es\/?s={search_term_string}"},"query-input":"required name=search_term_string"}],"inLanguage":"es"}]}},"mec_cost":"Entrada Libre","mec_date":{"start":{"date":"2022-02-03","hour":6,"minutes":"0","ampm":"PM"},"end":{"date":"2022-02-03","hour":8,"minutes":"0","ampm":"PM"},"comment":"","repeat":{"type":"daily","interval":"1","advanced":"","end":"never","end_at_date":"","end_at_occurrences":"10"}},"_links":{"self":[{"href":"https:\/\/www.alteacultural.com\/es\/wp-json\/wp\/v2\/mec-events\/14790"}],"collection":[{"href":"https:\/\/www.alteacultural.com\/es\/wp-json\/wp\/v2\/mec-events"}],"about":[{"href":"https:\/\/www.alteacultural.com\/es\/wp-json\/wp\/v2\/types\/mec-events"}],"author":[{"embeddable":true,"href":"https:\/\/www.alteacultural.com\/es\/wp-json\/wp\/v2\/users\/1"}],"replies":[{"embeddable":true,"href":"https:\/\/www.alteacultural.com\/es\/wp-json\/wp\/v2\/comments?post=14790"}],"wp:featuredmedia":[{"embeddable":true,"href":"https:\/\/www.alteacultural.com\/es\/wp-json\/wp\/v2\/media\/14787"}],"wp:attachment":[{"href":"https:\/\/www.alteacultural.com\/es\/wp-json\/wp\/v2\/media?parent=14790"}],"curies":[{"name":"wp","href":"https:\/\/api.w.org\/{rel}","templated":true}]}}

<p><em>ACTO EN VALENCIANO</em></p>
<p><span style="color: #ff0000;"><strong>Nota</strong>: Aquest acte s&#8217;ha publicitat com a presentació + taller infantil, però el taller serà un taller oral (l&#8217;autor contarà alguns contes i rondalles a la finalització de la presentació).</span></p>
<p><strong>3 de febrero | 18 h | Casa de Cultura Altea</strong></p>
<p class="mec-single-title">Taller y present. libro Contes a la fresca.</p>
<p>Autor: Jordi Raül Verdú<br />
Presentan: Joan Borja i Vicenta Pérez</p>
<p>Sinopsis:<br />
Contes a la fresca és un recull de relats populars recopilats per l’autor, Jordi Raül Verdu, a les comarques meridionals valencianes del Comtat, la Vall d’Albaida, l’Alcoià, el Vinalopó Mitjà, la Marina Baixa i la Marina Alta. Concretament, els informants amb qui Jordi Raül ha jugat la delitosa partida de la ficció són procedents de les localitats de Beniaia, Aielo de Malferit, Setla de Nunyes, Alcoi, Benilloba, Cocentaina, Tollos, Ares del Bosc, Alcoleja, Millena, Bocairent, el Ràfol d’Almúnia, la Romana, Fageca i Confrides.</p>
<p>Sobre la base de les narracions tradicionals documentades directament de boca dels seus informants, Jordi Raül Verdú opera amb la seua particular alquímia literària per a construir històries amb infal·lible capacitat de seducció, que apunten al cor mateix del patrimoni fantàstic valencià més autèntic i genuí.</p>
<p>&nbsp;</p>
<p><img fetchpriority="high" decoding="async" class="wp-image-14788 aligncenter" src="https://www.alteacultural.com/wp-content/uploads/2022/01/llibresprimavera22cartellindividual-1-01.jpg" alt="" width="750" height="1060" srcset="https://www.alteacultural.com/wp-content/uploads/2022/01/llibresprimavera22cartellindividual-1-01.jpg 1754w, https://www.alteacultural.com/wp-content/uploads/2022/01/llibresprimavera22cartellindividual-1-01-768x1086.jpg 768w, https://www.alteacultural.com/wp-content/uploads/2022/01/llibresprimavera22cartellindividual-1-01-1086x1536.jpg 1086w, https://www.alteacultural.com/wp-content/uploads/2022/01/llibresprimavera22cartellindividual-1-01-1448x2048.jpg 1448w" sizes="(max-width: 750px) 100vw, 750px" /></p>
<p>&nbsp;</p>
<p><a href="https://www.alteacultural.com/2022/02/02/presentacions-de-llibres-amb-altea-llibres-a-la-primavera/?lang=es">ALTEA, LLIBRES A LA PRIMAVERA</a></p>

<p>ACTO EN VALENCIANO Nota: Aquest acte s&#8217;ha publicitat com a presentació + taller infantil, però el taller serà un [&hellip;]</p>

<!-- This site is optimized with the Yoast SEO plugin v22.8 - https://yoast.com/wordpress/plugins/seo/ -->
<title>Taller y present. libro Contes a la fresca - Altea, llibres a la primavera 2022 - Altea Cultural</title>
<meta name="robots" content="index, follow, max-snippet:-1, max-image-preview:large, max-video-preview:-1" />
<link rel="canonical" href="https://www.alteacultural.com/es/events/taller-i-present-llibre-contes-a-la-fresca-altea-llibres-a-la-primavera-2022/" />
<meta property="og:locale" content="es_ES" />
<meta property="og:type" content="article" />
<meta property="og:title" content="Taller y present. libro Contes a la fresca - Altea, llibres a la primavera 2022 - Altea Cultural" />
<meta property="og:description" content="ACTO EN VALENCIANO Nota: Aquest acte s&#8217;ha publicitat com a presentació + taller infantil, però el taller serà un [&hellip;]" />
<meta property="og:url" content="https://www.alteacultural.com/es/events/taller-i-present-llibre-contes-a-la-fresca-altea-llibres-a-la-primavera-2022/" />
<meta property="og:site_name" content="Altea Cultural" />
<meta property="article:modified_time" content="2024-06-12T19:11:19+00:00" />
<meta property="og:image" content="https://www.alteacultural.com/wp-content/uploads/2022/01/contesfresca.jpg" />
	<meta property="og:image:width" content="2048" />
	<meta property="og:image:height" content="779" />
	<meta property="og:image:type" content="image/jpeg" />
<meta name="twitter:card" content="summary_large_image" />
<meta name="twitter:label1" content="Tiempo de lectura" />
	<meta name="twitter:data1" content="2 minutos" />
<script type="application/ld+json" class="yoast-schema-graph">{"@context":"https://schema.org","@graph":[{"@type":"WebPage","@id":"https://www.alteacultural.com/es/events/taller-i-present-llibre-contes-a-la-fresca-altea-llibres-a-la-primavera-2022/","url":"https://www.alteacultural.com/es/events/taller-i-present-llibre-contes-a-la-fresca-altea-llibres-a-la-primavera-2022/","name":"Taller y present. libro Contes a la fresca - Altea, llibres a la primavera 2022 - Altea Cultural","isPartOf":{"@id":"https://www.alteacultural.com/es/#website"},"primaryImageOfPage":{"@id":"https://www.alteacultural.com/es/events/taller-i-present-llibre-contes-a-la-fresca-altea-llibres-a-la-primavera-2022/#primaryimage"},"image":{"@id":"https://www.alteacultural.com/es/events/taller-i-present-llibre-contes-a-la-fresca-altea-llibres-a-la-primavera-2022/#primaryimage"},"thumbnailUrl":"https://www.alteacultural.com/wp-content/uploads/2022/01/contesfresca.jpg","datePublished":"2022-01-28T11:40:39+00:00","dateModified":"2024-06-12T19:11:19+00:00","breadcrumb":{"@id":"https://www.alteacultural.com/es/events/taller-i-present-llibre-contes-a-la-fresca-altea-llibres-a-la-primavera-2022/#breadcrumb"},"inLanguage":"es","potentialAction":[{"@type":"ReadAction","target":["https://www.alteacultural.com/es/events/taller-i-present-llibre-contes-a-la-fresca-altea-llibres-a-la-primavera-2022/"]}]},{"@type":"ImageObject","inLanguage":"es","@id":"https://www.alteacultural.com/es/events/taller-i-present-llibre-contes-a-la-fresca-altea-llibres-a-la-primavera-2022/#primaryimage","url":"https://www.alteacultural.com/wp-content/uploads/2022/01/contesfresca.jpg","contentUrl":"https://www.alteacultural.com/wp-content/uploads/2022/01/contesfresca.jpg","width":2048,"height":779},{"@type":"BreadcrumbList","@id":"https://www.alteacultural.com/es/events/taller-i-present-llibre-contes-a-la-fresca-altea-llibres-a-la-primavera-2022/#breadcrumb","itemListElement":[{"@type":"ListItem","position":1,"name":"Inici","item":"https://www.alteacultural.com/es/"},{"@type":"ListItem","position":2,"name":"Eventos","item":"https://www.alteacultural.com/es/events/"},{"@type":"ListItem","position":3,"name":"Taller y present. libro Contes a la fresca &#8211; Altea, llibres a la primavera 2022"}]},{"@type":"WebSite","@id":"https://www.alteacultural.com/es/#website","url":"https://www.alteacultural.com/es/","name":"Altea Cultural","description":"Regidoria de Cultura de l&#039;Ajuntament d&#039;Altea","potentialAction":[{"@type":"SearchAction","target":{"@type":"EntryPoint","urlTemplate":"https://www.alteacultural.com/es/?s={search_term_string}"},"query-input":"required name=search_term_string"}],"inLanguage":"es"}]}</script>
<!-- / Yoast SEO plugin. -->

ACTO EN VALENCIANO Nota: Aquest acte s&#8217;ha publicitat com a presentació + taller infantil, però el taller serà un [&hellip;]
