{"id":14957,"date":"2022-02-02T18:50:36","date_gmt":"2022-02-02T17:50:36","guid":{"rendered":"https:\/\/www.alteacultural.com\/events\/pensionistes\/"},"modified":"2026-04-25T12:30:42","modified_gmt":"2026-04-25T10:30:42","slug":"pensionistes","status":"publish","type":"mec-events","link":"https:\/\/www.alteacultural.com\/es\/events\/pensionistes\/","title":{"rendered":"Pensionistes"},"content":{"rendered":"<p><em><strong>ACTO EN VALENCIANO<\/strong><\/em><\/p>\n<p>11-feb \u00b7 20:30 h \u00b7 Centre Cultural Altea la Vella<br \/>\nTeatre<\/p>\n<p><em><strong>Pensionistes<\/strong> <\/em>(com\u00e8dia en valenci\u00e0)<em><br \/>\n<\/em>Entrada gratu\u00efta<\/p>\n<p>Tres dones de ja una avan\u00e7ada edat viuen en un poble de la Comunitat Valenciana. El covid ha fet que les tres amigues perden als marits en poc de temps, i per tant han enviudat quasi alhora. A aquestes dones, que tota la vida han estat dedicades a la crian\u00e7a dels xiquets, les ha quedat una pensi\u00f3 irris\u00f2ria amb la qual no poden fer front als gastos diaris. \u00c9s per aix\u00f2 i per la soledat que pateixen que decideixen anar-se a viure les tres juntes. A partir d\u2019eixa situaci\u00f3, la necessitat econ\u00f2mica i les ganes de sentir-se vives les portaran a viure situacions divertides i rocambolesques en una com\u00e8dia r\u00e0pida i amb cr\u00edtica social.<\/p>\n<p>Amb: Tere Sancho, Carmina Hurriaga e In\u00e9s Moscard\u00f3. Direcci\u00f3: Mara Ort\u00ed i Gabriel Esparza. Una producci\u00f3 de: Audiovisuals La Fiesta S.L.<\/p>\n<p>&nbsp;<\/p>\n<p><a href=\"https:\/\/www.youtube.com\/watch?v=pQbBCHivs54\">https:\/\/www.youtube.com\/watch?v=pQbBCHivs54<\/a><\/p>\n<p>&nbsp;<\/p>\n<p><img fetchpriority=\"high\" decoding=\"async\" class=\"aligncenter wp-image-14955\" src=\"https:\/\/www.alteacultural.com\/wp-content\/uploads\/2022\/02\/CARTELL-TEATRE-PENSIONISTES-11-02-2022.jpg\" alt=\"\" width=\"750\" height=\"1061\" srcset=\"https:\/\/www.alteacultural.com\/wp-content\/uploads\/2022\/02\/CARTELL-TEATRE-PENSIONISTES-11-02-2022.jpg 1131w, https:\/\/www.alteacultural.com\/wp-content\/uploads\/2022\/02\/CARTELL-TEATRE-PENSIONISTES-11-02-2022-768x1086.jpg 768w, https:\/\/www.alteacultural.com\/wp-content\/uploads\/2022\/02\/CARTELL-TEATRE-PENSIONISTES-11-02-2022-1086x1536.jpg 1086w\" sizes=\"(max-width: 750px) 100vw, 750px\" \/><\/p>\n","protected":false},"excerpt":{"rendered":"<p>ACTO EN VALENCIANO 11-feb \u00b7 20:30 h \u00b7 Centre Cultural Altea la Vella Teatre Pensionistes (com\u00e8dia en valenci\u00e0) Entrada [&hellip;]<\/p>\n","protected":false},"author":1,"featured_media":14954,"comment_status":"open","ping_status":"closed","template":"","meta":{"_expiration-date-status":"saved","_expiration-date":0,"_expiration-date-type":"","_expiration-date-categories":[],"_expiration-date-options":[]},"yoast_head":"<!-- This site is optimized with the Yoast SEO plugin v22.8 - https:\/\/yoast.com\/wordpress\/plugins\/seo\/ -->\n<title>Pensionistes - Altea Cultural<\/title>\n<meta name=\"robots\" content=\"index, follow, max-snippet:-1, max-image-preview:large, max-video-preview:-1\" \/>\n<link rel=\"canonical\" href=\"https:\/\/www.alteacultural.com\/es\/events\/pensionistes\/\" \/>\n<meta property=\"og:locale\" content=\"es_ES\" \/>\n<meta property=\"og:type\" content=\"article\" \/>\n<meta property=\"og:title\" content=\"Pensionistes - Altea Cultural\" \/>\n<meta property=\"og:description\" content=\"ACTO EN VALENCIANO 11-feb \u00b7 20:30 h \u00b7 Centre Cultural Altea la Vella Teatre Pensionistes (com\u00e8dia en valenci\u00e0) Entrada [&hellip;]\" \/>\n<meta property=\"og:url\" content=\"https:\/\/www.alteacultural.com\/es\/events\/pensionistes\/\" \/>\n<meta property=\"og:site_name\" content=\"Altea Cultural\" \/>\n<meta property=\"article:modified_time\" content=\"2026-04-25T10:30:42+00:00\" \/>\n<meta property=\"og:image\" content=\"https:\/\/www.alteacultural.com\/wp-content\/uploads\/2022\/02\/CARTELL-TEATRE-PENSIONISTES-11-02-2022-banner.jpg\" \/>\n\t<meta property=\"og:image:width\" content=\"1131\" \/>\n\t<meta property=\"og:image:height\" content=\"496\" \/>\n\t<meta property=\"og:image:type\" content=\"image\/jpeg\" \/>\n<meta name=\"twitter:card\" content=\"summary_large_image\" \/>\n<meta name=\"twitter:label1\" content=\"Tiempo de lectura\" \/>\n\t<meta name=\"twitter:data1\" content=\"1 minuto\" \/>\n<script type=\"application\/ld+json\" class=\"yoast-schema-graph\">{\"@context\":\"https:\/\/schema.org\",\"@graph\":[{\"@type\":\"WebPage\",\"@id\":\"https:\/\/www.alteacultural.com\/es\/events\/pensionistes\/\",\"url\":\"https:\/\/www.alteacultural.com\/es\/events\/pensionistes\/\",\"name\":\"Pensionistes - Altea Cultural\",\"isPartOf\":{\"@id\":\"https:\/\/www.alteacultural.com\/es\/#website\"},\"primaryImageOfPage\":{\"@id\":\"https:\/\/www.alteacultural.com\/es\/events\/pensionistes\/#primaryimage\"},\"image\":{\"@id\":\"https:\/\/www.alteacultural.com\/es\/events\/pensionistes\/#primaryimage\"},\"thumbnailUrl\":\"https:\/\/www.alteacultural.com\/wp-content\/uploads\/2022\/02\/CARTELL-TEATRE-PENSIONISTES-11-02-2022-banner.jpg\",\"datePublished\":\"2022-02-02T17:50:36+00:00\",\"dateModified\":\"2026-04-25T10:30:42+00:00\",\"breadcrumb\":{\"@id\":\"https:\/\/www.alteacultural.com\/es\/events\/pensionistes\/#breadcrumb\"},\"inLanguage\":\"es\",\"potentialAction\":[{\"@type\":\"ReadAction\",\"target\":[\"https:\/\/www.alteacultural.com\/es\/events\/pensionistes\/\"]}]},{\"@type\":\"ImageObject\",\"inLanguage\":\"es\",\"@id\":\"https:\/\/www.alteacultural.com\/es\/events\/pensionistes\/#primaryimage\",\"url\":\"https:\/\/www.alteacultural.com\/wp-content\/uploads\/2022\/02\/CARTELL-TEATRE-PENSIONISTES-11-02-2022-banner.jpg\",\"contentUrl\":\"https:\/\/www.alteacultural.com\/wp-content\/uploads\/2022\/02\/CARTELL-TEATRE-PENSIONISTES-11-02-2022-banner.jpg\",\"width\":1131,\"height\":496},{\"@type\":\"BreadcrumbList\",\"@id\":\"https:\/\/www.alteacultural.com\/es\/events\/pensionistes\/#breadcrumb\",\"itemListElement\":[{\"@type\":\"ListItem\",\"position\":1,\"name\":\"Inici\",\"item\":\"https:\/\/www.alteacultural.com\/es\/\"},{\"@type\":\"ListItem\",\"position\":2,\"name\":\"Eventos\",\"item\":\"https:\/\/www.alteacultural.com\/es\/events\/\"},{\"@type\":\"ListItem\",\"position\":3,\"name\":\"Pensionistes\"}]},{\"@type\":\"WebSite\",\"@id\":\"https:\/\/www.alteacultural.com\/es\/#website\",\"url\":\"https:\/\/www.alteacultural.com\/es\/\",\"name\":\"Altea Cultural\",\"description\":\"Regidoria de Cultura de l&#039;Ajuntament d&#039;Altea\",\"potentialAction\":[{\"@type\":\"SearchAction\",\"target\":{\"@type\":\"EntryPoint\",\"urlTemplate\":\"https:\/\/www.alteacultural.com\/es\/?s={search_term_string}\"},\"query-input\":\"required name=search_term_string\"}],\"inLanguage\":\"es\"}]}<\/script>\n<!-- \/ Yoast SEO plugin. -->","yoast_head_json":{"title":"Pensionistes - Altea Cultural","robots":{"index":"index","follow":"follow","max-snippet":"max-snippet:-1","max-image-preview":"max-image-preview:large","max-video-preview":"max-video-preview:-1"},"canonical":"https:\/\/www.alteacultural.com\/es\/events\/pensionistes\/","og_locale":"es_ES","og_type":"article","og_title":"Pensionistes - Altea Cultural","og_description":"ACTO EN VALENCIANO 11-feb \u00b7 20:30 h \u00b7 Centre Cultural Altea la Vella Teatre Pensionistes (com\u00e8dia en valenci\u00e0) Entrada [&hellip;]","og_url":"https:\/\/www.alteacultural.com\/es\/events\/pensionistes\/","og_site_name":"Altea Cultural","article_modified_time":"2026-04-25T10:30:42+00:00","og_image":[{"width":1131,"height":496,"url":"https:\/\/www.alteacultural.com\/wp-content\/uploads\/2022\/02\/CARTELL-TEATRE-PENSIONISTES-11-02-2022-banner.jpg","type":"image\/jpeg"}],"twitter_card":"summary_large_image","twitter_misc":{"Tiempo de lectura":"1 minuto"},"schema":{"@context":"https:\/\/schema.org","@graph":[{"@type":"WebPage","@id":"https:\/\/www.alteacultural.com\/es\/events\/pensionistes\/","url":"https:\/\/www.alteacultural.com\/es\/events\/pensionistes\/","name":"Pensionistes - Altea Cultural","isPartOf":{"@id":"https:\/\/www.alteacultural.com\/es\/#website"},"primaryImageOfPage":{"@id":"https:\/\/www.alteacultural.com\/es\/events\/pensionistes\/#primaryimage"},"image":{"@id":"https:\/\/www.alteacultural.com\/es\/events\/pensionistes\/#primaryimage"},"thumbnailUrl":"https:\/\/www.alteacultural.com\/wp-content\/uploads\/2022\/02\/CARTELL-TEATRE-PENSIONISTES-11-02-2022-banner.jpg","datePublished":"2022-02-02T17:50:36+00:00","dateModified":"2026-04-25T10:30:42+00:00","breadcrumb":{"@id":"https:\/\/www.alteacultural.com\/es\/events\/pensionistes\/#breadcrumb"},"inLanguage":"es","potentialAction":[{"@type":"ReadAction","target":["https:\/\/www.alteacultural.com\/es\/events\/pensionistes\/"]}]},{"@type":"ImageObject","inLanguage":"es","@id":"https:\/\/www.alteacultural.com\/es\/events\/pensionistes\/#primaryimage","url":"https:\/\/www.alteacultural.com\/wp-content\/uploads\/2022\/02\/CARTELL-TEATRE-PENSIONISTES-11-02-2022-banner.jpg","contentUrl":"https:\/\/www.alteacultural.com\/wp-content\/uploads\/2022\/02\/CARTELL-TEATRE-PENSIONISTES-11-02-2022-banner.jpg","width":1131,"height":496},{"@type":"BreadcrumbList","@id":"https:\/\/www.alteacultural.com\/es\/events\/pensionistes\/#breadcrumb","itemListElement":[{"@type":"ListItem","position":1,"name":"Inici","item":"https:\/\/www.alteacultural.com\/es\/"},{"@type":"ListItem","position":2,"name":"Eventos","item":"https:\/\/www.alteacultural.com\/es\/events\/"},{"@type":"ListItem","position":3,"name":"Pensionistes"}]},{"@type":"WebSite","@id":"https:\/\/www.alteacultural.com\/es\/#website","url":"https:\/\/www.alteacultural.com\/es\/","name":"Altea Cultural","description":"Regidoria de Cultura de l&#039;Ajuntament d&#039;Altea","potentialAction":[{"@type":"SearchAction","target":{"@type":"EntryPoint","urlTemplate":"https:\/\/www.alteacultural.com\/es\/?s={search_term_string}"},"query-input":"required name=search_term_string"}],"inLanguage":"es"}]}},"mec_cost":"Entrada lliure i gratu\u00efta","mec_date":{"start":{"date":"2022-02-11","hour":8,"minutes":"30","ampm":"PM"},"end":{"date":"2022-02-11","hour":9,"minutes":"45","ampm":"PM"},"comment":"","repeat":{"type":"daily","interval":"1","advanced":"","end":"never","end_at_date":"","end_at_occurrences":"10"}},"_links":{"self":[{"href":"https:\/\/www.alteacultural.com\/es\/wp-json\/wp\/v2\/mec-events\/14957"}],"collection":[{"href":"https:\/\/www.alteacultural.com\/es\/wp-json\/wp\/v2\/mec-events"}],"about":[{"href":"https:\/\/www.alteacultural.com\/es\/wp-json\/wp\/v2\/types\/mec-events"}],"author":[{"embeddable":true,"href":"https:\/\/www.alteacultural.com\/es\/wp-json\/wp\/v2\/users\/1"}],"replies":[{"embeddable":true,"href":"https:\/\/www.alteacultural.com\/es\/wp-json\/wp\/v2\/comments?post=14957"}],"wp:featuredmedia":[{"embeddable":true,"href":"https:\/\/www.alteacultural.com\/es\/wp-json\/wp\/v2\/media\/14954"}],"wp:attachment":[{"href":"https:\/\/www.alteacultural.com\/es\/wp-json\/wp\/v2\/media?parent=14957"}],"curies":[{"name":"wp","href":"https:\/\/api.w.org\/{rel}","templated":true}]}}

<p><em><strong>ACTO EN VALENCIANO</strong></em></p>
<p>11-feb · 20:30 h · Centre Cultural Altea la Vella<br />
Teatre</p>
<p><em><strong>Pensionistes</strong> </em>(comèdia en valencià)<em><br />
</em>Entrada gratuïta</p>
<p>Tres dones de ja una avançada edat viuen en un poble de la Comunitat Valenciana. El covid ha fet que les tres amigues perden als marits en poc de temps, i per tant han enviudat quasi alhora. A aquestes dones, que tota la vida han estat dedicades a la criança dels xiquets, les ha quedat una pensió irrisòria amb la qual no poden fer front als gastos diaris. És per això i per la soledat que pateixen que decideixen anar-se a viure les tres juntes. A partir d’eixa situació, la necessitat econòmica i les ganes de sentir-se vives les portaran a viure situacions divertides i rocambolesques en una comèdia ràpida i amb crítica social.</p>
<p>Amb: Tere Sancho, Carmina Hurriaga e Inés Moscardó. Direcció: Mara Ortí i Gabriel Esparza. Una producció de: Audiovisuals La Fiesta S.L.</p>
<p>&nbsp;</p>
<p><a href="https://www.youtube.com/watch?v=pQbBCHivs54">https://www.youtube.com/watch?v=pQbBCHivs54</a></p>
<p>&nbsp;</p>
<p><img fetchpriority="high" decoding="async" class="aligncenter wp-image-14955" src="https://www.alteacultural.com/wp-content/uploads/2022/02/CARTELL-TEATRE-PENSIONISTES-11-02-2022.jpg" alt="" width="750" height="1061" srcset="https://www.alteacultural.com/wp-content/uploads/2022/02/CARTELL-TEATRE-PENSIONISTES-11-02-2022.jpg 1131w, https://www.alteacultural.com/wp-content/uploads/2022/02/CARTELL-TEATRE-PENSIONISTES-11-02-2022-768x1086.jpg 768w, https://www.alteacultural.com/wp-content/uploads/2022/02/CARTELL-TEATRE-PENSIONISTES-11-02-2022-1086x1536.jpg 1086w" sizes="(max-width: 750px) 100vw, 750px" /></p>

<p>ACTO EN VALENCIANO 11-feb · 20:30 h · Centre Cultural Altea la Vella Teatre Pensionistes (comèdia en valencià) Entrada [&hellip;]</p>

<!-- This site is optimized with the Yoast SEO plugin v22.8 - https://yoast.com/wordpress/plugins/seo/ -->
<title>Pensionistes - Altea Cultural</title>
<meta name="robots" content="index, follow, max-snippet:-1, max-image-preview:large, max-video-preview:-1" />
<link rel="canonical" href="https://www.alteacultural.com/es/events/pensionistes/" />
<meta property="og:locale" content="es_ES" />
<meta property="og:type" content="article" />
<meta property="og:title" content="Pensionistes - Altea Cultural" />
<meta property="og:description" content="ACTO EN VALENCIANO 11-feb · 20:30 h · Centre Cultural Altea la Vella Teatre Pensionistes (comèdia en valencià) Entrada [&hellip;]" />
<meta property="og:url" content="https://www.alteacultural.com/es/events/pensionistes/" />
<meta property="og:site_name" content="Altea Cultural" />
<meta property="article:modified_time" content="2026-04-25T10:30:42+00:00" />
<meta property="og:image" content="https://www.alteacultural.com/wp-content/uploads/2022/02/CARTELL-TEATRE-PENSIONISTES-11-02-2022-banner.jpg" />
	<meta property="og:image:width" content="1131" />
	<meta property="og:image:height" content="496" />
	<meta property="og:image:type" content="image/jpeg" />
<meta name="twitter:card" content="summary_large_image" />
<meta name="twitter:label1" content="Tiempo de lectura" />
	<meta name="twitter:data1" content="1 minuto" />
<script type="application/ld+json" class="yoast-schema-graph">{"@context":"https://schema.org","@graph":[{"@type":"WebPage","@id":"https://www.alteacultural.com/es/events/pensionistes/","url":"https://www.alteacultural.com/es/events/pensionistes/","name":"Pensionistes - Altea Cultural","isPartOf":{"@id":"https://www.alteacultural.com/es/#website"},"primaryImageOfPage":{"@id":"https://www.alteacultural.com/es/events/pensionistes/#primaryimage"},"image":{"@id":"https://www.alteacultural.com/es/events/pensionistes/#primaryimage"},"thumbnailUrl":"https://www.alteacultural.com/wp-content/uploads/2022/02/CARTELL-TEATRE-PENSIONISTES-11-02-2022-banner.jpg","datePublished":"2022-02-02T17:50:36+00:00","dateModified":"2026-04-25T10:30:42+00:00","breadcrumb":{"@id":"https://www.alteacultural.com/es/events/pensionistes/#breadcrumb"},"inLanguage":"es","potentialAction":[{"@type":"ReadAction","target":["https://www.alteacultural.com/es/events/pensionistes/"]}]},{"@type":"ImageObject","inLanguage":"es","@id":"https://www.alteacultural.com/es/events/pensionistes/#primaryimage","url":"https://www.alteacultural.com/wp-content/uploads/2022/02/CARTELL-TEATRE-PENSIONISTES-11-02-2022-banner.jpg","contentUrl":"https://www.alteacultural.com/wp-content/uploads/2022/02/CARTELL-TEATRE-PENSIONISTES-11-02-2022-banner.jpg","width":1131,"height":496},{"@type":"BreadcrumbList","@id":"https://www.alteacultural.com/es/events/pensionistes/#breadcrumb","itemListElement":[{"@type":"ListItem","position":1,"name":"Inici","item":"https://www.alteacultural.com/es/"},{"@type":"ListItem","position":2,"name":"Eventos","item":"https://www.alteacultural.com/es/events/"},{"@type":"ListItem","position":3,"name":"Pensionistes"}]},{"@type":"WebSite","@id":"https://www.alteacultural.com/es/#website","url":"https://www.alteacultural.com/es/","name":"Altea Cultural","description":"Regidoria de Cultura de l&#039;Ajuntament d&#039;Altea","potentialAction":[{"@type":"SearchAction","target":{"@type":"EntryPoint","urlTemplate":"https://www.alteacultural.com/es/?s={search_term_string}"},"query-input":"required name=search_term_string"}],"inLanguage":"es"}]}</script>
<!-- / Yoast SEO plugin. -->

ACTO EN VALENCIANO 11-feb · 20:30 h · Centre Cultural Altea la Vella Teatre Pensionistes (comèdia en valencià) Entrada [&hellip;]

Entrada lliure i gratuïta
