{"id":15458,"date":"2022-02-14T11:21:46","date_gmt":"2022-02-14T10:21:46","guid":{"rendered":"https:\/\/www.alteacultural.com\/events\/present-libro-desde-mi-balcon-altea-llibres-a-la-primavera-2022\/"},"modified":"2024-06-12T21:11:19","modified_gmt":"2024-06-12T19:11:19","slug":"present-llibre-flores-en-mi-balcon-altea-llibres-a-la-primavera-2022","status":"publish","type":"mec-events","link":"https:\/\/www.alteacultural.com\/es\/events\/present-llibre-flores-en-mi-balcon-altea-llibres-a-la-primavera-2022\/","title":{"rendered":"Present. libro &#8216;Flores en mi balc\u00f3n&#8217; \u2013 Altea, llibres a la primavera 2022"},"content":{"rendered":"<p><strong>17 de febrero | 20 h | Casa de Cultura Altea<\/strong><\/p>\n<p>Presentaci\u00f3n del libro: <em>Flores en mi balc\u00f3n<\/em><br \/>\nAutora: Atnes P.B.<\/p>\n<p>Sinopsis: Si pudieras elegir de qui\u00e9n enamorarte, \u00bfde qui\u00e9n lo har\u00edas? A Alicia nadie se lo pregunt\u00f3, quiz\u00e1 por eso tampoco valor\u00f3 las posibilidades. Era como si su camino lo hubiesen trazado otros para ella. La vida de Alicia es como la tuya, como la m\u00eda, normal&#8230; cre\u00eda vivir con la persona con la que envejecer\u00eda. Estaba convencida que el amor era eso, aceptar sin discutir todo lo que \u00e9l le dec\u00eda, por que no hab\u00eda en el mundo persona que la quisiese m\u00e1s que su marido. Eso crey\u00f3 ella hasta que por fin conoci\u00f3 el amor, y con el amor, los besos.\u00bbFlores en mi balc\u00f3n\u00bb juega con las l\u00edneas temporales, habla de las diferentes relaciones y de la soledad cuando se est\u00e1 acompa\u00f1ado, pero tambi\u00e9n sobre las posibilidades que surgen si te abres a ellas. La experiencia de la vida se valora con el tiempo y es \u00e9l quien pone cada cosa en su sitio. Todos somos protagonistas de nuestra propia historia; en nuestras manos est\u00e1 participar de pleno o decidir dejarlo todo en manos del director que, probablemente, no conozcamos. Aprende, decide, experimenta. S\u00e9 libre.<\/p>\n<p>&nbsp;<\/p>\n<p><a href=\"https:\/\/www.alteacultural.com\/2022\/02\/02\/presentacions-de-llibres-amb-altea-llibres-a-la-primavera\/?lang=es\"><img fetchpriority=\"high\" decoding=\"async\" class=\"wp-image-15457 aligncenter\" src=\"https:\/\/www.alteacultural.com\/wp-content\/uploads\/2022\/02\/LlibresPrimavera22CartellIndividual-2-01.jpg\" alt=\"\" width=\"750\" height=\"1060\" srcset=\"https:\/\/www.alteacultural.com\/wp-content\/uploads\/2022\/02\/LlibresPrimavera22CartellIndividual-2-01.jpg 1754w, https:\/\/www.alteacultural.com\/wp-content\/uploads\/2022\/02\/LlibresPrimavera22CartellIndividual-2-01-768x1086.jpg 768w, https:\/\/www.alteacultural.com\/wp-content\/uploads\/2022\/02\/LlibresPrimavera22CartellIndividual-2-01-1086x1536.jpg 1086w, https:\/\/www.alteacultural.com\/wp-content\/uploads\/2022\/02\/LlibresPrimavera22CartellIndividual-2-01-1448x2048.jpg 1448w\" sizes=\"(max-width: 750px) 100vw, 750px\" \/><\/a><\/p>\n<p>&nbsp;<\/p>\n<p>+info: <a href=\"https:\/\/www.alteacultural.com\/2022\/02\/02\/presentacions-de-llibres-amb-altea-llibres-a-la-primavera\/?lang=es\">ALTEA, LLIBRES A LA PRIMAVERA<\/a><\/p>\n","protected":false},"excerpt":{"rendered":"<p>17 de febrero | 20 h | Casa de Cultura Altea Presentaci\u00f3n del libro: Flores en mi balc\u00f3n Autora: [&hellip;]<\/p>\n","protected":false},"author":1,"featured_media":15460,"comment_status":"open","ping_status":"closed","template":"","meta":{"_expiration-date-status":"","_expiration-date":0,"_expiration-date-type":"","_expiration-date-categories":[],"_expiration-date-options":[]},"yoast_head":"<!-- This site is optimized with the Yoast SEO plugin v22.8 - https:\/\/yoast.com\/wordpress\/plugins\/seo\/ -->\n<title>Present. libro &#039;Flores en mi balc\u00f3n&#039; \u2013 Altea, llibres a la primavera 2022 - Altea Cultural<\/title>\n<meta name=\"robots\" content=\"index, follow, max-snippet:-1, max-image-preview:large, max-video-preview:-1\" \/>\n<link rel=\"canonical\" href=\"https:\/\/www.alteacultural.com\/es\/events\/present-llibre-flores-en-mi-balcon-altea-llibres-a-la-primavera-2022\/\" \/>\n<meta property=\"og:locale\" content=\"es_ES\" \/>\n<meta property=\"og:type\" content=\"article\" \/>\n<meta property=\"og:title\" content=\"Present. libro &#039;Flores en mi balc\u00f3n&#039; \u2013 Altea, llibres a la primavera 2022 - Altea Cultural\" \/>\n<meta property=\"og:description\" content=\"17 de febrero | 20 h | Casa de Cultura Altea Presentaci\u00f3n del libro: Flores en mi balc\u00f3n Autora: [&hellip;]\" \/>\n<meta property=\"og:url\" content=\"https:\/\/www.alteacultural.com\/es\/events\/present-llibre-flores-en-mi-balcon-altea-llibres-a-la-primavera-2022\/\" \/>\n<meta property=\"og:site_name\" content=\"Altea Cultural\" \/>\n<meta property=\"article:modified_time\" content=\"2024-06-12T19:11:19+00:00\" \/>\n<meta property=\"og:image\" content=\"https:\/\/www.alteacultural.com\/wp-content\/uploads\/2022\/02\/banfloresbalcon.jpg\" \/>\n\t<meta property=\"og:image:width\" content=\"2048\" \/>\n\t<meta property=\"og:image:height\" content=\"779\" \/>\n\t<meta property=\"og:image:type\" content=\"image\/jpeg\" \/>\n<meta name=\"twitter:card\" content=\"summary_large_image\" \/>\n<meta name=\"twitter:label1\" content=\"Tiempo de lectura\" \/>\n\t<meta name=\"twitter:data1\" content=\"2 minutos\" \/>\n<script type=\"application\/ld+json\" class=\"yoast-schema-graph\">{\"@context\":\"https:\/\/schema.org\",\"@graph\":[{\"@type\":\"WebPage\",\"@id\":\"https:\/\/www.alteacultural.com\/es\/events\/present-llibre-flores-en-mi-balcon-altea-llibres-a-la-primavera-2022\/\",\"url\":\"https:\/\/www.alteacultural.com\/es\/events\/present-llibre-flores-en-mi-balcon-altea-llibres-a-la-primavera-2022\/\",\"name\":\"Present. libro 'Flores en mi balc\u00f3n' \u2013 Altea, llibres a la primavera 2022 - Altea Cultural\",\"isPartOf\":{\"@id\":\"https:\/\/www.alteacultural.com\/es\/#website\"},\"primaryImageOfPage\":{\"@id\":\"https:\/\/www.alteacultural.com\/es\/events\/present-llibre-flores-en-mi-balcon-altea-llibres-a-la-primavera-2022\/#primaryimage\"},\"image\":{\"@id\":\"https:\/\/www.alteacultural.com\/es\/events\/present-llibre-flores-en-mi-balcon-altea-llibres-a-la-primavera-2022\/#primaryimage\"},\"thumbnailUrl\":\"https:\/\/www.alteacultural.com\/wp-content\/uploads\/2022\/02\/banfloresbalcon.jpg\",\"datePublished\":\"2022-02-14T10:21:46+00:00\",\"dateModified\":\"2024-06-12T19:11:19+00:00\",\"breadcrumb\":{\"@id\":\"https:\/\/www.alteacultural.com\/es\/events\/present-llibre-flores-en-mi-balcon-altea-llibres-a-la-primavera-2022\/#breadcrumb\"},\"inLanguage\":\"es\",\"potentialAction\":[{\"@type\":\"ReadAction\",\"target\":[\"https:\/\/www.alteacultural.com\/es\/events\/present-llibre-flores-en-mi-balcon-altea-llibres-a-la-primavera-2022\/\"]}]},{\"@type\":\"ImageObject\",\"inLanguage\":\"es\",\"@id\":\"https:\/\/www.alteacultural.com\/es\/events\/present-llibre-flores-en-mi-balcon-altea-llibres-a-la-primavera-2022\/#primaryimage\",\"url\":\"https:\/\/www.alteacultural.com\/wp-content\/uploads\/2022\/02\/banfloresbalcon.jpg\",\"contentUrl\":\"https:\/\/www.alteacultural.com\/wp-content\/uploads\/2022\/02\/banfloresbalcon.jpg\",\"width\":2048,\"height\":779},{\"@type\":\"BreadcrumbList\",\"@id\":\"https:\/\/www.alteacultural.com\/es\/events\/present-llibre-flores-en-mi-balcon-altea-llibres-a-la-primavera-2022\/#breadcrumb\",\"itemListElement\":[{\"@type\":\"ListItem\",\"position\":1,\"name\":\"Inici\",\"item\":\"https:\/\/www.alteacultural.com\/es\/\"},{\"@type\":\"ListItem\",\"position\":2,\"name\":\"Eventos\",\"item\":\"https:\/\/www.alteacultural.com\/es\/events\/\"},{\"@type\":\"ListItem\",\"position\":3,\"name\":\"Present. libro &#8216;Flores en mi balc\u00f3n&#8217; \u2013 Altea, llibres a la primavera 2022\"}]},{\"@type\":\"WebSite\",\"@id\":\"https:\/\/www.alteacultural.com\/es\/#website\",\"url\":\"https:\/\/www.alteacultural.com\/es\/\",\"name\":\"Altea Cultural\",\"description\":\"Regidoria de Cultura de l&#039;Ajuntament d&#039;Altea\",\"potentialAction\":[{\"@type\":\"SearchAction\",\"target\":{\"@type\":\"EntryPoint\",\"urlTemplate\":\"https:\/\/www.alteacultural.com\/es\/?s={search_term_string}\"},\"query-input\":\"required name=search_term_string\"}],\"inLanguage\":\"es\"}]}<\/script>\n<!-- \/ Yoast SEO plugin. -->","yoast_head_json":{"title":"Present. libro 'Flores en mi balc\u00f3n' \u2013 Altea, llibres a la primavera 2022 - Altea Cultural","robots":{"index":"index","follow":"follow","max-snippet":"max-snippet:-1","max-image-preview":"max-image-preview:large","max-video-preview":"max-video-preview:-1"},"canonical":"https:\/\/www.alteacultural.com\/es\/events\/present-llibre-flores-en-mi-balcon-altea-llibres-a-la-primavera-2022\/","og_locale":"es_ES","og_type":"article","og_title":"Present. libro 'Flores en mi balc\u00f3n' \u2013 Altea, llibres a la primavera 2022 - Altea Cultural","og_description":"17 de febrero | 20 h | Casa de Cultura Altea Presentaci\u00f3n del libro: Flores en mi balc\u00f3n Autora: [&hellip;]","og_url":"https:\/\/www.alteacultural.com\/es\/events\/present-llibre-flores-en-mi-balcon-altea-llibres-a-la-primavera-2022\/","og_site_name":"Altea Cultural","article_modified_time":"2024-06-12T19:11:19+00:00","og_image":[{"width":2048,"height":779,"url":"https:\/\/www.alteacultural.com\/wp-content\/uploads\/2022\/02\/banfloresbalcon.jpg","type":"image\/jpeg"}],"twitter_card":"summary_large_image","twitter_misc":{"Tiempo de lectura":"2 minutos"},"schema":{"@context":"https:\/\/schema.org","@graph":[{"@type":"WebPage","@id":"https:\/\/www.alteacultural.com\/es\/events\/present-llibre-flores-en-mi-balcon-altea-llibres-a-la-primavera-2022\/","url":"https:\/\/www.alteacultural.com\/es\/events\/present-llibre-flores-en-mi-balcon-altea-llibres-a-la-primavera-2022\/","name":"Present. libro 'Flores en mi balc\u00f3n' \u2013 Altea, llibres a la primavera 2022 - Altea Cultural","isPartOf":{"@id":"https:\/\/www.alteacultural.com\/es\/#website"},"primaryImageOfPage":{"@id":"https:\/\/www.alteacultural.com\/es\/events\/present-llibre-flores-en-mi-balcon-altea-llibres-a-la-primavera-2022\/#primaryimage"},"image":{"@id":"https:\/\/www.alteacultural.com\/es\/events\/present-llibre-flores-en-mi-balcon-altea-llibres-a-la-primavera-2022\/#primaryimage"},"thumbnailUrl":"https:\/\/www.alteacultural.com\/wp-content\/uploads\/2022\/02\/banfloresbalcon.jpg","datePublished":"2022-02-14T10:21:46+00:00","dateModified":"2024-06-12T19:11:19+00:00","breadcrumb":{"@id":"https:\/\/www.alteacultural.com\/es\/events\/present-llibre-flores-en-mi-balcon-altea-llibres-a-la-primavera-2022\/#breadcrumb"},"inLanguage":"es","potentialAction":[{"@type":"ReadAction","target":["https:\/\/www.alteacultural.com\/es\/events\/present-llibre-flores-en-mi-balcon-altea-llibres-a-la-primavera-2022\/"]}]},{"@type":"ImageObject","inLanguage":"es","@id":"https:\/\/www.alteacultural.com\/es\/events\/present-llibre-flores-en-mi-balcon-altea-llibres-a-la-primavera-2022\/#primaryimage","url":"https:\/\/www.alteacultural.com\/wp-content\/uploads\/2022\/02\/banfloresbalcon.jpg","contentUrl":"https:\/\/www.alteacultural.com\/wp-content\/uploads\/2022\/02\/banfloresbalcon.jpg","width":2048,"height":779},{"@type":"BreadcrumbList","@id":"https:\/\/www.alteacultural.com\/es\/events\/present-llibre-flores-en-mi-balcon-altea-llibres-a-la-primavera-2022\/#breadcrumb","itemListElement":[{"@type":"ListItem","position":1,"name":"Inici","item":"https:\/\/www.alteacultural.com\/es\/"},{"@type":"ListItem","position":2,"name":"Eventos","item":"https:\/\/www.alteacultural.com\/es\/events\/"},{"@type":"ListItem","position":3,"name":"Present. libro &#8216;Flores en mi balc\u00f3n&#8217; \u2013 Altea, llibres a la primavera 2022"}]},{"@type":"WebSite","@id":"https:\/\/www.alteacultural.com\/es\/#website","url":"https:\/\/www.alteacultural.com\/es\/","name":"Altea Cultural","description":"Regidoria de Cultura de l&#039;Ajuntament d&#039;Altea","potentialAction":[{"@type":"SearchAction","target":{"@type":"EntryPoint","urlTemplate":"https:\/\/www.alteacultural.com\/es\/?s={search_term_string}"},"query-input":"required name=search_term_string"}],"inLanguage":"es"}]}},"mec_cost":"Entrada libre y gratuita","mec_date":{"start":{"date":"2022-02-17","hour":8,"minutes":"0","ampm":"PM"},"end":{"date":"2022-02-17","hour":9,"minutes":"0","ampm":"PM"},"comment":"","repeat":{"type":"daily","interval":"1","advanced":"","end":"never","end_at_date":"","end_at_occurrences":"10"}},"_links":{"self":[{"href":"https:\/\/www.alteacultural.com\/es\/wp-json\/wp\/v2\/mec-events\/15458"}],"collection":[{"href":"https:\/\/www.alteacultural.com\/es\/wp-json\/wp\/v2\/mec-events"}],"about":[{"href":"https:\/\/www.alteacultural.com\/es\/wp-json\/wp\/v2\/types\/mec-events"}],"author":[{"embeddable":true,"href":"https:\/\/www.alteacultural.com\/es\/wp-json\/wp\/v2\/users\/1"}],"replies":[{"embeddable":true,"href":"https:\/\/www.alteacultural.com\/es\/wp-json\/wp\/v2\/comments?post=15458"}],"wp:featuredmedia":[{"embeddable":true,"href":"https:\/\/www.alteacultural.com\/es\/wp-json\/wp\/v2\/media\/15460"}],"wp:attachment":[{"href":"https:\/\/www.alteacultural.com\/es\/wp-json\/wp\/v2\/media?parent=15458"}],"curies":[{"name":"wp","href":"https:\/\/api.w.org\/{rel}","templated":true}]}}

Present. libro &#8216;Flores en mi balcón&#8217; – Altea, llibres a la primavera 2022

<p><strong>17 de febrero | 20 h | Casa de Cultura Altea</strong></p>
<p>Presentación del libro: <em>Flores en mi balcón</em><br />
Autora: Atnes P.B.</p>
<p>Sinopsis: Si pudieras elegir de quién enamorarte, ¿de quién lo harías? A Alicia nadie se lo preguntó, quizá por eso tampoco valoró las posibilidades. Era como si su camino lo hubiesen trazado otros para ella. La vida de Alicia es como la tuya, como la mía, normal&#8230; creía vivir con la persona con la que envejecería. Estaba convencida que el amor era eso, aceptar sin discutir todo lo que él le decía, por que no había en el mundo persona que la quisiese más que su marido. Eso creyó ella hasta que por fin conoció el amor, y con el amor, los besos.»Flores en mi balcón» juega con las líneas temporales, habla de las diferentes relaciones y de la soledad cuando se está acompañado, pero también sobre las posibilidades que surgen si te abres a ellas. La experiencia de la vida se valora con el tiempo y es él quien pone cada cosa en su sitio. Todos somos protagonistas de nuestra propia historia; en nuestras manos está participar de pleno o decidir dejarlo todo en manos del director que, probablemente, no conozcamos. Aprende, decide, experimenta. Sé libre.</p>
<p>&nbsp;</p>
<p><a href="https://www.alteacultural.com/2022/02/02/presentacions-de-llibres-amb-altea-llibres-a-la-primavera/?lang=es"><img fetchpriority="high" decoding="async" class="wp-image-15457 aligncenter" src="https://www.alteacultural.com/wp-content/uploads/2022/02/LlibresPrimavera22CartellIndividual-2-01.jpg" alt="" width="750" height="1060" srcset="https://www.alteacultural.com/wp-content/uploads/2022/02/LlibresPrimavera22CartellIndividual-2-01.jpg 1754w, https://www.alteacultural.com/wp-content/uploads/2022/02/LlibresPrimavera22CartellIndividual-2-01-768x1086.jpg 768w, https://www.alteacultural.com/wp-content/uploads/2022/02/LlibresPrimavera22CartellIndividual-2-01-1086x1536.jpg 1086w, https://www.alteacultural.com/wp-content/uploads/2022/02/LlibresPrimavera22CartellIndividual-2-01-1448x2048.jpg 1448w" sizes="(max-width: 750px) 100vw, 750px" /></a></p>
<p>&nbsp;</p>
<p>+info: <a href="https://www.alteacultural.com/2022/02/02/presentacions-de-llibres-amb-altea-llibres-a-la-primavera/?lang=es">ALTEA, LLIBRES A LA PRIMAVERA</a></p>

<p>17 de febrero | 20 h | Casa de Cultura Altea Presentación del libro: Flores en mi balcón Autora: [&hellip;]</p>

<!-- This site is optimized with the Yoast SEO plugin v22.8 - https://yoast.com/wordpress/plugins/seo/ -->
<title>Present. libro &#039;Flores en mi balcón&#039; – Altea, llibres a la primavera 2022 - Altea Cultural</title>
<meta name="robots" content="index, follow, max-snippet:-1, max-image-preview:large, max-video-preview:-1" />
<link rel="canonical" href="https://www.alteacultural.com/es/events/present-llibre-flores-en-mi-balcon-altea-llibres-a-la-primavera-2022/" />
<meta property="og:locale" content="es_ES" />
<meta property="og:type" content="article" />
<meta property="og:title" content="Present. libro &#039;Flores en mi balcón&#039; – Altea, llibres a la primavera 2022 - Altea Cultural" />
<meta property="og:description" content="17 de febrero | 20 h | Casa de Cultura Altea Presentación del libro: Flores en mi balcón Autora: [&hellip;]" />
<meta property="og:url" content="https://www.alteacultural.com/es/events/present-llibre-flores-en-mi-balcon-altea-llibres-a-la-primavera-2022/" />
<meta property="og:site_name" content="Altea Cultural" />
<meta property="article:modified_time" content="2024-06-12T19:11:19+00:00" />
<meta property="og:image" content="https://www.alteacultural.com/wp-content/uploads/2022/02/banfloresbalcon.jpg" />
	<meta property="og:image:width" content="2048" />
	<meta property="og:image:height" content="779" />
	<meta property="og:image:type" content="image/jpeg" />
<meta name="twitter:card" content="summary_large_image" />
<meta name="twitter:label1" content="Tiempo de lectura" />
	<meta name="twitter:data1" content="2 minutos" />
<script type="application/ld+json" class="yoast-schema-graph">{"@context":"https://schema.org","@graph":[{"@type":"WebPage","@id":"https://www.alteacultural.com/es/events/present-llibre-flores-en-mi-balcon-altea-llibres-a-la-primavera-2022/","url":"https://www.alteacultural.com/es/events/present-llibre-flores-en-mi-balcon-altea-llibres-a-la-primavera-2022/","name":"Present. libro 'Flores en mi balcón' – Altea, llibres a la primavera 2022 - Altea Cultural","isPartOf":{"@id":"https://www.alteacultural.com/es/#website"},"primaryImageOfPage":{"@id":"https://www.alteacultural.com/es/events/present-llibre-flores-en-mi-balcon-altea-llibres-a-la-primavera-2022/#primaryimage"},"image":{"@id":"https://www.alteacultural.com/es/events/present-llibre-flores-en-mi-balcon-altea-llibres-a-la-primavera-2022/#primaryimage"},"thumbnailUrl":"https://www.alteacultural.com/wp-content/uploads/2022/02/banfloresbalcon.jpg","datePublished":"2022-02-14T10:21:46+00:00","dateModified":"2024-06-12T19:11:19+00:00","breadcrumb":{"@id":"https://www.alteacultural.com/es/events/present-llibre-flores-en-mi-balcon-altea-llibres-a-la-primavera-2022/#breadcrumb"},"inLanguage":"es","potentialAction":[{"@type":"ReadAction","target":["https://www.alteacultural.com/es/events/present-llibre-flores-en-mi-balcon-altea-llibres-a-la-primavera-2022/"]}]},{"@type":"ImageObject","inLanguage":"es","@id":"https://www.alteacultural.com/es/events/present-llibre-flores-en-mi-balcon-altea-llibres-a-la-primavera-2022/#primaryimage","url":"https://www.alteacultural.com/wp-content/uploads/2022/02/banfloresbalcon.jpg","contentUrl":"https://www.alteacultural.com/wp-content/uploads/2022/02/banfloresbalcon.jpg","width":2048,"height":779},{"@type":"BreadcrumbList","@id":"https://www.alteacultural.com/es/events/present-llibre-flores-en-mi-balcon-altea-llibres-a-la-primavera-2022/#breadcrumb","itemListElement":[{"@type":"ListItem","position":1,"name":"Inici","item":"https://www.alteacultural.com/es/"},{"@type":"ListItem","position":2,"name":"Eventos","item":"https://www.alteacultural.com/es/events/"},{"@type":"ListItem","position":3,"name":"Present. libro &#8216;Flores en mi balcón&#8217; – Altea, llibres a la primavera 2022"}]},{"@type":"WebSite","@id":"https://www.alteacultural.com/es/#website","url":"https://www.alteacultural.com/es/","name":"Altea Cultural","description":"Regidoria de Cultura de l&#039;Ajuntament d&#039;Altea","potentialAction":[{"@type":"SearchAction","target":{"@type":"EntryPoint","urlTemplate":"https://www.alteacultural.com/es/?s={search_term_string}"},"query-input":"required name=search_term_string"}],"inLanguage":"es"}]}</script>
<!-- / Yoast SEO plugin. -->

Present. libro 'Flores en mi balcón' – Altea, llibres a la primavera 2022 - Altea Cultural

17 de febrero | 20 h | Casa de Cultura Altea Presentación del libro: Flores en mi balcón Autora: [&hellip;]
