{"id":16362,"date":"2022-03-09T10:37:47","date_gmt":"2022-03-09T09:37:47","guid":{"rendered":"https:\/\/www.alteacultural.com\/events\/mamma-mia-el-musical\/"},"modified":"2022-06-02T21:11:20","modified_gmt":"2022-06-02T19:11:20","slug":"mamma-mia-el-musical","status":"publish","type":"mec-events","link":"https:\/\/www.alteacultural.com\/es\/events\/mamma-mia-el-musical\/","title":{"rendered":"[\u274cCANCELADO] Mamma mia! El musical"},"content":{"rendered":"<p><span style=\"color: #ff0000;\"><strong>ATENCI\u00d3N<\/strong>: ESPECT\u00c1CULO CANCELADO<\/span><\/p>\n<p><strong>18 de junio | 19:30 h | Palau Altea<\/strong><\/p>\n<p>&nbsp;<\/p>\n<p align=\"JUSTIFY\">El grupo musical ABBA ha sido sin dudas unos de los iconos musicales m\u00e1s representativos de los a\u00f1os 70\u2019, la particular forma de armonizar las voces de sus integrantes femeninas le concedi\u00f3 gran \u00e9xito a muchos de los temas interpretados por este cuarteto, y que siguen d\u00e1ndose a conocer a\u00fan entre las nuevas generaciones. M\u00e1s recientemente, en la d\u00e9cada de los 90\u2019, sus melod\u00edas han servido de inspiraci\u00f3n para el famoso musical Mamma Mia! Estrenado en Londres durante el a\u00f1o 1999 y que ha logrado impactar a m\u00e1s de 60 millones de espectadores en el mundo entero.<\/p>\n<p align=\"JUSTIFY\">El musical contiene canciones tan conocidas del c\u00e9lebre grupo como: \u00abDancing Queen\u00bb, \u00abChiquitita\u00bb, \u00abMoney, Money\u00bb, \u00abSuper Trouper\u00bb, \u00abWaterlo\u00bb, \u00abVoulez Vous\u00bb, y por supuesto el tema que da el nombre a la obra: \u00abMamma Mia\u00bb.<\/p>\n<p align=\"JUSTIFY\">La m\u00fasica de la famosa banda de pop sirve de ambientaci\u00f3n para narrar la historia de una chica de veinte a\u00f1os (Sophie) quien vive junto a su madre en un hotel de su propiedad ubicado en una isla griega, la joven que esta pr\u00f3xima a casarse nunca ha conocido a su padre y su natural curiosidad encuentra una esperanza al hallar por casualidad un antiguo diario de su madre (Donna), en donde puede ubicar la direcci\u00f3n de tres hombres que podr\u00edan ser su padre, por tanto decide invitarlos a la boda sin informar a su madre con toda la intenci\u00f3n de descubrir la identidad de su progenitor.<\/p>\n<p align=\"JUSTIFY\">La historia desencadena en divertidos episodios llenos de m\u00fasica, baile y colorido vestuario que enmarcan la loca interacci\u00f3n de los personajes en su af\u00e1n por determinar qui\u00e9n de los tres visitantes es realmente el padre de Sophie.<\/p>\n<p align=\"JUSTIFY\"><img fetchpriority=\"high\" decoding=\"async\" class=\"wp-image-16356 aligncenter\" src=\"https:\/\/www.alteacultural.com\/wp-content\/uploads\/2022\/03\/mammamia.jpg\" alt=\"\" width=\"750\" height=\"1047\" \/><\/p>\n<p>&nbsp;<\/p>\n<p>&nbsp;<\/p>\n","protected":false},"excerpt":{"rendered":"<p>ATENCI\u00d3N: ESPECT\u00c1CULO CANCELADO 18 de junio | 19:30 h | Palau Altea &nbsp; El grupo musical ABBA ha sido [&hellip;]<\/p>\n","protected":false},"author":1,"featured_media":16361,"comment_status":"open","ping_status":"closed","template":"","meta":{"_expiration-date-status":"","_expiration-date":0,"_expiration-date-type":"","_expiration-date-categories":[],"_expiration-date-options":[]},"yoast_head":"<!-- This site is optimized with the Yoast SEO plugin v22.8 - https:\/\/yoast.com\/wordpress\/plugins\/seo\/ -->\n<title>[\u274cCANCELADO] Mamma mia! El musical - Altea Cultural<\/title>\n<meta name=\"robots\" content=\"index, follow, max-snippet:-1, max-image-preview:large, max-video-preview:-1\" \/>\n<link rel=\"canonical\" href=\"https:\/\/www.alteacultural.com\/es\/events\/mamma-mia-el-musical\/\" \/>\n<meta property=\"og:locale\" content=\"es_ES\" \/>\n<meta property=\"og:type\" content=\"article\" \/>\n<meta property=\"og:title\" content=\"[\u274cCANCELADO] Mamma mia! El musical - Altea Cultural\" \/>\n<meta property=\"og:description\" content=\"ATENCI\u00d3N: ESPECT\u00c1CULO CANCELADO 18 de junio | 19:30 h | Palau Altea &nbsp; El grupo musical ABBA ha sido [&hellip;]\" \/>\n<meta property=\"og:url\" content=\"https:\/\/www.alteacultural.com\/es\/events\/mamma-mia-el-musical\/\" \/>\n<meta property=\"og:site_name\" content=\"Altea Cultural\" \/>\n<meta property=\"article:modified_time\" content=\"2022-06-02T19:11:20+00:00\" \/>\n<meta property=\"og:image\" content=\"https:\/\/www.alteacultural.com\/wp-content\/uploads\/2022\/03\/mamamia.jpg\" \/>\n\t<meta property=\"og:image:width\" content=\"1340\" \/>\n\t<meta property=\"og:image:height\" content=\"496\" \/>\n\t<meta property=\"og:image:type\" content=\"image\/jpeg\" \/>\n<meta name=\"twitter:card\" content=\"summary_large_image\" \/>\n<meta name=\"twitter:label1\" content=\"Tiempo de lectura\" \/>\n\t<meta name=\"twitter:data1\" content=\"2 minutos\" \/>\n<script type=\"application\/ld+json\" class=\"yoast-schema-graph\">{\"@context\":\"https:\/\/schema.org\",\"@graph\":[{\"@type\":\"WebPage\",\"@id\":\"https:\/\/www.alteacultural.com\/es\/events\/mamma-mia-el-musical\/\",\"url\":\"https:\/\/www.alteacultural.com\/es\/events\/mamma-mia-el-musical\/\",\"name\":\"[\u274cCANCELADO] Mamma mia! El musical - Altea Cultural\",\"isPartOf\":{\"@id\":\"https:\/\/www.alteacultural.com\/es\/#website\"},\"primaryImageOfPage\":{\"@id\":\"https:\/\/www.alteacultural.com\/es\/events\/mamma-mia-el-musical\/#primaryimage\"},\"image\":{\"@id\":\"https:\/\/www.alteacultural.com\/es\/events\/mamma-mia-el-musical\/#primaryimage\"},\"thumbnailUrl\":\"https:\/\/www.alteacultural.com\/wp-content\/uploads\/2022\/03\/mamamia.jpg\",\"datePublished\":\"2022-03-09T09:37:47+00:00\",\"dateModified\":\"2022-06-02T19:11:20+00:00\",\"breadcrumb\":{\"@id\":\"https:\/\/www.alteacultural.com\/es\/events\/mamma-mia-el-musical\/#breadcrumb\"},\"inLanguage\":\"es\",\"potentialAction\":[{\"@type\":\"ReadAction\",\"target\":[\"https:\/\/www.alteacultural.com\/es\/events\/mamma-mia-el-musical\/\"]}]},{\"@type\":\"ImageObject\",\"inLanguage\":\"es\",\"@id\":\"https:\/\/www.alteacultural.com\/es\/events\/mamma-mia-el-musical\/#primaryimage\",\"url\":\"https:\/\/www.alteacultural.com\/wp-content\/uploads\/2022\/03\/mamamia.jpg\",\"contentUrl\":\"https:\/\/www.alteacultural.com\/wp-content\/uploads\/2022\/03\/mamamia.jpg\",\"width\":1340,\"height\":496},{\"@type\":\"BreadcrumbList\",\"@id\":\"https:\/\/www.alteacultural.com\/es\/events\/mamma-mia-el-musical\/#breadcrumb\",\"itemListElement\":[{\"@type\":\"ListItem\",\"position\":1,\"name\":\"Inici\",\"item\":\"https:\/\/www.alteacultural.com\/es\/\"},{\"@type\":\"ListItem\",\"position\":2,\"name\":\"Eventos\",\"item\":\"https:\/\/www.alteacultural.com\/es\/events\/\"},{\"@type\":\"ListItem\",\"position\":3,\"name\":\"[\u274cCANCELADO] Mamma mia! El musical\"}]},{\"@type\":\"WebSite\",\"@id\":\"https:\/\/www.alteacultural.com\/es\/#website\",\"url\":\"https:\/\/www.alteacultural.com\/es\/\",\"name\":\"Altea Cultural\",\"description\":\"Regidoria de Cultura de l&#039;Ajuntament d&#039;Altea\",\"potentialAction\":[{\"@type\":\"SearchAction\",\"target\":{\"@type\":\"EntryPoint\",\"urlTemplate\":\"https:\/\/www.alteacultural.com\/es\/?s={search_term_string}\"},\"query-input\":\"required name=search_term_string\"}],\"inLanguage\":\"es\"}]}<\/script>\n<!-- \/ Yoast SEO plugin. -->","yoast_head_json":{"title":"[\u274cCANCELADO] Mamma mia! El musical - Altea Cultural","robots":{"index":"index","follow":"follow","max-snippet":"max-snippet:-1","max-image-preview":"max-image-preview:large","max-video-preview":"max-video-preview:-1"},"canonical":"https:\/\/www.alteacultural.com\/es\/events\/mamma-mia-el-musical\/","og_locale":"es_ES","og_type":"article","og_title":"[\u274cCANCELADO] Mamma mia! El musical - Altea Cultural","og_description":"ATENCI\u00d3N: ESPECT\u00c1CULO CANCELADO 18 de junio | 19:30 h | Palau Altea &nbsp; El grupo musical ABBA ha sido [&hellip;]","og_url":"https:\/\/www.alteacultural.com\/es\/events\/mamma-mia-el-musical\/","og_site_name":"Altea Cultural","article_modified_time":"2022-06-02T19:11:20+00:00","og_image":[{"width":1340,"height":496,"url":"https:\/\/www.alteacultural.com\/wp-content\/uploads\/2022\/03\/mamamia.jpg","type":"image\/jpeg"}],"twitter_card":"summary_large_image","twitter_misc":{"Tiempo de lectura":"2 minutos"},"schema":{"@context":"https:\/\/schema.org","@graph":[{"@type":"WebPage","@id":"https:\/\/www.alteacultural.com\/es\/events\/mamma-mia-el-musical\/","url":"https:\/\/www.alteacultural.com\/es\/events\/mamma-mia-el-musical\/","name":"[\u274cCANCELADO] Mamma mia! El musical - Altea Cultural","isPartOf":{"@id":"https:\/\/www.alteacultural.com\/es\/#website"},"primaryImageOfPage":{"@id":"https:\/\/www.alteacultural.com\/es\/events\/mamma-mia-el-musical\/#primaryimage"},"image":{"@id":"https:\/\/www.alteacultural.com\/es\/events\/mamma-mia-el-musical\/#primaryimage"},"thumbnailUrl":"https:\/\/www.alteacultural.com\/wp-content\/uploads\/2022\/03\/mamamia.jpg","datePublished":"2022-03-09T09:37:47+00:00","dateModified":"2022-06-02T19:11:20+00:00","breadcrumb":{"@id":"https:\/\/www.alteacultural.com\/es\/events\/mamma-mia-el-musical\/#breadcrumb"},"inLanguage":"es","potentialAction":[{"@type":"ReadAction","target":["https:\/\/www.alteacultural.com\/es\/events\/mamma-mia-el-musical\/"]}]},{"@type":"ImageObject","inLanguage":"es","@id":"https:\/\/www.alteacultural.com\/es\/events\/mamma-mia-el-musical\/#primaryimage","url":"https:\/\/www.alteacultural.com\/wp-content\/uploads\/2022\/03\/mamamia.jpg","contentUrl":"https:\/\/www.alteacultural.com\/wp-content\/uploads\/2022\/03\/mamamia.jpg","width":1340,"height":496},{"@type":"BreadcrumbList","@id":"https:\/\/www.alteacultural.com\/es\/events\/mamma-mia-el-musical\/#breadcrumb","itemListElement":[{"@type":"ListItem","position":1,"name":"Inici","item":"https:\/\/www.alteacultural.com\/es\/"},{"@type":"ListItem","position":2,"name":"Eventos","item":"https:\/\/www.alteacultural.com\/es\/events\/"},{"@type":"ListItem","position":3,"name":"[\u274cCANCELADO] Mamma mia! El musical"}]},{"@type":"WebSite","@id":"https:\/\/www.alteacultural.com\/es\/#website","url":"https:\/\/www.alteacultural.com\/es\/","name":"Altea Cultural","description":"Regidoria de Cultura de l&#039;Ajuntament d&#039;Altea","potentialAction":[{"@type":"SearchAction","target":{"@type":"EntryPoint","urlTemplate":"https:\/\/www.alteacultural.com\/es\/?s={search_term_string}"},"query-input":"required name=search_term_string"}],"inLanguage":"es"}]}},"mec_cost":"Entrada general 26 \u20ac","mec_date":{"start":{"date":"2022-06-18","hour":7,"minutes":"30","ampm":"PM"},"end":{"date":"2022-06-18","hour":9,"minutes":"0","ampm":"PM"},"comment":"","repeat":{"type":"daily","interval":"1","advanced":"","end":"never","end_at_date":"","end_at_occurrences":"10"}},"_links":{"self":[{"href":"https:\/\/www.alteacultural.com\/es\/wp-json\/wp\/v2\/mec-events\/16362"}],"collection":[{"href":"https:\/\/www.alteacultural.com\/es\/wp-json\/wp\/v2\/mec-events"}],"about":[{"href":"https:\/\/www.alteacultural.com\/es\/wp-json\/wp\/v2\/types\/mec-events"}],"author":[{"embeddable":true,"href":"https:\/\/www.alteacultural.com\/es\/wp-json\/wp\/v2\/users\/1"}],"replies":[{"embeddable":true,"href":"https:\/\/www.alteacultural.com\/es\/wp-json\/wp\/v2\/comments?post=16362"}],"wp:featuredmedia":[{"embeddable":true,"href":"https:\/\/www.alteacultural.com\/es\/wp-json\/wp\/v2\/media\/16361"}],"wp:attachment":[{"href":"https:\/\/www.alteacultural.com\/es\/wp-json\/wp\/v2\/media?parent=16362"}],"curies":[{"name":"wp","href":"https:\/\/api.w.org\/{rel}","templated":true}]}}

<p><span style="color: #ff0000;"><strong>ATENCIÓN</strong>: ESPECTÁCULO CANCELADO</span></p>
<p><strong>18 de junio | 19:30 h | Palau Altea</strong></p>
<p>&nbsp;</p>
<p align="JUSTIFY">El grupo musical ABBA ha sido sin dudas unos de los iconos musicales más representativos de los años 70’, la particular forma de armonizar las voces de sus integrantes femeninas le concedió gran éxito a muchos de los temas interpretados por este cuarteto, y que siguen dándose a conocer aún entre las nuevas generaciones. Más recientemente, en la década de los 90’, sus melodías han servido de inspiración para el famoso musical Mamma Mia! Estrenado en Londres durante el año 1999 y que ha logrado impactar a más de 60 millones de espectadores en el mundo entero.</p>
<p align="JUSTIFY">El musical contiene canciones tan conocidas del célebre grupo como: «Dancing Queen», «Chiquitita», «Money, Money», «Super Trouper», «Waterlo», «Voulez Vous», y por supuesto el tema que da el nombre a la obra: «Mamma Mia».</p>
<p align="JUSTIFY">La música de la famosa banda de pop sirve de ambientación para narrar la historia de una chica de veinte años (Sophie) quien vive junto a su madre en un hotel de su propiedad ubicado en una isla griega, la joven que esta próxima a casarse nunca ha conocido a su padre y su natural curiosidad encuentra una esperanza al hallar por casualidad un antiguo diario de su madre (Donna), en donde puede ubicar la dirección de tres hombres que podrían ser su padre, por tanto decide invitarlos a la boda sin informar a su madre con toda la intención de descubrir la identidad de su progenitor.</p>
<p align="JUSTIFY">La historia desencadena en divertidos episodios llenos de música, baile y colorido vestuario que enmarcan la loca interacción de los personajes en su afán por determinar quién de los tres visitantes es realmente el padre de Sophie.</p>
<p align="JUSTIFY"><img fetchpriority="high" decoding="async" class="wp-image-16356 aligncenter" src="https://www.alteacultural.com/wp-content/uploads/2022/03/mammamia.jpg" alt="" width="750" height="1047" /></p>
<p>&nbsp;</p>
<p>&nbsp;</p>

<p>ATENCIÓN: ESPECTÁCULO CANCELADO 18 de junio | 19:30 h | Palau Altea &nbsp; El grupo musical ABBA ha sido [&hellip;]</p>

<!-- This site is optimized with the Yoast SEO plugin v22.8 - https://yoast.com/wordpress/plugins/seo/ -->
<title>[❌CANCELADO] Mamma mia! El musical - Altea Cultural</title>
<meta name="robots" content="index, follow, max-snippet:-1, max-image-preview:large, max-video-preview:-1" />
<link rel="canonical" href="https://www.alteacultural.com/es/events/mamma-mia-el-musical/" />
<meta property="og:locale" content="es_ES" />
<meta property="og:type" content="article" />
<meta property="og:title" content="[❌CANCELADO] Mamma mia! El musical - Altea Cultural" />
<meta property="og:description" content="ATENCIÓN: ESPECTÁCULO CANCELADO 18 de junio | 19:30 h | Palau Altea &nbsp; El grupo musical ABBA ha sido [&hellip;]" />
<meta property="og:url" content="https://www.alteacultural.com/es/events/mamma-mia-el-musical/" />
<meta property="og:site_name" content="Altea Cultural" />
<meta property="article:modified_time" content="2022-06-02T19:11:20+00:00" />
<meta property="og:image" content="https://www.alteacultural.com/wp-content/uploads/2022/03/mamamia.jpg" />
	<meta property="og:image:width" content="1340" />
	<meta property="og:image:height" content="496" />
	<meta property="og:image:type" content="image/jpeg" />
<meta name="twitter:card" content="summary_large_image" />
<meta name="twitter:label1" content="Tiempo de lectura" />
	<meta name="twitter:data1" content="2 minutos" />
<script type="application/ld+json" class="yoast-schema-graph">{"@context":"https://schema.org","@graph":[{"@type":"WebPage","@id":"https://www.alteacultural.com/es/events/mamma-mia-el-musical/","url":"https://www.alteacultural.com/es/events/mamma-mia-el-musical/","name":"[❌CANCELADO] Mamma mia! El musical - Altea Cultural","isPartOf":{"@id":"https://www.alteacultural.com/es/#website"},"primaryImageOfPage":{"@id":"https://www.alteacultural.com/es/events/mamma-mia-el-musical/#primaryimage"},"image":{"@id":"https://www.alteacultural.com/es/events/mamma-mia-el-musical/#primaryimage"},"thumbnailUrl":"https://www.alteacultural.com/wp-content/uploads/2022/03/mamamia.jpg","datePublished":"2022-03-09T09:37:47+00:00","dateModified":"2022-06-02T19:11:20+00:00","breadcrumb":{"@id":"https://www.alteacultural.com/es/events/mamma-mia-el-musical/#breadcrumb"},"inLanguage":"es","potentialAction":[{"@type":"ReadAction","target":["https://www.alteacultural.com/es/events/mamma-mia-el-musical/"]}]},{"@type":"ImageObject","inLanguage":"es","@id":"https://www.alteacultural.com/es/events/mamma-mia-el-musical/#primaryimage","url":"https://www.alteacultural.com/wp-content/uploads/2022/03/mamamia.jpg","contentUrl":"https://www.alteacultural.com/wp-content/uploads/2022/03/mamamia.jpg","width":1340,"height":496},{"@type":"BreadcrumbList","@id":"https://www.alteacultural.com/es/events/mamma-mia-el-musical/#breadcrumb","itemListElement":[{"@type":"ListItem","position":1,"name":"Inici","item":"https://www.alteacultural.com/es/"},{"@type":"ListItem","position":2,"name":"Eventos","item":"https://www.alteacultural.com/es/events/"},{"@type":"ListItem","position":3,"name":"[❌CANCELADO] Mamma mia! El musical"}]},{"@type":"WebSite","@id":"https://www.alteacultural.com/es/#website","url":"https://www.alteacultural.com/es/","name":"Altea Cultural","description":"Regidoria de Cultura de l&#039;Ajuntament d&#039;Altea","potentialAction":[{"@type":"SearchAction","target":{"@type":"EntryPoint","urlTemplate":"https://www.alteacultural.com/es/?s={search_term_string}"},"query-input":"required name=search_term_string"}],"inLanguage":"es"}]}</script>
<!-- / Yoast SEO plugin. -->

ATENCIÓN: ESPECTÁCULO CANCELADO 18 de junio | 19:30 h | Palau Altea &nbsp; El grupo musical ABBA ha sido [&hellip;]
