{"id":16489,"date":"2022-03-14T09:11:41","date_gmt":"2022-03-14T08:11:41","guid":{"rendered":"https:\/\/www.alteacultural.com\/events\/expo-procedimentales\/"},"modified":"2022-03-26T23:41:57","modified_gmt":"2022-03-26T22:41:57","slug":"expo-procedimentales","status":"publish","type":"mec-events","link":"https:\/\/www.alteacultural.com\/es\/events\/expo-procedimentales\/","title":{"rendered":"Expo: Procedimentales"},"content":{"rendered":"<p><em>Exposici\u00f3n Procedimentales<\/em><\/p>\n<p><em><strong>Inauguraci\u00f3n: 17 de marzo a las 19 h\u00a0 <span style=\"color: #ff0000;\">(<\/span><span style=\"color: #ff0000;\">Atenci\u00f3n, por motivos meteorol\u00f3gicos, se anula este acto)<\/span><\/strong><\/em><\/p>\n<p><em><strong>Inauguraci\u00f3n: 29 de marzo a las 19 h<\/strong><\/em><\/p>\n<p>Expo: del 17 de marzo al 7 de abril<\/p>\n<p>Horario: martes y jueves de 16:30 a 19:30 h<\/p>\n<p>&nbsp;<\/p>\n<p><img fetchpriority=\"high\" decoding=\"async\" class=\"wp-image-16485 aligncenter\" src=\"https:\/\/www.alteacultural.com\/wp-content\/uploads\/2022\/03\/2022-04-07-AF-Cartel-PROCEDIMENTALES-Palau.jpg\" alt=\"\" width=\"750\" height=\"1050\" srcset=\"https:\/\/www.alteacultural.com\/wp-content\/uploads\/2022\/03\/2022-04-07-AF-Cartel-PROCEDIMENTALES-Palau.jpg 1428w, https:\/\/www.alteacultural.com\/wp-content\/uploads\/2022\/03\/2022-04-07-AF-Cartel-PROCEDIMENTALES-Palau-768x1076.jpg 768w, https:\/\/www.alteacultural.com\/wp-content\/uploads\/2022\/03\/2022-04-07-AF-Cartel-PROCEDIMENTALES-Palau-1097x1536.jpg 1097w\" sizes=\"(max-width: 750px) 100vw, 750px\" \/><\/p>\n<p>&nbsp;<\/p>\n<p>&nbsp;<\/p>\n","protected":false},"excerpt":{"rendered":"<p>Exposici\u00f3n Procedimentales Inauguraci\u00f3n: 17 de marzo a las 19 h\u00a0 (Atenci\u00f3n, por motivos meteorol\u00f3gicos, se anula este acto) Inauguraci\u00f3n: [&hellip;]<\/p>\n","protected":false},"author":1,"featured_media":16488,"comment_status":"open","ping_status":"closed","template":"","meta":{"_expiration-date-status":"","_expiration-date":0,"_expiration-date-type":"","_expiration-date-categories":[],"_expiration-date-options":[]},"yoast_head":"<!-- This site is optimized with the Yoast SEO plugin v22.8 - https:\/\/yoast.com\/wordpress\/plugins\/seo\/ -->\n<title>Expo: Procedimentales - Altea Cultural<\/title>\n<meta name=\"robots\" content=\"index, follow, max-snippet:-1, max-image-preview:large, max-video-preview:-1\" \/>\n<link rel=\"canonical\" href=\"https:\/\/www.alteacultural.com\/es\/events\/expo-procedimentales\/\" \/>\n<meta property=\"og:locale\" content=\"es_ES\" \/>\n<meta property=\"og:type\" content=\"article\" \/>\n<meta property=\"og:title\" content=\"Expo: Procedimentales - Altea Cultural\" \/>\n<meta property=\"og:description\" content=\"Exposici\u00f3n Procedimentales Inauguraci\u00f3n: 17 de marzo a las 19 h\u00a0 (Atenci\u00f3n, por motivos meteorol\u00f3gicos, se anula este acto) Inauguraci\u00f3n: [&hellip;]\" \/>\n<meta property=\"og:url\" content=\"https:\/\/www.alteacultural.com\/es\/events\/expo-procedimentales\/\" \/>\n<meta property=\"og:site_name\" content=\"Altea Cultural\" \/>\n<meta property=\"article:modified_time\" content=\"2022-03-26T22:41:57+00:00\" \/>\n<meta property=\"og:image\" content=\"https:\/\/www.alteacultural.com\/wp-content\/uploads\/2022\/03\/expoprodecimentalesban.jpg\" \/>\n\t<meta property=\"og:image:width\" content=\"1340\" \/>\n\t<meta property=\"og:image:height\" content=\"496\" \/>\n\t<meta property=\"og:image:type\" content=\"image\/jpeg\" \/>\n<meta name=\"twitter:card\" content=\"summary_large_image\" \/>\n<meta name=\"twitter:label1\" content=\"Tiempo de lectura\" \/>\n\t<meta name=\"twitter:data1\" content=\"1 minuto\" \/>\n<script type=\"application\/ld+json\" class=\"yoast-schema-graph\">{\"@context\":\"https:\/\/schema.org\",\"@graph\":[{\"@type\":\"WebPage\",\"@id\":\"https:\/\/www.alteacultural.com\/es\/events\/expo-procedimentales\/\",\"url\":\"https:\/\/www.alteacultural.com\/es\/events\/expo-procedimentales\/\",\"name\":\"Expo: Procedimentales - Altea Cultural\",\"isPartOf\":{\"@id\":\"https:\/\/www.alteacultural.com\/es\/#website\"},\"primaryImageOfPage\":{\"@id\":\"https:\/\/www.alteacultural.com\/es\/events\/expo-procedimentales\/#primaryimage\"},\"image\":{\"@id\":\"https:\/\/www.alteacultural.com\/es\/events\/expo-procedimentales\/#primaryimage\"},\"thumbnailUrl\":\"https:\/\/www.alteacultural.com\/wp-content\/uploads\/2022\/03\/expoprodecimentalesban.jpg\",\"datePublished\":\"2022-03-14T08:11:41+00:00\",\"dateModified\":\"2022-03-26T22:41:57+00:00\",\"breadcrumb\":{\"@id\":\"https:\/\/www.alteacultural.com\/es\/events\/expo-procedimentales\/#breadcrumb\"},\"inLanguage\":\"es\",\"potentialAction\":[{\"@type\":\"ReadAction\",\"target\":[\"https:\/\/www.alteacultural.com\/es\/events\/expo-procedimentales\/\"]}]},{\"@type\":\"ImageObject\",\"inLanguage\":\"es\",\"@id\":\"https:\/\/www.alteacultural.com\/es\/events\/expo-procedimentales\/#primaryimage\",\"url\":\"https:\/\/www.alteacultural.com\/wp-content\/uploads\/2022\/03\/expoprodecimentalesban.jpg\",\"contentUrl\":\"https:\/\/www.alteacultural.com\/wp-content\/uploads\/2022\/03\/expoprodecimentalesban.jpg\",\"width\":1340,\"height\":496},{\"@type\":\"BreadcrumbList\",\"@id\":\"https:\/\/www.alteacultural.com\/es\/events\/expo-procedimentales\/#breadcrumb\",\"itemListElement\":[{\"@type\":\"ListItem\",\"position\":1,\"name\":\"Inici\",\"item\":\"https:\/\/www.alteacultural.com\/es\/\"},{\"@type\":\"ListItem\",\"position\":2,\"name\":\"Eventos\",\"item\":\"https:\/\/www.alteacultural.com\/es\/events\/\"},{\"@type\":\"ListItem\",\"position\":3,\"name\":\"Expo: Procedimentales\"}]},{\"@type\":\"WebSite\",\"@id\":\"https:\/\/www.alteacultural.com\/es\/#website\",\"url\":\"https:\/\/www.alteacultural.com\/es\/\",\"name\":\"Altea Cultural\",\"description\":\"Regidoria de Cultura de l&#039;Ajuntament d&#039;Altea\",\"potentialAction\":[{\"@type\":\"SearchAction\",\"target\":{\"@type\":\"EntryPoint\",\"urlTemplate\":\"https:\/\/www.alteacultural.com\/es\/?s={search_term_string}\"},\"query-input\":\"required name=search_term_string\"}],\"inLanguage\":\"es\"}]}<\/script>\n<!-- \/ Yoast SEO plugin. -->","yoast_head_json":{"title":"Expo: Procedimentales - Altea Cultural","robots":{"index":"index","follow":"follow","max-snippet":"max-snippet:-1","max-image-preview":"max-image-preview:large","max-video-preview":"max-video-preview:-1"},"canonical":"https:\/\/www.alteacultural.com\/es\/events\/expo-procedimentales\/","og_locale":"es_ES","og_type":"article","og_title":"Expo: Procedimentales - Altea Cultural","og_description":"Exposici\u00f3n Procedimentales Inauguraci\u00f3n: 17 de marzo a las 19 h\u00a0 (Atenci\u00f3n, por motivos meteorol\u00f3gicos, se anula este acto) Inauguraci\u00f3n: [&hellip;]","og_url":"https:\/\/www.alteacultural.com\/es\/events\/expo-procedimentales\/","og_site_name":"Altea Cultural","article_modified_time":"2022-03-26T22:41:57+00:00","og_image":[{"width":1340,"height":496,"url":"https:\/\/www.alteacultural.com\/wp-content\/uploads\/2022\/03\/expoprodecimentalesban.jpg","type":"image\/jpeg"}],"twitter_card":"summary_large_image","twitter_misc":{"Tiempo de lectura":"1 minuto"},"schema":{"@context":"https:\/\/schema.org","@graph":[{"@type":"WebPage","@id":"https:\/\/www.alteacultural.com\/es\/events\/expo-procedimentales\/","url":"https:\/\/www.alteacultural.com\/es\/events\/expo-procedimentales\/","name":"Expo: Procedimentales - Altea Cultural","isPartOf":{"@id":"https:\/\/www.alteacultural.com\/es\/#website"},"primaryImageOfPage":{"@id":"https:\/\/www.alteacultural.com\/es\/events\/expo-procedimentales\/#primaryimage"},"image":{"@id":"https:\/\/www.alteacultural.com\/es\/events\/expo-procedimentales\/#primaryimage"},"thumbnailUrl":"https:\/\/www.alteacultural.com\/wp-content\/uploads\/2022\/03\/expoprodecimentalesban.jpg","datePublished":"2022-03-14T08:11:41+00:00","dateModified":"2022-03-26T22:41:57+00:00","breadcrumb":{"@id":"https:\/\/www.alteacultural.com\/es\/events\/expo-procedimentales\/#breadcrumb"},"inLanguage":"es","potentialAction":[{"@type":"ReadAction","target":["https:\/\/www.alteacultural.com\/es\/events\/expo-procedimentales\/"]}]},{"@type":"ImageObject","inLanguage":"es","@id":"https:\/\/www.alteacultural.com\/es\/events\/expo-procedimentales\/#primaryimage","url":"https:\/\/www.alteacultural.com\/wp-content\/uploads\/2022\/03\/expoprodecimentalesban.jpg","contentUrl":"https:\/\/www.alteacultural.com\/wp-content\/uploads\/2022\/03\/expoprodecimentalesban.jpg","width":1340,"height":496},{"@type":"BreadcrumbList","@id":"https:\/\/www.alteacultural.com\/es\/events\/expo-procedimentales\/#breadcrumb","itemListElement":[{"@type":"ListItem","position":1,"name":"Inici","item":"https:\/\/www.alteacultural.com\/es\/"},{"@type":"ListItem","position":2,"name":"Eventos","item":"https:\/\/www.alteacultural.com\/es\/events\/"},{"@type":"ListItem","position":3,"name":"Expo: Procedimentales"}]},{"@type":"WebSite","@id":"https:\/\/www.alteacultural.com\/es\/#website","url":"https:\/\/www.alteacultural.com\/es\/","name":"Altea Cultural","description":"Regidoria de Cultura de l&#039;Ajuntament d&#039;Altea","potentialAction":[{"@type":"SearchAction","target":{"@type":"EntryPoint","urlTemplate":"https:\/\/www.alteacultural.com\/es\/?s={search_term_string}"},"query-input":"required name=search_term_string"}],"inLanguage":"es"}]}},"mec_cost":"Entrada Libre","mec_date":{"start":{"date":"2022-03-17","hour":4,"minutes":"30","ampm":"PM"},"end":{"date":"2022-04-07","hour":7,"minutes":"30","ampm":"PM"},"comment":"","repeat":{"type":"daily","interval":"1","advanced":"","end":"never","end_at_date":"","end_at_occurrences":"10"}},"_links":{"self":[{"href":"https:\/\/www.alteacultural.com\/es\/wp-json\/wp\/v2\/mec-events\/16489"}],"collection":[{"href":"https:\/\/www.alteacultural.com\/es\/wp-json\/wp\/v2\/mec-events"}],"about":[{"href":"https:\/\/www.alteacultural.com\/es\/wp-json\/wp\/v2\/types\/mec-events"}],"author":[{"embeddable":true,"href":"https:\/\/www.alteacultural.com\/es\/wp-json\/wp\/v2\/users\/1"}],"replies":[{"embeddable":true,"href":"https:\/\/www.alteacultural.com\/es\/wp-json\/wp\/v2\/comments?post=16489"}],"wp:featuredmedia":[{"embeddable":true,"href":"https:\/\/www.alteacultural.com\/es\/wp-json\/wp\/v2\/media\/16488"}],"wp:attachment":[{"href":"https:\/\/www.alteacultural.com\/es\/wp-json\/wp\/v2\/media?parent=16489"}],"curies":[{"name":"wp","href":"https:\/\/api.w.org\/{rel}","templated":true}]}}

<p><em>Exposición Procedimentales</em></p>
<p><em><strong>Inauguración: 17 de marzo a las 19 h  <span style="color: #ff0000;">(</span><span style="color: #ff0000;">Atención, por motivos meteorológicos, se anula este acto)</span></strong></em></p>
<p><em><strong>Inauguración: 29 de marzo a las 19 h</strong></em></p>
<p>Expo: del 17 de marzo al 7 de abril</p>
<p>Horario: martes y jueves de 16:30 a 19:30 h</p>
<p>&nbsp;</p>
<p><img fetchpriority="high" decoding="async" class="wp-image-16485 aligncenter" src="https://www.alteacultural.com/wp-content/uploads/2022/03/2022-04-07-AF-Cartel-PROCEDIMENTALES-Palau.jpg" alt="" width="750" height="1050" srcset="https://www.alteacultural.com/wp-content/uploads/2022/03/2022-04-07-AF-Cartel-PROCEDIMENTALES-Palau.jpg 1428w, https://www.alteacultural.com/wp-content/uploads/2022/03/2022-04-07-AF-Cartel-PROCEDIMENTALES-Palau-768x1076.jpg 768w, https://www.alteacultural.com/wp-content/uploads/2022/03/2022-04-07-AF-Cartel-PROCEDIMENTALES-Palau-1097x1536.jpg 1097w" sizes="(max-width: 750px) 100vw, 750px" /></p>
<p>&nbsp;</p>
<p>&nbsp;</p>

<p>Exposición Procedimentales Inauguración: 17 de marzo a las 19 h  (Atención, por motivos meteorológicos, se anula este acto) Inauguración: [&hellip;]</p>

<!-- This site is optimized with the Yoast SEO plugin v22.8 - https://yoast.com/wordpress/plugins/seo/ -->
<title>Expo: Procedimentales - Altea Cultural</title>
<meta name="robots" content="index, follow, max-snippet:-1, max-image-preview:large, max-video-preview:-1" />
<link rel="canonical" href="https://www.alteacultural.com/es/events/expo-procedimentales/" />
<meta property="og:locale" content="es_ES" />
<meta property="og:type" content="article" />
<meta property="og:title" content="Expo: Procedimentales - Altea Cultural" />
<meta property="og:description" content="Exposición Procedimentales Inauguración: 17 de marzo a las 19 h  (Atención, por motivos meteorológicos, se anula este acto) Inauguración: [&hellip;]" />
<meta property="og:url" content="https://www.alteacultural.com/es/events/expo-procedimentales/" />
<meta property="og:site_name" content="Altea Cultural" />
<meta property="article:modified_time" content="2022-03-26T22:41:57+00:00" />
<meta property="og:image" content="https://www.alteacultural.com/wp-content/uploads/2022/03/expoprodecimentalesban.jpg" />
	<meta property="og:image:width" content="1340" />
	<meta property="og:image:height" content="496" />
	<meta property="og:image:type" content="image/jpeg" />
<meta name="twitter:card" content="summary_large_image" />
<meta name="twitter:label1" content="Tiempo de lectura" />
	<meta name="twitter:data1" content="1 minuto" />
<script type="application/ld+json" class="yoast-schema-graph">{"@context":"https://schema.org","@graph":[{"@type":"WebPage","@id":"https://www.alteacultural.com/es/events/expo-procedimentales/","url":"https://www.alteacultural.com/es/events/expo-procedimentales/","name":"Expo: Procedimentales - Altea Cultural","isPartOf":{"@id":"https://www.alteacultural.com/es/#website"},"primaryImageOfPage":{"@id":"https://www.alteacultural.com/es/events/expo-procedimentales/#primaryimage"},"image":{"@id":"https://www.alteacultural.com/es/events/expo-procedimentales/#primaryimage"},"thumbnailUrl":"https://www.alteacultural.com/wp-content/uploads/2022/03/expoprodecimentalesban.jpg","datePublished":"2022-03-14T08:11:41+00:00","dateModified":"2022-03-26T22:41:57+00:00","breadcrumb":{"@id":"https://www.alteacultural.com/es/events/expo-procedimentales/#breadcrumb"},"inLanguage":"es","potentialAction":[{"@type":"ReadAction","target":["https://www.alteacultural.com/es/events/expo-procedimentales/"]}]},{"@type":"ImageObject","inLanguage":"es","@id":"https://www.alteacultural.com/es/events/expo-procedimentales/#primaryimage","url":"https://www.alteacultural.com/wp-content/uploads/2022/03/expoprodecimentalesban.jpg","contentUrl":"https://www.alteacultural.com/wp-content/uploads/2022/03/expoprodecimentalesban.jpg","width":1340,"height":496},{"@type":"BreadcrumbList","@id":"https://www.alteacultural.com/es/events/expo-procedimentales/#breadcrumb","itemListElement":[{"@type":"ListItem","position":1,"name":"Inici","item":"https://www.alteacultural.com/es/"},{"@type":"ListItem","position":2,"name":"Eventos","item":"https://www.alteacultural.com/es/events/"},{"@type":"ListItem","position":3,"name":"Expo: Procedimentales"}]},{"@type":"WebSite","@id":"https://www.alteacultural.com/es/#website","url":"https://www.alteacultural.com/es/","name":"Altea Cultural","description":"Regidoria de Cultura de l&#039;Ajuntament d&#039;Altea","potentialAction":[{"@type":"SearchAction","target":{"@type":"EntryPoint","urlTemplate":"https://www.alteacultural.com/es/?s={search_term_string}"},"query-input":"required name=search_term_string"}],"inLanguage":"es"}]}</script>
<!-- / Yoast SEO plugin. -->

Exposición Procedimentales Inauguración: 17 de marzo a las 19 h  (Atención, por motivos meteorológicos, se anula este acto) Inauguración: [&hellip;]
