{"id":17361,"date":"2022-03-31T14:02:52","date_gmt":"2022-03-31T12:02:52","guid":{"rendered":"https:\/\/www.alteacultural.com\/events\/historia-dels-llocs-oblidats\/"},"modified":"2022-03-31T14:07:58","modified_gmt":"2022-03-31T12:07:58","slug":"historia-dels-llocs-oblidats","status":"publish","type":"mec-events","link":"https:\/\/www.alteacultural.com\/es\/events\/historia-dels-llocs-oblidats\/","title":{"rendered":"Hist\u00f2ria dels llocs oblidats"},"content":{"rendered":"<p><em><strong>ACTO EN VALENCIANO<\/strong><\/em><\/p>\n<p>3-abr | 10:30 h | Centre d&#8217;Interpretaci\u00f3 del Poador del Pontet (Altea)<\/p>\n<p><strong>Hist\u00f2ria dels llocs oblidats<\/strong><br \/>\nEntrada pel p\u00e0rquing Basseta. Acc\u00e9s lliure. Mesures especials Covid-19.<\/p>\n<p>Es tracta d\u2019un cicle de visites guiades per con\u00e8ixer la hist\u00f2ria d\u2019Altea a c\u00e0rrec de l\u2019historiador J. Vicent Mart\u00edn Devesa. La primera cita ser\u00e0 el proper dia 13 de mar\u00e7 al Centre d\u2019Interpretaci\u00f3 del Poador del Pontet i versar\u00e0 sobre les \u00e0gores tradicionals. Parlarem dels llavadors i les fonts, per\u00f2 tamb\u00e9 dels mercats i les places, els espais p\u00fablics que han servit com a lloc de reuni\u00f3 al poble d\u2019Altea. El centre d\u2019interpretaci\u00f3 romandr\u00e0 obert el diumenge de mat\u00ed des de les 10:00h a les 12:00h. La seg\u00fcents entregues del cicle prendran lloc el 3 d\u2019abril i l\u20191 de maig.<\/p>\n<p>&nbsp;<\/p>\n<p>&nbsp;<\/p>\n<p>&nbsp;<\/p>\n<p><img fetchpriority=\"high\" decoding=\"async\" class=\"aligncenter wp-image-17357\" src=\"https:\/\/www.alteacultural.com\/wp-content\/uploads\/2022\/03\/2022-04-03-cartell-Historia-dels-llocs-oblidats-II.jpg\" alt=\"\" width=\"750\" height=\"1048\" srcset=\"https:\/\/www.alteacultural.com\/wp-content\/uploads\/2022\/03\/2022-04-03-cartell-Historia-dels-llocs-oblidats-II.jpg 1145w, https:\/\/www.alteacultural.com\/wp-content\/uploads\/2022\/03\/2022-04-03-cartell-Historia-dels-llocs-oblidats-II-768x1073.jpg 768w, https:\/\/www.alteacultural.com\/wp-content\/uploads\/2022\/03\/2022-04-03-cartell-Historia-dels-llocs-oblidats-II-1099x1536.jpg 1099w\" sizes=\"(max-width: 750px) 100vw, 750px\" \/><\/p>\n","protected":false},"excerpt":{"rendered":"<p>ACTO EN VALENCIANO 3-abr | 10:30 h | Centre d&#8217;Interpretaci\u00f3 del Poador del Pontet (Altea) Hist\u00f2ria dels llocs oblidats [&hellip;]<\/p>\n","protected":false},"author":1,"featured_media":17360,"comment_status":"open","ping_status":"closed","template":"","meta":{"_expiration-date-status":"","_expiration-date":0,"_expiration-date-type":"","_expiration-date-categories":[],"_expiration-date-options":[]},"yoast_head":"<!-- This site is optimized with the Yoast SEO plugin v22.8 - https:\/\/yoast.com\/wordpress\/plugins\/seo\/ -->\n<title>Hist\u00f2ria dels llocs oblidats - Altea Cultural<\/title>\n<meta name=\"robots\" content=\"index, follow, max-snippet:-1, max-image-preview:large, max-video-preview:-1\" \/>\n<link rel=\"canonical\" href=\"https:\/\/www.alteacultural.com\/es\/events\/historia-dels-llocs-oblidats\/\" \/>\n<meta property=\"og:locale\" content=\"es_ES\" \/>\n<meta property=\"og:type\" content=\"article\" \/>\n<meta property=\"og:title\" content=\"Hist\u00f2ria dels llocs oblidats - Altea Cultural\" \/>\n<meta property=\"og:description\" content=\"ACTO EN VALENCIANO 3-abr | 10:30 h | Centre d&#8217;Interpretaci\u00f3 del Poador del Pontet (Altea) Hist\u00f2ria dels llocs oblidats [&hellip;]\" \/>\n<meta property=\"og:url\" content=\"https:\/\/www.alteacultural.com\/es\/events\/historia-dels-llocs-oblidats\/\" \/>\n<meta property=\"og:site_name\" content=\"Altea Cultural\" \/>\n<meta property=\"article:modified_time\" content=\"2022-03-31T12:07:58+00:00\" \/>\n<meta property=\"og:image\" content=\"https:\/\/www.alteacultural.com\/wp-content\/uploads\/2022\/03\/HistoriaLlocsOblidats2.jpg\" \/>\n\t<meta property=\"og:image:width\" content=\"1145\" \/>\n\t<meta property=\"og:image:height\" content=\"415\" \/>\n\t<meta property=\"og:image:type\" content=\"image\/jpeg\" \/>\n<meta name=\"twitter:card\" content=\"summary_large_image\" \/>\n<meta name=\"twitter:label1\" content=\"Tiempo de lectura\" \/>\n\t<meta name=\"twitter:data1\" content=\"1 minuto\" \/>\n<script type=\"application\/ld+json\" class=\"yoast-schema-graph\">{\"@context\":\"https:\/\/schema.org\",\"@graph\":[{\"@type\":\"WebPage\",\"@id\":\"https:\/\/www.alteacultural.com\/es\/events\/historia-dels-llocs-oblidats\/\",\"url\":\"https:\/\/www.alteacultural.com\/es\/events\/historia-dels-llocs-oblidats\/\",\"name\":\"Hist\u00f2ria dels llocs oblidats - Altea Cultural\",\"isPartOf\":{\"@id\":\"https:\/\/www.alteacultural.com\/es\/#website\"},\"primaryImageOfPage\":{\"@id\":\"https:\/\/www.alteacultural.com\/es\/events\/historia-dels-llocs-oblidats\/#primaryimage\"},\"image\":{\"@id\":\"https:\/\/www.alteacultural.com\/es\/events\/historia-dels-llocs-oblidats\/#primaryimage\"},\"thumbnailUrl\":\"https:\/\/www.alteacultural.com\/wp-content\/uploads\/2022\/03\/HistoriaLlocsOblidats2.jpg\",\"datePublished\":\"2022-03-31T12:02:52+00:00\",\"dateModified\":\"2022-03-31T12:07:58+00:00\",\"breadcrumb\":{\"@id\":\"https:\/\/www.alteacultural.com\/es\/events\/historia-dels-llocs-oblidats\/#breadcrumb\"},\"inLanguage\":\"es\",\"potentialAction\":[{\"@type\":\"ReadAction\",\"target\":[\"https:\/\/www.alteacultural.com\/es\/events\/historia-dels-llocs-oblidats\/\"]}]},{\"@type\":\"ImageObject\",\"inLanguage\":\"es\",\"@id\":\"https:\/\/www.alteacultural.com\/es\/events\/historia-dels-llocs-oblidats\/#primaryimage\",\"url\":\"https:\/\/www.alteacultural.com\/wp-content\/uploads\/2022\/03\/HistoriaLlocsOblidats2.jpg\",\"contentUrl\":\"https:\/\/www.alteacultural.com\/wp-content\/uploads\/2022\/03\/HistoriaLlocsOblidats2.jpg\",\"width\":1145,\"height\":415},{\"@type\":\"BreadcrumbList\",\"@id\":\"https:\/\/www.alteacultural.com\/es\/events\/historia-dels-llocs-oblidats\/#breadcrumb\",\"itemListElement\":[{\"@type\":\"ListItem\",\"position\":1,\"name\":\"Inici\",\"item\":\"https:\/\/www.alteacultural.com\/es\/\"},{\"@type\":\"ListItem\",\"position\":2,\"name\":\"Eventos\",\"item\":\"https:\/\/www.alteacultural.com\/es\/events\/\"},{\"@type\":\"ListItem\",\"position\":3,\"name\":\"Hist\u00f2ria dels llocs oblidats\"}]},{\"@type\":\"WebSite\",\"@id\":\"https:\/\/www.alteacultural.com\/es\/#website\",\"url\":\"https:\/\/www.alteacultural.com\/es\/\",\"name\":\"Altea Cultural\",\"description\":\"Regidoria de Cultura de l&#039;Ajuntament d&#039;Altea\",\"potentialAction\":[{\"@type\":\"SearchAction\",\"target\":{\"@type\":\"EntryPoint\",\"urlTemplate\":\"https:\/\/www.alteacultural.com\/es\/?s={search_term_string}\"},\"query-input\":\"required name=search_term_string\"}],\"inLanguage\":\"es\"}]}<\/script>\n<!-- \/ Yoast SEO plugin. -->","yoast_head_json":{"title":"Hist\u00f2ria dels llocs oblidats - Altea Cultural","robots":{"index":"index","follow":"follow","max-snippet":"max-snippet:-1","max-image-preview":"max-image-preview:large","max-video-preview":"max-video-preview:-1"},"canonical":"https:\/\/www.alteacultural.com\/es\/events\/historia-dels-llocs-oblidats\/","og_locale":"es_ES","og_type":"article","og_title":"Hist\u00f2ria dels llocs oblidats - Altea Cultural","og_description":"ACTO EN VALENCIANO 3-abr | 10:30 h | Centre d&#8217;Interpretaci\u00f3 del Poador del Pontet (Altea) Hist\u00f2ria dels llocs oblidats [&hellip;]","og_url":"https:\/\/www.alteacultural.com\/es\/events\/historia-dels-llocs-oblidats\/","og_site_name":"Altea Cultural","article_modified_time":"2022-03-31T12:07:58+00:00","og_image":[{"width":1145,"height":415,"url":"https:\/\/www.alteacultural.com\/wp-content\/uploads\/2022\/03\/HistoriaLlocsOblidats2.jpg","type":"image\/jpeg"}],"twitter_card":"summary_large_image","twitter_misc":{"Tiempo de lectura":"1 minuto"},"schema":{"@context":"https:\/\/schema.org","@graph":[{"@type":"WebPage","@id":"https:\/\/www.alteacultural.com\/es\/events\/historia-dels-llocs-oblidats\/","url":"https:\/\/www.alteacultural.com\/es\/events\/historia-dels-llocs-oblidats\/","name":"Hist\u00f2ria dels llocs oblidats - Altea Cultural","isPartOf":{"@id":"https:\/\/www.alteacultural.com\/es\/#website"},"primaryImageOfPage":{"@id":"https:\/\/www.alteacultural.com\/es\/events\/historia-dels-llocs-oblidats\/#primaryimage"},"image":{"@id":"https:\/\/www.alteacultural.com\/es\/events\/historia-dels-llocs-oblidats\/#primaryimage"},"thumbnailUrl":"https:\/\/www.alteacultural.com\/wp-content\/uploads\/2022\/03\/HistoriaLlocsOblidats2.jpg","datePublished":"2022-03-31T12:02:52+00:00","dateModified":"2022-03-31T12:07:58+00:00","breadcrumb":{"@id":"https:\/\/www.alteacultural.com\/es\/events\/historia-dels-llocs-oblidats\/#breadcrumb"},"inLanguage":"es","potentialAction":[{"@type":"ReadAction","target":["https:\/\/www.alteacultural.com\/es\/events\/historia-dels-llocs-oblidats\/"]}]},{"@type":"ImageObject","inLanguage":"es","@id":"https:\/\/www.alteacultural.com\/es\/events\/historia-dels-llocs-oblidats\/#primaryimage","url":"https:\/\/www.alteacultural.com\/wp-content\/uploads\/2022\/03\/HistoriaLlocsOblidats2.jpg","contentUrl":"https:\/\/www.alteacultural.com\/wp-content\/uploads\/2022\/03\/HistoriaLlocsOblidats2.jpg","width":1145,"height":415},{"@type":"BreadcrumbList","@id":"https:\/\/www.alteacultural.com\/es\/events\/historia-dels-llocs-oblidats\/#breadcrumb","itemListElement":[{"@type":"ListItem","position":1,"name":"Inici","item":"https:\/\/www.alteacultural.com\/es\/"},{"@type":"ListItem","position":2,"name":"Eventos","item":"https:\/\/www.alteacultural.com\/es\/events\/"},{"@type":"ListItem","position":3,"name":"Hist\u00f2ria dels llocs oblidats"}]},{"@type":"WebSite","@id":"https:\/\/www.alteacultural.com\/es\/#website","url":"https:\/\/www.alteacultural.com\/es\/","name":"Altea Cultural","description":"Regidoria de Cultura de l&#039;Ajuntament d&#039;Altea","potentialAction":[{"@type":"SearchAction","target":{"@type":"EntryPoint","urlTemplate":"https:\/\/www.alteacultural.com\/es\/?s={search_term_string}"},"query-input":"required name=search_term_string"}],"inLanguage":"es"}]}},"mec_cost":"Acc\u00e9s lliure i gratu\u00eft","mec_date":{"start":{"date":"2022-04-03","hour":"10","minutes":"30","ampm":"AM"},"end":{"date":"2022-04-03","hour":"11","minutes":"45","ampm":"AM"},"comment":"","repeat":{"type":"daily","interval":"1","advanced":"","end":"never","end_at_date":"","end_at_occurrences":"10"}},"_links":{"self":[{"href":"https:\/\/www.alteacultural.com\/es\/wp-json\/wp\/v2\/mec-events\/17361"}],"collection":[{"href":"https:\/\/www.alteacultural.com\/es\/wp-json\/wp\/v2\/mec-events"}],"about":[{"href":"https:\/\/www.alteacultural.com\/es\/wp-json\/wp\/v2\/types\/mec-events"}],"author":[{"embeddable":true,"href":"https:\/\/www.alteacultural.com\/es\/wp-json\/wp\/v2\/users\/1"}],"replies":[{"embeddable":true,"href":"https:\/\/www.alteacultural.com\/es\/wp-json\/wp\/v2\/comments?post=17361"}],"wp:featuredmedia":[{"embeddable":true,"href":"https:\/\/www.alteacultural.com\/es\/wp-json\/wp\/v2\/media\/17360"}],"wp:attachment":[{"href":"https:\/\/www.alteacultural.com\/es\/wp-json\/wp\/v2\/media?parent=17361"}],"curies":[{"name":"wp","href":"https:\/\/api.w.org\/{rel}","templated":true}]}}

Història dels llocs oblidats

<p><em><strong>ACTO EN VALENCIANO</strong></em></p>
<p>3-abr | 10:30 h | Centre d&#8217;Interpretació del Poador del Pontet (Altea)</p>
<p><strong>Història dels llocs oblidats</strong><br />
Entrada pel pàrquing Basseta. Accés lliure. Mesures especials Covid-19.</p>
<p>Es tracta d’un cicle de visites guiades per conèixer la història d’Altea a càrrec de l’historiador J. Vicent Martín Devesa. La primera cita serà el proper dia 13 de març al Centre d’Interpretació del Poador del Pontet i versarà sobre les àgores tradicionals. Parlarem dels llavadors i les fonts, però també dels mercats i les places, els espais públics que han servit com a lloc de reunió al poble d’Altea. El centre d’interpretació romandrà obert el diumenge de matí des de les 10:00h a les 12:00h. La següents entregues del cicle prendran lloc el 3 d’abril i l’1 de maig.</p>
<p>&nbsp;</p>
<p>&nbsp;</p>
<p>&nbsp;</p>
<p><img fetchpriority="high" decoding="async" class="aligncenter wp-image-17357" src="https://www.alteacultural.com/wp-content/uploads/2022/03/2022-04-03-cartell-Historia-dels-llocs-oblidats-II.jpg" alt="" width="750" height="1048" srcset="https://www.alteacultural.com/wp-content/uploads/2022/03/2022-04-03-cartell-Historia-dels-llocs-oblidats-II.jpg 1145w, https://www.alteacultural.com/wp-content/uploads/2022/03/2022-04-03-cartell-Historia-dels-llocs-oblidats-II-768x1073.jpg 768w, https://www.alteacultural.com/wp-content/uploads/2022/03/2022-04-03-cartell-Historia-dels-llocs-oblidats-II-1099x1536.jpg 1099w" sizes="(max-width: 750px) 100vw, 750px" /></p>

<p>ACTO EN VALENCIANO 3-abr | 10:30 h | Centre d&#8217;Interpretació del Poador del Pontet (Altea) Història dels llocs oblidats [&hellip;]</p>

<!-- This site is optimized with the Yoast SEO plugin v22.8 - https://yoast.com/wordpress/plugins/seo/ -->
<title>Història dels llocs oblidats - Altea Cultural</title>
<meta name="robots" content="index, follow, max-snippet:-1, max-image-preview:large, max-video-preview:-1" />
<link rel="canonical" href="https://www.alteacultural.com/es/events/historia-dels-llocs-oblidats/" />
<meta property="og:locale" content="es_ES" />
<meta property="og:type" content="article" />
<meta property="og:title" content="Història dels llocs oblidats - Altea Cultural" />
<meta property="og:description" content="ACTO EN VALENCIANO 3-abr | 10:30 h | Centre d&#8217;Interpretació del Poador del Pontet (Altea) Història dels llocs oblidats [&hellip;]" />
<meta property="og:url" content="https://www.alteacultural.com/es/events/historia-dels-llocs-oblidats/" />
<meta property="og:site_name" content="Altea Cultural" />
<meta property="article:modified_time" content="2022-03-31T12:07:58+00:00" />
<meta property="og:image" content="https://www.alteacultural.com/wp-content/uploads/2022/03/HistoriaLlocsOblidats2.jpg" />
	<meta property="og:image:width" content="1145" />
	<meta property="og:image:height" content="415" />
	<meta property="og:image:type" content="image/jpeg" />
<meta name="twitter:card" content="summary_large_image" />
<meta name="twitter:label1" content="Tiempo de lectura" />
	<meta name="twitter:data1" content="1 minuto" />
<script type="application/ld+json" class="yoast-schema-graph">{"@context":"https://schema.org","@graph":[{"@type":"WebPage","@id":"https://www.alteacultural.com/es/events/historia-dels-llocs-oblidats/","url":"https://www.alteacultural.com/es/events/historia-dels-llocs-oblidats/","name":"Història dels llocs oblidats - Altea Cultural","isPartOf":{"@id":"https://www.alteacultural.com/es/#website"},"primaryImageOfPage":{"@id":"https://www.alteacultural.com/es/events/historia-dels-llocs-oblidats/#primaryimage"},"image":{"@id":"https://www.alteacultural.com/es/events/historia-dels-llocs-oblidats/#primaryimage"},"thumbnailUrl":"https://www.alteacultural.com/wp-content/uploads/2022/03/HistoriaLlocsOblidats2.jpg","datePublished":"2022-03-31T12:02:52+00:00","dateModified":"2022-03-31T12:07:58+00:00","breadcrumb":{"@id":"https://www.alteacultural.com/es/events/historia-dels-llocs-oblidats/#breadcrumb"},"inLanguage":"es","potentialAction":[{"@type":"ReadAction","target":["https://www.alteacultural.com/es/events/historia-dels-llocs-oblidats/"]}]},{"@type":"ImageObject","inLanguage":"es","@id":"https://www.alteacultural.com/es/events/historia-dels-llocs-oblidats/#primaryimage","url":"https://www.alteacultural.com/wp-content/uploads/2022/03/HistoriaLlocsOblidats2.jpg","contentUrl":"https://www.alteacultural.com/wp-content/uploads/2022/03/HistoriaLlocsOblidats2.jpg","width":1145,"height":415},{"@type":"BreadcrumbList","@id":"https://www.alteacultural.com/es/events/historia-dels-llocs-oblidats/#breadcrumb","itemListElement":[{"@type":"ListItem","position":1,"name":"Inici","item":"https://www.alteacultural.com/es/"},{"@type":"ListItem","position":2,"name":"Eventos","item":"https://www.alteacultural.com/es/events/"},{"@type":"ListItem","position":3,"name":"Història dels llocs oblidats"}]},{"@type":"WebSite","@id":"https://www.alteacultural.com/es/#website","url":"https://www.alteacultural.com/es/","name":"Altea Cultural","description":"Regidoria de Cultura de l&#039;Ajuntament d&#039;Altea","potentialAction":[{"@type":"SearchAction","target":{"@type":"EntryPoint","urlTemplate":"https://www.alteacultural.com/es/?s={search_term_string}"},"query-input":"required name=search_term_string"}],"inLanguage":"es"}]}</script>
<!-- / Yoast SEO plugin. -->

Història dels llocs oblidats - Altea Cultural

ACTO EN VALENCIANO 3-abr | 10:30 h | Centre d&#8217;Interpretació del Poador del Pontet (Altea) Història dels llocs oblidats [&hellip;]

Accés lliure i gratuït
