{"id":18319,"date":"2022-04-11T17:01:51","date_gmt":"2022-04-11T15:01:51","guid":{"rendered":"https:\/\/www.alteacultural.com\/events\/expotrossos-i-mossos-engalanats-salvador-molla\/"},"modified":"2022-05-25T09:30:35","modified_gmt":"2022-05-25T07:30:35","slug":"expotrossos-i-mossos-engalanats-salvador-molla","status":"publish","type":"mec-events","link":"https:\/\/www.alteacultural.com\/es\/events\/expotrossos-i-mossos-engalanats-salvador-molla\/","title":{"rendered":"Expo: \u00abTrossos i mossos engalanats\u00bb &#8211; Salvador Moll\u00e0"},"content":{"rendered":"<p>13abr-12jun | Palau Altea<\/p>\n<p>Exposici\u00f3n de esculturas<\/p>\n<p>Inauguraci\u00f3n: 13 de abril a las 18.00 h<\/p>\n<p>Horario de visitas: martes y jueves 16.30 a 19.30 h<\/p>\n<p>Entrada libre<\/p>\n<p>&nbsp;<\/p>\n<p><img fetchpriority=\"high\" decoding=\"async\" class=\"wp-image-18320 aligncenter\" src=\"https:\/\/www.alteacultural.com\/wp-content\/uploads\/2022\/04\/expo-salvador-2-esp.jpg\" alt=\"\" width=\"750\" height=\"1061\" srcset=\"https:\/\/www.alteacultural.com\/wp-content\/uploads\/2022\/04\/expo-salvador-2-esp.jpg 1086w, https:\/\/www.alteacultural.com\/wp-content\/uploads\/2022\/04\/expo-salvador-2-esp-768x1086.jpg 768w\" sizes=\"(max-width: 750px) 100vw, 750px\" \/><\/p>\n","protected":false},"excerpt":{"rendered":"<p>13abr-12jun | Palau Altea Exposici\u00f3n de esculturas Inauguraci\u00f3n: 13 de abril a las 18.00 h Horario de visitas: martes [&hellip;]<\/p>\n","protected":false},"author":1,"featured_media":18318,"comment_status":"open","ping_status":"closed","template":"","meta":{"_expiration-date-status":"","_expiration-date":0,"_expiration-date-type":"","_expiration-date-categories":[],"_expiration-date-options":[]},"yoast_head":"<!-- This site is optimized with the Yoast SEO plugin v22.8 - https:\/\/yoast.com\/wordpress\/plugins\/seo\/ -->\n<title>Expo: &quot;Trossos i mossos engalanats&quot; - Salvador Moll\u00e0 - Altea Cultural<\/title>\n<meta name=\"robots\" content=\"index, follow, max-snippet:-1, max-image-preview:large, max-video-preview:-1\" \/>\n<link rel=\"canonical\" href=\"https:\/\/www.alteacultural.com\/es\/events\/expotrossos-i-mossos-engalanats-salvador-molla\/\" \/>\n<meta property=\"og:locale\" content=\"es_ES\" \/>\n<meta property=\"og:type\" content=\"article\" \/>\n<meta property=\"og:title\" content=\"Expo: &quot;Trossos i mossos engalanats&quot; - Salvador Moll\u00e0 - Altea Cultural\" \/>\n<meta property=\"og:description\" content=\"13abr-12jun | Palau Altea Exposici\u00f3n de esculturas Inauguraci\u00f3n: 13 de abril a las 18.00 h Horario de visitas: martes [&hellip;]\" \/>\n<meta property=\"og:url\" content=\"https:\/\/www.alteacultural.com\/es\/events\/expotrossos-i-mossos-engalanats-salvador-molla\/\" \/>\n<meta property=\"og:site_name\" content=\"Altea Cultural\" \/>\n<meta property=\"article:modified_time\" content=\"2022-05-25T07:30:35+00:00\" \/>\n<meta property=\"og:image\" content=\"https:\/\/www.alteacultural.com\/wp-content\/uploads\/2022\/04\/bannerexposalvador.jpg\" \/>\n\t<meta property=\"og:image:width\" content=\"1340\" \/>\n\t<meta property=\"og:image:height\" content=\"496\" \/>\n\t<meta property=\"og:image:type\" content=\"image\/jpeg\" \/>\n<meta name=\"twitter:card\" content=\"summary_large_image\" \/>\n<meta name=\"twitter:label1\" content=\"Tiempo de lectura\" \/>\n\t<meta name=\"twitter:data1\" content=\"1 minuto\" \/>\n<script type=\"application\/ld+json\" class=\"yoast-schema-graph\">{\"@context\":\"https:\/\/schema.org\",\"@graph\":[{\"@type\":\"WebPage\",\"@id\":\"https:\/\/www.alteacultural.com\/es\/events\/expotrossos-i-mossos-engalanats-salvador-molla\/\",\"url\":\"https:\/\/www.alteacultural.com\/es\/events\/expotrossos-i-mossos-engalanats-salvador-molla\/\",\"name\":\"Expo: \\\"Trossos i mossos engalanats\\\" - Salvador Moll\u00e0 - Altea Cultural\",\"isPartOf\":{\"@id\":\"https:\/\/www.alteacultural.com\/es\/#website\"},\"primaryImageOfPage\":{\"@id\":\"https:\/\/www.alteacultural.com\/es\/events\/expotrossos-i-mossos-engalanats-salvador-molla\/#primaryimage\"},\"image\":{\"@id\":\"https:\/\/www.alteacultural.com\/es\/events\/expotrossos-i-mossos-engalanats-salvador-molla\/#primaryimage\"},\"thumbnailUrl\":\"https:\/\/www.alteacultural.com\/wp-content\/uploads\/2022\/04\/bannerexposalvador.jpg\",\"datePublished\":\"2022-04-11T15:01:51+00:00\",\"dateModified\":\"2022-05-25T07:30:35+00:00\",\"breadcrumb\":{\"@id\":\"https:\/\/www.alteacultural.com\/es\/events\/expotrossos-i-mossos-engalanats-salvador-molla\/#breadcrumb\"},\"inLanguage\":\"es\",\"potentialAction\":[{\"@type\":\"ReadAction\",\"target\":[\"https:\/\/www.alteacultural.com\/es\/events\/expotrossos-i-mossos-engalanats-salvador-molla\/\"]}]},{\"@type\":\"ImageObject\",\"inLanguage\":\"es\",\"@id\":\"https:\/\/www.alteacultural.com\/es\/events\/expotrossos-i-mossos-engalanats-salvador-molla\/#primaryimage\",\"url\":\"https:\/\/www.alteacultural.com\/wp-content\/uploads\/2022\/04\/bannerexposalvador.jpg\",\"contentUrl\":\"https:\/\/www.alteacultural.com\/wp-content\/uploads\/2022\/04\/bannerexposalvador.jpg\",\"width\":1340,\"height\":496},{\"@type\":\"BreadcrumbList\",\"@id\":\"https:\/\/www.alteacultural.com\/es\/events\/expotrossos-i-mossos-engalanats-salvador-molla\/#breadcrumb\",\"itemListElement\":[{\"@type\":\"ListItem\",\"position\":1,\"name\":\"Inici\",\"item\":\"https:\/\/www.alteacultural.com\/es\/\"},{\"@type\":\"ListItem\",\"position\":2,\"name\":\"Eventos\",\"item\":\"https:\/\/www.alteacultural.com\/es\/events\/\"},{\"@type\":\"ListItem\",\"position\":3,\"name\":\"Expo: &#8220;Trossos i mossos engalanats&#8221; &#8211; Salvador Moll\u00e0\"}]},{\"@type\":\"WebSite\",\"@id\":\"https:\/\/www.alteacultural.com\/es\/#website\",\"url\":\"https:\/\/www.alteacultural.com\/es\/\",\"name\":\"Altea Cultural\",\"description\":\"Regidoria de Cultura de l&#039;Ajuntament d&#039;Altea\",\"potentialAction\":[{\"@type\":\"SearchAction\",\"target\":{\"@type\":\"EntryPoint\",\"urlTemplate\":\"https:\/\/www.alteacultural.com\/es\/?s={search_term_string}\"},\"query-input\":\"required name=search_term_string\"}],\"inLanguage\":\"es\"}]}<\/script>\n<!-- \/ Yoast SEO plugin. -->","yoast_head_json":{"title":"Expo: \"Trossos i mossos engalanats\" - Salvador Moll\u00e0 - Altea Cultural","robots":{"index":"index","follow":"follow","max-snippet":"max-snippet:-1","max-image-preview":"max-image-preview:large","max-video-preview":"max-video-preview:-1"},"canonical":"https:\/\/www.alteacultural.com\/es\/events\/expotrossos-i-mossos-engalanats-salvador-molla\/","og_locale":"es_ES","og_type":"article","og_title":"Expo: \"Trossos i mossos engalanats\" - Salvador Moll\u00e0 - Altea Cultural","og_description":"13abr-12jun | Palau Altea Exposici\u00f3n de esculturas Inauguraci\u00f3n: 13 de abril a las 18.00 h Horario de visitas: martes [&hellip;]","og_url":"https:\/\/www.alteacultural.com\/es\/events\/expotrossos-i-mossos-engalanats-salvador-molla\/","og_site_name":"Altea Cultural","article_modified_time":"2022-05-25T07:30:35+00:00","og_image":[{"width":1340,"height":496,"url":"https:\/\/www.alteacultural.com\/wp-content\/uploads\/2022\/04\/bannerexposalvador.jpg","type":"image\/jpeg"}],"twitter_card":"summary_large_image","twitter_misc":{"Tiempo de lectura":"1 minuto"},"schema":{"@context":"https:\/\/schema.org","@graph":[{"@type":"WebPage","@id":"https:\/\/www.alteacultural.com\/es\/events\/expotrossos-i-mossos-engalanats-salvador-molla\/","url":"https:\/\/www.alteacultural.com\/es\/events\/expotrossos-i-mossos-engalanats-salvador-molla\/","name":"Expo: \"Trossos i mossos engalanats\" - Salvador Moll\u00e0 - Altea Cultural","isPartOf":{"@id":"https:\/\/www.alteacultural.com\/es\/#website"},"primaryImageOfPage":{"@id":"https:\/\/www.alteacultural.com\/es\/events\/expotrossos-i-mossos-engalanats-salvador-molla\/#primaryimage"},"image":{"@id":"https:\/\/www.alteacultural.com\/es\/events\/expotrossos-i-mossos-engalanats-salvador-molla\/#primaryimage"},"thumbnailUrl":"https:\/\/www.alteacultural.com\/wp-content\/uploads\/2022\/04\/bannerexposalvador.jpg","datePublished":"2022-04-11T15:01:51+00:00","dateModified":"2022-05-25T07:30:35+00:00","breadcrumb":{"@id":"https:\/\/www.alteacultural.com\/es\/events\/expotrossos-i-mossos-engalanats-salvador-molla\/#breadcrumb"},"inLanguage":"es","potentialAction":[{"@type":"ReadAction","target":["https:\/\/www.alteacultural.com\/es\/events\/expotrossos-i-mossos-engalanats-salvador-molla\/"]}]},{"@type":"ImageObject","inLanguage":"es","@id":"https:\/\/www.alteacultural.com\/es\/events\/expotrossos-i-mossos-engalanats-salvador-molla\/#primaryimage","url":"https:\/\/www.alteacultural.com\/wp-content\/uploads\/2022\/04\/bannerexposalvador.jpg","contentUrl":"https:\/\/www.alteacultural.com\/wp-content\/uploads\/2022\/04\/bannerexposalvador.jpg","width":1340,"height":496},{"@type":"BreadcrumbList","@id":"https:\/\/www.alteacultural.com\/es\/events\/expotrossos-i-mossos-engalanats-salvador-molla\/#breadcrumb","itemListElement":[{"@type":"ListItem","position":1,"name":"Inici","item":"https:\/\/www.alteacultural.com\/es\/"},{"@type":"ListItem","position":2,"name":"Eventos","item":"https:\/\/www.alteacultural.com\/es\/events\/"},{"@type":"ListItem","position":3,"name":"Expo: &#8220;Trossos i mossos engalanats&#8221; &#8211; Salvador Moll\u00e0"}]},{"@type":"WebSite","@id":"https:\/\/www.alteacultural.com\/es\/#website","url":"https:\/\/www.alteacultural.com\/es\/","name":"Altea Cultural","description":"Regidoria de Cultura de l&#039;Ajuntament d&#039;Altea","potentialAction":[{"@type":"SearchAction","target":{"@type":"EntryPoint","urlTemplate":"https:\/\/www.alteacultural.com\/es\/?s={search_term_string}"},"query-input":"required name=search_term_string"}],"inLanguage":"es"}]}},"mec_cost":"Entrada Libre","mec_date":{"start":{"date":"2022-04-13","hour":6,"minutes":"0","ampm":"PM"},"end":{"date":"2022-06-12","hour":7,"minutes":"30","ampm":"PM"},"comment":"","repeat":{"type":"daily","interval":"1","advanced":"","end":"never","end_at_date":"","end_at_occurrences":"10"}},"_links":{"self":[{"href":"https:\/\/www.alteacultural.com\/es\/wp-json\/wp\/v2\/mec-events\/18319"}],"collection":[{"href":"https:\/\/www.alteacultural.com\/es\/wp-json\/wp\/v2\/mec-events"}],"about":[{"href":"https:\/\/www.alteacultural.com\/es\/wp-json\/wp\/v2\/types\/mec-events"}],"author":[{"embeddable":true,"href":"https:\/\/www.alteacultural.com\/es\/wp-json\/wp\/v2\/users\/1"}],"replies":[{"embeddable":true,"href":"https:\/\/www.alteacultural.com\/es\/wp-json\/wp\/v2\/comments?post=18319"}],"wp:featuredmedia":[{"embeddable":true,"href":"https:\/\/www.alteacultural.com\/es\/wp-json\/wp\/v2\/media\/18318"}],"wp:attachment":[{"href":"https:\/\/www.alteacultural.com\/es\/wp-json\/wp\/v2\/media?parent=18319"}],"curies":[{"name":"wp","href":"https:\/\/api.w.org\/{rel}","templated":true}]}}

Expo: «Trossos i mossos engalanats» &#8211; Salvador Mollà

<p>13abr-12jun | Palau Altea</p>
<p>Exposición de esculturas</p>
<p>Inauguración: 13 de abril a las 18.00 h</p>
<p>Horario de visitas: martes y jueves 16.30 a 19.30 h</p>
<p>Entrada libre</p>
<p>&nbsp;</p>
<p><img fetchpriority="high" decoding="async" class="wp-image-18320 aligncenter" src="https://www.alteacultural.com/wp-content/uploads/2022/04/expo-salvador-2-esp.jpg" alt="" width="750" height="1061" srcset="https://www.alteacultural.com/wp-content/uploads/2022/04/expo-salvador-2-esp.jpg 1086w, https://www.alteacultural.com/wp-content/uploads/2022/04/expo-salvador-2-esp-768x1086.jpg 768w" sizes="(max-width: 750px) 100vw, 750px" /></p>

<p>13abr-12jun | Palau Altea Exposición de esculturas Inauguración: 13 de abril a las 18.00 h Horario de visitas: martes [&hellip;]</p>

<!-- This site is optimized with the Yoast SEO plugin v22.8 - https://yoast.com/wordpress/plugins/seo/ -->
<title>Expo: &quot;Trossos i mossos engalanats&quot; - Salvador Mollà - Altea Cultural</title>
<meta name="robots" content="index, follow, max-snippet:-1, max-image-preview:large, max-video-preview:-1" />
<link rel="canonical" href="https://www.alteacultural.com/es/events/expotrossos-i-mossos-engalanats-salvador-molla/" />
<meta property="og:locale" content="es_ES" />
<meta property="og:type" content="article" />
<meta property="og:title" content="Expo: &quot;Trossos i mossos engalanats&quot; - Salvador Mollà - Altea Cultural" />
<meta property="og:description" content="13abr-12jun | Palau Altea Exposición de esculturas Inauguración: 13 de abril a las 18.00 h Horario de visitas: martes [&hellip;]" />
<meta property="og:url" content="https://www.alteacultural.com/es/events/expotrossos-i-mossos-engalanats-salvador-molla/" />
<meta property="og:site_name" content="Altea Cultural" />
<meta property="article:modified_time" content="2022-05-25T07:30:35+00:00" />
<meta property="og:image" content="https://www.alteacultural.com/wp-content/uploads/2022/04/bannerexposalvador.jpg" />
	<meta property="og:image:width" content="1340" />
	<meta property="og:image:height" content="496" />
	<meta property="og:image:type" content="image/jpeg" />
<meta name="twitter:card" content="summary_large_image" />
<meta name="twitter:label1" content="Tiempo de lectura" />
	<meta name="twitter:data1" content="1 minuto" />
<script type="application/ld+json" class="yoast-schema-graph">{"@context":"https://schema.org","@graph":[{"@type":"WebPage","@id":"https://www.alteacultural.com/es/events/expotrossos-i-mossos-engalanats-salvador-molla/","url":"https://www.alteacultural.com/es/events/expotrossos-i-mossos-engalanats-salvador-molla/","name":"Expo: \"Trossos i mossos engalanats\" - Salvador Mollà - Altea Cultural","isPartOf":{"@id":"https://www.alteacultural.com/es/#website"},"primaryImageOfPage":{"@id":"https://www.alteacultural.com/es/events/expotrossos-i-mossos-engalanats-salvador-molla/#primaryimage"},"image":{"@id":"https://www.alteacultural.com/es/events/expotrossos-i-mossos-engalanats-salvador-molla/#primaryimage"},"thumbnailUrl":"https://www.alteacultural.com/wp-content/uploads/2022/04/bannerexposalvador.jpg","datePublished":"2022-04-11T15:01:51+00:00","dateModified":"2022-05-25T07:30:35+00:00","breadcrumb":{"@id":"https://www.alteacultural.com/es/events/expotrossos-i-mossos-engalanats-salvador-molla/#breadcrumb"},"inLanguage":"es","potentialAction":[{"@type":"ReadAction","target":["https://www.alteacultural.com/es/events/expotrossos-i-mossos-engalanats-salvador-molla/"]}]},{"@type":"ImageObject","inLanguage":"es","@id":"https://www.alteacultural.com/es/events/expotrossos-i-mossos-engalanats-salvador-molla/#primaryimage","url":"https://www.alteacultural.com/wp-content/uploads/2022/04/bannerexposalvador.jpg","contentUrl":"https://www.alteacultural.com/wp-content/uploads/2022/04/bannerexposalvador.jpg","width":1340,"height":496},{"@type":"BreadcrumbList","@id":"https://www.alteacultural.com/es/events/expotrossos-i-mossos-engalanats-salvador-molla/#breadcrumb","itemListElement":[{"@type":"ListItem","position":1,"name":"Inici","item":"https://www.alteacultural.com/es/"},{"@type":"ListItem","position":2,"name":"Eventos","item":"https://www.alteacultural.com/es/events/"},{"@type":"ListItem","position":3,"name":"Expo: &#8220;Trossos i mossos engalanats&#8221; &#8211; Salvador Mollà"}]},{"@type":"WebSite","@id":"https://www.alteacultural.com/es/#website","url":"https://www.alteacultural.com/es/","name":"Altea Cultural","description":"Regidoria de Cultura de l&#039;Ajuntament d&#039;Altea","potentialAction":[{"@type":"SearchAction","target":{"@type":"EntryPoint","urlTemplate":"https://www.alteacultural.com/es/?s={search_term_string}"},"query-input":"required name=search_term_string"}],"inLanguage":"es"}]}</script>
<!-- / Yoast SEO plugin. -->

Expo: "Trossos i mossos engalanats" - Salvador Mollà - Altea Cultural

13abr-12jun | Palau Altea Exposición de esculturas Inauguración: 13 de abril a las 18.00 h Horario de visitas: martes [&hellip;]

Expo: &#8220;Trossos i mossos engalanats&#8221; &#8211; Salvador Mollà
