{"id":20303,"date":"2022-06-06T20:33:17","date_gmt":"2022-06-06T18:33:17","guid":{"rendered":"https:\/\/www.alteacultural.com\/events\/convierte-tu-idea-en-negocio-taller-de-modelo-de-negocio\/"},"modified":"2022-06-06T20:36:23","modified_gmt":"2022-06-06T18:36:23","slug":"convierte-tu-idea-en-negocio-taller-de-modelo-de-negocio","status":"publish","type":"mec-events","link":"https:\/\/www.alteacultural.com\/es\/events\/convierte-tu-idea-en-negocio-taller-de-modelo-de-negocio\/","title":{"rendered":"Convierte tu idea en negocio (taller de modelo de negocio)"},"content":{"rendered":"<p>6-7-jun | 16:00 h | Casa Cultura Altea<br \/>\n<strong>Convierte tu idea en negocio (taller de modelo de negocio)<\/strong><br \/>\nLa asistencia es gratuita, previa inscripci\u00f3n en <a href=\"http:\/\/www.parquecientificoumh.es\/es\/convierte-tu-idea-en-proyecto\" target=\"_blank\" rel=\"noopener noreferrer\">www.parquecientificoumh.es\/es\/convierte-tu-idea-en-proyecto<\/a><\/p>\n<p>Dar la oportunidad a emprendedores y start-ups de reciente creaci\u00f3n de trabajar con mentores expertos en la generaci\u00f3n de nuevas ideas, y en la definici\u00f3n y validaci\u00f3n de su modelo de negocio. Este es el objetivo del taller que han organizado el Ayuntamiento de Altea y el Parque Cient\u00edfico de la Universidad Miguel Hern\u00e1ndez (PCUMH) de Elche en el marco de la cuarta edici\u00f3n del programa Altea Emprende. Este taller, que se dividir\u00e1 en dos sesiones, una el martes 7 de junio y otra el mi\u00e9rcoles 8 de junio, se realizar\u00e1 en la Casa de la Cultura de Altea a las 16:00 horas. La asistencia es gratuita, previa inscripci\u00f3n en www.parquecientificoumh.es\/es\/convierte-tu-idea-en-proyecto. \/ En la primera de las sesiones, se formar\u00e1n los equipos de trabajo y se establecer\u00e1 la hoja de ruta de cada proyecto. Adem\u00e1s, se explicar\u00e1n, definir\u00e1n y analizar\u00e1n conceptos importantes para el desarrollo de las iniciativas como son los clientes, el mercado, la propuesta de valor o la competencia. Por su parte, en la segunda sesi\u00f3n, se har\u00e1 hincapi\u00e9 en aspectos como la monetizaci\u00f3n y se trabajar\u00e1 con los mentores de forma personalizada. Tambi\u00e9n se realizar\u00e1 una exposici\u00f3n de los proyectos. \/ Los expertos encargados de impartir este taller ser\u00e1n el director del \u00c1rea de Emprendimiento del Parque Cient\u00edfico de la UMH, Javier Sancho, y los t\u00e9cnicos de esta \u00e1rea Carlos Fabra, Germ\u00e1n S\u00e1nchez y Mireia Alema\u00f1.<\/p>\n","protected":false},"excerpt":{"rendered":"<p>6-7-jun | 16:00 h | Casa Cultura Altea Convierte tu idea en negocio (taller de modelo de negocio) La [&hellip;]<\/p>\n","protected":false},"author":1,"featured_media":20302,"comment_status":"open","ping_status":"closed","template":"","meta":{"_expiration-date-status":"","_expiration-date":0,"_expiration-date-type":"","_expiration-date-categories":[],"_expiration-date-options":[]},"yoast_head":"<!-- This site is optimized with the Yoast SEO plugin v22.8 - https:\/\/yoast.com\/wordpress\/plugins\/seo\/ -->\n<title>Convierte tu idea en negocio (taller de modelo de negocio) - Altea Cultural<\/title>\n<meta name=\"robots\" content=\"index, follow, max-snippet:-1, max-image-preview:large, max-video-preview:-1\" \/>\n<link rel=\"canonical\" href=\"https:\/\/www.alteacultural.com\/es\/events\/convierte-tu-idea-en-negocio-taller-de-modelo-de-negocio\/\" \/>\n<meta property=\"og:locale\" content=\"es_ES\" \/>\n<meta property=\"og:type\" content=\"article\" \/>\n<meta property=\"og:title\" content=\"Convierte tu idea en negocio (taller de modelo de negocio) - Altea Cultural\" \/>\n<meta property=\"og:description\" content=\"6-7-jun | 16:00 h | Casa Cultura Altea Convierte tu idea en negocio (taller de modelo de negocio) La [&hellip;]\" \/>\n<meta property=\"og:url\" content=\"https:\/\/www.alteacultural.com\/es\/events\/convierte-tu-idea-en-negocio-taller-de-modelo-de-negocio\/\" \/>\n<meta property=\"og:site_name\" content=\"Altea Cultural\" \/>\n<meta property=\"article:modified_time\" content=\"2022-06-06T18:36:23+00:00\" \/>\n<meta property=\"og:image\" content=\"https:\/\/www.alteacultural.com\/wp-content\/uploads\/2022\/06\/2022-06-08-Emprende-Altea.jpeg\" \/>\n\t<meta property=\"og:image:width\" content=\"1500\" \/>\n\t<meta property=\"og:image:height\" content=\"844\" \/>\n\t<meta property=\"og:image:type\" content=\"image\/jpeg\" \/>\n<meta name=\"twitter:card\" content=\"summary_large_image\" \/>\n<meta name=\"twitter:label1\" content=\"Tiempo de lectura\" \/>\n\t<meta name=\"twitter:data1\" content=\"2 minutos\" \/>\n<script type=\"application\/ld+json\" class=\"yoast-schema-graph\">{\"@context\":\"https:\/\/schema.org\",\"@graph\":[{\"@type\":\"WebPage\",\"@id\":\"https:\/\/www.alteacultural.com\/es\/events\/convierte-tu-idea-en-negocio-taller-de-modelo-de-negocio\/\",\"url\":\"https:\/\/www.alteacultural.com\/es\/events\/convierte-tu-idea-en-negocio-taller-de-modelo-de-negocio\/\",\"name\":\"Convierte tu idea en negocio (taller de modelo de negocio) - Altea Cultural\",\"isPartOf\":{\"@id\":\"https:\/\/www.alteacultural.com\/es\/#website\"},\"primaryImageOfPage\":{\"@id\":\"https:\/\/www.alteacultural.com\/es\/events\/convierte-tu-idea-en-negocio-taller-de-modelo-de-negocio\/#primaryimage\"},\"image\":{\"@id\":\"https:\/\/www.alteacultural.com\/es\/events\/convierte-tu-idea-en-negocio-taller-de-modelo-de-negocio\/#primaryimage\"},\"thumbnailUrl\":\"https:\/\/www.alteacultural.com\/wp-content\/uploads\/2022\/06\/2022-06-08-Emprende-Altea.jpeg\",\"datePublished\":\"2022-06-06T18:33:17+00:00\",\"dateModified\":\"2022-06-06T18:36:23+00:00\",\"breadcrumb\":{\"@id\":\"https:\/\/www.alteacultural.com\/es\/events\/convierte-tu-idea-en-negocio-taller-de-modelo-de-negocio\/#breadcrumb\"},\"inLanguage\":\"es\",\"potentialAction\":[{\"@type\":\"ReadAction\",\"target\":[\"https:\/\/www.alteacultural.com\/es\/events\/convierte-tu-idea-en-negocio-taller-de-modelo-de-negocio\/\"]}]},{\"@type\":\"ImageObject\",\"inLanguage\":\"es\",\"@id\":\"https:\/\/www.alteacultural.com\/es\/events\/convierte-tu-idea-en-negocio-taller-de-modelo-de-negocio\/#primaryimage\",\"url\":\"https:\/\/www.alteacultural.com\/wp-content\/uploads\/2022\/06\/2022-06-08-Emprende-Altea.jpeg\",\"contentUrl\":\"https:\/\/www.alteacultural.com\/wp-content\/uploads\/2022\/06\/2022-06-08-Emprende-Altea.jpeg\",\"width\":1500,\"height\":844},{\"@type\":\"BreadcrumbList\",\"@id\":\"https:\/\/www.alteacultural.com\/es\/events\/convierte-tu-idea-en-negocio-taller-de-modelo-de-negocio\/#breadcrumb\",\"itemListElement\":[{\"@type\":\"ListItem\",\"position\":1,\"name\":\"Inici\",\"item\":\"https:\/\/www.alteacultural.com\/es\/\"},{\"@type\":\"ListItem\",\"position\":2,\"name\":\"Eventos\",\"item\":\"https:\/\/www.alteacultural.com\/es\/events\/\"},{\"@type\":\"ListItem\",\"position\":3,\"name\":\"Convierte tu idea en negocio (taller de modelo de negocio)\"}]},{\"@type\":\"WebSite\",\"@id\":\"https:\/\/www.alteacultural.com\/es\/#website\",\"url\":\"https:\/\/www.alteacultural.com\/es\/\",\"name\":\"Altea Cultural\",\"description\":\"Regidoria de Cultura de l&#039;Ajuntament d&#039;Altea\",\"potentialAction\":[{\"@type\":\"SearchAction\",\"target\":{\"@type\":\"EntryPoint\",\"urlTemplate\":\"https:\/\/www.alteacultural.com\/es\/?s={search_term_string}\"},\"query-input\":\"required name=search_term_string\"}],\"inLanguage\":\"es\"}]}<\/script>\n<!-- \/ Yoast SEO plugin. -->","yoast_head_json":{"title":"Convierte tu idea en negocio (taller de modelo de negocio) - Altea Cultural","robots":{"index":"index","follow":"follow","max-snippet":"max-snippet:-1","max-image-preview":"max-image-preview:large","max-video-preview":"max-video-preview:-1"},"canonical":"https:\/\/www.alteacultural.com\/es\/events\/convierte-tu-idea-en-negocio-taller-de-modelo-de-negocio\/","og_locale":"es_ES","og_type":"article","og_title":"Convierte tu idea en negocio (taller de modelo de negocio) - Altea Cultural","og_description":"6-7-jun | 16:00 h | Casa Cultura Altea Convierte tu idea en negocio (taller de modelo de negocio) La [&hellip;]","og_url":"https:\/\/www.alteacultural.com\/es\/events\/convierte-tu-idea-en-negocio-taller-de-modelo-de-negocio\/","og_site_name":"Altea Cultural","article_modified_time":"2022-06-06T18:36:23+00:00","og_image":[{"width":1500,"height":844,"url":"https:\/\/www.alteacultural.com\/wp-content\/uploads\/2022\/06\/2022-06-08-Emprende-Altea.jpeg","type":"image\/jpeg"}],"twitter_card":"summary_large_image","twitter_misc":{"Tiempo de lectura":"2 minutos"},"schema":{"@context":"https:\/\/schema.org","@graph":[{"@type":"WebPage","@id":"https:\/\/www.alteacultural.com\/es\/events\/convierte-tu-idea-en-negocio-taller-de-modelo-de-negocio\/","url":"https:\/\/www.alteacultural.com\/es\/events\/convierte-tu-idea-en-negocio-taller-de-modelo-de-negocio\/","name":"Convierte tu idea en negocio (taller de modelo de negocio) - Altea Cultural","isPartOf":{"@id":"https:\/\/www.alteacultural.com\/es\/#website"},"primaryImageOfPage":{"@id":"https:\/\/www.alteacultural.com\/es\/events\/convierte-tu-idea-en-negocio-taller-de-modelo-de-negocio\/#primaryimage"},"image":{"@id":"https:\/\/www.alteacultural.com\/es\/events\/convierte-tu-idea-en-negocio-taller-de-modelo-de-negocio\/#primaryimage"},"thumbnailUrl":"https:\/\/www.alteacultural.com\/wp-content\/uploads\/2022\/06\/2022-06-08-Emprende-Altea.jpeg","datePublished":"2022-06-06T18:33:17+00:00","dateModified":"2022-06-06T18:36:23+00:00","breadcrumb":{"@id":"https:\/\/www.alteacultural.com\/es\/events\/convierte-tu-idea-en-negocio-taller-de-modelo-de-negocio\/#breadcrumb"},"inLanguage":"es","potentialAction":[{"@type":"ReadAction","target":["https:\/\/www.alteacultural.com\/es\/events\/convierte-tu-idea-en-negocio-taller-de-modelo-de-negocio\/"]}]},{"@type":"ImageObject","inLanguage":"es","@id":"https:\/\/www.alteacultural.com\/es\/events\/convierte-tu-idea-en-negocio-taller-de-modelo-de-negocio\/#primaryimage","url":"https:\/\/www.alteacultural.com\/wp-content\/uploads\/2022\/06\/2022-06-08-Emprende-Altea.jpeg","contentUrl":"https:\/\/www.alteacultural.com\/wp-content\/uploads\/2022\/06\/2022-06-08-Emprende-Altea.jpeg","width":1500,"height":844},{"@type":"BreadcrumbList","@id":"https:\/\/www.alteacultural.com\/es\/events\/convierte-tu-idea-en-negocio-taller-de-modelo-de-negocio\/#breadcrumb","itemListElement":[{"@type":"ListItem","position":1,"name":"Inici","item":"https:\/\/www.alteacultural.com\/es\/"},{"@type":"ListItem","position":2,"name":"Eventos","item":"https:\/\/www.alteacultural.com\/es\/events\/"},{"@type":"ListItem","position":3,"name":"Convierte tu idea en negocio (taller de modelo de negocio)"}]},{"@type":"WebSite","@id":"https:\/\/www.alteacultural.com\/es\/#website","url":"https:\/\/www.alteacultural.com\/es\/","name":"Altea Cultural","description":"Regidoria de Cultura de l&#039;Ajuntament d&#039;Altea","potentialAction":[{"@type":"SearchAction","target":{"@type":"EntryPoint","urlTemplate":"https:\/\/www.alteacultural.com\/es\/?s={search_term_string}"},"query-input":"required name=search_term_string"}],"inLanguage":"es"}]}},"mec_cost":"Gratuito, inscripci\u00f3n necesaria","mec_date":{"start":{"date":"2022-06-07","hour":4,"minutes":"0","ampm":"PM"},"end":{"date":"2022-06-08","hour":8,"minutes":"0","ampm":"PM"},"comment":"","repeat":{"type":"daily","interval":"1","advanced":"","end":"never","end_at_date":"","end_at_occurrences":"10"}},"_links":{"self":[{"href":"https:\/\/www.alteacultural.com\/es\/wp-json\/wp\/v2\/mec-events\/20303"}],"collection":[{"href":"https:\/\/www.alteacultural.com\/es\/wp-json\/wp\/v2\/mec-events"}],"about":[{"href":"https:\/\/www.alteacultural.com\/es\/wp-json\/wp\/v2\/types\/mec-events"}],"author":[{"embeddable":true,"href":"https:\/\/www.alteacultural.com\/es\/wp-json\/wp\/v2\/users\/1"}],"replies":[{"embeddable":true,"href":"https:\/\/www.alteacultural.com\/es\/wp-json\/wp\/v2\/comments?post=20303"}],"wp:featuredmedia":[{"embeddable":true,"href":"https:\/\/www.alteacultural.com\/es\/wp-json\/wp\/v2\/media\/20302"}],"wp:attachment":[{"href":"https:\/\/www.alteacultural.com\/es\/wp-json\/wp\/v2\/media?parent=20303"}],"curies":[{"name":"wp","href":"https:\/\/api.w.org\/{rel}","templated":true}]}}

<p>6-7-jun | 16:00 h | Casa Cultura Altea<br />
<strong>Convierte tu idea en negocio (taller de modelo de negocio)</strong><br />
La asistencia es gratuita, previa inscripción en <a href="http://www.parquecientificoumh.es/es/convierte-tu-idea-en-proyecto" target="_blank" rel="noopener noreferrer">www.parquecientificoumh.es/es/convierte-tu-idea-en-proyecto</a></p>
<p>Dar la oportunidad a emprendedores y start-ups de reciente creación de trabajar con mentores expertos en la generación de nuevas ideas, y en la definición y validación de su modelo de negocio. Este es el objetivo del taller que han organizado el Ayuntamiento de Altea y el Parque Científico de la Universidad Miguel Hernández (PCUMH) de Elche en el marco de la cuarta edición del programa Altea Emprende. Este taller, que se dividirá en dos sesiones, una el martes 7 de junio y otra el miércoles 8 de junio, se realizará en la Casa de la Cultura de Altea a las 16:00 horas. La asistencia es gratuita, previa inscripción en www.parquecientificoumh.es/es/convierte-tu-idea-en-proyecto. / En la primera de las sesiones, se formarán los equipos de trabajo y se establecerá la hoja de ruta de cada proyecto. Además, se explicarán, definirán y analizarán conceptos importantes para el desarrollo de las iniciativas como son los clientes, el mercado, la propuesta de valor o la competencia. Por su parte, en la segunda sesión, se hará hincapié en aspectos como la monetización y se trabajará con los mentores de forma personalizada. También se realizará una exposición de los proyectos. / Los expertos encargados de impartir este taller serán el director del Área de Emprendimiento del Parque Científico de la UMH, Javier Sancho, y los técnicos de esta área Carlos Fabra, Germán Sánchez y Mireia Alemañ.</p>

Gratuito, inscripción necesaria
