{"id":20545,"date":"2022-06-20T13:02:51","date_gmt":"2022-06-20T11:02:51","guid":{"rendered":"https:\/\/www.alteacultural.com\/events\/escocia-txabi-franquesa-festival-dhumor\/"},"modified":"2022-06-23T08:27:54","modified_gmt":"2022-06-23T06:27:54","slug":"hablando-con-franquesa-txabi-franquesa-festival-dhumor","status":"publish","type":"mec-events","link":"https:\/\/www.alteacultural.com\/es\/events\/hablando-con-franquesa-txabi-franquesa-festival-dhumor\/","title":{"rendered":"Hablando con Franquesa (Txabi Franquesa)-Festival de Humor"},"content":{"rendered":"<p>5-ago I\u00a0 21:30 h\u00a0 I Palau Altea<\/p>\n<p>Txabi Franquesa presenta \u00abHablando con Franquesa\u00bb donde resume los \u00faltimos a\u00f1os de su carrera explicando experiencias, vivencias, reflexiones y an\u00e9cdotas varias. Un espect\u00e1culo no recomendado para celiacos del humor e intolerantes a la risa floja.<\/p>\n<p>El espect\u00e1culo es apto para todas las razas, religiones y tendencias pol\u00edticas (otra cosa es que puedan llegar a abandonar la sala ligeramente ofendidos).<\/p>\n<p>Espect\u00e1culo no recomendado para menores de 16 a\u00f1os.<\/p>\n<p>FESTIVAL DE HUMOR.<\/p>\n<p>Entrada 13 \u20ac.<\/p>\n","protected":false},"excerpt":{"rendered":"<p>5-ago I\u00a0 21:30 h\u00a0 I Palau Altea Txabi Franquesa presenta \u00abHablando con Franquesa\u00bb donde resume los \u00faltimos a\u00f1os de [&hellip;]<\/p>\n","protected":false},"author":1,"featured_media":20604,"comment_status":"open","ping_status":"closed","template":"","meta":{"_expiration-date-status":"","_expiration-date":0,"_expiration-date-type":"","_expiration-date-categories":[],"_expiration-date-options":[]},"yoast_head":"<!-- This site is optimized with the Yoast SEO plugin v22.8 - https:\/\/yoast.com\/wordpress\/plugins\/seo\/ -->\n<title>Hablando con Franquesa (Txabi Franquesa)-Festival de Humor - Altea Cultural<\/title>\n<meta name=\"robots\" content=\"index, follow, max-snippet:-1, max-image-preview:large, max-video-preview:-1\" \/>\n<link rel=\"canonical\" href=\"https:\/\/www.alteacultural.com\/es\/events\/hablando-con-franquesa-txabi-franquesa-festival-dhumor\/\" \/>\n<meta property=\"og:locale\" content=\"es_ES\" \/>\n<meta property=\"og:type\" content=\"article\" \/>\n<meta property=\"og:title\" content=\"Hablando con Franquesa (Txabi Franquesa)-Festival de Humor - Altea Cultural\" \/>\n<meta property=\"og:description\" content=\"5-ago I\u00a0 21:30 h\u00a0 I Palau Altea Txabi Franquesa presenta \u00abHablando con Franquesa\u00bb donde resume los \u00faltimos a\u00f1os de [&hellip;]\" \/>\n<meta property=\"og:url\" content=\"https:\/\/www.alteacultural.com\/es\/events\/hablando-con-franquesa-txabi-franquesa-festival-dhumor\/\" \/>\n<meta property=\"og:site_name\" content=\"Altea Cultural\" \/>\n<meta property=\"article:modified_time\" content=\"2022-06-23T06:27:54+00:00\" \/>\n<meta property=\"og:image\" content=\"https:\/\/www.alteacultural.com\/wp-content\/uploads\/2022\/06\/m_banner-2.jpg\" \/>\n\t<meta property=\"og:image:width\" content=\"1360\" \/>\n\t<meta property=\"og:image:height\" content=\"910\" \/>\n\t<meta property=\"og:image:type\" content=\"image\/jpeg\" \/>\n<meta name=\"twitter:card\" content=\"summary_large_image\" \/>\n<meta name=\"twitter:label1\" content=\"Tiempo de lectura\" \/>\n\t<meta name=\"twitter:data1\" content=\"1 minuto\" \/>\n<script type=\"application\/ld+json\" class=\"yoast-schema-graph\">{\"@context\":\"https:\/\/schema.org\",\"@graph\":[{\"@type\":\"WebPage\",\"@id\":\"https:\/\/www.alteacultural.com\/es\/events\/hablando-con-franquesa-txabi-franquesa-festival-dhumor\/\",\"url\":\"https:\/\/www.alteacultural.com\/es\/events\/hablando-con-franquesa-txabi-franquesa-festival-dhumor\/\",\"name\":\"Hablando con Franquesa (Txabi Franquesa)-Festival de Humor - Altea Cultural\",\"isPartOf\":{\"@id\":\"https:\/\/www.alteacultural.com\/es\/#website\"},\"primaryImageOfPage\":{\"@id\":\"https:\/\/www.alteacultural.com\/es\/events\/hablando-con-franquesa-txabi-franquesa-festival-dhumor\/#primaryimage\"},\"image\":{\"@id\":\"https:\/\/www.alteacultural.com\/es\/events\/hablando-con-franquesa-txabi-franquesa-festival-dhumor\/#primaryimage\"},\"thumbnailUrl\":\"https:\/\/www.alteacultural.com\/wp-content\/uploads\/2022\/06\/m_banner-2.jpg\",\"datePublished\":\"2022-06-20T11:02:51+00:00\",\"dateModified\":\"2022-06-23T06:27:54+00:00\",\"breadcrumb\":{\"@id\":\"https:\/\/www.alteacultural.com\/es\/events\/hablando-con-franquesa-txabi-franquesa-festival-dhumor\/#breadcrumb\"},\"inLanguage\":\"es\",\"potentialAction\":[{\"@type\":\"ReadAction\",\"target\":[\"https:\/\/www.alteacultural.com\/es\/events\/hablando-con-franquesa-txabi-franquesa-festival-dhumor\/\"]}]},{\"@type\":\"ImageObject\",\"inLanguage\":\"es\",\"@id\":\"https:\/\/www.alteacultural.com\/es\/events\/hablando-con-franquesa-txabi-franquesa-festival-dhumor\/#primaryimage\",\"url\":\"https:\/\/www.alteacultural.com\/wp-content\/uploads\/2022\/06\/m_banner-2.jpg\",\"contentUrl\":\"https:\/\/www.alteacultural.com\/wp-content\/uploads\/2022\/06\/m_banner-2.jpg\",\"width\":1360,\"height\":910},{\"@type\":\"BreadcrumbList\",\"@id\":\"https:\/\/www.alteacultural.com\/es\/events\/hablando-con-franquesa-txabi-franquesa-festival-dhumor\/#breadcrumb\",\"itemListElement\":[{\"@type\":\"ListItem\",\"position\":1,\"name\":\"Inici\",\"item\":\"https:\/\/www.alteacultural.com\/es\/\"},{\"@type\":\"ListItem\",\"position\":2,\"name\":\"Eventos\",\"item\":\"https:\/\/www.alteacultural.com\/es\/events\/\"},{\"@type\":\"ListItem\",\"position\":3,\"name\":\"Hablando con Franquesa (Txabi Franquesa)-Festival de Humor\"}]},{\"@type\":\"WebSite\",\"@id\":\"https:\/\/www.alteacultural.com\/es\/#website\",\"url\":\"https:\/\/www.alteacultural.com\/es\/\",\"name\":\"Altea Cultural\",\"description\":\"Regidoria de Cultura de l&#039;Ajuntament d&#039;Altea\",\"potentialAction\":[{\"@type\":\"SearchAction\",\"target\":{\"@type\":\"EntryPoint\",\"urlTemplate\":\"https:\/\/www.alteacultural.com\/es\/?s={search_term_string}\"},\"query-input\":\"required name=search_term_string\"}],\"inLanguage\":\"es\"}]}<\/script>\n<!-- \/ Yoast SEO plugin. -->","yoast_head_json":{"title":"Hablando con Franquesa (Txabi Franquesa)-Festival de Humor - Altea Cultural","robots":{"index":"index","follow":"follow","max-snippet":"max-snippet:-1","max-image-preview":"max-image-preview:large","max-video-preview":"max-video-preview:-1"},"canonical":"https:\/\/www.alteacultural.com\/es\/events\/hablando-con-franquesa-txabi-franquesa-festival-dhumor\/","og_locale":"es_ES","og_type":"article","og_title":"Hablando con Franquesa (Txabi Franquesa)-Festival de Humor - Altea Cultural","og_description":"5-ago I\u00a0 21:30 h\u00a0 I Palau Altea Txabi Franquesa presenta \u00abHablando con Franquesa\u00bb donde resume los \u00faltimos a\u00f1os de [&hellip;]","og_url":"https:\/\/www.alteacultural.com\/es\/events\/hablando-con-franquesa-txabi-franquesa-festival-dhumor\/","og_site_name":"Altea Cultural","article_modified_time":"2022-06-23T06:27:54+00:00","og_image":[{"width":1360,"height":910,"url":"https:\/\/www.alteacultural.com\/wp-content\/uploads\/2022\/06\/m_banner-2.jpg","type":"image\/jpeg"}],"twitter_card":"summary_large_image","twitter_misc":{"Tiempo de lectura":"1 minuto"},"schema":{"@context":"https:\/\/schema.org","@graph":[{"@type":"WebPage","@id":"https:\/\/www.alteacultural.com\/es\/events\/hablando-con-franquesa-txabi-franquesa-festival-dhumor\/","url":"https:\/\/www.alteacultural.com\/es\/events\/hablando-con-franquesa-txabi-franquesa-festival-dhumor\/","name":"Hablando con Franquesa (Txabi Franquesa)-Festival de Humor - Altea Cultural","isPartOf":{"@id":"https:\/\/www.alteacultural.com\/es\/#website"},"primaryImageOfPage":{"@id":"https:\/\/www.alteacultural.com\/es\/events\/hablando-con-franquesa-txabi-franquesa-festival-dhumor\/#primaryimage"},"image":{"@id":"https:\/\/www.alteacultural.com\/es\/events\/hablando-con-franquesa-txabi-franquesa-festival-dhumor\/#primaryimage"},"thumbnailUrl":"https:\/\/www.alteacultural.com\/wp-content\/uploads\/2022\/06\/m_banner-2.jpg","datePublished":"2022-06-20T11:02:51+00:00","dateModified":"2022-06-23T06:27:54+00:00","breadcrumb":{"@id":"https:\/\/www.alteacultural.com\/es\/events\/hablando-con-franquesa-txabi-franquesa-festival-dhumor\/#breadcrumb"},"inLanguage":"es","potentialAction":[{"@type":"ReadAction","target":["https:\/\/www.alteacultural.com\/es\/events\/hablando-con-franquesa-txabi-franquesa-festival-dhumor\/"]}]},{"@type":"ImageObject","inLanguage":"es","@id":"https:\/\/www.alteacultural.com\/es\/events\/hablando-con-franquesa-txabi-franquesa-festival-dhumor\/#primaryimage","url":"https:\/\/www.alteacultural.com\/wp-content\/uploads\/2022\/06\/m_banner-2.jpg","contentUrl":"https:\/\/www.alteacultural.com\/wp-content\/uploads\/2022\/06\/m_banner-2.jpg","width":1360,"height":910},{"@type":"BreadcrumbList","@id":"https:\/\/www.alteacultural.com\/es\/events\/hablando-con-franquesa-txabi-franquesa-festival-dhumor\/#breadcrumb","itemListElement":[{"@type":"ListItem","position":1,"name":"Inici","item":"https:\/\/www.alteacultural.com\/es\/"},{"@type":"ListItem","position":2,"name":"Eventos","item":"https:\/\/www.alteacultural.com\/es\/events\/"},{"@type":"ListItem","position":3,"name":"Hablando con Franquesa (Txabi Franquesa)-Festival de Humor"}]},{"@type":"WebSite","@id":"https:\/\/www.alteacultural.com\/es\/#website","url":"https:\/\/www.alteacultural.com\/es\/","name":"Altea Cultural","description":"Regidoria de Cultura de l&#039;Ajuntament d&#039;Altea","potentialAction":[{"@type":"SearchAction","target":{"@type":"EntryPoint","urlTemplate":"https:\/\/www.alteacultural.com\/es\/?s={search_term_string}"},"query-input":"required name=search_term_string"}],"inLanguage":"es"}]}},"mec_cost":"13 \u20ac","mec_date":{"start":{"date":"2022-08-05","hour":9,"minutes":"30","ampm":"PM"},"end":{"date":"2022-08-05","hour":10,"minutes":"50","ampm":"PM"},"comment":"","repeat":{"type":"daily","interval":"1","advanced":"","end":"never","end_at_date":"","end_at_occurrences":"10"}},"_links":{"self":[{"href":"https:\/\/www.alteacultural.com\/es\/wp-json\/wp\/v2\/mec-events\/20545"}],"collection":[{"href":"https:\/\/www.alteacultural.com\/es\/wp-json\/wp\/v2\/mec-events"}],"about":[{"href":"https:\/\/www.alteacultural.com\/es\/wp-json\/wp\/v2\/types\/mec-events"}],"author":[{"embeddable":true,"href":"https:\/\/www.alteacultural.com\/es\/wp-json\/wp\/v2\/users\/1"}],"replies":[{"embeddable":true,"href":"https:\/\/www.alteacultural.com\/es\/wp-json\/wp\/v2\/comments?post=20545"}],"wp:featuredmedia":[{"embeddable":true,"href":"https:\/\/www.alteacultural.com\/es\/wp-json\/wp\/v2\/media\/20604"}],"wp:attachment":[{"href":"https:\/\/www.alteacultural.com\/es\/wp-json\/wp\/v2\/media?parent=20545"}],"curies":[{"name":"wp","href":"https:\/\/api.w.org\/{rel}","templated":true}]}}

<p>5-ago I  21:30 h  I Palau Altea</p>
<p>Txabi Franquesa presenta «Hablando con Franquesa» donde resume los últimos años de su carrera explicando experiencias, vivencias, reflexiones y anécdotas varias. Un espectáculo no recomendado para celiacos del humor e intolerantes a la risa floja.</p>
<p>El espectáculo es apto para todas las razas, religiones y tendencias políticas (otra cosa es que puedan llegar a abandonar la sala ligeramente ofendidos).</p>
<p>Espectáculo no recomendado para menores de 16 años.</p>
<p>FESTIVAL DE HUMOR.</p>
<p>Entrada 13 €.</p>

<p>5-ago I  21:30 h  I Palau Altea Txabi Franquesa presenta «Hablando con Franquesa» donde resume los últimos años de [&hellip;]</p>

<!-- This site is optimized with the Yoast SEO plugin v22.8 - https://yoast.com/wordpress/plugins/seo/ -->
<title>Hablando con Franquesa (Txabi Franquesa)-Festival de Humor - Altea Cultural</title>
<meta name="robots" content="index, follow, max-snippet:-1, max-image-preview:large, max-video-preview:-1" />
<link rel="canonical" href="https://www.alteacultural.com/es/events/hablando-con-franquesa-txabi-franquesa-festival-dhumor/" />
<meta property="og:locale" content="es_ES" />
<meta property="og:type" content="article" />
<meta property="og:title" content="Hablando con Franquesa (Txabi Franquesa)-Festival de Humor - Altea Cultural" />
<meta property="og:description" content="5-ago I  21:30 h  I Palau Altea Txabi Franquesa presenta «Hablando con Franquesa» donde resume los últimos años de [&hellip;]" />
<meta property="og:url" content="https://www.alteacultural.com/es/events/hablando-con-franquesa-txabi-franquesa-festival-dhumor/" />
<meta property="og:site_name" content="Altea Cultural" />
<meta property="article:modified_time" content="2022-06-23T06:27:54+00:00" />
<meta property="og:image" content="https://www.alteacultural.com/wp-content/uploads/2022/06/m_banner-2.jpg" />
	<meta property="og:image:width" content="1360" />
	<meta property="og:image:height" content="910" />
	<meta property="og:image:type" content="image/jpeg" />
<meta name="twitter:card" content="summary_large_image" />
<meta name="twitter:label1" content="Tiempo de lectura" />
	<meta name="twitter:data1" content="1 minuto" />
<script type="application/ld+json" class="yoast-schema-graph">{"@context":"https://schema.org","@graph":[{"@type":"WebPage","@id":"https://www.alteacultural.com/es/events/hablando-con-franquesa-txabi-franquesa-festival-dhumor/","url":"https://www.alteacultural.com/es/events/hablando-con-franquesa-txabi-franquesa-festival-dhumor/","name":"Hablando con Franquesa (Txabi Franquesa)-Festival de Humor - Altea Cultural","isPartOf":{"@id":"https://www.alteacultural.com/es/#website"},"primaryImageOfPage":{"@id":"https://www.alteacultural.com/es/events/hablando-con-franquesa-txabi-franquesa-festival-dhumor/#primaryimage"},"image":{"@id":"https://www.alteacultural.com/es/events/hablando-con-franquesa-txabi-franquesa-festival-dhumor/#primaryimage"},"thumbnailUrl":"https://www.alteacultural.com/wp-content/uploads/2022/06/m_banner-2.jpg","datePublished":"2022-06-20T11:02:51+00:00","dateModified":"2022-06-23T06:27:54+00:00","breadcrumb":{"@id":"https://www.alteacultural.com/es/events/hablando-con-franquesa-txabi-franquesa-festival-dhumor/#breadcrumb"},"inLanguage":"es","potentialAction":[{"@type":"ReadAction","target":["https://www.alteacultural.com/es/events/hablando-con-franquesa-txabi-franquesa-festival-dhumor/"]}]},{"@type":"ImageObject","inLanguage":"es","@id":"https://www.alteacultural.com/es/events/hablando-con-franquesa-txabi-franquesa-festival-dhumor/#primaryimage","url":"https://www.alteacultural.com/wp-content/uploads/2022/06/m_banner-2.jpg","contentUrl":"https://www.alteacultural.com/wp-content/uploads/2022/06/m_banner-2.jpg","width":1360,"height":910},{"@type":"BreadcrumbList","@id":"https://www.alteacultural.com/es/events/hablando-con-franquesa-txabi-franquesa-festival-dhumor/#breadcrumb","itemListElement":[{"@type":"ListItem","position":1,"name":"Inici","item":"https://www.alteacultural.com/es/"},{"@type":"ListItem","position":2,"name":"Eventos","item":"https://www.alteacultural.com/es/events/"},{"@type":"ListItem","position":3,"name":"Hablando con Franquesa (Txabi Franquesa)-Festival de Humor"}]},{"@type":"WebSite","@id":"https://www.alteacultural.com/es/#website","url":"https://www.alteacultural.com/es/","name":"Altea Cultural","description":"Regidoria de Cultura de l&#039;Ajuntament d&#039;Altea","potentialAction":[{"@type":"SearchAction","target":{"@type":"EntryPoint","urlTemplate":"https://www.alteacultural.com/es/?s={search_term_string}"},"query-input":"required name=search_term_string"}],"inLanguage":"es"}]}</script>
<!-- / Yoast SEO plugin. -->

5-ago I  21:30 h  I Palau Altea Txabi Franquesa presenta «Hablando con Franquesa» donde resume los últimos años de [&hellip;]
