{"id":21463,"date":"2022-09-30T08:37:27","date_gmt":"2022-09-30T06:37:27","guid":{"rendered":"https:\/\/www.alteacultural.com\/events\/musical-de-los-80s-y-90s\/"},"modified":"2022-09-30T08:55:26","modified_gmt":"2022-09-30T06:55:26","slug":"musical-de-los-80s-y-90s","status":"publish","type":"mec-events","link":"https:\/\/www.alteacultural.com\/es\/events\/musical-de-los-80s-y-90s\/","title":{"rendered":"Musical de los 80s y 90s"},"content":{"rendered":"<p><strong>5-nov\u00a0 I\u00a0 21.00 h\u00a0 I\u00a0 Palau Altea <\/strong><\/p>\n<p>Musical de los 80s y los 90s.<\/p>\n<p>La compa\u00f1\u00eda ONBEAT presenta el musical original de una \u00e9poca \u00fanica en el que el p\u00fablico compartir\u00e1 la experiencia de los personajes, cantando, bailando y siendo c\u00f3mplices de cada uno de ellos.<\/p>\n<p>El mejor pop espa\u00f1ol de los 80 y 90 se mezcla con \u00e9xitos internacionales y con las mejores canciones del verano que marcaron nuestra juventud.<\/p>\n<p>El musical m\u00e1s bailado de la historia.<\/p>\n<p>Duraci\u00f3n 110 min.<\/p>\n<p>Entrada 21\u20ac.<\/p>\n<p><img fetchpriority=\"high\" decoding=\"async\" class=\"aligncenter wp-image-21457\" src=\"https:\/\/www.alteacultural.com\/wp-content\/uploads\/2022\/09\/El-musical-de-los-80-y-90s.-Bolanos-de-Cva.-2022.jpg\" alt=\"\" width=\"750\" height=\"815\" \/><\/p>\n<p>&nbsp;<\/p>\n","protected":false},"excerpt":{"rendered":"<p>5-nov\u00a0 I\u00a0 21.00 h\u00a0 I\u00a0 Palau Altea Musical de los 80s y los 90s. La compa\u00f1\u00eda ONBEAT presenta el [&hellip;]<\/p>\n","protected":false},"author":1,"featured_media":21458,"comment_status":"open","ping_status":"closed","template":"","meta":{"_expiration-date-status":"","_expiration-date":0,"_expiration-date-type":"","_expiration-date-categories":[],"_expiration-date-options":[]},"yoast_head":"<!-- This site is optimized with the Yoast SEO plugin v22.8 - https:\/\/yoast.com\/wordpress\/plugins\/seo\/ -->\n<title>Musical de los 80s y 90s - Altea Cultural<\/title>\n<meta name=\"robots\" content=\"index, follow, max-snippet:-1, max-image-preview:large, max-video-preview:-1\" \/>\n<link rel=\"canonical\" href=\"https:\/\/www.alteacultural.com\/es\/events\/musical-de-los-80s-y-90s\/\" \/>\n<meta property=\"og:locale\" content=\"es_ES\" \/>\n<meta property=\"og:type\" content=\"article\" \/>\n<meta property=\"og:title\" content=\"Musical de los 80s y 90s - Altea Cultural\" \/>\n<meta property=\"og:description\" content=\"5-nov\u00a0 I\u00a0 21.00 h\u00a0 I\u00a0 Palau Altea Musical de los 80s y los 90s. La compa\u00f1\u00eda ONBEAT presenta el [&hellip;]\" \/>\n<meta property=\"og:url\" content=\"https:\/\/www.alteacultural.com\/es\/events\/musical-de-los-80s-y-90s\/\" \/>\n<meta property=\"og:site_name\" content=\"Altea Cultural\" \/>\n<meta property=\"article:modified_time\" content=\"2022-09-30T06:55:26+00:00\" \/>\n<meta property=\"og:image\" content=\"https:\/\/www.alteacultural.com\/wp-content\/uploads\/2022\/09\/m_banner-1.jpg\" \/>\n\t<meta property=\"og:image:width\" content=\"1360\" \/>\n\t<meta property=\"og:image:height\" content=\"910\" \/>\n\t<meta property=\"og:image:type\" content=\"image\/jpeg\" \/>\n<meta name=\"twitter:card\" content=\"summary_large_image\" \/>\n<meta name=\"twitter:label1\" content=\"Tiempo de lectura\" \/>\n\t<meta name=\"twitter:data1\" content=\"1 minuto\" \/>\n<script type=\"application\/ld+json\" class=\"yoast-schema-graph\">{\"@context\":\"https:\/\/schema.org\",\"@graph\":[{\"@type\":\"WebPage\",\"@id\":\"https:\/\/www.alteacultural.com\/es\/events\/musical-de-los-80s-y-90s\/\",\"url\":\"https:\/\/www.alteacultural.com\/es\/events\/musical-de-los-80s-y-90s\/\",\"name\":\"Musical de los 80s y 90s - Altea Cultural\",\"isPartOf\":{\"@id\":\"https:\/\/www.alteacultural.com\/es\/#website\"},\"primaryImageOfPage\":{\"@id\":\"https:\/\/www.alteacultural.com\/es\/events\/musical-de-los-80s-y-90s\/#primaryimage\"},\"image\":{\"@id\":\"https:\/\/www.alteacultural.com\/es\/events\/musical-de-los-80s-y-90s\/#primaryimage\"},\"thumbnailUrl\":\"https:\/\/www.alteacultural.com\/wp-content\/uploads\/2022\/09\/m_banner-1.jpg\",\"datePublished\":\"2022-09-30T06:37:27+00:00\",\"dateModified\":\"2022-09-30T06:55:26+00:00\",\"breadcrumb\":{\"@id\":\"https:\/\/www.alteacultural.com\/es\/events\/musical-de-los-80s-y-90s\/#breadcrumb\"},\"inLanguage\":\"es\",\"potentialAction\":[{\"@type\":\"ReadAction\",\"target\":[\"https:\/\/www.alteacultural.com\/es\/events\/musical-de-los-80s-y-90s\/\"]}]},{\"@type\":\"ImageObject\",\"inLanguage\":\"es\",\"@id\":\"https:\/\/www.alteacultural.com\/es\/events\/musical-de-los-80s-y-90s\/#primaryimage\",\"url\":\"https:\/\/www.alteacultural.com\/wp-content\/uploads\/2022\/09\/m_banner-1.jpg\",\"contentUrl\":\"https:\/\/www.alteacultural.com\/wp-content\/uploads\/2022\/09\/m_banner-1.jpg\",\"width\":1360,\"height\":910},{\"@type\":\"BreadcrumbList\",\"@id\":\"https:\/\/www.alteacultural.com\/es\/events\/musical-de-los-80s-y-90s\/#breadcrumb\",\"itemListElement\":[{\"@type\":\"ListItem\",\"position\":1,\"name\":\"Inici\",\"item\":\"https:\/\/www.alteacultural.com\/es\/\"},{\"@type\":\"ListItem\",\"position\":2,\"name\":\"Eventos\",\"item\":\"https:\/\/www.alteacultural.com\/es\/events\/\"},{\"@type\":\"ListItem\",\"position\":3,\"name\":\"Musical de los 80s y 90s\"}]},{\"@type\":\"WebSite\",\"@id\":\"https:\/\/www.alteacultural.com\/es\/#website\",\"url\":\"https:\/\/www.alteacultural.com\/es\/\",\"name\":\"Altea Cultural\",\"description\":\"Regidoria de Cultura de l&#039;Ajuntament d&#039;Altea\",\"potentialAction\":[{\"@type\":\"SearchAction\",\"target\":{\"@type\":\"EntryPoint\",\"urlTemplate\":\"https:\/\/www.alteacultural.com\/es\/?s={search_term_string}\"},\"query-input\":\"required name=search_term_string\"}],\"inLanguage\":\"es\"}]}<\/script>\n<!-- \/ Yoast SEO plugin. -->","yoast_head_json":{"title":"Musical de los 80s y 90s - Altea Cultural","robots":{"index":"index","follow":"follow","max-snippet":"max-snippet:-1","max-image-preview":"max-image-preview:large","max-video-preview":"max-video-preview:-1"},"canonical":"https:\/\/www.alteacultural.com\/es\/events\/musical-de-los-80s-y-90s\/","og_locale":"es_ES","og_type":"article","og_title":"Musical de los 80s y 90s - Altea Cultural","og_description":"5-nov\u00a0 I\u00a0 21.00 h\u00a0 I\u00a0 Palau Altea Musical de los 80s y los 90s. La compa\u00f1\u00eda ONBEAT presenta el [&hellip;]","og_url":"https:\/\/www.alteacultural.com\/es\/events\/musical-de-los-80s-y-90s\/","og_site_name":"Altea Cultural","article_modified_time":"2022-09-30T06:55:26+00:00","og_image":[{"width":1360,"height":910,"url":"https:\/\/www.alteacultural.com\/wp-content\/uploads\/2022\/09\/m_banner-1.jpg","type":"image\/jpeg"}],"twitter_card":"summary_large_image","twitter_misc":{"Tiempo de lectura":"1 minuto"},"schema":{"@context":"https:\/\/schema.org","@graph":[{"@type":"WebPage","@id":"https:\/\/www.alteacultural.com\/es\/events\/musical-de-los-80s-y-90s\/","url":"https:\/\/www.alteacultural.com\/es\/events\/musical-de-los-80s-y-90s\/","name":"Musical de los 80s y 90s - Altea Cultural","isPartOf":{"@id":"https:\/\/www.alteacultural.com\/es\/#website"},"primaryImageOfPage":{"@id":"https:\/\/www.alteacultural.com\/es\/events\/musical-de-los-80s-y-90s\/#primaryimage"},"image":{"@id":"https:\/\/www.alteacultural.com\/es\/events\/musical-de-los-80s-y-90s\/#primaryimage"},"thumbnailUrl":"https:\/\/www.alteacultural.com\/wp-content\/uploads\/2022\/09\/m_banner-1.jpg","datePublished":"2022-09-30T06:37:27+00:00","dateModified":"2022-09-30T06:55:26+00:00","breadcrumb":{"@id":"https:\/\/www.alteacultural.com\/es\/events\/musical-de-los-80s-y-90s\/#breadcrumb"},"inLanguage":"es","potentialAction":[{"@type":"ReadAction","target":["https:\/\/www.alteacultural.com\/es\/events\/musical-de-los-80s-y-90s\/"]}]},{"@type":"ImageObject","inLanguage":"es","@id":"https:\/\/www.alteacultural.com\/es\/events\/musical-de-los-80s-y-90s\/#primaryimage","url":"https:\/\/www.alteacultural.com\/wp-content\/uploads\/2022\/09\/m_banner-1.jpg","contentUrl":"https:\/\/www.alteacultural.com\/wp-content\/uploads\/2022\/09\/m_banner-1.jpg","width":1360,"height":910},{"@type":"BreadcrumbList","@id":"https:\/\/www.alteacultural.com\/es\/events\/musical-de-los-80s-y-90s\/#breadcrumb","itemListElement":[{"@type":"ListItem","position":1,"name":"Inici","item":"https:\/\/www.alteacultural.com\/es\/"},{"@type":"ListItem","position":2,"name":"Eventos","item":"https:\/\/www.alteacultural.com\/es\/events\/"},{"@type":"ListItem","position":3,"name":"Musical de los 80s y 90s"}]},{"@type":"WebSite","@id":"https:\/\/www.alteacultural.com\/es\/#website","url":"https:\/\/www.alteacultural.com\/es\/","name":"Altea Cultural","description":"Regidoria de Cultura de l&#039;Ajuntament d&#039;Altea","potentialAction":[{"@type":"SearchAction","target":{"@type":"EntryPoint","urlTemplate":"https:\/\/www.alteacultural.com\/es\/?s={search_term_string}"},"query-input":"required name=search_term_string"}],"inLanguage":"es"}]}},"mec_cost":"Entrada 21 \u20ac","mec_date":{"start":{"date":"2022-11-05","hour":9,"minutes":"0","ampm":"PM"},"end":{"date":"2022-11-05","hour":10,"minutes":"50","ampm":"PM"},"comment":"","repeat":{"type":"daily","interval":"1","advanced":"","end":"never","end_at_date":"","end_at_occurrences":"10"}},"_links":{"self":[{"href":"https:\/\/www.alteacultural.com\/es\/wp-json\/wp\/v2\/mec-events\/21463"}],"collection":[{"href":"https:\/\/www.alteacultural.com\/es\/wp-json\/wp\/v2\/mec-events"}],"about":[{"href":"https:\/\/www.alteacultural.com\/es\/wp-json\/wp\/v2\/types\/mec-events"}],"author":[{"embeddable":true,"href":"https:\/\/www.alteacultural.com\/es\/wp-json\/wp\/v2\/users\/1"}],"replies":[{"embeddable":true,"href":"https:\/\/www.alteacultural.com\/es\/wp-json\/wp\/v2\/comments?post=21463"}],"wp:featuredmedia":[{"embeddable":true,"href":"https:\/\/www.alteacultural.com\/es\/wp-json\/wp\/v2\/media\/21458"}],"wp:attachment":[{"href":"https:\/\/www.alteacultural.com\/es\/wp-json\/wp\/v2\/media?parent=21463"}],"curies":[{"name":"wp","href":"https:\/\/api.w.org\/{rel}","templated":true}]}}

<p><strong>5-nov  I  21.00 h  I  Palau Altea </strong></p>
<p>Musical de los 80s y los 90s.</p>
<p>La compañía ONBEAT presenta el musical original de una época única en el que el público compartirá la experiencia de los personajes, cantando, bailando y siendo cómplices de cada uno de ellos.</p>
<p>El mejor pop español de los 80 y 90 se mezcla con éxitos internacionales y con las mejores canciones del verano que marcaron nuestra juventud.</p>
<p>El musical más bailado de la historia.</p>
<p>Duración 110 min.</p>
<p>Entrada 21€.</p>
<p><img fetchpriority="high" decoding="async" class="aligncenter wp-image-21457" src="https://www.alteacultural.com/wp-content/uploads/2022/09/El-musical-de-los-80-y-90s.-Bolanos-de-Cva.-2022.jpg" alt="" width="750" height="815" /></p>
<p>&nbsp;</p>

<p>5-nov  I  21.00 h  I  Palau Altea Musical de los 80s y los 90s. La compañía ONBEAT presenta el [&hellip;]</p>

<!-- This site is optimized with the Yoast SEO plugin v22.8 - https://yoast.com/wordpress/plugins/seo/ -->
<title>Musical de los 80s y 90s - Altea Cultural</title>
<meta name="robots" content="index, follow, max-snippet:-1, max-image-preview:large, max-video-preview:-1" />
<link rel="canonical" href="https://www.alteacultural.com/es/events/musical-de-los-80s-y-90s/" />
<meta property="og:locale" content="es_ES" />
<meta property="og:type" content="article" />
<meta property="og:title" content="Musical de los 80s y 90s - Altea Cultural" />
<meta property="og:description" content="5-nov  I  21.00 h  I  Palau Altea Musical de los 80s y los 90s. La compañía ONBEAT presenta el [&hellip;]" />
<meta property="og:url" content="https://www.alteacultural.com/es/events/musical-de-los-80s-y-90s/" />
<meta property="og:site_name" content="Altea Cultural" />
<meta property="article:modified_time" content="2022-09-30T06:55:26+00:00" />
<meta property="og:image" content="https://www.alteacultural.com/wp-content/uploads/2022/09/m_banner-1.jpg" />
	<meta property="og:image:width" content="1360" />
	<meta property="og:image:height" content="910" />
	<meta property="og:image:type" content="image/jpeg" />
<meta name="twitter:card" content="summary_large_image" />
<meta name="twitter:label1" content="Tiempo de lectura" />
	<meta name="twitter:data1" content="1 minuto" />
<script type="application/ld+json" class="yoast-schema-graph">{"@context":"https://schema.org","@graph":[{"@type":"WebPage","@id":"https://www.alteacultural.com/es/events/musical-de-los-80s-y-90s/","url":"https://www.alteacultural.com/es/events/musical-de-los-80s-y-90s/","name":"Musical de los 80s y 90s - Altea Cultural","isPartOf":{"@id":"https://www.alteacultural.com/es/#website"},"primaryImageOfPage":{"@id":"https://www.alteacultural.com/es/events/musical-de-los-80s-y-90s/#primaryimage"},"image":{"@id":"https://www.alteacultural.com/es/events/musical-de-los-80s-y-90s/#primaryimage"},"thumbnailUrl":"https://www.alteacultural.com/wp-content/uploads/2022/09/m_banner-1.jpg","datePublished":"2022-09-30T06:37:27+00:00","dateModified":"2022-09-30T06:55:26+00:00","breadcrumb":{"@id":"https://www.alteacultural.com/es/events/musical-de-los-80s-y-90s/#breadcrumb"},"inLanguage":"es","potentialAction":[{"@type":"ReadAction","target":["https://www.alteacultural.com/es/events/musical-de-los-80s-y-90s/"]}]},{"@type":"ImageObject","inLanguage":"es","@id":"https://www.alteacultural.com/es/events/musical-de-los-80s-y-90s/#primaryimage","url":"https://www.alteacultural.com/wp-content/uploads/2022/09/m_banner-1.jpg","contentUrl":"https://www.alteacultural.com/wp-content/uploads/2022/09/m_banner-1.jpg","width":1360,"height":910},{"@type":"BreadcrumbList","@id":"https://www.alteacultural.com/es/events/musical-de-los-80s-y-90s/#breadcrumb","itemListElement":[{"@type":"ListItem","position":1,"name":"Inici","item":"https://www.alteacultural.com/es/"},{"@type":"ListItem","position":2,"name":"Eventos","item":"https://www.alteacultural.com/es/events/"},{"@type":"ListItem","position":3,"name":"Musical de los 80s y 90s"}]},{"@type":"WebSite","@id":"https://www.alteacultural.com/es/#website","url":"https://www.alteacultural.com/es/","name":"Altea Cultural","description":"Regidoria de Cultura de l&#039;Ajuntament d&#039;Altea","potentialAction":[{"@type":"SearchAction","target":{"@type":"EntryPoint","urlTemplate":"https://www.alteacultural.com/es/?s={search_term_string}"},"query-input":"required name=search_term_string"}],"inLanguage":"es"}]}</script>
<!-- / Yoast SEO plugin. -->

5-nov  I  21.00 h  I  Palau Altea Musical de los 80s y los 90s. La compañía ONBEAT presenta el [&hellip;]
