{"id":2173,"date":"2020-12-04T10:49:47","date_gmt":"2020-12-04T09:49:47","guid":{"rendered":"https:\/\/www.alteacultural.com\/events\/el-betlem-de-la-casa-de-cultura\/"},"modified":"2020-12-04T10:58:45","modified_gmt":"2020-12-04T09:58:45","slug":"el-betlem-de-la-casa-de-cultura","status":"publish","type":"mec-events","link":"https:\/\/www.alteacultural.com\/es\/events\/el-betlem-de-la-casa-de-cultura\/","title":{"rendered":"El Bel\u00e9n de la Casa de Cultura"},"content":{"rendered":"<p>7 diciembre de 2020 al 5 de enero de 2021<br \/>\nVisita nuestro Bel\u00e9n! Colabora Asoc. Amigos del Bel\u00e9n de la Marina Baixa.<\/p>\n<p>Inauguraci\u00f3n: No (restricciones Covid-19).<br \/>\nAforo limitado y medidas especiales Covid-19.<\/p>\n<p>Horario\u00a0de\u00a0visitas:\u00a0LU-VI\u00a010-14\u00a0y\u00a017-20 h.<br \/>\nBiblioteca P\u00fablica Municipal Altea<\/p>\n","protected":false},"excerpt":{"rendered":"<p>7 diciembre de 2020 al 5 de enero de 2021 Visita nuestro Bel\u00e9n! Colabora Asoc. Amigos del Bel\u00e9n de [&hellip;]<\/p>\n","protected":false},"author":1,"featured_media":2172,"comment_status":"open","ping_status":"closed","template":"","meta":{"_expiration-date-status":"saved","_expiration-date":0,"_expiration-date-type":"","_expiration-date-categories":[],"_expiration-date-options":[]},"yoast_head":"<!-- This site is optimized with the Yoast SEO plugin v22.8 - https:\/\/yoast.com\/wordpress\/plugins\/seo\/ -->\n<title>El Bel\u00e9n de la Casa de Cultura - Altea Cultural<\/title>\n<meta name=\"robots\" content=\"index, follow, max-snippet:-1, max-image-preview:large, max-video-preview:-1\" \/>\n<link rel=\"canonical\" href=\"https:\/\/www.alteacultural.com\/es\/events\/el-betlem-de-la-casa-de-cultura\/\" \/>\n<meta property=\"og:locale\" content=\"es_ES\" \/>\n<meta property=\"og:type\" content=\"article\" \/>\n<meta property=\"og:title\" content=\"El Bel\u00e9n de la Casa de Cultura - Altea Cultural\" \/>\n<meta property=\"og:description\" content=\"7 diciembre de 2020 al 5 de enero de 2021 Visita nuestro Bel\u00e9n! Colabora Asoc. Amigos del Bel\u00e9n de [&hellip;]\" \/>\n<meta property=\"og:url\" content=\"https:\/\/www.alteacultural.com\/es\/events\/el-betlem-de-la-casa-de-cultura\/\" \/>\n<meta property=\"og:site_name\" content=\"Altea Cultural\" \/>\n<meta property=\"article:modified_time\" content=\"2020-12-04T09:58:45+00:00\" \/>\n<meta property=\"og:image\" content=\"https:\/\/www.alteacultural.com\/wp-content\/uploads\/2020\/12\/belenalt.jpg\" \/>\n\t<meta property=\"og:image:width\" content=\"1500\" \/>\n\t<meta property=\"og:image:height\" content=\"567\" \/>\n\t<meta property=\"og:image:type\" content=\"image\/jpeg\" \/>\n<meta name=\"twitter:card\" content=\"summary_large_image\" \/>\n<script type=\"application\/ld+json\" class=\"yoast-schema-graph\">{\"@context\":\"https:\/\/schema.org\",\"@graph\":[{\"@type\":\"WebPage\",\"@id\":\"https:\/\/www.alteacultural.com\/es\/events\/el-betlem-de-la-casa-de-cultura\/\",\"url\":\"https:\/\/www.alteacultural.com\/es\/events\/el-betlem-de-la-casa-de-cultura\/\",\"name\":\"El Bel\u00e9n de la Casa de Cultura - Altea Cultural\",\"isPartOf\":{\"@id\":\"https:\/\/www.alteacultural.com\/es\/#website\"},\"primaryImageOfPage\":{\"@id\":\"https:\/\/www.alteacultural.com\/es\/events\/el-betlem-de-la-casa-de-cultura\/#primaryimage\"},\"image\":{\"@id\":\"https:\/\/www.alteacultural.com\/es\/events\/el-betlem-de-la-casa-de-cultura\/#primaryimage\"},\"thumbnailUrl\":\"https:\/\/www.alteacultural.com\/wp-content\/uploads\/2020\/12\/belenalt.jpg\",\"datePublished\":\"2020-12-04T09:49:47+00:00\",\"dateModified\":\"2020-12-04T09:58:45+00:00\",\"breadcrumb\":{\"@id\":\"https:\/\/www.alteacultural.com\/es\/events\/el-betlem-de-la-casa-de-cultura\/#breadcrumb\"},\"inLanguage\":\"es\",\"potentialAction\":[{\"@type\":\"ReadAction\",\"target\":[\"https:\/\/www.alteacultural.com\/es\/events\/el-betlem-de-la-casa-de-cultura\/\"]}]},{\"@type\":\"ImageObject\",\"inLanguage\":\"es\",\"@id\":\"https:\/\/www.alteacultural.com\/es\/events\/el-betlem-de-la-casa-de-cultura\/#primaryimage\",\"url\":\"https:\/\/www.alteacultural.com\/wp-content\/uploads\/2020\/12\/belenalt.jpg\",\"contentUrl\":\"https:\/\/www.alteacultural.com\/wp-content\/uploads\/2020\/12\/belenalt.jpg\",\"width\":1500,\"height\":567},{\"@type\":\"BreadcrumbList\",\"@id\":\"https:\/\/www.alteacultural.com\/es\/events\/el-betlem-de-la-casa-de-cultura\/#breadcrumb\",\"itemListElement\":[{\"@type\":\"ListItem\",\"position\":1,\"name\":\"Inici\",\"item\":\"https:\/\/www.alteacultural.com\/es\/\"},{\"@type\":\"ListItem\",\"position\":2,\"name\":\"Eventos\",\"item\":\"https:\/\/www.alteacultural.com\/es\/events\/\"},{\"@type\":\"ListItem\",\"position\":3,\"name\":\"El Bel\u00e9n de la Casa de Cultura\"}]},{\"@type\":\"WebSite\",\"@id\":\"https:\/\/www.alteacultural.com\/es\/#website\",\"url\":\"https:\/\/www.alteacultural.com\/es\/\",\"name\":\"Altea Cultural\",\"description\":\"Regidoria de Cultura de l&#039;Ajuntament d&#039;Altea\",\"potentialAction\":[{\"@type\":\"SearchAction\",\"target\":{\"@type\":\"EntryPoint\",\"urlTemplate\":\"https:\/\/www.alteacultural.com\/es\/?s={search_term_string}\"},\"query-input\":\"required name=search_term_string\"}],\"inLanguage\":\"es\"}]}<\/script>\n<!-- \/ Yoast SEO plugin. -->","yoast_head_json":{"title":"El Bel\u00e9n de la Casa de Cultura - Altea Cultural","robots":{"index":"index","follow":"follow","max-snippet":"max-snippet:-1","max-image-preview":"max-image-preview:large","max-video-preview":"max-video-preview:-1"},"canonical":"https:\/\/www.alteacultural.com\/es\/events\/el-betlem-de-la-casa-de-cultura\/","og_locale":"es_ES","og_type":"article","og_title":"El Bel\u00e9n de la Casa de Cultura - Altea Cultural","og_description":"7 diciembre de 2020 al 5 de enero de 2021 Visita nuestro Bel\u00e9n! Colabora Asoc. Amigos del Bel\u00e9n de [&hellip;]","og_url":"https:\/\/www.alteacultural.com\/es\/events\/el-betlem-de-la-casa-de-cultura\/","og_site_name":"Altea Cultural","article_modified_time":"2020-12-04T09:58:45+00:00","og_image":[{"width":1500,"height":567,"url":"https:\/\/www.alteacultural.com\/wp-content\/uploads\/2020\/12\/belenalt.jpg","type":"image\/jpeg"}],"twitter_card":"summary_large_image","schema":{"@context":"https:\/\/schema.org","@graph":[{"@type":"WebPage","@id":"https:\/\/www.alteacultural.com\/es\/events\/el-betlem-de-la-casa-de-cultura\/","url":"https:\/\/www.alteacultural.com\/es\/events\/el-betlem-de-la-casa-de-cultura\/","name":"El Bel\u00e9n de la Casa de Cultura - Altea Cultural","isPartOf":{"@id":"https:\/\/www.alteacultural.com\/es\/#website"},"primaryImageOfPage":{"@id":"https:\/\/www.alteacultural.com\/es\/events\/el-betlem-de-la-casa-de-cultura\/#primaryimage"},"image":{"@id":"https:\/\/www.alteacultural.com\/es\/events\/el-betlem-de-la-casa-de-cultura\/#primaryimage"},"thumbnailUrl":"https:\/\/www.alteacultural.com\/wp-content\/uploads\/2020\/12\/belenalt.jpg","datePublished":"2020-12-04T09:49:47+00:00","dateModified":"2020-12-04T09:58:45+00:00","breadcrumb":{"@id":"https:\/\/www.alteacultural.com\/es\/events\/el-betlem-de-la-casa-de-cultura\/#breadcrumb"},"inLanguage":"es","potentialAction":[{"@type":"ReadAction","target":["https:\/\/www.alteacultural.com\/es\/events\/el-betlem-de-la-casa-de-cultura\/"]}]},{"@type":"ImageObject","inLanguage":"es","@id":"https:\/\/www.alteacultural.com\/es\/events\/el-betlem-de-la-casa-de-cultura\/#primaryimage","url":"https:\/\/www.alteacultural.com\/wp-content\/uploads\/2020\/12\/belenalt.jpg","contentUrl":"https:\/\/www.alteacultural.com\/wp-content\/uploads\/2020\/12\/belenalt.jpg","width":1500,"height":567},{"@type":"BreadcrumbList","@id":"https:\/\/www.alteacultural.com\/es\/events\/el-betlem-de-la-casa-de-cultura\/#breadcrumb","itemListElement":[{"@type":"ListItem","position":1,"name":"Inici","item":"https:\/\/www.alteacultural.com\/es\/"},{"@type":"ListItem","position":2,"name":"Eventos","item":"https:\/\/www.alteacultural.com\/es\/events\/"},{"@type":"ListItem","position":3,"name":"El Bel\u00e9n de la Casa de Cultura"}]},{"@type":"WebSite","@id":"https:\/\/www.alteacultural.com\/es\/#website","url":"https:\/\/www.alteacultural.com\/es\/","name":"Altea Cultural","description":"Regidoria de Cultura de l&#039;Ajuntament d&#039;Altea","potentialAction":[{"@type":"SearchAction","target":{"@type":"EntryPoint","urlTemplate":"https:\/\/www.alteacultural.com\/es\/?s={search_term_string}"},"query-input":"required name=search_term_string"}],"inLanguage":"es"}]}},"mec_cost":"Entrada Libre","mec_date":{"start":{"date":"2020-12-07","hour":"8","minutes":"0","ampm":"AM"},"end":{"date":"2021-01-05","hour":6,"minutes":"0","ampm":"PM"},"allday":"1","comment":"","repeat":{"type":"daily","interval":"1","advanced":"","end":"never","end_at_date":"","end_at_occurrences":"10"}},"_links":{"self":[{"href":"https:\/\/www.alteacultural.com\/es\/wp-json\/wp\/v2\/mec-events\/2173"}],"collection":[{"href":"https:\/\/www.alteacultural.com\/es\/wp-json\/wp\/v2\/mec-events"}],"about":[{"href":"https:\/\/www.alteacultural.com\/es\/wp-json\/wp\/v2\/types\/mec-events"}],"author":[{"embeddable":true,"href":"https:\/\/www.alteacultural.com\/es\/wp-json\/wp\/v2\/users\/1"}],"replies":[{"embeddable":true,"href":"https:\/\/www.alteacultural.com\/es\/wp-json\/wp\/v2\/comments?post=2173"}],"wp:featuredmedia":[{"embeddable":true,"href":"https:\/\/www.alteacultural.com\/es\/wp-json\/wp\/v2\/media\/2172"}],"wp:attachment":[{"href":"https:\/\/www.alteacultural.com\/es\/wp-json\/wp\/v2\/media?parent=2173"}],"curies":[{"name":"wp","href":"https:\/\/api.w.org\/{rel}","templated":true}]}}

El Belén de la Casa de Cultura

<p>7 diciembre de 2020 al 5 de enero de 2021<br />
Visita nuestro Belén! Colabora Asoc. Amigos del Belén de la Marina Baixa.</p>
<p>Inauguración: No (restricciones Covid-19).<br />
Aforo limitado y medidas especiales Covid-19.</p>
<p>Horario de visitas: LU-VI 10-14 y 17-20 h.<br />
Biblioteca Pública Municipal Altea</p>

<p>7 diciembre de 2020 al 5 de enero de 2021 Visita nuestro Belén! Colabora Asoc. Amigos del Belén de [&hellip;]</p>

<!-- This site is optimized with the Yoast SEO plugin v22.8 - https://yoast.com/wordpress/plugins/seo/ -->
<title>El Belén de la Casa de Cultura - Altea Cultural</title>
<meta name="robots" content="index, follow, max-snippet:-1, max-image-preview:large, max-video-preview:-1" />
<link rel="canonical" href="https://www.alteacultural.com/es/events/el-betlem-de-la-casa-de-cultura/" />
<meta property="og:locale" content="es_ES" />
<meta property="og:type" content="article" />
<meta property="og:title" content="El Belén de la Casa de Cultura - Altea Cultural" />
<meta property="og:description" content="7 diciembre de 2020 al 5 de enero de 2021 Visita nuestro Belén! Colabora Asoc. Amigos del Belén de [&hellip;]" />
<meta property="og:url" content="https://www.alteacultural.com/es/events/el-betlem-de-la-casa-de-cultura/" />
<meta property="og:site_name" content="Altea Cultural" />
<meta property="article:modified_time" content="2020-12-04T09:58:45+00:00" />
<meta property="og:image" content="https://www.alteacultural.com/wp-content/uploads/2020/12/belenalt.jpg" />
	<meta property="og:image:width" content="1500" />
	<meta property="og:image:height" content="567" />
	<meta property="og:image:type" content="image/jpeg" />
<meta name="twitter:card" content="summary_large_image" />
<script type="application/ld+json" class="yoast-schema-graph">{"@context":"https://schema.org","@graph":[{"@type":"WebPage","@id":"https://www.alteacultural.com/es/events/el-betlem-de-la-casa-de-cultura/","url":"https://www.alteacultural.com/es/events/el-betlem-de-la-casa-de-cultura/","name":"El Belén de la Casa de Cultura - Altea Cultural","isPartOf":{"@id":"https://www.alteacultural.com/es/#website"},"primaryImageOfPage":{"@id":"https://www.alteacultural.com/es/events/el-betlem-de-la-casa-de-cultura/#primaryimage"},"image":{"@id":"https://www.alteacultural.com/es/events/el-betlem-de-la-casa-de-cultura/#primaryimage"},"thumbnailUrl":"https://www.alteacultural.com/wp-content/uploads/2020/12/belenalt.jpg","datePublished":"2020-12-04T09:49:47+00:00","dateModified":"2020-12-04T09:58:45+00:00","breadcrumb":{"@id":"https://www.alteacultural.com/es/events/el-betlem-de-la-casa-de-cultura/#breadcrumb"},"inLanguage":"es","potentialAction":[{"@type":"ReadAction","target":["https://www.alteacultural.com/es/events/el-betlem-de-la-casa-de-cultura/"]}]},{"@type":"ImageObject","inLanguage":"es","@id":"https://www.alteacultural.com/es/events/el-betlem-de-la-casa-de-cultura/#primaryimage","url":"https://www.alteacultural.com/wp-content/uploads/2020/12/belenalt.jpg","contentUrl":"https://www.alteacultural.com/wp-content/uploads/2020/12/belenalt.jpg","width":1500,"height":567},{"@type":"BreadcrumbList","@id":"https://www.alteacultural.com/es/events/el-betlem-de-la-casa-de-cultura/#breadcrumb","itemListElement":[{"@type":"ListItem","position":1,"name":"Inici","item":"https://www.alteacultural.com/es/"},{"@type":"ListItem","position":2,"name":"Eventos","item":"https://www.alteacultural.com/es/events/"},{"@type":"ListItem","position":3,"name":"El Belén de la Casa de Cultura"}]},{"@type":"WebSite","@id":"https://www.alteacultural.com/es/#website","url":"https://www.alteacultural.com/es/","name":"Altea Cultural","description":"Regidoria de Cultura de l&#039;Ajuntament d&#039;Altea","potentialAction":[{"@type":"SearchAction","target":{"@type":"EntryPoint","urlTemplate":"https://www.alteacultural.com/es/?s={search_term_string}"},"query-input":"required name=search_term_string"}],"inLanguage":"es"}]}</script>
<!-- / Yoast SEO plugin. -->

El Belén de la Casa de Cultura - Altea Cultural

7 diciembre de 2020 al 5 de enero de 2021 Visita nuestro Belén! Colabora Asoc. Amigos del Belén de [&hellip;]
