{"id":21827,"date":"2022-10-18T10:07:58","date_gmt":"2022-10-18T08:07:58","guid":{"rendered":"https:\/\/www.alteacultural.com\/events\/lo-mejor-de-yllana\/"},"modified":"2022-10-18T10:09:30","modified_gmt":"2022-10-18T08:09:30","slug":"lo-mejor-de-yllana","status":"publish","type":"mec-events","link":"https:\/\/www.alteacultural.com\/es\/events\/lo-mejor-de-yllana\/","title":{"rendered":"Lo mejor de Yllana"},"content":{"rendered":"<p><strong>17-dic\u00a0 I\u00a0 18.00 h\u00a0 I\u00a0 Palau Altea<\/strong><\/p>\n<p>Comedia musical.<\/p>\n<p>Lo mejor de Yllana repasa sobre el escenario los grandes momentos de la trayectoria de la compa\u00f1\u00eda con una selecci\u00f3n de los mejores sketches de nuestros espect\u00e1culos.<\/p>\n<p>Lo mejor de Yllana es un desternillante show que har\u00e1 realidad el deseo de los fans de Yllana de disfrutar en un mismo espect\u00e1culo de los gags m\u00e1s divertidos del primer cuarto de siglo de la compa\u00f1\u00eda.<\/p>\n<p>Salud y a por otros 25 a\u00f1os m\u00e1s.<\/p>\n<p>Let\u2019s rock! Let\u2019s Yllana!.<\/p>\n<p>Duraci\u00f3n: 90 min.<\/p>\n<p>Entrada 17\/21\u20ac.<\/p>\n<p><img fetchpriority=\"high\" decoding=\"async\" class=\"aligncenter wp-image-21823\" src=\"https:\/\/www.alteacultural.com\/wp-content\/uploads\/2022\/10\/lo-mejor-de-yllana-car.jpg\" alt=\"\" width=\"750\" height=\"1007\" srcset=\"https:\/\/www.alteacultural.com\/wp-content\/uploads\/2022\/10\/lo-mejor-de-yllana-car.jpg 1260w, https:\/\/www.alteacultural.com\/wp-content\/uploads\/2022\/10\/lo-mejor-de-yllana-car-768x1031.jpg 768w, https:\/\/www.alteacultural.com\/wp-content\/uploads\/2022\/10\/lo-mejor-de-yllana-car-1144x1536.jpg 1144w\" sizes=\"(max-width: 750px) 100vw, 750px\" \/><\/p>\n","protected":false},"excerpt":{"rendered":"<p>17-dic\u00a0 I\u00a0 18.00 h\u00a0 I\u00a0 Palau Altea Comedia musical. Lo mejor de Yllana repasa sobre el escenario los grandes [&hellip;]<\/p>\n","protected":false},"author":1,"featured_media":21826,"comment_status":"open","ping_status":"closed","template":"","meta":{"_expiration-date-status":"","_expiration-date":0,"_expiration-date-type":"","_expiration-date-categories":[],"_expiration-date-options":[]},"yoast_head":"<!-- This site is optimized with the Yoast SEO plugin v22.8 - https:\/\/yoast.com\/wordpress\/plugins\/seo\/ -->\n<title>Lo mejor de Yllana - Altea Cultural<\/title>\n<meta name=\"robots\" content=\"index, follow, max-snippet:-1, max-image-preview:large, max-video-preview:-1\" \/>\n<link rel=\"canonical\" href=\"https:\/\/www.alteacultural.com\/es\/events\/lo-mejor-de-yllana\/\" \/>\n<meta property=\"og:locale\" content=\"es_ES\" \/>\n<meta property=\"og:type\" content=\"article\" \/>\n<meta property=\"og:title\" content=\"Lo mejor de Yllana - Altea Cultural\" \/>\n<meta property=\"og:description\" content=\"17-dic\u00a0 I\u00a0 18.00 h\u00a0 I\u00a0 Palau Altea Comedia musical. Lo mejor de Yllana repasa sobre el escenario los grandes [&hellip;]\" \/>\n<meta property=\"og:url\" content=\"https:\/\/www.alteacultural.com\/es\/events\/lo-mejor-de-yllana\/\" \/>\n<meta property=\"og:site_name\" content=\"Altea Cultural\" \/>\n<meta property=\"article:modified_time\" content=\"2022-10-18T08:09:30+00:00\" \/>\n<meta property=\"og:image\" content=\"https:\/\/www.alteacultural.com\/wp-content\/uploads\/2022\/10\/Lo-mejor-de-Yllana_banner.jpg\" \/>\n\t<meta property=\"og:image:width\" content=\"1360\" \/>\n\t<meta property=\"og:image:height\" content=\"823\" \/>\n\t<meta property=\"og:image:type\" content=\"image\/jpeg\" \/>\n<meta name=\"twitter:card\" content=\"summary_large_image\" \/>\n<meta name=\"twitter:label1\" content=\"Tiempo de lectura\" \/>\n\t<meta name=\"twitter:data1\" content=\"1 minuto\" \/>\n<script type=\"application\/ld+json\" class=\"yoast-schema-graph\">{\"@context\":\"https:\/\/schema.org\",\"@graph\":[{\"@type\":\"WebPage\",\"@id\":\"https:\/\/www.alteacultural.com\/es\/events\/lo-mejor-de-yllana\/\",\"url\":\"https:\/\/www.alteacultural.com\/es\/events\/lo-mejor-de-yllana\/\",\"name\":\"Lo mejor de Yllana - Altea Cultural\",\"isPartOf\":{\"@id\":\"https:\/\/www.alteacultural.com\/es\/#website\"},\"primaryImageOfPage\":{\"@id\":\"https:\/\/www.alteacultural.com\/es\/events\/lo-mejor-de-yllana\/#primaryimage\"},\"image\":{\"@id\":\"https:\/\/www.alteacultural.com\/es\/events\/lo-mejor-de-yllana\/#primaryimage\"},\"thumbnailUrl\":\"https:\/\/www.alteacultural.com\/wp-content\/uploads\/2022\/10\/Lo-mejor-de-Yllana_banner.jpg\",\"datePublished\":\"2022-10-18T08:07:58+00:00\",\"dateModified\":\"2022-10-18T08:09:30+00:00\",\"breadcrumb\":{\"@id\":\"https:\/\/www.alteacultural.com\/es\/events\/lo-mejor-de-yllana\/#breadcrumb\"},\"inLanguage\":\"es\",\"potentialAction\":[{\"@type\":\"ReadAction\",\"target\":[\"https:\/\/www.alteacultural.com\/es\/events\/lo-mejor-de-yllana\/\"]}]},{\"@type\":\"ImageObject\",\"inLanguage\":\"es\",\"@id\":\"https:\/\/www.alteacultural.com\/es\/events\/lo-mejor-de-yllana\/#primaryimage\",\"url\":\"https:\/\/www.alteacultural.com\/wp-content\/uploads\/2022\/10\/Lo-mejor-de-Yllana_banner.jpg\",\"contentUrl\":\"https:\/\/www.alteacultural.com\/wp-content\/uploads\/2022\/10\/Lo-mejor-de-Yllana_banner.jpg\",\"width\":1360,\"height\":823},{\"@type\":\"BreadcrumbList\",\"@id\":\"https:\/\/www.alteacultural.com\/es\/events\/lo-mejor-de-yllana\/#breadcrumb\",\"itemListElement\":[{\"@type\":\"ListItem\",\"position\":1,\"name\":\"Inici\",\"item\":\"https:\/\/www.alteacultural.com\/es\/\"},{\"@type\":\"ListItem\",\"position\":2,\"name\":\"Eventos\",\"item\":\"https:\/\/www.alteacultural.com\/es\/events\/\"},{\"@type\":\"ListItem\",\"position\":3,\"name\":\"Lo mejor de Yllana\"}]},{\"@type\":\"WebSite\",\"@id\":\"https:\/\/www.alteacultural.com\/es\/#website\",\"url\":\"https:\/\/www.alteacultural.com\/es\/\",\"name\":\"Altea Cultural\",\"description\":\"Regidoria de Cultura de l&#039;Ajuntament d&#039;Altea\",\"potentialAction\":[{\"@type\":\"SearchAction\",\"target\":{\"@type\":\"EntryPoint\",\"urlTemplate\":\"https:\/\/www.alteacultural.com\/es\/?s={search_term_string}\"},\"query-input\":\"required name=search_term_string\"}],\"inLanguage\":\"es\"}]}<\/script>\n<!-- \/ Yoast SEO plugin. -->","yoast_head_json":{"title":"Lo mejor de Yllana - Altea Cultural","robots":{"index":"index","follow":"follow","max-snippet":"max-snippet:-1","max-image-preview":"max-image-preview:large","max-video-preview":"max-video-preview:-1"},"canonical":"https:\/\/www.alteacultural.com\/es\/events\/lo-mejor-de-yllana\/","og_locale":"es_ES","og_type":"article","og_title":"Lo mejor de Yllana - Altea Cultural","og_description":"17-dic\u00a0 I\u00a0 18.00 h\u00a0 I\u00a0 Palau Altea Comedia musical. Lo mejor de Yllana repasa sobre el escenario los grandes [&hellip;]","og_url":"https:\/\/www.alteacultural.com\/es\/events\/lo-mejor-de-yllana\/","og_site_name":"Altea Cultural","article_modified_time":"2022-10-18T08:09:30+00:00","og_image":[{"width":1360,"height":823,"url":"https:\/\/www.alteacultural.com\/wp-content\/uploads\/2022\/10\/Lo-mejor-de-Yllana_banner.jpg","type":"image\/jpeg"}],"twitter_card":"summary_large_image","twitter_misc":{"Tiempo de lectura":"1 minuto"},"schema":{"@context":"https:\/\/schema.org","@graph":[{"@type":"WebPage","@id":"https:\/\/www.alteacultural.com\/es\/events\/lo-mejor-de-yllana\/","url":"https:\/\/www.alteacultural.com\/es\/events\/lo-mejor-de-yllana\/","name":"Lo mejor de Yllana - Altea Cultural","isPartOf":{"@id":"https:\/\/www.alteacultural.com\/es\/#website"},"primaryImageOfPage":{"@id":"https:\/\/www.alteacultural.com\/es\/events\/lo-mejor-de-yllana\/#primaryimage"},"image":{"@id":"https:\/\/www.alteacultural.com\/es\/events\/lo-mejor-de-yllana\/#primaryimage"},"thumbnailUrl":"https:\/\/www.alteacultural.com\/wp-content\/uploads\/2022\/10\/Lo-mejor-de-Yllana_banner.jpg","datePublished":"2022-10-18T08:07:58+00:00","dateModified":"2022-10-18T08:09:30+00:00","breadcrumb":{"@id":"https:\/\/www.alteacultural.com\/es\/events\/lo-mejor-de-yllana\/#breadcrumb"},"inLanguage":"es","potentialAction":[{"@type":"ReadAction","target":["https:\/\/www.alteacultural.com\/es\/events\/lo-mejor-de-yllana\/"]}]},{"@type":"ImageObject","inLanguage":"es","@id":"https:\/\/www.alteacultural.com\/es\/events\/lo-mejor-de-yllana\/#primaryimage","url":"https:\/\/www.alteacultural.com\/wp-content\/uploads\/2022\/10\/Lo-mejor-de-Yllana_banner.jpg","contentUrl":"https:\/\/www.alteacultural.com\/wp-content\/uploads\/2022\/10\/Lo-mejor-de-Yllana_banner.jpg","width":1360,"height":823},{"@type":"BreadcrumbList","@id":"https:\/\/www.alteacultural.com\/es\/events\/lo-mejor-de-yllana\/#breadcrumb","itemListElement":[{"@type":"ListItem","position":1,"name":"Inici","item":"https:\/\/www.alteacultural.com\/es\/"},{"@type":"ListItem","position":2,"name":"Eventos","item":"https:\/\/www.alteacultural.com\/es\/events\/"},{"@type":"ListItem","position":3,"name":"Lo mejor de Yllana"}]},{"@type":"WebSite","@id":"https:\/\/www.alteacultural.com\/es\/#website","url":"https:\/\/www.alteacultural.com\/es\/","name":"Altea Cultural","description":"Regidoria de Cultura de l&#039;Ajuntament d&#039;Altea","potentialAction":[{"@type":"SearchAction","target":{"@type":"EntryPoint","urlTemplate":"https:\/\/www.alteacultural.com\/es\/?s={search_term_string}"},"query-input":"required name=search_term_string"}],"inLanguage":"es"}]}},"mec_cost":"Entrada 17 \/ 21\u20ac","mec_date":{"start":{"date":"2022-12-17","hour":6,"minutes":"0","ampm":"PM"},"end":{"date":"2022-12-17","hour":7,"minutes":"30","ampm":"PM"},"comment":"","repeat":{"type":"daily","interval":"1","advanced":"","end":"never","end_at_date":"","end_at_occurrences":"10"}},"_links":{"self":[{"href":"https:\/\/www.alteacultural.com\/es\/wp-json\/wp\/v2\/mec-events\/21827"}],"collection":[{"href":"https:\/\/www.alteacultural.com\/es\/wp-json\/wp\/v2\/mec-events"}],"about":[{"href":"https:\/\/www.alteacultural.com\/es\/wp-json\/wp\/v2\/types\/mec-events"}],"author":[{"embeddable":true,"href":"https:\/\/www.alteacultural.com\/es\/wp-json\/wp\/v2\/users\/1"}],"replies":[{"embeddable":true,"href":"https:\/\/www.alteacultural.com\/es\/wp-json\/wp\/v2\/comments?post=21827"}],"wp:featuredmedia":[{"embeddable":true,"href":"https:\/\/www.alteacultural.com\/es\/wp-json\/wp\/v2\/media\/21826"}],"wp:attachment":[{"href":"https:\/\/www.alteacultural.com\/es\/wp-json\/wp\/v2\/media?parent=21827"}],"curies":[{"name":"wp","href":"https:\/\/api.w.org\/{rel}","templated":true}]}}

<p><strong>17-dic  I  18.00 h  I  Palau Altea</strong></p>
<p>Comedia musical.</p>
<p>Lo mejor de Yllana repasa sobre el escenario los grandes momentos de la trayectoria de la compañía con una selección de los mejores sketches de nuestros espectáculos.</p>
<p>Lo mejor de Yllana es un desternillante show que hará realidad el deseo de los fans de Yllana de disfrutar en un mismo espectáculo de los gags más divertidos del primer cuarto de siglo de la compañía.</p>
<p>Salud y a por otros 25 años más.</p>
<p>Let’s rock! Let’s Yllana!.</p>
<p>Duración: 90 min.</p>
<p>Entrada 17/21€.</p>
<p><img fetchpriority="high" decoding="async" class="aligncenter wp-image-21823" src="https://www.alteacultural.com/wp-content/uploads/2022/10/lo-mejor-de-yllana-car.jpg" alt="" width="750" height="1007" srcset="https://www.alteacultural.com/wp-content/uploads/2022/10/lo-mejor-de-yllana-car.jpg 1260w, https://www.alteacultural.com/wp-content/uploads/2022/10/lo-mejor-de-yllana-car-768x1031.jpg 768w, https://www.alteacultural.com/wp-content/uploads/2022/10/lo-mejor-de-yllana-car-1144x1536.jpg 1144w" sizes="(max-width: 750px) 100vw, 750px" /></p>
