{"id":22291,"date":"2022-11-18T08:39:17","date_gmt":"2022-11-18T07:39:17","guid":{"rendered":"https:\/\/www.alteacultural.com\/events\/los-secuestradores-del-lago-chiemse\/"},"modified":"2022-11-18T11:32:27","modified_gmt":"2022-11-18T10:32:27","slug":"los-secuestradores-del-lago-chiemsee","status":"publish","type":"mec-events","link":"https:\/\/www.alteacultural.com\/es\/events\/los-secuestradores-del-lago-chiemsee\/","title":{"rendered":"Los secuestradores del lago Chiemsee"},"content":{"rendered":"<p><strong>25-feb\u00a0 I\u00a0 20.00\u00a0 h\u00a0 I\u00a0 Palau Altea<\/strong><\/p>\n<p>Lo m\u00e1s habitual es no hacer nada. Eso es lo que se espera de nosotros: acatar la sentencia del tribunal, lamentarse, gestionar la rabia y seguir hacia adelante. Pero hay ocasiones en que no podemos aguantar. Nos hartamos de ser siempre los perdedores. Lo llaman crisis econ\u00f3mica, colapso del sistema financiero, depresi\u00f3n\u2026pero para nosotros es un robo. Un robo amparado por unas leyes que nos dejan desamparados. \u00bfPero qu\u00e9 pasar\u00eda si actu\u00e1ramos? \u201cLos secuestradores del lago Chiemsee\u201d aspira a ser un \u201cdivertimento\u201d con cierto poso amargo \u2013 podr\u00edamos llamarla comedia negra- porque, aunque la risa indigne y duela, re\u00edr es la \u00fanica excusa de la vida. \u00a1La gran excusa de la vida!<\/p>\n<p>Con la coorganizaci\u00f3n del INAEM-Platea y la colaboraci\u00f3n de la FEMP.<\/p>\n<p>Entrada 23 \u20ac.<\/p>\n<p><img fetchpriority=\"high\" decoding=\"async\" class=\"aligncenter wp-image-22293\" src=\"https:\/\/www.alteacultural.com\/wp-content\/uploads\/2022\/11\/LOS-SECUESTRADORES-DEL-LAGO-2.jpg\" alt=\"\" width=\"750\" height=\"982\" srcset=\"https:\/\/www.alteacultural.com\/wp-content\/uploads\/2022\/11\/LOS-SECUESTRADORES-DEL-LAGO-2.jpg 1200w, https:\/\/www.alteacultural.com\/wp-content\/uploads\/2022\/11\/LOS-SECUESTRADORES-DEL-LAGO-2-768x1005.jpg 768w, https:\/\/www.alteacultural.com\/wp-content\/uploads\/2022\/11\/LOS-SECUESTRADORES-DEL-LAGO-2-1173x1536.jpg 1173w\" sizes=\"(max-width: 750px) 100vw, 750px\" \/><\/p>\n<p>&nbsp;<\/p>\n","protected":false},"excerpt":{"rendered":"<p>25-feb\u00a0 I\u00a0 20.00\u00a0 h\u00a0 I\u00a0 Palau Altea Lo m\u00e1s habitual es no hacer nada. Eso es lo que se [&hellip;]<\/p>\n","protected":false},"author":1,"featured_media":22295,"comment_status":"open","ping_status":"closed","template":"","meta":{"_expiration-date-status":"","_expiration-date":0,"_expiration-date-type":"","_expiration-date-categories":[],"_expiration-date-options":[]},"yoast_head":"<!-- This site is optimized with the Yoast SEO plugin v22.8 - https:\/\/yoast.com\/wordpress\/plugins\/seo\/ -->\n<title>Los secuestradores del lago Chiemsee - Altea Cultural<\/title>\n<meta name=\"robots\" content=\"index, follow, max-snippet:-1, max-image-preview:large, max-video-preview:-1\" \/>\n<link rel=\"canonical\" href=\"https:\/\/www.alteacultural.com\/es\/events\/los-secuestradores-del-lago-chiemsee\/\" \/>\n<meta property=\"og:locale\" content=\"es_ES\" \/>\n<meta property=\"og:type\" content=\"article\" \/>\n<meta property=\"og:title\" content=\"Los secuestradores del lago Chiemsee - Altea Cultural\" \/>\n<meta property=\"og:description\" content=\"25-feb\u00a0 I\u00a0 20.00\u00a0 h\u00a0 I\u00a0 Palau Altea Lo m\u00e1s habitual es no hacer nada. Eso es lo que se [&hellip;]\" \/>\n<meta property=\"og:url\" content=\"https:\/\/www.alteacultural.com\/es\/events\/los-secuestradores-del-lago-chiemsee\/\" \/>\n<meta property=\"og:site_name\" content=\"Altea Cultural\" \/>\n<meta property=\"article:modified_time\" content=\"2022-11-18T10:32:27+00:00\" \/>\n<meta property=\"og:image\" content=\"https:\/\/www.alteacultural.com\/wp-content\/uploads\/2022\/11\/Banner_Secuestradores.jpg\" \/>\n\t<meta property=\"og:image:width\" content=\"1360\" \/>\n\t<meta property=\"og:image:height\" content=\"910\" \/>\n\t<meta property=\"og:image:type\" content=\"image\/jpeg\" \/>\n<meta name=\"twitter:card\" content=\"summary_large_image\" \/>\n<meta name=\"twitter:label1\" content=\"Tiempo de lectura\" \/>\n\t<meta name=\"twitter:data1\" content=\"1 minuto\" \/>\n<script type=\"application\/ld+json\" class=\"yoast-schema-graph\">{\"@context\":\"https:\/\/schema.org\",\"@graph\":[{\"@type\":\"WebPage\",\"@id\":\"https:\/\/www.alteacultural.com\/es\/events\/los-secuestradores-del-lago-chiemsee\/\",\"url\":\"https:\/\/www.alteacultural.com\/es\/events\/los-secuestradores-del-lago-chiemsee\/\",\"name\":\"Los secuestradores del lago Chiemsee - Altea Cultural\",\"isPartOf\":{\"@id\":\"https:\/\/www.alteacultural.com\/es\/#website\"},\"primaryImageOfPage\":{\"@id\":\"https:\/\/www.alteacultural.com\/es\/events\/los-secuestradores-del-lago-chiemsee\/#primaryimage\"},\"image\":{\"@id\":\"https:\/\/www.alteacultural.com\/es\/events\/los-secuestradores-del-lago-chiemsee\/#primaryimage\"},\"thumbnailUrl\":\"https:\/\/www.alteacultural.com\/wp-content\/uploads\/2022\/11\/Banner_Secuestradores.jpg\",\"datePublished\":\"2022-11-18T07:39:17+00:00\",\"dateModified\":\"2022-11-18T10:32:27+00:00\",\"breadcrumb\":{\"@id\":\"https:\/\/www.alteacultural.com\/es\/events\/los-secuestradores-del-lago-chiemsee\/#breadcrumb\"},\"inLanguage\":\"es\",\"potentialAction\":[{\"@type\":\"ReadAction\",\"target\":[\"https:\/\/www.alteacultural.com\/es\/events\/los-secuestradores-del-lago-chiemsee\/\"]}]},{\"@type\":\"ImageObject\",\"inLanguage\":\"es\",\"@id\":\"https:\/\/www.alteacultural.com\/es\/events\/los-secuestradores-del-lago-chiemsee\/#primaryimage\",\"url\":\"https:\/\/www.alteacultural.com\/wp-content\/uploads\/2022\/11\/Banner_Secuestradores.jpg\",\"contentUrl\":\"https:\/\/www.alteacultural.com\/wp-content\/uploads\/2022\/11\/Banner_Secuestradores.jpg\",\"width\":1360,\"height\":910},{\"@type\":\"BreadcrumbList\",\"@id\":\"https:\/\/www.alteacultural.com\/es\/events\/los-secuestradores-del-lago-chiemsee\/#breadcrumb\",\"itemListElement\":[{\"@type\":\"ListItem\",\"position\":1,\"name\":\"Inici\",\"item\":\"https:\/\/www.alteacultural.com\/es\/\"},{\"@type\":\"ListItem\",\"position\":2,\"name\":\"Eventos\",\"item\":\"https:\/\/www.alteacultural.com\/es\/events\/\"},{\"@type\":\"ListItem\",\"position\":3,\"name\":\"Los secuestradores del lago Chiemsee\"}]},{\"@type\":\"WebSite\",\"@id\":\"https:\/\/www.alteacultural.com\/es\/#website\",\"url\":\"https:\/\/www.alteacultural.com\/es\/\",\"name\":\"Altea Cultural\",\"description\":\"Regidoria de Cultura de l&#039;Ajuntament d&#039;Altea\",\"potentialAction\":[{\"@type\":\"SearchAction\",\"target\":{\"@type\":\"EntryPoint\",\"urlTemplate\":\"https:\/\/www.alteacultural.com\/es\/?s={search_term_string}\"},\"query-input\":\"required name=search_term_string\"}],\"inLanguage\":\"es\"}]}<\/script>\n<!-- \/ Yoast SEO plugin. -->","yoast_head_json":{"title":"Los secuestradores del lago Chiemsee - Altea Cultural","robots":{"index":"index","follow":"follow","max-snippet":"max-snippet:-1","max-image-preview":"max-image-preview:large","max-video-preview":"max-video-preview:-1"},"canonical":"https:\/\/www.alteacultural.com\/es\/events\/los-secuestradores-del-lago-chiemsee\/","og_locale":"es_ES","og_type":"article","og_title":"Los secuestradores del lago Chiemsee - Altea Cultural","og_description":"25-feb\u00a0 I\u00a0 20.00\u00a0 h\u00a0 I\u00a0 Palau Altea Lo m\u00e1s habitual es no hacer nada. Eso es lo que se [&hellip;]","og_url":"https:\/\/www.alteacultural.com\/es\/events\/los-secuestradores-del-lago-chiemsee\/","og_site_name":"Altea Cultural","article_modified_time":"2022-11-18T10:32:27+00:00","og_image":[{"width":1360,"height":910,"url":"https:\/\/www.alteacultural.com\/wp-content\/uploads\/2022\/11\/Banner_Secuestradores.jpg","type":"image\/jpeg"}],"twitter_card":"summary_large_image","twitter_misc":{"Tiempo de lectura":"1 minuto"},"schema":{"@context":"https:\/\/schema.org","@graph":[{"@type":"WebPage","@id":"https:\/\/www.alteacultural.com\/es\/events\/los-secuestradores-del-lago-chiemsee\/","url":"https:\/\/www.alteacultural.com\/es\/events\/los-secuestradores-del-lago-chiemsee\/","name":"Los secuestradores del lago Chiemsee - Altea Cultural","isPartOf":{"@id":"https:\/\/www.alteacultural.com\/es\/#website"},"primaryImageOfPage":{"@id":"https:\/\/www.alteacultural.com\/es\/events\/los-secuestradores-del-lago-chiemsee\/#primaryimage"},"image":{"@id":"https:\/\/www.alteacultural.com\/es\/events\/los-secuestradores-del-lago-chiemsee\/#primaryimage"},"thumbnailUrl":"https:\/\/www.alteacultural.com\/wp-content\/uploads\/2022\/11\/Banner_Secuestradores.jpg","datePublished":"2022-11-18T07:39:17+00:00","dateModified":"2022-11-18T10:32:27+00:00","breadcrumb":{"@id":"https:\/\/www.alteacultural.com\/es\/events\/los-secuestradores-del-lago-chiemsee\/#breadcrumb"},"inLanguage":"es","potentialAction":[{"@type":"ReadAction","target":["https:\/\/www.alteacultural.com\/es\/events\/los-secuestradores-del-lago-chiemsee\/"]}]},{"@type":"ImageObject","inLanguage":"es","@id":"https:\/\/www.alteacultural.com\/es\/events\/los-secuestradores-del-lago-chiemsee\/#primaryimage","url":"https:\/\/www.alteacultural.com\/wp-content\/uploads\/2022\/11\/Banner_Secuestradores.jpg","contentUrl":"https:\/\/www.alteacultural.com\/wp-content\/uploads\/2022\/11\/Banner_Secuestradores.jpg","width":1360,"height":910},{"@type":"BreadcrumbList","@id":"https:\/\/www.alteacultural.com\/es\/events\/los-secuestradores-del-lago-chiemsee\/#breadcrumb","itemListElement":[{"@type":"ListItem","position":1,"name":"Inici","item":"https:\/\/www.alteacultural.com\/es\/"},{"@type":"ListItem","position":2,"name":"Eventos","item":"https:\/\/www.alteacultural.com\/es\/events\/"},{"@type":"ListItem","position":3,"name":"Los secuestradores del lago Chiemsee"}]},{"@type":"WebSite","@id":"https:\/\/www.alteacultural.com\/es\/#website","url":"https:\/\/www.alteacultural.com\/es\/","name":"Altea Cultural","description":"Regidoria de Cultura de l&#039;Ajuntament d&#039;Altea","potentialAction":[{"@type":"SearchAction","target":{"@type":"EntryPoint","urlTemplate":"https:\/\/www.alteacultural.com\/es\/?s={search_term_string}"},"query-input":"required name=search_term_string"}],"inLanguage":"es"}]}},"mec_cost":"Entrada 23 \u20ac","mec_date":{"start":{"date":"2023-02-25","hour":8,"minutes":"0","ampm":"PM"},"end":{"date":"2023-02-25","hour":9,"minutes":"45","ampm":"PM"},"comment":"","repeat":{"type":"daily","interval":"1","advanced":"","end":"never","end_at_date":"","end_at_occurrences":"10"}},"_links":{"self":[{"href":"https:\/\/www.alteacultural.com\/es\/wp-json\/wp\/v2\/mec-events\/22291"}],"collection":[{"href":"https:\/\/www.alteacultural.com\/es\/wp-json\/wp\/v2\/mec-events"}],"about":[{"href":"https:\/\/www.alteacultural.com\/es\/wp-json\/wp\/v2\/types\/mec-events"}],"author":[{"embeddable":true,"href":"https:\/\/www.alteacultural.com\/es\/wp-json\/wp\/v2\/users\/1"}],"replies":[{"embeddable":true,"href":"https:\/\/www.alteacultural.com\/es\/wp-json\/wp\/v2\/comments?post=22291"}],"wp:featuredmedia":[{"embeddable":true,"href":"https:\/\/www.alteacultural.com\/es\/wp-json\/wp\/v2\/media\/22295"}],"wp:attachment":[{"href":"https:\/\/www.alteacultural.com\/es\/wp-json\/wp\/v2\/media?parent=22291"}],"curies":[{"name":"wp","href":"https:\/\/api.w.org\/{rel}","templated":true}]}}

<p><strong>25-feb  I  20.00  h  I  Palau Altea</strong></p>
<p>Lo más habitual es no hacer nada. Eso es lo que se espera de nosotros: acatar la sentencia del tribunal, lamentarse, gestionar la rabia y seguir hacia adelante. Pero hay ocasiones en que no podemos aguantar. Nos hartamos de ser siempre los perdedores. Lo llaman crisis económica, colapso del sistema financiero, depresión…pero para nosotros es un robo. Un robo amparado por unas leyes que nos dejan desamparados. ¿Pero qué pasaría si actuáramos? “Los secuestradores del lago Chiemsee” aspira a ser un “divertimento” con cierto poso amargo – podríamos llamarla comedia negra- porque, aunque la risa indigne y duela, reír es la única excusa de la vida. ¡La gran excusa de la vida!</p>
<p>Con la coorganización del INAEM-Platea y la colaboración de la FEMP.</p>
<p>Entrada 23 €.</p>
<p><img fetchpriority="high" decoding="async" class="aligncenter wp-image-22293" src="https://www.alteacultural.com/wp-content/uploads/2022/11/LOS-SECUESTRADORES-DEL-LAGO-2.jpg" alt="" width="750" height="982" srcset="https://www.alteacultural.com/wp-content/uploads/2022/11/LOS-SECUESTRADORES-DEL-LAGO-2.jpg 1200w, https://www.alteacultural.com/wp-content/uploads/2022/11/LOS-SECUESTRADORES-DEL-LAGO-2-768x1005.jpg 768w, https://www.alteacultural.com/wp-content/uploads/2022/11/LOS-SECUESTRADORES-DEL-LAGO-2-1173x1536.jpg 1173w" sizes="(max-width: 750px) 100vw, 750px" /></p>
<p>&nbsp;</p>

<p>25-feb  I  20.00  h  I  Palau Altea Lo más habitual es no hacer nada. Eso es lo que se [&hellip;]</p>

<!-- This site is optimized with the Yoast SEO plugin v22.8 - https://yoast.com/wordpress/plugins/seo/ -->
<title>Los secuestradores del lago Chiemsee - Altea Cultural</title>
<meta name="robots" content="index, follow, max-snippet:-1, max-image-preview:large, max-video-preview:-1" />
<link rel="canonical" href="https://www.alteacultural.com/es/events/los-secuestradores-del-lago-chiemsee/" />
<meta property="og:locale" content="es_ES" />
<meta property="og:type" content="article" />
<meta property="og:title" content="Los secuestradores del lago Chiemsee - Altea Cultural" />
<meta property="og:description" content="25-feb  I  20.00  h  I  Palau Altea Lo más habitual es no hacer nada. Eso es lo que se [&hellip;]" />
<meta property="og:url" content="https://www.alteacultural.com/es/events/los-secuestradores-del-lago-chiemsee/" />
<meta property="og:site_name" content="Altea Cultural" />
<meta property="article:modified_time" content="2022-11-18T10:32:27+00:00" />
<meta property="og:image" content="https://www.alteacultural.com/wp-content/uploads/2022/11/Banner_Secuestradores.jpg" />
	<meta property="og:image:width" content="1360" />
	<meta property="og:image:height" content="910" />
	<meta property="og:image:type" content="image/jpeg" />
<meta name="twitter:card" content="summary_large_image" />
<meta name="twitter:label1" content="Tiempo de lectura" />
	<meta name="twitter:data1" content="1 minuto" />
<script type="application/ld+json" class="yoast-schema-graph">{"@context":"https://schema.org","@graph":[{"@type":"WebPage","@id":"https://www.alteacultural.com/es/events/los-secuestradores-del-lago-chiemsee/","url":"https://www.alteacultural.com/es/events/los-secuestradores-del-lago-chiemsee/","name":"Los secuestradores del lago Chiemsee - Altea Cultural","isPartOf":{"@id":"https://www.alteacultural.com/es/#website"},"primaryImageOfPage":{"@id":"https://www.alteacultural.com/es/events/los-secuestradores-del-lago-chiemsee/#primaryimage"},"image":{"@id":"https://www.alteacultural.com/es/events/los-secuestradores-del-lago-chiemsee/#primaryimage"},"thumbnailUrl":"https://www.alteacultural.com/wp-content/uploads/2022/11/Banner_Secuestradores.jpg","datePublished":"2022-11-18T07:39:17+00:00","dateModified":"2022-11-18T10:32:27+00:00","breadcrumb":{"@id":"https://www.alteacultural.com/es/events/los-secuestradores-del-lago-chiemsee/#breadcrumb"},"inLanguage":"es","potentialAction":[{"@type":"ReadAction","target":["https://www.alteacultural.com/es/events/los-secuestradores-del-lago-chiemsee/"]}]},{"@type":"ImageObject","inLanguage":"es","@id":"https://www.alteacultural.com/es/events/los-secuestradores-del-lago-chiemsee/#primaryimage","url":"https://www.alteacultural.com/wp-content/uploads/2022/11/Banner_Secuestradores.jpg","contentUrl":"https://www.alteacultural.com/wp-content/uploads/2022/11/Banner_Secuestradores.jpg","width":1360,"height":910},{"@type":"BreadcrumbList","@id":"https://www.alteacultural.com/es/events/los-secuestradores-del-lago-chiemsee/#breadcrumb","itemListElement":[{"@type":"ListItem","position":1,"name":"Inici","item":"https://www.alteacultural.com/es/"},{"@type":"ListItem","position":2,"name":"Eventos","item":"https://www.alteacultural.com/es/events/"},{"@type":"ListItem","position":3,"name":"Los secuestradores del lago Chiemsee"}]},{"@type":"WebSite","@id":"https://www.alteacultural.com/es/#website","url":"https://www.alteacultural.com/es/","name":"Altea Cultural","description":"Regidoria de Cultura de l&#039;Ajuntament d&#039;Altea","potentialAction":[{"@type":"SearchAction","target":{"@type":"EntryPoint","urlTemplate":"https://www.alteacultural.com/es/?s={search_term_string}"},"query-input":"required name=search_term_string"}],"inLanguage":"es"}]}</script>
<!-- / Yoast SEO plugin. -->

25-feb  I  20.00  h  I  Palau Altea Lo más habitual es no hacer nada. Eso es lo que se [&hellip;]
