{"id":22804,"date":"2023-01-13T11:33:53","date_gmt":"2023-01-13T10:33:53","guid":{"rendered":"https:\/\/www.alteacultural.com\/events\/concert-xiv-certamen-de-musica-festera-daltea-la-vella\/"},"modified":"2023-02-17T14:11:50","modified_gmt":"2023-02-17T13:11:50","slug":"concert-xiv-certamen-de-musica-festera-daltea-la-vella","status":"publish","type":"mec-events","link":"https:\/\/www.alteacultural.com\/es\/events\/concert-xiv-certamen-de-musica-festera-daltea-la-vella\/","title":{"rendered":"XIV Certamen de M\u00fasica Festera de Altea la Vella 2023"},"content":{"rendered":"<p>18-feb\u00a0 I 18:00 h\u00a0 I\u00a0 Centro Cultural Altea la Vella<\/p>\n<p><strong>XIV Certamen de M\u00fasica Festera de Altea la Vella<\/strong><\/p>\n<p>Participar\u00e1n las bandas:<\/p>\n<ul>\n<li>Uni\u00f3n Musical de Atzeneta d&#8217;Albaida<\/li>\n<li>Societat Musical Banyeres de Mariola<\/li>\n<li>Sociedad Art\u00edstico Musical El Valle de Carcer<\/li>\n<li>Clausura (fuera de concurso): Sociedad Recreativa Musical de Altea la Vella<\/li>\n<\/ul>\n<p>Las bandas concursantes interpretar\u00e1n un pasodoble de presentaci\u00f3n, una marcha cristiana de libre elecci\u00f3n y la marcha mora obligada \u00ab<em><strong>Serra de B\u00e8rnia<\/strong><\/em>\u00ab, compuesta para la ocasi\u00f3n por Azael Tormo Mu\u00f1oz.<\/p>\n<p>Entrada libre y gratuita.<\/p>\n<p><a href=\"https:\/\/www.alteacultural.com\/wp-content\/uploads\/2023\/01\/2023-02-18-XIV-Certamen-Altea-la-Vella-2023-cartel-scaled.jpg\" target=\"_blank\" rel=\"noopener noreferrer\"><img fetchpriority=\"high\" decoding=\"async\" class=\"aligncenter wp-image-23268\" src=\"https:\/\/www.alteacultural.com\/wp-content\/uploads\/2023\/01\/2023-02-18-XIV-Certamen-Altea-la-Vella-2023-cartel-scaled.jpg\" alt=\"\" width=\"750\" height=\"1061\" srcset=\"https:\/\/www.alteacultural.com\/wp-content\/uploads\/2023\/01\/2023-02-18-XIV-Certamen-Altea-la-Vella-2023-cartel-scaled.jpg 1810w, https:\/\/www.alteacultural.com\/wp-content\/uploads\/2023\/01\/2023-02-18-XIV-Certamen-Altea-la-Vella-2023-cartel-768x1086.jpg 768w, https:\/\/www.alteacultural.com\/wp-content\/uploads\/2023\/01\/2023-02-18-XIV-Certamen-Altea-la-Vella-2023-cartel-1086x1536.jpg 1086w, https:\/\/www.alteacultural.com\/wp-content\/uploads\/2023\/01\/2023-02-18-XIV-Certamen-Altea-la-Vella-2023-cartel-1448x2048.jpg 1448w\" sizes=\"(max-width: 750px) 100vw, 750px\" \/><\/a><\/p>\n<p><a href=\"https:\/\/www.alteacultural.com\/wp-content\/uploads\/2023\/01\/2023-02-18-XIV-Certamen-Altea-la-Vella-2023-programa.jpg\" target=\"_blank\" rel=\"noopener noreferrer\"><img decoding=\"async\" class=\"aligncenter wp-image-23310 lazyload\" data-src=\"https:\/\/www.alteacultural.com\/wp-content\/uploads\/2023\/01\/2023-02-18-XIV-Certamen-Altea-la-Vella-2023-programa.jpg\" alt=\"\" width=\"750\" height=\"1082\" data-srcset=\"https:\/\/www.alteacultural.com\/wp-content\/uploads\/2023\/01\/2023-02-18-XIV-Certamen-Altea-la-Vella-2023-programa.jpg 1080w, https:\/\/www.alteacultural.com\/wp-content\/uploads\/2023\/01\/2023-02-18-XIV-Certamen-Altea-la-Vella-2023-programa-768x1108.jpg 768w, https:\/\/www.alteacultural.com\/wp-content\/uploads\/2023\/01\/2023-02-18-XIV-Certamen-Altea-la-Vella-2023-programa-1065x1536.jpg 1065w\" data-sizes=\"(max-width: 750px) 100vw, 750px\" src=\"data:image\/gif;base64,R0lGODlhAQABAAAAACH5BAEKAAEALAAAAAABAAEAAAICTAEAOw==\" style=\"--smush-placeholder-width: 750px; --smush-placeholder-aspect-ratio: 750\/1082;\" \/><\/a><\/p>\n<p>&nbsp;<\/p>\n","protected":false},"excerpt":{"rendered":"<p>18-feb\u00a0 I 18:00 h\u00a0 I\u00a0 Centro Cultural Altea la Vella XIV Certamen de M\u00fasica Festera de Altea la Vella [&hellip;]<\/p>\n","protected":false},"author":1,"featured_media":23017,"comment_status":"open","ping_status":"closed","template":"","meta":{"_expiration-date-status":"","_expiration-date":0,"_expiration-date-type":"","_expiration-date-categories":[],"_expiration-date-options":[]},"yoast_head":"<!-- This site is optimized with the Yoast SEO plugin v22.8 - https:\/\/yoast.com\/wordpress\/plugins\/seo\/ -->\n<title>XIV Certamen de M\u00fasica Festera de Altea la Vella 2023 - Altea Cultural<\/title>\n<meta name=\"robots\" content=\"index, follow, max-snippet:-1, max-image-preview:large, max-video-preview:-1\" \/>\n<link rel=\"canonical\" href=\"https:\/\/www.alteacultural.com\/es\/events\/concert-xiv-certamen-de-musica-festera-daltea-la-vella\/\" \/>\n<meta property=\"og:locale\" content=\"es_ES\" \/>\n<meta property=\"og:type\" content=\"article\" \/>\n<meta property=\"og:title\" content=\"XIV Certamen de M\u00fasica Festera de Altea la Vella 2023 - Altea Cultural\" \/>\n<meta property=\"og:description\" content=\"18-feb\u00a0 I 18:00 h\u00a0 I\u00a0 Centro Cultural Altea la Vella XIV Certamen de M\u00fasica Festera de Altea la Vella [&hellip;]\" \/>\n<meta property=\"og:url\" content=\"https:\/\/www.alteacultural.com\/es\/events\/concert-xiv-certamen-de-musica-festera-daltea-la-vella\/\" \/>\n<meta property=\"og:site_name\" content=\"Altea Cultural\" \/>\n<meta property=\"article:modified_time\" content=\"2023-02-17T13:11:50+00:00\" \/>\n<meta property=\"og:image\" content=\"https:\/\/www.alteacultural.com\/wp-content\/uploads\/2023\/01\/Certamen-Musica-Festera_banner.jpg\" \/>\n\t<meta property=\"og:image:width\" content=\"2040\" \/>\n\t<meta property=\"og:image:height\" content=\"1017\" \/>\n\t<meta property=\"og:image:type\" content=\"image\/jpeg\" \/>\n<meta name=\"twitter:card\" content=\"summary_large_image\" \/>\n<meta name=\"twitter:label1\" content=\"Tiempo de lectura\" \/>\n\t<meta name=\"twitter:data1\" content=\"1 minuto\" \/>\n<script type=\"application\/ld+json\" class=\"yoast-schema-graph\">{\"@context\":\"https:\/\/schema.org\",\"@graph\":[{\"@type\":\"WebPage\",\"@id\":\"https:\/\/www.alteacultural.com\/es\/events\/concert-xiv-certamen-de-musica-festera-daltea-la-vella\/\",\"url\":\"https:\/\/www.alteacultural.com\/es\/events\/concert-xiv-certamen-de-musica-festera-daltea-la-vella\/\",\"name\":\"XIV Certamen de M\u00fasica Festera de Altea la Vella 2023 - Altea Cultural\",\"isPartOf\":{\"@id\":\"https:\/\/www.alteacultural.com\/es\/#website\"},\"primaryImageOfPage\":{\"@id\":\"https:\/\/www.alteacultural.com\/es\/events\/concert-xiv-certamen-de-musica-festera-daltea-la-vella\/#primaryimage\"},\"image\":{\"@id\":\"https:\/\/www.alteacultural.com\/es\/events\/concert-xiv-certamen-de-musica-festera-daltea-la-vella\/#primaryimage\"},\"thumbnailUrl\":\"https:\/\/www.alteacultural.com\/wp-content\/uploads\/2023\/01\/Certamen-Musica-Festera_banner.jpg\",\"datePublished\":\"2023-01-13T10:33:53+00:00\",\"dateModified\":\"2023-02-17T13:11:50+00:00\",\"breadcrumb\":{\"@id\":\"https:\/\/www.alteacultural.com\/es\/events\/concert-xiv-certamen-de-musica-festera-daltea-la-vella\/#breadcrumb\"},\"inLanguage\":\"es\",\"potentialAction\":[{\"@type\":\"ReadAction\",\"target\":[\"https:\/\/www.alteacultural.com\/es\/events\/concert-xiv-certamen-de-musica-festera-daltea-la-vella\/\"]}]},{\"@type\":\"ImageObject\",\"inLanguage\":\"es\",\"@id\":\"https:\/\/www.alteacultural.com\/es\/events\/concert-xiv-certamen-de-musica-festera-daltea-la-vella\/#primaryimage\",\"url\":\"https:\/\/www.alteacultural.com\/wp-content\/uploads\/2023\/01\/Certamen-Musica-Festera_banner.jpg\",\"contentUrl\":\"https:\/\/www.alteacultural.com\/wp-content\/uploads\/2023\/01\/Certamen-Musica-Festera_banner.jpg\",\"width\":2040,\"height\":1017},{\"@type\":\"BreadcrumbList\",\"@id\":\"https:\/\/www.alteacultural.com\/es\/events\/concert-xiv-certamen-de-musica-festera-daltea-la-vella\/#breadcrumb\",\"itemListElement\":[{\"@type\":\"ListItem\",\"position\":1,\"name\":\"Inici\",\"item\":\"https:\/\/www.alteacultural.com\/es\/\"},{\"@type\":\"ListItem\",\"position\":2,\"name\":\"Eventos\",\"item\":\"https:\/\/www.alteacultural.com\/es\/events\/\"},{\"@type\":\"ListItem\",\"position\":3,\"name\":\"XIV Certamen de M\u00fasica Festera de Altea la Vella 2023\"}]},{\"@type\":\"WebSite\",\"@id\":\"https:\/\/www.alteacultural.com\/es\/#website\",\"url\":\"https:\/\/www.alteacultural.com\/es\/\",\"name\":\"Altea Cultural\",\"description\":\"Regidoria de Cultura de l&#039;Ajuntament d&#039;Altea\",\"potentialAction\":[{\"@type\":\"SearchAction\",\"target\":{\"@type\":\"EntryPoint\",\"urlTemplate\":\"https:\/\/www.alteacultural.com\/es\/?s={search_term_string}\"},\"query-input\":\"required name=search_term_string\"}],\"inLanguage\":\"es\"}]}<\/script>\n<!-- \/ Yoast SEO plugin. -->","yoast_head_json":{"title":"XIV Certamen de M\u00fasica Festera de Altea la Vella 2023 - Altea Cultural","robots":{"index":"index","follow":"follow","max-snippet":"max-snippet:-1","max-image-preview":"max-image-preview:large","max-video-preview":"max-video-preview:-1"},"canonical":"https:\/\/www.alteacultural.com\/es\/events\/concert-xiv-certamen-de-musica-festera-daltea-la-vella\/","og_locale":"es_ES","og_type":"article","og_title":"XIV Certamen de M\u00fasica Festera de Altea la Vella 2023 - Altea Cultural","og_description":"18-feb\u00a0 I 18:00 h\u00a0 I\u00a0 Centro Cultural Altea la Vella XIV Certamen de M\u00fasica Festera de Altea la Vella [&hellip;]","og_url":"https:\/\/www.alteacultural.com\/es\/events\/concert-xiv-certamen-de-musica-festera-daltea-la-vella\/","og_site_name":"Altea Cultural","article_modified_time":"2023-02-17T13:11:50+00:00","og_image":[{"width":2040,"height":1017,"url":"https:\/\/www.alteacultural.com\/wp-content\/uploads\/2023\/01\/Certamen-Musica-Festera_banner.jpg","type":"image\/jpeg"}],"twitter_card":"summary_large_image","twitter_misc":{"Tiempo de lectura":"1 minuto"},"schema":{"@context":"https:\/\/schema.org","@graph":[{"@type":"WebPage","@id":"https:\/\/www.alteacultural.com\/es\/events\/concert-xiv-certamen-de-musica-festera-daltea-la-vella\/","url":"https:\/\/www.alteacultural.com\/es\/events\/concert-xiv-certamen-de-musica-festera-daltea-la-vella\/","name":"XIV Certamen de M\u00fasica Festera de Altea la Vella 2023 - Altea Cultural","isPartOf":{"@id":"https:\/\/www.alteacultural.com\/es\/#website"},"primaryImageOfPage":{"@id":"https:\/\/www.alteacultural.com\/es\/events\/concert-xiv-certamen-de-musica-festera-daltea-la-vella\/#primaryimage"},"image":{"@id":"https:\/\/www.alteacultural.com\/es\/events\/concert-xiv-certamen-de-musica-festera-daltea-la-vella\/#primaryimage"},"thumbnailUrl":"https:\/\/www.alteacultural.com\/wp-content\/uploads\/2023\/01\/Certamen-Musica-Festera_banner.jpg","datePublished":"2023-01-13T10:33:53+00:00","dateModified":"2023-02-17T13:11:50+00:00","breadcrumb":{"@id":"https:\/\/www.alteacultural.com\/es\/events\/concert-xiv-certamen-de-musica-festera-daltea-la-vella\/#breadcrumb"},"inLanguage":"es","potentialAction":[{"@type":"ReadAction","target":["https:\/\/www.alteacultural.com\/es\/events\/concert-xiv-certamen-de-musica-festera-daltea-la-vella\/"]}]},{"@type":"ImageObject","inLanguage":"es","@id":"https:\/\/www.alteacultural.com\/es\/events\/concert-xiv-certamen-de-musica-festera-daltea-la-vella\/#primaryimage","url":"https:\/\/www.alteacultural.com\/wp-content\/uploads\/2023\/01\/Certamen-Musica-Festera_banner.jpg","contentUrl":"https:\/\/www.alteacultural.com\/wp-content\/uploads\/2023\/01\/Certamen-Musica-Festera_banner.jpg","width":2040,"height":1017},{"@type":"BreadcrumbList","@id":"https:\/\/www.alteacultural.com\/es\/events\/concert-xiv-certamen-de-musica-festera-daltea-la-vella\/#breadcrumb","itemListElement":[{"@type":"ListItem","position":1,"name":"Inici","item":"https:\/\/www.alteacultural.com\/es\/"},{"@type":"ListItem","position":2,"name":"Eventos","item":"https:\/\/www.alteacultural.com\/es\/events\/"},{"@type":"ListItem","position":3,"name":"XIV Certamen de M\u00fasica Festera de Altea la Vella 2023"}]},{"@type":"WebSite","@id":"https:\/\/www.alteacultural.com\/es\/#website","url":"https:\/\/www.alteacultural.com\/es\/","name":"Altea Cultural","description":"Regidoria de Cultura de l&#039;Ajuntament d&#039;Altea","potentialAction":[{"@type":"SearchAction","target":{"@type":"EntryPoint","urlTemplate":"https:\/\/www.alteacultural.com\/es\/?s={search_term_string}"},"query-input":"required name=search_term_string"}],"inLanguage":"es"}]}},"mec_cost":"Entrada libre y gratuita","mec_date":{"start":{"date":"2023-02-18","hour":6,"minutes":"0","ampm":"PM"},"end":{"date":"2023-02-18","hour":7,"minutes":"30","ampm":"PM"},"comment":"","repeat":{"type":"daily","interval":"1","advanced":"","end":"never","end_at_date":"","end_at_occurrences":"10"}},"_links":{"self":[{"href":"https:\/\/www.alteacultural.com\/es\/wp-json\/wp\/v2\/mec-events\/22804"}],"collection":[{"href":"https:\/\/www.alteacultural.com\/es\/wp-json\/wp\/v2\/mec-events"}],"about":[{"href":"https:\/\/www.alteacultural.com\/es\/wp-json\/wp\/v2\/types\/mec-events"}],"author":[{"embeddable":true,"href":"https:\/\/www.alteacultural.com\/es\/wp-json\/wp\/v2\/users\/1"}],"replies":[{"embeddable":true,"href":"https:\/\/www.alteacultural.com\/es\/wp-json\/wp\/v2\/comments?post=22804"}],"wp:featuredmedia":[{"embeddable":true,"href":"https:\/\/www.alteacultural.com\/es\/wp-json\/wp\/v2\/media\/23017"}],"wp:attachment":[{"href":"https:\/\/www.alteacultural.com\/es\/wp-json\/wp\/v2\/media?parent=22804"}],"curies":[{"name":"wp","href":"https:\/\/api.w.org\/{rel}","templated":true}]}}

XIV Certamen de Música Festera de Altea la Vella 2023

<p>18-feb  I 18:00 h  I  Centro Cultural Altea la Vella</p>
<p><strong>XIV Certamen de Música Festera de Altea la Vella</strong></p>
<p>Participarán las bandas:</p>
<ul>
<li>Unión Musical de Atzeneta d&#8217;Albaida</li>
<li>Societat Musical Banyeres de Mariola</li>
<li>Sociedad Artístico Musical El Valle de Carcer</li>
<li>Clausura (fuera de concurso): Sociedad Recreativa Musical de Altea la Vella</li>
</ul>
<p>Las bandas concursantes interpretarán un pasodoble de presentación, una marcha cristiana de libre elección y la marcha mora obligada «<em><strong>Serra de Bèrnia</strong></em>«, compuesta para la ocasión por Azael Tormo Muñoz.</p>
<p>Entrada libre y gratuita.</p>
<p><a href="https://www.alteacultural.com/wp-content/uploads/2023/01/2023-02-18-XIV-Certamen-Altea-la-Vella-2023-cartel-scaled.jpg" target="_blank" rel="noopener noreferrer"><img fetchpriority="high" decoding="async" class="aligncenter wp-image-23268" src="https://www.alteacultural.com/wp-content/uploads/2023/01/2023-02-18-XIV-Certamen-Altea-la-Vella-2023-cartel-scaled.jpg" alt="" width="750" height="1061" srcset="https://www.alteacultural.com/wp-content/uploads/2023/01/2023-02-18-XIV-Certamen-Altea-la-Vella-2023-cartel-scaled.jpg 1810w, https://www.alteacultural.com/wp-content/uploads/2023/01/2023-02-18-XIV-Certamen-Altea-la-Vella-2023-cartel-768x1086.jpg 768w, https://www.alteacultural.com/wp-content/uploads/2023/01/2023-02-18-XIV-Certamen-Altea-la-Vella-2023-cartel-1086x1536.jpg 1086w, https://www.alteacultural.com/wp-content/uploads/2023/01/2023-02-18-XIV-Certamen-Altea-la-Vella-2023-cartel-1448x2048.jpg 1448w" sizes="(max-width: 750px) 100vw, 750px" /></a></p>
<p><a href="https://www.alteacultural.com/wp-content/uploads/2023/01/2023-02-18-XIV-Certamen-Altea-la-Vella-2023-programa.jpg" target="_blank" rel="noopener noreferrer"><img decoding="async" class="aligncenter wp-image-23310 lazyload" data-src="https://www.alteacultural.com/wp-content/uploads/2023/01/2023-02-18-XIV-Certamen-Altea-la-Vella-2023-programa.jpg" alt="" width="750" height="1082" data-srcset="https://www.alteacultural.com/wp-content/uploads/2023/01/2023-02-18-XIV-Certamen-Altea-la-Vella-2023-programa.jpg 1080w, https://www.alteacultural.com/wp-content/uploads/2023/01/2023-02-18-XIV-Certamen-Altea-la-Vella-2023-programa-768x1108.jpg 768w, https://www.alteacultural.com/wp-content/uploads/2023/01/2023-02-18-XIV-Certamen-Altea-la-Vella-2023-programa-1065x1536.jpg 1065w" data-sizes="(max-width: 750px) 100vw, 750px" src="data:image/gif;base64,R0lGODlhAQABAAAAACH5BAEKAAEALAAAAAABAAEAAAICTAEAOw==" style="--smush-placeholder-width: 750px; --smush-placeholder-aspect-ratio: 750/1082;" /></a></p>
<p>&nbsp;</p>

<p>18-feb  I 18:00 h  I  Centro Cultural Altea la Vella XIV Certamen de Música Festera de Altea la Vella [&hellip;]</p>

<!-- This site is optimized with the Yoast SEO plugin v22.8 - https://yoast.com/wordpress/plugins/seo/ -->
<title>XIV Certamen de Música Festera de Altea la Vella 2023 - Altea Cultural</title>
<meta name="robots" content="index, follow, max-snippet:-1, max-image-preview:large, max-video-preview:-1" />
<link rel="canonical" href="https://www.alteacultural.com/es/events/concert-xiv-certamen-de-musica-festera-daltea-la-vella/" />
<meta property="og:locale" content="es_ES" />
<meta property="og:type" content="article" />
<meta property="og:title" content="XIV Certamen de Música Festera de Altea la Vella 2023 - Altea Cultural" />
<meta property="og:description" content="18-feb  I 18:00 h  I  Centro Cultural Altea la Vella XIV Certamen de Música Festera de Altea la Vella [&hellip;]" />
<meta property="og:url" content="https://www.alteacultural.com/es/events/concert-xiv-certamen-de-musica-festera-daltea-la-vella/" />
<meta property="og:site_name" content="Altea Cultural" />
<meta property="article:modified_time" content="2023-02-17T13:11:50+00:00" />
<meta property="og:image" content="https://www.alteacultural.com/wp-content/uploads/2023/01/Certamen-Musica-Festera_banner.jpg" />
	<meta property="og:image:width" content="2040" />
	<meta property="og:image:height" content="1017" />
	<meta property="og:image:type" content="image/jpeg" />
<meta name="twitter:card" content="summary_large_image" />
<meta name="twitter:label1" content="Tiempo de lectura" />
	<meta name="twitter:data1" content="1 minuto" />
<script type="application/ld+json" class="yoast-schema-graph">{"@context":"https://schema.org","@graph":[{"@type":"WebPage","@id":"https://www.alteacultural.com/es/events/concert-xiv-certamen-de-musica-festera-daltea-la-vella/","url":"https://www.alteacultural.com/es/events/concert-xiv-certamen-de-musica-festera-daltea-la-vella/","name":"XIV Certamen de Música Festera de Altea la Vella 2023 - Altea Cultural","isPartOf":{"@id":"https://www.alteacultural.com/es/#website"},"primaryImageOfPage":{"@id":"https://www.alteacultural.com/es/events/concert-xiv-certamen-de-musica-festera-daltea-la-vella/#primaryimage"},"image":{"@id":"https://www.alteacultural.com/es/events/concert-xiv-certamen-de-musica-festera-daltea-la-vella/#primaryimage"},"thumbnailUrl":"https://www.alteacultural.com/wp-content/uploads/2023/01/Certamen-Musica-Festera_banner.jpg","datePublished":"2023-01-13T10:33:53+00:00","dateModified":"2023-02-17T13:11:50+00:00","breadcrumb":{"@id":"https://www.alteacultural.com/es/events/concert-xiv-certamen-de-musica-festera-daltea-la-vella/#breadcrumb"},"inLanguage":"es","potentialAction":[{"@type":"ReadAction","target":["https://www.alteacultural.com/es/events/concert-xiv-certamen-de-musica-festera-daltea-la-vella/"]}]},{"@type":"ImageObject","inLanguage":"es","@id":"https://www.alteacultural.com/es/events/concert-xiv-certamen-de-musica-festera-daltea-la-vella/#primaryimage","url":"https://www.alteacultural.com/wp-content/uploads/2023/01/Certamen-Musica-Festera_banner.jpg","contentUrl":"https://www.alteacultural.com/wp-content/uploads/2023/01/Certamen-Musica-Festera_banner.jpg","width":2040,"height":1017},{"@type":"BreadcrumbList","@id":"https://www.alteacultural.com/es/events/concert-xiv-certamen-de-musica-festera-daltea-la-vella/#breadcrumb","itemListElement":[{"@type":"ListItem","position":1,"name":"Inici","item":"https://www.alteacultural.com/es/"},{"@type":"ListItem","position":2,"name":"Eventos","item":"https://www.alteacultural.com/es/events/"},{"@type":"ListItem","position":3,"name":"XIV Certamen de Música Festera de Altea la Vella 2023"}]},{"@type":"WebSite","@id":"https://www.alteacultural.com/es/#website","url":"https://www.alteacultural.com/es/","name":"Altea Cultural","description":"Regidoria de Cultura de l&#039;Ajuntament d&#039;Altea","potentialAction":[{"@type":"SearchAction","target":{"@type":"EntryPoint","urlTemplate":"https://www.alteacultural.com/es/?s={search_term_string}"},"query-input":"required name=search_term_string"}],"inLanguage":"es"}]}</script>
<!-- / Yoast SEO plugin. -->

XIV Certamen de Música Festera de Altea la Vella 2023 - Altea Cultural

18-feb  I 18:00 h  I  Centro Cultural Altea la Vella XIV Certamen de Música Festera de Altea la Vella [&hellip;]
