{"id":23252,"date":"2023-02-14T10:45:02","date_gmt":"2023-02-14T09:45:02","guid":{"rendered":"https:\/\/www.alteacultural.com\/events\/setmana-santa-altea-2023\/"},"modified":"2023-04-02T11:11:18","modified_gmt":"2023-04-02T09:11:18","slug":"setmana-santa-altea-2023","status":"publish","type":"mec-events","link":"https:\/\/www.alteacultural.com\/es\/events\/setmana-santa-altea-2023\/","title":{"rendered":"Semana Santa &#8211; Altea 2023"},"content":{"rendered":"<h2>Programaci\u00f3n Semana Santa Altea 2023<br \/>\nDel 2 al 9 de abril<\/h2>\n<p>Resumen de actividades:<\/p>\n<p>El <strong>17 de febrero<\/strong> \u00b7 18.30 h \u00b7 Iglesia Parroquial: Solemne Misa y Presentaci\u00f3n del Cartel y la lectura del Preg\u00f3n<\/p>\n<p>Semanas dedicadas a las Cofrad\u00edas, \u00e9stas ser\u00e1n inauguradas por la Cofrad\u00eda del Ecce Homo, del 19 al 25 de febrero; del 26 de febrero al 4 de marzo, el protagonismo ser\u00e1 para la Cofrad\u00eda Jes\u00fas Nazareno; la Cofrad\u00eda del Stmo. Cristo del Sagrario ejercer\u00e1 su actividad del 5 al 11 de marzo; la semana del 12 de marzo al 18 de marzo, la protagonizar\u00e1 la Cofrad\u00eda del Santo Sepulcro y cerrar\u00e1 este turno semana la Cofrad\u00eda Virgen de los Dolores en la semana del 24 de marzo al 31.<\/p>\n<p>El <strong>2 de abril, Domingo de Ramos<\/strong> tendr\u00e1 lugar la Bendici\u00f3n de las Palmas;<\/p>\n<p>El mi\u00e9rcoles <strong>5 de abril, Mi\u00e9rcoles Santo<\/strong> con las distintas celebraciones y a las 20:00h en la Iglesia Parroquial se llevar\u00e1 a cabo la Procesi\u00f3n Infantil con las im\u00e1genes del Sant\u00edsimo Cristo y la Virgen de la Esperanza.<\/p>\n<p>El <strong>Jueves Santo, 6 de abril,<\/strong> Misa de la Cena del Se\u00f1or y Oraci\u00f3n ante el Monumento a as 19h en la Iglesia Parroquial y a las 24:00h Solemne V\u00eda Crucis, compuesto adem\u00e1s de 4 escenas de la Pasi\u00f3n a cargo del grupo de teatro local \u201cPla i Rev\u00e9s\u201d.<\/p>\n<p>El <strong>Viernes Santo,<\/strong> Procesi\u00f3n.<\/p>\n<p>El <strong>S\u00e1bado Santo<\/strong> a las 23:00h, Vigilia Pascual y a continuaci\u00f3n Procesi\u00f3n del Encuentro con el Resucitado.<\/p>\n<p>El <strong>Domingo de Pascua,<\/strong> Misa en las distintos templos del municipio.<\/p>\n<p><img decoding=\"async\" class=\"alignleft wp-image-1481 lazyload\" data-src=\"https:\/\/www.alteacultural.com\/wp-content\/uploads\/2020\/12\/pngkit_pdf-icon-png_1963090-300x300.png\" alt=\"pdf bases\" width=\"50\" height=\"50\" data-srcset=\"https:\/\/www.alteacultural.com\/wp-content\/uploads\/2020\/12\/pngkit_pdf-icon-png_1963090-300x300.png 300w, https:\/\/www.alteacultural.com\/wp-content\/uploads\/2020\/12\/pngkit_pdf-icon-png_1963090-150x150.png 150w, https:\/\/www.alteacultural.com\/wp-content\/uploads\/2020\/12\/pngkit_pdf-icon-png_1963090.png 400w\" data-sizes=\"(max-width: 50px) 100vw, 50px\" src=\"data:image\/gif;base64,R0lGODlhAQABAAAAACH5BAEKAAEALAAAAAABAAEAAAICTAEAOw==\" style=\"--smush-placeholder-width: 50px; --smush-placeholder-aspect-ratio: 50\/50;\" \/><br \/>\n<strong><a href=\"https:\/\/www.alteacultural.com\/wp-content\/uploads\/2023\/02\/Programa-Semana-Santa-2023.pdf\" target=\"_blank\" rel=\"noopener noreferrer\">DESCARGAR PROGRAMA COMPLETO EN PDF<\/a><\/strong><\/p>\n<p>&nbsp;<\/p>\n<p style=\"text-align: center;\"><a href=\"https:\/\/www.alteacultural.com\/rutadelesermites\">CONCIERTOS &#8216;RUTA DE LES ERMITES&#8217; 2023<\/a><a href=\"https:\/\/www.alteacultural.com\/rutadelesermites\"><img decoding=\"async\" class=\"wp-image-16715 size-full aligncenter lazyload\" data-src=\"https:\/\/www.alteacultural.com\/wp-content\/uploads\/2022\/03\/rutabanlat.jpg\" alt=\"\" width=\"330\" height=\"100\" src=\"data:image\/gif;base64,R0lGODlhAQABAAAAACH5BAEKAAEALAAAAAABAAEAAAICTAEAOw==\" style=\"--smush-placeholder-width: 330px; --smush-placeholder-aspect-ratio: 330\/100;\" \/><\/a><\/p>\n<p>&nbsp;<\/p>\n<p><img fetchpriority=\"high\" decoding=\"async\" class=\"size-full wp-image-23663 aligncenter\" src=\"https:\/\/www.alteacultural.com\/wp-content\/uploads\/2023\/02\/2023_altea.jpg\" alt=\"\" width=\"730\" height=\"1024\" \/><\/p>\n","protected":false},"excerpt":{"rendered":"<p>Programaci\u00f3n Semana Santa Altea 2023 Del 2 al 9 de abril Resumen de actividades: El 17 de febrero \u00b7 [&hellip;]<\/p>\n","protected":false},"author":1,"featured_media":23667,"comment_status":"open","ping_status":"closed","template":"","meta":{"_expiration-date-status":"","_expiration-date":0,"_expiration-date-type":"","_expiration-date-categories":[],"_expiration-date-options":[]},"yoast_head":"<!-- This site is optimized with the Yoast SEO plugin v22.8 - https:\/\/yoast.com\/wordpress\/plugins\/seo\/ -->\n<title>Semana Santa - Altea 2023 - Altea Cultural<\/title>\n<meta name=\"robots\" content=\"index, follow, max-snippet:-1, max-image-preview:large, max-video-preview:-1\" \/>\n<link rel=\"canonical\" href=\"https:\/\/www.alteacultural.com\/es\/events\/setmana-santa-altea-2023\/\" \/>\n<meta property=\"og:locale\" content=\"es_ES\" \/>\n<meta property=\"og:type\" content=\"article\" \/>\n<meta property=\"og:title\" content=\"Semana Santa - Altea 2023 - Altea Cultural\" \/>\n<meta property=\"og:description\" content=\"Programaci\u00f3n Semana Santa Altea 2023 Del 2 al 9 de abril Resumen de actividades: El 17 de febrero \u00b7 [&hellip;]\" \/>\n<meta property=\"og:url\" content=\"https:\/\/www.alteacultural.com\/es\/events\/setmana-santa-altea-2023\/\" \/>\n<meta property=\"og:site_name\" content=\"Altea Cultural\" \/>\n<meta property=\"article:modified_time\" content=\"2023-04-02T09:11:18+00:00\" \/>\n<meta property=\"og:image\" content=\"https:\/\/www.alteacultural.com\/wp-content\/uploads\/2023\/02\/2023_altea_banner.jpg\" \/>\n\t<meta property=\"og:image:width\" content=\"729\" \/>\n\t<meta property=\"og:image:height\" content=\"241\" \/>\n\t<meta property=\"og:image:type\" content=\"image\/jpeg\" \/>\n<meta name=\"twitter:card\" content=\"summary_large_image\" \/>\n<meta name=\"twitter:label1\" content=\"Tiempo de lectura\" \/>\n\t<meta name=\"twitter:data1\" content=\"2 minutos\" \/>\n<script type=\"application\/ld+json\" class=\"yoast-schema-graph\">{\"@context\":\"https:\/\/schema.org\",\"@graph\":[{\"@type\":\"WebPage\",\"@id\":\"https:\/\/www.alteacultural.com\/es\/events\/setmana-santa-altea-2023\/\",\"url\":\"https:\/\/www.alteacultural.com\/es\/events\/setmana-santa-altea-2023\/\",\"name\":\"Semana Santa - Altea 2023 - Altea Cultural\",\"isPartOf\":{\"@id\":\"https:\/\/www.alteacultural.com\/es\/#website\"},\"primaryImageOfPage\":{\"@id\":\"https:\/\/www.alteacultural.com\/es\/events\/setmana-santa-altea-2023\/#primaryimage\"},\"image\":{\"@id\":\"https:\/\/www.alteacultural.com\/es\/events\/setmana-santa-altea-2023\/#primaryimage\"},\"thumbnailUrl\":\"https:\/\/www.alteacultural.com\/wp-content\/uploads\/2023\/02\/2023_altea_banner.jpg\",\"datePublished\":\"2023-02-14T09:45:02+00:00\",\"dateModified\":\"2023-04-02T09:11:18+00:00\",\"breadcrumb\":{\"@id\":\"https:\/\/www.alteacultural.com\/es\/events\/setmana-santa-altea-2023\/#breadcrumb\"},\"inLanguage\":\"es\",\"potentialAction\":[{\"@type\":\"ReadAction\",\"target\":[\"https:\/\/www.alteacultural.com\/es\/events\/setmana-santa-altea-2023\/\"]}]},{\"@type\":\"ImageObject\",\"inLanguage\":\"es\",\"@id\":\"https:\/\/www.alteacultural.com\/es\/events\/setmana-santa-altea-2023\/#primaryimage\",\"url\":\"https:\/\/www.alteacultural.com\/wp-content\/uploads\/2023\/02\/2023_altea_banner.jpg\",\"contentUrl\":\"https:\/\/www.alteacultural.com\/wp-content\/uploads\/2023\/02\/2023_altea_banner.jpg\",\"width\":729,\"height\":241},{\"@type\":\"BreadcrumbList\",\"@id\":\"https:\/\/www.alteacultural.com\/es\/events\/setmana-santa-altea-2023\/#breadcrumb\",\"itemListElement\":[{\"@type\":\"ListItem\",\"position\":1,\"name\":\"Inici\",\"item\":\"https:\/\/www.alteacultural.com\/es\/\"},{\"@type\":\"ListItem\",\"position\":2,\"name\":\"Eventos\",\"item\":\"https:\/\/www.alteacultural.com\/es\/events\/\"},{\"@type\":\"ListItem\",\"position\":3,\"name\":\"Semana Santa &#8211; Altea 2023\"}]},{\"@type\":\"WebSite\",\"@id\":\"https:\/\/www.alteacultural.com\/es\/#website\",\"url\":\"https:\/\/www.alteacultural.com\/es\/\",\"name\":\"Altea Cultural\",\"description\":\"Regidoria de Cultura de l&#039;Ajuntament d&#039;Altea\",\"potentialAction\":[{\"@type\":\"SearchAction\",\"target\":{\"@type\":\"EntryPoint\",\"urlTemplate\":\"https:\/\/www.alteacultural.com\/es\/?s={search_term_string}\"},\"query-input\":\"required name=search_term_string\"}],\"inLanguage\":\"es\"}]}<\/script>\n<!-- \/ Yoast SEO plugin. -->","yoast_head_json":{"title":"Semana Santa - Altea 2023 - Altea Cultural","robots":{"index":"index","follow":"follow","max-snippet":"max-snippet:-1","max-image-preview":"max-image-preview:large","max-video-preview":"max-video-preview:-1"},"canonical":"https:\/\/www.alteacultural.com\/es\/events\/setmana-santa-altea-2023\/","og_locale":"es_ES","og_type":"article","og_title":"Semana Santa - Altea 2023 - Altea Cultural","og_description":"Programaci\u00f3n Semana Santa Altea 2023 Del 2 al 9 de abril Resumen de actividades: El 17 de febrero \u00b7 [&hellip;]","og_url":"https:\/\/www.alteacultural.com\/es\/events\/setmana-santa-altea-2023\/","og_site_name":"Altea Cultural","article_modified_time":"2023-04-02T09:11:18+00:00","og_image":[{"width":729,"height":241,"url":"https:\/\/www.alteacultural.com\/wp-content\/uploads\/2023\/02\/2023_altea_banner.jpg","type":"image\/jpeg"}],"twitter_card":"summary_large_image","twitter_misc":{"Tiempo de lectura":"2 minutos"},"schema":{"@context":"https:\/\/schema.org","@graph":[{"@type":"WebPage","@id":"https:\/\/www.alteacultural.com\/es\/events\/setmana-santa-altea-2023\/","url":"https:\/\/www.alteacultural.com\/es\/events\/setmana-santa-altea-2023\/","name":"Semana Santa - Altea 2023 - Altea Cultural","isPartOf":{"@id":"https:\/\/www.alteacultural.com\/es\/#website"},"primaryImageOfPage":{"@id":"https:\/\/www.alteacultural.com\/es\/events\/setmana-santa-altea-2023\/#primaryimage"},"image":{"@id":"https:\/\/www.alteacultural.com\/es\/events\/setmana-santa-altea-2023\/#primaryimage"},"thumbnailUrl":"https:\/\/www.alteacultural.com\/wp-content\/uploads\/2023\/02\/2023_altea_banner.jpg","datePublished":"2023-02-14T09:45:02+00:00","dateModified":"2023-04-02T09:11:18+00:00","breadcrumb":{"@id":"https:\/\/www.alteacultural.com\/es\/events\/setmana-santa-altea-2023\/#breadcrumb"},"inLanguage":"es","potentialAction":[{"@type":"ReadAction","target":["https:\/\/www.alteacultural.com\/es\/events\/setmana-santa-altea-2023\/"]}]},{"@type":"ImageObject","inLanguage":"es","@id":"https:\/\/www.alteacultural.com\/es\/events\/setmana-santa-altea-2023\/#primaryimage","url":"https:\/\/www.alteacultural.com\/wp-content\/uploads\/2023\/02\/2023_altea_banner.jpg","contentUrl":"https:\/\/www.alteacultural.com\/wp-content\/uploads\/2023\/02\/2023_altea_banner.jpg","width":729,"height":241},{"@type":"BreadcrumbList","@id":"https:\/\/www.alteacultural.com\/es\/events\/setmana-santa-altea-2023\/#breadcrumb","itemListElement":[{"@type":"ListItem","position":1,"name":"Inici","item":"https:\/\/www.alteacultural.com\/es\/"},{"@type":"ListItem","position":2,"name":"Eventos","item":"https:\/\/www.alteacultural.com\/es\/events\/"},{"@type":"ListItem","position":3,"name":"Semana Santa &#8211; Altea 2023"}]},{"@type":"WebSite","@id":"https:\/\/www.alteacultural.com\/es\/#website","url":"https:\/\/www.alteacultural.com\/es\/","name":"Altea Cultural","description":"Regidoria de Cultura de l&#039;Ajuntament d&#039;Altea","potentialAction":[{"@type":"SearchAction","target":{"@type":"EntryPoint","urlTemplate":"https:\/\/www.alteacultural.com\/es\/?s={search_term_string}"},"query-input":"required name=search_term_string"}],"inLanguage":"es"}]}},"mec_cost":"","mec_date":{"start":{"date":"2023-04-02","hour":"8","minutes":"0","ampm":"AM"},"end":{"date":"2023-04-09","hour":6,"minutes":"0","ampm":"PM"},"allday":"1","comment":"","repeat":{"type":"daily","interval":"1","advanced":"","end":"never","end_at_date":"","end_at_occurrences":"10"}},"_links":{"self":[{"href":"https:\/\/www.alteacultural.com\/es\/wp-json\/wp\/v2\/mec-events\/23252"}],"collection":[{"href":"https:\/\/www.alteacultural.com\/es\/wp-json\/wp\/v2\/mec-events"}],"about":[{"href":"https:\/\/www.alteacultural.com\/es\/wp-json\/wp\/v2\/types\/mec-events"}],"author":[{"embeddable":true,"href":"https:\/\/www.alteacultural.com\/es\/wp-json\/wp\/v2\/users\/1"}],"replies":[{"embeddable":true,"href":"https:\/\/www.alteacultural.com\/es\/wp-json\/wp\/v2\/comments?post=23252"}],"wp:featuredmedia":[{"embeddable":true,"href":"https:\/\/www.alteacultural.com\/es\/wp-json\/wp\/v2\/media\/23667"}],"wp:attachment":[{"href":"https:\/\/www.alteacultural.com\/es\/wp-json\/wp\/v2\/media?parent=23252"}],"curies":[{"name":"wp","href":"https:\/\/api.w.org\/{rel}","templated":true}]}}

<h2>Programación Semana Santa Altea 2023<br />
Del 2 al 9 de abril</h2>
<p>Resumen de actividades:</p>
<p>El <strong>17 de febrero</strong> · 18.30 h · Iglesia Parroquial: Solemne Misa y Presentación del Cartel y la lectura del Pregón</p>
<p>Semanas dedicadas a las Cofradías, éstas serán inauguradas por la Cofradía del Ecce Homo, del 19 al 25 de febrero; del 26 de febrero al 4 de marzo, el protagonismo será para la Cofradía Jesús Nazareno; la Cofradía del Stmo. Cristo del Sagrario ejercerá su actividad del 5 al 11 de marzo; la semana del 12 de marzo al 18 de marzo, la protagonizará la Cofradía del Santo Sepulcro y cerrará este turno semana la Cofradía Virgen de los Dolores en la semana del 24 de marzo al 31.</p>
<p>El <strong>2 de abril, Domingo de Ramos</strong> tendrá lugar la Bendición de las Palmas;</p>
<p>El miércoles <strong>5 de abril, Miércoles Santo</strong> con las distintas celebraciones y a las 20:00h en la Iglesia Parroquial se llevará a cabo la Procesión Infantil con las imágenes del Santísimo Cristo y la Virgen de la Esperanza.</p>
<p>El <strong>Jueves Santo, 6 de abril,</strong> Misa de la Cena del Señor y Oración ante el Monumento a as 19h en la Iglesia Parroquial y a las 24:00h Solemne Vía Crucis, compuesto además de 4 escenas de la Pasión a cargo del grupo de teatro local “Pla i Revés”.</p>
<p>El <strong>Viernes Santo,</strong> Procesión.</p>
<p>El <strong>Sábado Santo</strong> a las 23:00h, Vigilia Pascual y a continuación Procesión del Encuentro con el Resucitado.</p>
<p>El <strong>Domingo de Pascua,</strong> Misa en las distintos templos del municipio.</p>
<p><img decoding="async" class="alignleft wp-image-1481 lazyload" data-src="https://www.alteacultural.com/wp-content/uploads/2020/12/pngkit_pdf-icon-png_1963090-300x300.png" alt="pdf bases" width="50" height="50" data-srcset="https://www.alteacultural.com/wp-content/uploads/2020/12/pngkit_pdf-icon-png_1963090-300x300.png 300w, https://www.alteacultural.com/wp-content/uploads/2020/12/pngkit_pdf-icon-png_1963090-150x150.png 150w, https://www.alteacultural.com/wp-content/uploads/2020/12/pngkit_pdf-icon-png_1963090.png 400w" data-sizes="(max-width: 50px) 100vw, 50px" src="data:image/gif;base64,R0lGODlhAQABAAAAACH5BAEKAAEALAAAAAABAAEAAAICTAEAOw==" style="--smush-placeholder-width: 50px; --smush-placeholder-aspect-ratio: 50/50;" /><br />
<strong><a href="https://www.alteacultural.com/wp-content/uploads/2023/02/Programa-Semana-Santa-2023.pdf" target="_blank" rel="noopener noreferrer">DESCARGAR PROGRAMA COMPLETO EN PDF</a></strong></p>
<p>&nbsp;</p>
<p style="text-align: center;"><a href="https://www.alteacultural.com/rutadelesermites">CONCIERTOS &#8216;RUTA DE LES ERMITES&#8217; 2023</a><a href="https://www.alteacultural.com/rutadelesermites"><img decoding="async" class="wp-image-16715 size-full aligncenter lazyload" data-src="https://www.alteacultural.com/wp-content/uploads/2022/03/rutabanlat.jpg" alt="" width="330" height="100" src="data:image/gif;base64,R0lGODlhAQABAAAAACH5BAEKAAEALAAAAAABAAEAAAICTAEAOw==" style="--smush-placeholder-width: 330px; --smush-placeholder-aspect-ratio: 330/100;" /></a></p>
<p>&nbsp;</p>
<p><img fetchpriority="high" decoding="async" class="size-full wp-image-23663 aligncenter" src="https://www.alteacultural.com/wp-content/uploads/2023/02/2023_altea.jpg" alt="" width="730" height="1024" /></p>

<p>Programación Semana Santa Altea 2023 Del 2 al 9 de abril Resumen de actividades: El 17 de febrero · [&hellip;]</p>

<!-- This site is optimized with the Yoast SEO plugin v22.8 - https://yoast.com/wordpress/plugins/seo/ -->
<title>Semana Santa - Altea 2023 - Altea Cultural</title>
<meta name="robots" content="index, follow, max-snippet:-1, max-image-preview:large, max-video-preview:-1" />
<link rel="canonical" href="https://www.alteacultural.com/es/events/setmana-santa-altea-2023/" />
<meta property="og:locale" content="es_ES" />
<meta property="og:type" content="article" />
<meta property="og:title" content="Semana Santa - Altea 2023 - Altea Cultural" />
<meta property="og:description" content="Programación Semana Santa Altea 2023 Del 2 al 9 de abril Resumen de actividades: El 17 de febrero · [&hellip;]" />
<meta property="og:url" content="https://www.alteacultural.com/es/events/setmana-santa-altea-2023/" />
<meta property="og:site_name" content="Altea Cultural" />
<meta property="article:modified_time" content="2023-04-02T09:11:18+00:00" />
<meta property="og:image" content="https://www.alteacultural.com/wp-content/uploads/2023/02/2023_altea_banner.jpg" />
	<meta property="og:image:width" content="729" />
	<meta property="og:image:height" content="241" />
	<meta property="og:image:type" content="image/jpeg" />
<meta name="twitter:card" content="summary_large_image" />
<meta name="twitter:label1" content="Tiempo de lectura" />
	<meta name="twitter:data1" content="2 minutos" />
<script type="application/ld+json" class="yoast-schema-graph">{"@context":"https://schema.org","@graph":[{"@type":"WebPage","@id":"https://www.alteacultural.com/es/events/setmana-santa-altea-2023/","url":"https://www.alteacultural.com/es/events/setmana-santa-altea-2023/","name":"Semana Santa - Altea 2023 - Altea Cultural","isPartOf":{"@id":"https://www.alteacultural.com/es/#website"},"primaryImageOfPage":{"@id":"https://www.alteacultural.com/es/events/setmana-santa-altea-2023/#primaryimage"},"image":{"@id":"https://www.alteacultural.com/es/events/setmana-santa-altea-2023/#primaryimage"},"thumbnailUrl":"https://www.alteacultural.com/wp-content/uploads/2023/02/2023_altea_banner.jpg","datePublished":"2023-02-14T09:45:02+00:00","dateModified":"2023-04-02T09:11:18+00:00","breadcrumb":{"@id":"https://www.alteacultural.com/es/events/setmana-santa-altea-2023/#breadcrumb"},"inLanguage":"es","potentialAction":[{"@type":"ReadAction","target":["https://www.alteacultural.com/es/events/setmana-santa-altea-2023/"]}]},{"@type":"ImageObject","inLanguage":"es","@id":"https://www.alteacultural.com/es/events/setmana-santa-altea-2023/#primaryimage","url":"https://www.alteacultural.com/wp-content/uploads/2023/02/2023_altea_banner.jpg","contentUrl":"https://www.alteacultural.com/wp-content/uploads/2023/02/2023_altea_banner.jpg","width":729,"height":241},{"@type":"BreadcrumbList","@id":"https://www.alteacultural.com/es/events/setmana-santa-altea-2023/#breadcrumb","itemListElement":[{"@type":"ListItem","position":1,"name":"Inici","item":"https://www.alteacultural.com/es/"},{"@type":"ListItem","position":2,"name":"Eventos","item":"https://www.alteacultural.com/es/events/"},{"@type":"ListItem","position":3,"name":"Semana Santa &#8211; Altea 2023"}]},{"@type":"WebSite","@id":"https://www.alteacultural.com/es/#website","url":"https://www.alteacultural.com/es/","name":"Altea Cultural","description":"Regidoria de Cultura de l&#039;Ajuntament d&#039;Altea","potentialAction":[{"@type":"SearchAction","target":{"@type":"EntryPoint","urlTemplate":"https://www.alteacultural.com/es/?s={search_term_string}"},"query-input":"required name=search_term_string"}],"inLanguage":"es"}]}</script>
<!-- / Yoast SEO plugin. -->

Programación Semana Santa Altea 2023 Del 2 al 9 de abril Resumen de actividades: El 17 de febrero · [&hellip;]
