{"id":24461,"date":"2023-03-30T13:38:30","date_gmt":"2023-03-30T11:38:30","guid":{"rendered":"https:\/\/www.alteacultural.com\/events\/narracio-de-contes-diversos-i-conferencia-anar-en-cors-historia-llegendes-i-tradicions-corsaries-encontes-2023\/"},"modified":"2024-06-12T21:09:42","modified_gmt":"2024-06-12T19:09:42","slug":"narracio-de-contes-diversos-i-conferencia-anar-en-cors-historia-llegendes-i-tradicions-corsaries-encontes-2023","status":"publish","type":"mec-events","link":"https:\/\/www.alteacultural.com\/es\/events\/narracio-de-contes-diversos-i-conferencia-anar-en-cors-historia-llegendes-i-tradicions-corsaries-encontes-2023\/","title":{"rendered":"Narraci\u00f3n de varios cuentos y conferencia \u00abAnar en cors: Hist\u00f2ria, llegendes i tradicions cors\u00e0ries\u00bb &#8211; Encontes 2023"},"content":{"rendered":"<p><em><strong>Actos en valenciano y castellano<\/strong><\/em><\/p>\n<p><strong>DOMINGO 30 DE ABRIL<\/strong><\/p>\n<p>12 h. \u00abVermut de contes\u00bb. Narraci\u00f3n de cuentos en la hora del vermut.. Con las narradoras y narradores participantes en el Encontes.<br \/>\nPara todos los p\u00fablicos<br \/>\nNarraciones en valenciano y castellano.<br \/>\nRest. M\u00f3n. Calle Sant Miquel, 1 (Casco antiguo)<\/p>\n<p>12:30 h. \u00abAnar en cors: Hist\u00f2ria, llegendes i tradicions cors\u00e0ries\u00bb. Conferencia a cargo de Juanvi Mart\u00edn Devesa.<br \/>\nConferencia en valenciano.<br \/>\nPara todos los p\u00fablicos.<br \/>\nVilla Gadea<\/p>\n<p>18. h. \u00abEl viatge\u00bb. Hay viajes que dan la vuelta al mundo, otros dan \u00abla vuelta a casa\u00bb. Hay viajes peligrosos y viajeros peligrosos. Hay qui\u00e9n necesita siete elefantes cargados para poder salir de casa y hay qui\u00e9n tiene bastante con lo que lleva puesto. Pero todos los viajes esconden una historia y hoy las contaremos. A cargo de Almudena Frances.<br \/>\nPara p\u00fablico familiar.<br \/>\nNarraci\u00f3n en valenciano.<br \/>\nPlaza de \u2018Agua<\/p>\n<p>21:30 h. \u00abLes tres morts del tio Batiste\u00bb. Batiste era acordioniste, hijo, nieto y tataranieto de acordionistes todos de nombre Batiste, viv\u00eda en Pen\u00e1guila un pueblo donde se bailaba por todo.<br \/>\nBatiste se pas\u00f3 la vida tocando y haciendo bailar dio muchas alegr\u00edas, se muri\u00f3 tres veces y no lo enterraron nunca. A cargo de Almudena Frances.<br \/>\nPara adultos.<br \/>\nNarraciones en valenciano.<br \/>\nPoador del Pontet. Partida Basseta, 2<\/p>\n<p>&nbsp;<\/p>\n<p><a href=\"https:\/\/www.alteacultural.com\/encontes\/\">Tota la programaci\u00f3 ac\u00ed<\/a>\u00a0\/\u00a0<a href=\"https:\/\/www.alteacultural.com\/encontes\/?lang=es\"><em>Toda la programaci\u00f3n aqu\u00ed<\/em><\/a><\/p>\n","protected":false},"excerpt":{"rendered":"<p>Actos en valenciano y castellano DOMINGO 30 DE ABRIL 12 h. \u00abVermut de contes\u00bb. Narraci\u00f3n de cuentos en la [&hellip;]<\/p>\n","protected":false},"author":1,"featured_media":24410,"comment_status":"open","ping_status":"closed","template":"","meta":{"_expiration-date-status":"","_expiration-date":0,"_expiration-date-type":"","_expiration-date-categories":[],"_expiration-date-options":[]},"yoast_head":"<!-- This site is optimized with the Yoast SEO plugin v22.8 - https:\/\/yoast.com\/wordpress\/plugins\/seo\/ -->\n<title>Narraci\u00f3n de varios cuentos y conferencia &quot;Anar en cors: Hist\u00f2ria, llegendes i tradicions cors\u00e0ries&quot; - Encontes 2023 - Altea Cultural<\/title>\n<meta name=\"robots\" content=\"index, follow, max-snippet:-1, max-image-preview:large, max-video-preview:-1\" \/>\n<link rel=\"canonical\" href=\"https:\/\/www.alteacultural.com\/es\/events\/narracio-de-contes-diversos-i-conferencia-anar-en-cors-historia-llegendes-i-tradicions-corsaries-encontes-2023\/\" \/>\n<meta property=\"og:locale\" content=\"es_ES\" \/>\n<meta property=\"og:type\" content=\"article\" \/>\n<meta property=\"og:title\" content=\"Narraci\u00f3n de varios cuentos y conferencia &quot;Anar en cors: Hist\u00f2ria, llegendes i tradicions cors\u00e0ries&quot; - Encontes 2023 - Altea Cultural\" \/>\n<meta property=\"og:description\" content=\"Actos en valenciano y castellano DOMINGO 30 DE ABRIL 12 h. \u00abVermut de contes\u00bb. Narraci\u00f3n de cuentos en la [&hellip;]\" \/>\n<meta property=\"og:url\" content=\"https:\/\/www.alteacultural.com\/es\/events\/narracio-de-contes-diversos-i-conferencia-anar-en-cors-historia-llegendes-i-tradicions-corsaries-encontes-2023\/\" \/>\n<meta property=\"og:site_name\" content=\"Altea Cultural\" \/>\n<meta property=\"article:modified_time\" content=\"2024-06-12T19:09:42+00:00\" \/>\n<meta property=\"og:image\" content=\"https:\/\/www.alteacultural.com\/wp-content\/uploads\/2023\/03\/2023-05-01-CARTEL-ENCONTES-ALTEA-2023-banner-scaled.jpg\" \/>\n\t<meta property=\"og:image:width\" content=\"2560\" \/>\n\t<meta property=\"og:image:height\" content=\"947\" \/>\n\t<meta property=\"og:image:type\" content=\"image\/jpeg\" \/>\n<meta name=\"twitter:card\" content=\"summary_large_image\" \/>\n<meta name=\"twitter:label1\" content=\"Tiempo de lectura\" \/>\n\t<meta name=\"twitter:data1\" content=\"1 minuto\" \/>\n<script type=\"application\/ld+json\" class=\"yoast-schema-graph\">{\"@context\":\"https:\/\/schema.org\",\"@graph\":[{\"@type\":\"WebPage\",\"@id\":\"https:\/\/www.alteacultural.com\/es\/events\/narracio-de-contes-diversos-i-conferencia-anar-en-cors-historia-llegendes-i-tradicions-corsaries-encontes-2023\/\",\"url\":\"https:\/\/www.alteacultural.com\/es\/events\/narracio-de-contes-diversos-i-conferencia-anar-en-cors-historia-llegendes-i-tradicions-corsaries-encontes-2023\/\",\"name\":\"Narraci\u00f3n de varios cuentos y conferencia \\\"Anar en cors: Hist\u00f2ria, llegendes i tradicions cors\u00e0ries\\\" - Encontes 2023 - Altea Cultural\",\"isPartOf\":{\"@id\":\"https:\/\/www.alteacultural.com\/es\/#website\"},\"primaryImageOfPage\":{\"@id\":\"https:\/\/www.alteacultural.com\/es\/events\/narracio-de-contes-diversos-i-conferencia-anar-en-cors-historia-llegendes-i-tradicions-corsaries-encontes-2023\/#primaryimage\"},\"image\":{\"@id\":\"https:\/\/www.alteacultural.com\/es\/events\/narracio-de-contes-diversos-i-conferencia-anar-en-cors-historia-llegendes-i-tradicions-corsaries-encontes-2023\/#primaryimage\"},\"thumbnailUrl\":\"https:\/\/www.alteacultural.com\/wp-content\/uploads\/2023\/03\/2023-05-01-CARTEL-ENCONTES-ALTEA-2023-banner-scaled.jpg\",\"datePublished\":\"2023-03-30T11:38:30+00:00\",\"dateModified\":\"2024-06-12T19:09:42+00:00\",\"breadcrumb\":{\"@id\":\"https:\/\/www.alteacultural.com\/es\/events\/narracio-de-contes-diversos-i-conferencia-anar-en-cors-historia-llegendes-i-tradicions-corsaries-encontes-2023\/#breadcrumb\"},\"inLanguage\":\"es\",\"potentialAction\":[{\"@type\":\"ReadAction\",\"target\":[\"https:\/\/www.alteacultural.com\/es\/events\/narracio-de-contes-diversos-i-conferencia-anar-en-cors-historia-llegendes-i-tradicions-corsaries-encontes-2023\/\"]}]},{\"@type\":\"ImageObject\",\"inLanguage\":\"es\",\"@id\":\"https:\/\/www.alteacultural.com\/es\/events\/narracio-de-contes-diversos-i-conferencia-anar-en-cors-historia-llegendes-i-tradicions-corsaries-encontes-2023\/#primaryimage\",\"url\":\"https:\/\/www.alteacultural.com\/wp-content\/uploads\/2023\/03\/2023-05-01-CARTEL-ENCONTES-ALTEA-2023-banner-scaled.jpg\",\"contentUrl\":\"https:\/\/www.alteacultural.com\/wp-content\/uploads\/2023\/03\/2023-05-01-CARTEL-ENCONTES-ALTEA-2023-banner-scaled.jpg\",\"width\":2560,\"height\":947},{\"@type\":\"BreadcrumbList\",\"@id\":\"https:\/\/www.alteacultural.com\/es\/events\/narracio-de-contes-diversos-i-conferencia-anar-en-cors-historia-llegendes-i-tradicions-corsaries-encontes-2023\/#breadcrumb\",\"itemListElement\":[{\"@type\":\"ListItem\",\"position\":1,\"name\":\"Inici\",\"item\":\"https:\/\/www.alteacultural.com\/es\/\"},{\"@type\":\"ListItem\",\"position\":2,\"name\":\"Eventos\",\"item\":\"https:\/\/www.alteacultural.com\/es\/events\/\"},{\"@type\":\"ListItem\",\"position\":3,\"name\":\"Narraci\u00f3n de varios cuentos y conferencia &#8220;Anar en cors: Hist\u00f2ria, llegendes i tradicions cors\u00e0ries&#8221; &#8211; Encontes 2023\"}]},{\"@type\":\"WebSite\",\"@id\":\"https:\/\/www.alteacultural.com\/es\/#website\",\"url\":\"https:\/\/www.alteacultural.com\/es\/\",\"name\":\"Altea Cultural\",\"description\":\"Regidoria de Cultura de l&#039;Ajuntament d&#039;Altea\",\"potentialAction\":[{\"@type\":\"SearchAction\",\"target\":{\"@type\":\"EntryPoint\",\"urlTemplate\":\"https:\/\/www.alteacultural.com\/es\/?s={search_term_string}\"},\"query-input\":\"required name=search_term_string\"}],\"inLanguage\":\"es\"}]}<\/script>\n<!-- \/ Yoast SEO plugin. -->","yoast_head_json":{"title":"Narraci\u00f3n de varios cuentos y conferencia \"Anar en cors: Hist\u00f2ria, llegendes i tradicions cors\u00e0ries\" - Encontes 2023 - Altea Cultural","robots":{"index":"index","follow":"follow","max-snippet":"max-snippet:-1","max-image-preview":"max-image-preview:large","max-video-preview":"max-video-preview:-1"},"canonical":"https:\/\/www.alteacultural.com\/es\/events\/narracio-de-contes-diversos-i-conferencia-anar-en-cors-historia-llegendes-i-tradicions-corsaries-encontes-2023\/","og_locale":"es_ES","og_type":"article","og_title":"Narraci\u00f3n de varios cuentos y conferencia \"Anar en cors: Hist\u00f2ria, llegendes i tradicions cors\u00e0ries\" - Encontes 2023 - Altea Cultural","og_description":"Actos en valenciano y castellano DOMINGO 30 DE ABRIL 12 h. \u00abVermut de contes\u00bb. Narraci\u00f3n de cuentos en la [&hellip;]","og_url":"https:\/\/www.alteacultural.com\/es\/events\/narracio-de-contes-diversos-i-conferencia-anar-en-cors-historia-llegendes-i-tradicions-corsaries-encontes-2023\/","og_site_name":"Altea Cultural","article_modified_time":"2024-06-12T19:09:42+00:00","og_image":[{"width":2560,"height":947,"url":"https:\/\/www.alteacultural.com\/wp-content\/uploads\/2023\/03\/2023-05-01-CARTEL-ENCONTES-ALTEA-2023-banner-scaled.jpg","type":"image\/jpeg"}],"twitter_card":"summary_large_image","twitter_misc":{"Tiempo de lectura":"1 minuto"},"schema":{"@context":"https:\/\/schema.org","@graph":[{"@type":"WebPage","@id":"https:\/\/www.alteacultural.com\/es\/events\/narracio-de-contes-diversos-i-conferencia-anar-en-cors-historia-llegendes-i-tradicions-corsaries-encontes-2023\/","url":"https:\/\/www.alteacultural.com\/es\/events\/narracio-de-contes-diversos-i-conferencia-anar-en-cors-historia-llegendes-i-tradicions-corsaries-encontes-2023\/","name":"Narraci\u00f3n de varios cuentos y conferencia \"Anar en cors: Hist\u00f2ria, llegendes i tradicions cors\u00e0ries\" - Encontes 2023 - Altea Cultural","isPartOf":{"@id":"https:\/\/www.alteacultural.com\/es\/#website"},"primaryImageOfPage":{"@id":"https:\/\/www.alteacultural.com\/es\/events\/narracio-de-contes-diversos-i-conferencia-anar-en-cors-historia-llegendes-i-tradicions-corsaries-encontes-2023\/#primaryimage"},"image":{"@id":"https:\/\/www.alteacultural.com\/es\/events\/narracio-de-contes-diversos-i-conferencia-anar-en-cors-historia-llegendes-i-tradicions-corsaries-encontes-2023\/#primaryimage"},"thumbnailUrl":"https:\/\/www.alteacultural.com\/wp-content\/uploads\/2023\/03\/2023-05-01-CARTEL-ENCONTES-ALTEA-2023-banner-scaled.jpg","datePublished":"2023-03-30T11:38:30+00:00","dateModified":"2024-06-12T19:09:42+00:00","breadcrumb":{"@id":"https:\/\/www.alteacultural.com\/es\/events\/narracio-de-contes-diversos-i-conferencia-anar-en-cors-historia-llegendes-i-tradicions-corsaries-encontes-2023\/#breadcrumb"},"inLanguage":"es","potentialAction":[{"@type":"ReadAction","target":["https:\/\/www.alteacultural.com\/es\/events\/narracio-de-contes-diversos-i-conferencia-anar-en-cors-historia-llegendes-i-tradicions-corsaries-encontes-2023\/"]}]},{"@type":"ImageObject","inLanguage":"es","@id":"https:\/\/www.alteacultural.com\/es\/events\/narracio-de-contes-diversos-i-conferencia-anar-en-cors-historia-llegendes-i-tradicions-corsaries-encontes-2023\/#primaryimage","url":"https:\/\/www.alteacultural.com\/wp-content\/uploads\/2023\/03\/2023-05-01-CARTEL-ENCONTES-ALTEA-2023-banner-scaled.jpg","contentUrl":"https:\/\/www.alteacultural.com\/wp-content\/uploads\/2023\/03\/2023-05-01-CARTEL-ENCONTES-ALTEA-2023-banner-scaled.jpg","width":2560,"height":947},{"@type":"BreadcrumbList","@id":"https:\/\/www.alteacultural.com\/es\/events\/narracio-de-contes-diversos-i-conferencia-anar-en-cors-historia-llegendes-i-tradicions-corsaries-encontes-2023\/#breadcrumb","itemListElement":[{"@type":"ListItem","position":1,"name":"Inici","item":"https:\/\/www.alteacultural.com\/es\/"},{"@type":"ListItem","position":2,"name":"Eventos","item":"https:\/\/www.alteacultural.com\/es\/events\/"},{"@type":"ListItem","position":3,"name":"Narraci\u00f3n de varios cuentos y conferencia &#8220;Anar en cors: Hist\u00f2ria, llegendes i tradicions cors\u00e0ries&#8221; &#8211; Encontes 2023"}]},{"@type":"WebSite","@id":"https:\/\/www.alteacultural.com\/es\/#website","url":"https:\/\/www.alteacultural.com\/es\/","name":"Altea Cultural","description":"Regidoria de Cultura de l&#039;Ajuntament d&#039;Altea","potentialAction":[{"@type":"SearchAction","target":{"@type":"EntryPoint","urlTemplate":"https:\/\/www.alteacultural.com\/es\/?s={search_term_string}"},"query-input":"required name=search_term_string"}],"inLanguage":"es"}]}},"mec_cost":"Entrada Libre","mec_date":{"start":{"date":"2023-04-30","hour":"8","minutes":"0","ampm":"AM"},"end":{"date":"2023-04-30","hour":6,"minutes":"0","ampm":"PM"},"allday":"1","comment":"","repeat":{"type":"daily","interval":"1","advanced":"","end":"never","end_at_date":"","end_at_occurrences":"10"}},"_links":{"self":[{"href":"https:\/\/www.alteacultural.com\/es\/wp-json\/wp\/v2\/mec-events\/24461"}],"collection":[{"href":"https:\/\/www.alteacultural.com\/es\/wp-json\/wp\/v2\/mec-events"}],"about":[{"href":"https:\/\/www.alteacultural.com\/es\/wp-json\/wp\/v2\/types\/mec-events"}],"author":[{"embeddable":true,"href":"https:\/\/www.alteacultural.com\/es\/wp-json\/wp\/v2\/users\/1"}],"replies":[{"embeddable":true,"href":"https:\/\/www.alteacultural.com\/es\/wp-json\/wp\/v2\/comments?post=24461"}],"wp:featuredmedia":[{"embeddable":true,"href":"https:\/\/www.alteacultural.com\/es\/wp-json\/wp\/v2\/media\/24410"}],"wp:attachment":[{"href":"https:\/\/www.alteacultural.com\/es\/wp-json\/wp\/v2\/media?parent=24461"}],"curies":[{"name":"wp","href":"https:\/\/api.w.org\/{rel}","templated":true}]}}

Narración de varios cuentos y conferencia «Anar en cors: Història, llegendes i tradicions corsàries» &#8211; Encontes 2023

<p><em><strong>Actos en valenciano y castellano</strong></em></p>
<p><strong>DOMINGO 30 DE ABRIL</strong></p>
<p>12 h. «Vermut de contes». Narración de cuentos en la hora del vermut.. Con las narradoras y narradores participantes en el Encontes.<br />
Para todos los públicos<br />
Narraciones en valenciano y castellano.<br />
Rest. Món. Calle Sant Miquel, 1 (Casco antiguo)</p>
<p>12:30 h. «Anar en cors: Història, llegendes i tradicions corsàries». Conferencia a cargo de Juanvi Martín Devesa.<br />
Conferencia en valenciano.<br />
Para todos los públicos.<br />
Villa Gadea</p>
<p>18. h. «El viatge». Hay viajes que dan la vuelta al mundo, otros dan «la vuelta a casa». Hay viajes peligrosos y viajeros peligrosos. Hay quién necesita siete elefantes cargados para poder salir de casa y hay quién tiene bastante con lo que lleva puesto. Pero todos los viajes esconden una historia y hoy las contaremos. A cargo de Almudena Frances.<br />
Para público familiar.<br />
Narración en valenciano.<br />
Plaza de ‘Agua</p>
<p>21:30 h. «Les tres morts del tio Batiste». Batiste era acordioniste, hijo, nieto y tataranieto de acordionistes todos de nombre Batiste, vivía en Penáguila un pueblo donde se bailaba por todo.<br />
Batiste se pasó la vida tocando y haciendo bailar dio muchas alegrías, se murió tres veces y no lo enterraron nunca. A cargo de Almudena Frances.<br />
Para adultos.<br />
Narraciones en valenciano.<br />
Poador del Pontet. Partida Basseta, 2</p>
<p>&nbsp;</p>
<p><a href="https://www.alteacultural.com/encontes/">Tota la programació ací</a> / <a href="https://www.alteacultural.com/encontes/?lang=es"><em>Toda la programación aquí</em></a></p>

<p>Actos en valenciano y castellano DOMINGO 30 DE ABRIL 12 h. «Vermut de contes». Narración de cuentos en la [&hellip;]</p>

<!-- This site is optimized with the Yoast SEO plugin v22.8 - https://yoast.com/wordpress/plugins/seo/ -->
<title>Narración de varios cuentos y conferencia &quot;Anar en cors: Història, llegendes i tradicions corsàries&quot; - Encontes 2023 - Altea Cultural</title>
<meta name="robots" content="index, follow, max-snippet:-1, max-image-preview:large, max-video-preview:-1" />
<link rel="canonical" href="https://www.alteacultural.com/es/events/narracio-de-contes-diversos-i-conferencia-anar-en-cors-historia-llegendes-i-tradicions-corsaries-encontes-2023/" />
<meta property="og:locale" content="es_ES" />
<meta property="og:type" content="article" />
<meta property="og:title" content="Narración de varios cuentos y conferencia &quot;Anar en cors: Història, llegendes i tradicions corsàries&quot; - Encontes 2023 - Altea Cultural" />
<meta property="og:description" content="Actos en valenciano y castellano DOMINGO 30 DE ABRIL 12 h. «Vermut de contes». Narración de cuentos en la [&hellip;]" />
<meta property="og:url" content="https://www.alteacultural.com/es/events/narracio-de-contes-diversos-i-conferencia-anar-en-cors-historia-llegendes-i-tradicions-corsaries-encontes-2023/" />
<meta property="og:site_name" content="Altea Cultural" />
<meta property="article:modified_time" content="2024-06-12T19:09:42+00:00" />
<meta property="og:image" content="https://www.alteacultural.com/wp-content/uploads/2023/03/2023-05-01-CARTEL-ENCONTES-ALTEA-2023-banner-scaled.jpg" />
	<meta property="og:image:width" content="2560" />
	<meta property="og:image:height" content="947" />
	<meta property="og:image:type" content="image/jpeg" />
<meta name="twitter:card" content="summary_large_image" />
<meta name="twitter:label1" content="Tiempo de lectura" />
	<meta name="twitter:data1" content="1 minuto" />
<script type="application/ld+json" class="yoast-schema-graph">{"@context":"https://schema.org","@graph":[{"@type":"WebPage","@id":"https://www.alteacultural.com/es/events/narracio-de-contes-diversos-i-conferencia-anar-en-cors-historia-llegendes-i-tradicions-corsaries-encontes-2023/","url":"https://www.alteacultural.com/es/events/narracio-de-contes-diversos-i-conferencia-anar-en-cors-historia-llegendes-i-tradicions-corsaries-encontes-2023/","name":"Narración de varios cuentos y conferencia \"Anar en cors: Història, llegendes i tradicions corsàries\" - Encontes 2023 - Altea Cultural","isPartOf":{"@id":"https://www.alteacultural.com/es/#website"},"primaryImageOfPage":{"@id":"https://www.alteacultural.com/es/events/narracio-de-contes-diversos-i-conferencia-anar-en-cors-historia-llegendes-i-tradicions-corsaries-encontes-2023/#primaryimage"},"image":{"@id":"https://www.alteacultural.com/es/events/narracio-de-contes-diversos-i-conferencia-anar-en-cors-historia-llegendes-i-tradicions-corsaries-encontes-2023/#primaryimage"},"thumbnailUrl":"https://www.alteacultural.com/wp-content/uploads/2023/03/2023-05-01-CARTEL-ENCONTES-ALTEA-2023-banner-scaled.jpg","datePublished":"2023-03-30T11:38:30+00:00","dateModified":"2024-06-12T19:09:42+00:00","breadcrumb":{"@id":"https://www.alteacultural.com/es/events/narracio-de-contes-diversos-i-conferencia-anar-en-cors-historia-llegendes-i-tradicions-corsaries-encontes-2023/#breadcrumb"},"inLanguage":"es","potentialAction":[{"@type":"ReadAction","target":["https://www.alteacultural.com/es/events/narracio-de-contes-diversos-i-conferencia-anar-en-cors-historia-llegendes-i-tradicions-corsaries-encontes-2023/"]}]},{"@type":"ImageObject","inLanguage":"es","@id":"https://www.alteacultural.com/es/events/narracio-de-contes-diversos-i-conferencia-anar-en-cors-historia-llegendes-i-tradicions-corsaries-encontes-2023/#primaryimage","url":"https://www.alteacultural.com/wp-content/uploads/2023/03/2023-05-01-CARTEL-ENCONTES-ALTEA-2023-banner-scaled.jpg","contentUrl":"https://www.alteacultural.com/wp-content/uploads/2023/03/2023-05-01-CARTEL-ENCONTES-ALTEA-2023-banner-scaled.jpg","width":2560,"height":947},{"@type":"BreadcrumbList","@id":"https://www.alteacultural.com/es/events/narracio-de-contes-diversos-i-conferencia-anar-en-cors-historia-llegendes-i-tradicions-corsaries-encontes-2023/#breadcrumb","itemListElement":[{"@type":"ListItem","position":1,"name":"Inici","item":"https://www.alteacultural.com/es/"},{"@type":"ListItem","position":2,"name":"Eventos","item":"https://www.alteacultural.com/es/events/"},{"@type":"ListItem","position":3,"name":"Narración de varios cuentos y conferencia &#8220;Anar en cors: Història, llegendes i tradicions corsàries&#8221; &#8211; Encontes 2023"}]},{"@type":"WebSite","@id":"https://www.alteacultural.com/es/#website","url":"https://www.alteacultural.com/es/","name":"Altea Cultural","description":"Regidoria de Cultura de l&#039;Ajuntament d&#039;Altea","potentialAction":[{"@type":"SearchAction","target":{"@type":"EntryPoint","urlTemplate":"https://www.alteacultural.com/es/?s={search_term_string}"},"query-input":"required name=search_term_string"}],"inLanguage":"es"}]}</script>
<!-- / Yoast SEO plugin. -->

Narración de varios cuentos y conferencia "Anar en cors: Història, llegendes i tradicions corsàries" - Encontes 2023 - Altea Cultural

Actos en valenciano y castellano DOMINGO 30 DE ABRIL 12 h. «Vermut de contes». Narración de cuentos en la [&hellip;]

Narración de varios cuentos y conferencia &#8220;Anar en cors: Història, llegendes i tradicions corsàries&#8221; &#8211; Encontes 2023
