{"id":25041,"date":"2023-05-08T09:38:34","date_gmt":"2023-05-08T07:38:34","guid":{"rendered":"https:\/\/www.alteacultural.com\/events\/com-sona-leso-2023-la-persona-mes-felic-del-mon\/"},"modified":"2023-05-12T17:47:39","modified_gmt":"2023-05-12T15:47:39","slug":"com-sona-leso-2023-la-persona-mes-felic-del-mon","status":"publish","type":"mec-events","link":"https:\/\/www.alteacultural.com\/es\/events\/com-sona-leso-2023-la-persona-mes-felic-del-mon\/","title":{"rendered":"Com sona l&#8217;ESO 2023: \u00abLa persona m\u00e9s feli\u00e7 del m\u00f3n\u00bb"},"content":{"rendered":"<p><strong>12-may | 22.00 h | Aparcamiento Cam\u00ed de l&#8217;Algar<\/strong><\/p>\n<p>Concierto: Com sona l&#8217;ESO 2023 Altea: \u00abLa persona m\u00e9s feli\u00e7 del m\u00f3n\u00bb.<\/p>\n<p>Un encuentro anual de alumnado y profesorado de m\u00fasica de secundaria y bachillerato donde se prepara un gran concierto conjunto: 1400 personas cantante, bailando y tocando. Una experiencia \u00fanica y espectacular. Una apuesta de la escuela p\u00fablica para la escuela p\u00fablica.<\/p>\n<p>El pr\u00f3ximo viernes 12 de mayo a los 22:00h tendr\u00e1 lugar en el parking del r\u00edo Algar (junto al polideportivo de Altea) el multitudinario espect\u00e1culo de Com sona l&#8217;ESO, \u201cLa persona m\u00e9s feli\u00e7 del m\u00f3n\u201d, en el que participa el alumnado de m\u00e1s de 70 IES de habla valenciana.<\/p>\n<p>Entrada gratuita hasta completar aforo.<\/p>\n<p><img fetchpriority=\"high\" decoding=\"async\" class=\"aligncenter wp-image-25032\" src=\"https:\/\/www.alteacultural.com\/wp-content\/uploads\/2023\/05\/2023-05-10-i-12-Com-sona-lESO-2023-Cartell.jpeg\" alt=\"\" width=\"750\" height=\"1060\" srcset=\"https:\/\/www.alteacultural.com\/wp-content\/uploads\/2023\/05\/2023-05-10-i-12-Com-sona-lESO-2023-Cartell.jpeg 1080w, https:\/\/www.alteacultural.com\/wp-content\/uploads\/2023\/05\/2023-05-10-i-12-Com-sona-lESO-2023-Cartell-768x1086.jpeg 768w\" sizes=\"(max-width: 750px) 100vw, 750px\" \/><\/p>\n","protected":false},"excerpt":{"rendered":"<p>12-may | 22.00 h | Aparcamiento Cam\u00ed de l&#8217;Algar Concierto: Com sona l&#8217;ESO 2023 Altea: \u00abLa persona m\u00e9s feli\u00e7 [&hellip;]<\/p>\n","protected":false},"author":1,"featured_media":25035,"comment_status":"open","ping_status":"closed","template":"","meta":{"_expiration-date-status":"","_expiration-date":0,"_expiration-date-type":"","_expiration-date-categories":[],"_expiration-date-options":[]},"yoast_head":"<!-- This site is optimized with the Yoast SEO plugin v22.8 - https:\/\/yoast.com\/wordpress\/plugins\/seo\/ -->\n<title>Com sona l&#039;ESO 2023: &quot;La persona m\u00e9s feli\u00e7 del m\u00f3n&quot; - Altea Cultural<\/title>\n<meta name=\"robots\" content=\"index, follow, max-snippet:-1, max-image-preview:large, max-video-preview:-1\" \/>\n<link rel=\"canonical\" href=\"https:\/\/www.alteacultural.com\/es\/events\/com-sona-leso-2023-la-persona-mes-felic-del-mon\/\" \/>\n<meta property=\"og:locale\" content=\"es_ES\" \/>\n<meta property=\"og:type\" content=\"article\" \/>\n<meta property=\"og:title\" content=\"Com sona l&#039;ESO 2023: &quot;La persona m\u00e9s feli\u00e7 del m\u00f3n&quot; - Altea Cultural\" \/>\n<meta property=\"og:description\" content=\"12-may | 22.00 h | Aparcamiento Cam\u00ed de l&#8217;Algar Concierto: Com sona l&#8217;ESO 2023 Altea: \u00abLa persona m\u00e9s feli\u00e7 [&hellip;]\" \/>\n<meta property=\"og:url\" content=\"https:\/\/www.alteacultural.com\/es\/events\/com-sona-leso-2023-la-persona-mes-felic-del-mon\/\" \/>\n<meta property=\"og:site_name\" content=\"Altea Cultural\" \/>\n<meta property=\"article:modified_time\" content=\"2023-05-12T15:47:39+00:00\" \/>\n<meta property=\"og:image\" content=\"https:\/\/www.alteacultural.com\/wp-content\/uploads\/2023\/05\/2023-05-10-i-12-Com-sona-lESO-2023-Altea-B.jpg\" \/>\n\t<meta property=\"og:image:width\" content=\"1068\" \/>\n\t<meta property=\"og:image:height\" content=\"463\" \/>\n\t<meta property=\"og:image:type\" content=\"image\/jpeg\" \/>\n<meta name=\"twitter:card\" content=\"summary_large_image\" \/>\n<meta name=\"twitter:label1\" content=\"Tiempo de lectura\" \/>\n\t<meta name=\"twitter:data1\" content=\"1 minuto\" \/>\n<script type=\"application\/ld+json\" class=\"yoast-schema-graph\">{\"@context\":\"https:\/\/schema.org\",\"@graph\":[{\"@type\":\"WebPage\",\"@id\":\"https:\/\/www.alteacultural.com\/es\/events\/com-sona-leso-2023-la-persona-mes-felic-del-mon\/\",\"url\":\"https:\/\/www.alteacultural.com\/es\/events\/com-sona-leso-2023-la-persona-mes-felic-del-mon\/\",\"name\":\"Com sona l'ESO 2023: \\\"La persona m\u00e9s feli\u00e7 del m\u00f3n\\\" - Altea Cultural\",\"isPartOf\":{\"@id\":\"https:\/\/www.alteacultural.com\/es\/#website\"},\"primaryImageOfPage\":{\"@id\":\"https:\/\/www.alteacultural.com\/es\/events\/com-sona-leso-2023-la-persona-mes-felic-del-mon\/#primaryimage\"},\"image\":{\"@id\":\"https:\/\/www.alteacultural.com\/es\/events\/com-sona-leso-2023-la-persona-mes-felic-del-mon\/#primaryimage\"},\"thumbnailUrl\":\"https:\/\/www.alteacultural.com\/wp-content\/uploads\/2023\/05\/2023-05-10-i-12-Com-sona-lESO-2023-Altea-B.jpg\",\"datePublished\":\"2023-05-08T07:38:34+00:00\",\"dateModified\":\"2023-05-12T15:47:39+00:00\",\"breadcrumb\":{\"@id\":\"https:\/\/www.alteacultural.com\/es\/events\/com-sona-leso-2023-la-persona-mes-felic-del-mon\/#breadcrumb\"},\"inLanguage\":\"es\",\"potentialAction\":[{\"@type\":\"ReadAction\",\"target\":[\"https:\/\/www.alteacultural.com\/es\/events\/com-sona-leso-2023-la-persona-mes-felic-del-mon\/\"]}]},{\"@type\":\"ImageObject\",\"inLanguage\":\"es\",\"@id\":\"https:\/\/www.alteacultural.com\/es\/events\/com-sona-leso-2023-la-persona-mes-felic-del-mon\/#primaryimage\",\"url\":\"https:\/\/www.alteacultural.com\/wp-content\/uploads\/2023\/05\/2023-05-10-i-12-Com-sona-lESO-2023-Altea-B.jpg\",\"contentUrl\":\"https:\/\/www.alteacultural.com\/wp-content\/uploads\/2023\/05\/2023-05-10-i-12-Com-sona-lESO-2023-Altea-B.jpg\",\"width\":1068,\"height\":463},{\"@type\":\"BreadcrumbList\",\"@id\":\"https:\/\/www.alteacultural.com\/es\/events\/com-sona-leso-2023-la-persona-mes-felic-del-mon\/#breadcrumb\",\"itemListElement\":[{\"@type\":\"ListItem\",\"position\":1,\"name\":\"Inici\",\"item\":\"https:\/\/www.alteacultural.com\/es\/\"},{\"@type\":\"ListItem\",\"position\":2,\"name\":\"Eventos\",\"item\":\"https:\/\/www.alteacultural.com\/es\/events\/\"},{\"@type\":\"ListItem\",\"position\":3,\"name\":\"Com sona l&#8217;ESO 2023: &#8220;La persona m\u00e9s feli\u00e7 del m\u00f3n&#8221;\"}]},{\"@type\":\"WebSite\",\"@id\":\"https:\/\/www.alteacultural.com\/es\/#website\",\"url\":\"https:\/\/www.alteacultural.com\/es\/\",\"name\":\"Altea Cultural\",\"description\":\"Regidoria de Cultura de l&#039;Ajuntament d&#039;Altea\",\"potentialAction\":[{\"@type\":\"SearchAction\",\"target\":{\"@type\":\"EntryPoint\",\"urlTemplate\":\"https:\/\/www.alteacultural.com\/es\/?s={search_term_string}\"},\"query-input\":\"required name=search_term_string\"}],\"inLanguage\":\"es\"}]}<\/script>\n<!-- \/ Yoast SEO plugin. -->","yoast_head_json":{"title":"Com sona l'ESO 2023: \"La persona m\u00e9s feli\u00e7 del m\u00f3n\" - Altea Cultural","robots":{"index":"index","follow":"follow","max-snippet":"max-snippet:-1","max-image-preview":"max-image-preview:large","max-video-preview":"max-video-preview:-1"},"canonical":"https:\/\/www.alteacultural.com\/es\/events\/com-sona-leso-2023-la-persona-mes-felic-del-mon\/","og_locale":"es_ES","og_type":"article","og_title":"Com sona l'ESO 2023: \"La persona m\u00e9s feli\u00e7 del m\u00f3n\" - Altea Cultural","og_description":"12-may | 22.00 h | Aparcamiento Cam\u00ed de l&#8217;Algar Concierto: Com sona l&#8217;ESO 2023 Altea: \u00abLa persona m\u00e9s feli\u00e7 [&hellip;]","og_url":"https:\/\/www.alteacultural.com\/es\/events\/com-sona-leso-2023-la-persona-mes-felic-del-mon\/","og_site_name":"Altea Cultural","article_modified_time":"2023-05-12T15:47:39+00:00","og_image":[{"width":1068,"height":463,"url":"https:\/\/www.alteacultural.com\/wp-content\/uploads\/2023\/05\/2023-05-10-i-12-Com-sona-lESO-2023-Altea-B.jpg","type":"image\/jpeg"}],"twitter_card":"summary_large_image","twitter_misc":{"Tiempo de lectura":"1 minuto"},"schema":{"@context":"https:\/\/schema.org","@graph":[{"@type":"WebPage","@id":"https:\/\/www.alteacultural.com\/es\/events\/com-sona-leso-2023-la-persona-mes-felic-del-mon\/","url":"https:\/\/www.alteacultural.com\/es\/events\/com-sona-leso-2023-la-persona-mes-felic-del-mon\/","name":"Com sona l'ESO 2023: \"La persona m\u00e9s feli\u00e7 del m\u00f3n\" - Altea Cultural","isPartOf":{"@id":"https:\/\/www.alteacultural.com\/es\/#website"},"primaryImageOfPage":{"@id":"https:\/\/www.alteacultural.com\/es\/events\/com-sona-leso-2023-la-persona-mes-felic-del-mon\/#primaryimage"},"image":{"@id":"https:\/\/www.alteacultural.com\/es\/events\/com-sona-leso-2023-la-persona-mes-felic-del-mon\/#primaryimage"},"thumbnailUrl":"https:\/\/www.alteacultural.com\/wp-content\/uploads\/2023\/05\/2023-05-10-i-12-Com-sona-lESO-2023-Altea-B.jpg","datePublished":"2023-05-08T07:38:34+00:00","dateModified":"2023-05-12T15:47:39+00:00","breadcrumb":{"@id":"https:\/\/www.alteacultural.com\/es\/events\/com-sona-leso-2023-la-persona-mes-felic-del-mon\/#breadcrumb"},"inLanguage":"es","potentialAction":[{"@type":"ReadAction","target":["https:\/\/www.alteacultural.com\/es\/events\/com-sona-leso-2023-la-persona-mes-felic-del-mon\/"]}]},{"@type":"ImageObject","inLanguage":"es","@id":"https:\/\/www.alteacultural.com\/es\/events\/com-sona-leso-2023-la-persona-mes-felic-del-mon\/#primaryimage","url":"https:\/\/www.alteacultural.com\/wp-content\/uploads\/2023\/05\/2023-05-10-i-12-Com-sona-lESO-2023-Altea-B.jpg","contentUrl":"https:\/\/www.alteacultural.com\/wp-content\/uploads\/2023\/05\/2023-05-10-i-12-Com-sona-lESO-2023-Altea-B.jpg","width":1068,"height":463},{"@type":"BreadcrumbList","@id":"https:\/\/www.alteacultural.com\/es\/events\/com-sona-leso-2023-la-persona-mes-felic-del-mon\/#breadcrumb","itemListElement":[{"@type":"ListItem","position":1,"name":"Inici","item":"https:\/\/www.alteacultural.com\/es\/"},{"@type":"ListItem","position":2,"name":"Eventos","item":"https:\/\/www.alteacultural.com\/es\/events\/"},{"@type":"ListItem","position":3,"name":"Com sona l&#8217;ESO 2023: &#8220;La persona m\u00e9s feli\u00e7 del m\u00f3n&#8221;"}]},{"@type":"WebSite","@id":"https:\/\/www.alteacultural.com\/es\/#website","url":"https:\/\/www.alteacultural.com\/es\/","name":"Altea Cultural","description":"Regidoria de Cultura de l&#039;Ajuntament d&#039;Altea","potentialAction":[{"@type":"SearchAction","target":{"@type":"EntryPoint","urlTemplate":"https:\/\/www.alteacultural.com\/es\/?s={search_term_string}"},"query-input":"required name=search_term_string"}],"inLanguage":"es"}]}},"mec_cost":"Entrada gratuita hasta completar aforo","mec_date":{"start":{"date":"2023-05-12","hour":10,"minutes":"0","ampm":"PM"},"end":{"date":"2023-05-12","hour":11,"minutes":"45","ampm":"PM"},"comment":"","repeat":{"type":"daily","interval":"1","advanced":"","end":"never","end_at_date":"","end_at_occurrences":"10"}},"_links":{"self":[{"href":"https:\/\/www.alteacultural.com\/es\/wp-json\/wp\/v2\/mec-events\/25041"}],"collection":[{"href":"https:\/\/www.alteacultural.com\/es\/wp-json\/wp\/v2\/mec-events"}],"about":[{"href":"https:\/\/www.alteacultural.com\/es\/wp-json\/wp\/v2\/types\/mec-events"}],"author":[{"embeddable":true,"href":"https:\/\/www.alteacultural.com\/es\/wp-json\/wp\/v2\/users\/1"}],"replies":[{"embeddable":true,"href":"https:\/\/www.alteacultural.com\/es\/wp-json\/wp\/v2\/comments?post=25041"}],"wp:featuredmedia":[{"embeddable":true,"href":"https:\/\/www.alteacultural.com\/es\/wp-json\/wp\/v2\/media\/25035"}],"wp:attachment":[{"href":"https:\/\/www.alteacultural.com\/es\/wp-json\/wp\/v2\/media?parent=25041"}],"curies":[{"name":"wp","href":"https:\/\/api.w.org\/{rel}","templated":true}]}}

Com sona l&#8217;ESO 2023: «La persona més feliç del món»

<p><strong>12-may | 22.00 h | Aparcamiento Camí de l&#8217;Algar</strong></p>
<p>Concierto: Com sona l&#8217;ESO 2023 Altea: «La persona més feliç del món».</p>
<p>Un encuentro anual de alumnado y profesorado de música de secundaria y bachillerato donde se prepara un gran concierto conjunto: 1400 personas cantante, bailando y tocando. Una experiencia única y espectacular. Una apuesta de la escuela pública para la escuela pública.</p>
<p>El próximo viernes 12 de mayo a los 22:00h tendrá lugar en el parking del río Algar (junto al polideportivo de Altea) el multitudinario espectáculo de Com sona l&#8217;ESO, “La persona més feliç del món”, en el que participa el alumnado de más de 70 IES de habla valenciana.</p>
<p>Entrada gratuita hasta completar aforo.</p>
<p><img fetchpriority="high" decoding="async" class="aligncenter wp-image-25032" src="https://www.alteacultural.com/wp-content/uploads/2023/05/2023-05-10-i-12-Com-sona-lESO-2023-Cartell.jpeg" alt="" width="750" height="1060" srcset="https://www.alteacultural.com/wp-content/uploads/2023/05/2023-05-10-i-12-Com-sona-lESO-2023-Cartell.jpeg 1080w, https://www.alteacultural.com/wp-content/uploads/2023/05/2023-05-10-i-12-Com-sona-lESO-2023-Cartell-768x1086.jpeg 768w" sizes="(max-width: 750px) 100vw, 750px" /></p>

<p>12-may | 22.00 h | Aparcamiento Camí de l&#8217;Algar Concierto: Com sona l&#8217;ESO 2023 Altea: «La persona més feliç [&hellip;]</p>

<!-- This site is optimized with the Yoast SEO plugin v22.8 - https://yoast.com/wordpress/plugins/seo/ -->
<title>Com sona l&#039;ESO 2023: &quot;La persona més feliç del món&quot; - Altea Cultural</title>
<meta name="robots" content="index, follow, max-snippet:-1, max-image-preview:large, max-video-preview:-1" />
<link rel="canonical" href="https://www.alteacultural.com/es/events/com-sona-leso-2023-la-persona-mes-felic-del-mon/" />
<meta property="og:locale" content="es_ES" />
<meta property="og:type" content="article" />
<meta property="og:title" content="Com sona l&#039;ESO 2023: &quot;La persona més feliç del món&quot; - Altea Cultural" />
<meta property="og:description" content="12-may | 22.00 h | Aparcamiento Camí de l&#8217;Algar Concierto: Com sona l&#8217;ESO 2023 Altea: «La persona més feliç [&hellip;]" />
<meta property="og:url" content="https://www.alteacultural.com/es/events/com-sona-leso-2023-la-persona-mes-felic-del-mon/" />
<meta property="og:site_name" content="Altea Cultural" />
<meta property="article:modified_time" content="2023-05-12T15:47:39+00:00" />
<meta property="og:image" content="https://www.alteacultural.com/wp-content/uploads/2023/05/2023-05-10-i-12-Com-sona-lESO-2023-Altea-B.jpg" />
	<meta property="og:image:width" content="1068" />
	<meta property="og:image:height" content="463" />
	<meta property="og:image:type" content="image/jpeg" />
<meta name="twitter:card" content="summary_large_image" />
<meta name="twitter:label1" content="Tiempo de lectura" />
	<meta name="twitter:data1" content="1 minuto" />
<script type="application/ld+json" class="yoast-schema-graph">{"@context":"https://schema.org","@graph":[{"@type":"WebPage","@id":"https://www.alteacultural.com/es/events/com-sona-leso-2023-la-persona-mes-felic-del-mon/","url":"https://www.alteacultural.com/es/events/com-sona-leso-2023-la-persona-mes-felic-del-mon/","name":"Com sona l'ESO 2023: \"La persona més feliç del món\" - Altea Cultural","isPartOf":{"@id":"https://www.alteacultural.com/es/#website"},"primaryImageOfPage":{"@id":"https://www.alteacultural.com/es/events/com-sona-leso-2023-la-persona-mes-felic-del-mon/#primaryimage"},"image":{"@id":"https://www.alteacultural.com/es/events/com-sona-leso-2023-la-persona-mes-felic-del-mon/#primaryimage"},"thumbnailUrl":"https://www.alteacultural.com/wp-content/uploads/2023/05/2023-05-10-i-12-Com-sona-lESO-2023-Altea-B.jpg","datePublished":"2023-05-08T07:38:34+00:00","dateModified":"2023-05-12T15:47:39+00:00","breadcrumb":{"@id":"https://www.alteacultural.com/es/events/com-sona-leso-2023-la-persona-mes-felic-del-mon/#breadcrumb"},"inLanguage":"es","potentialAction":[{"@type":"ReadAction","target":["https://www.alteacultural.com/es/events/com-sona-leso-2023-la-persona-mes-felic-del-mon/"]}]},{"@type":"ImageObject","inLanguage":"es","@id":"https://www.alteacultural.com/es/events/com-sona-leso-2023-la-persona-mes-felic-del-mon/#primaryimage","url":"https://www.alteacultural.com/wp-content/uploads/2023/05/2023-05-10-i-12-Com-sona-lESO-2023-Altea-B.jpg","contentUrl":"https://www.alteacultural.com/wp-content/uploads/2023/05/2023-05-10-i-12-Com-sona-lESO-2023-Altea-B.jpg","width":1068,"height":463},{"@type":"BreadcrumbList","@id":"https://www.alteacultural.com/es/events/com-sona-leso-2023-la-persona-mes-felic-del-mon/#breadcrumb","itemListElement":[{"@type":"ListItem","position":1,"name":"Inici","item":"https://www.alteacultural.com/es/"},{"@type":"ListItem","position":2,"name":"Eventos","item":"https://www.alteacultural.com/es/events/"},{"@type":"ListItem","position":3,"name":"Com sona l&#8217;ESO 2023: &#8220;La persona més feliç del món&#8221;"}]},{"@type":"WebSite","@id":"https://www.alteacultural.com/es/#website","url":"https://www.alteacultural.com/es/","name":"Altea Cultural","description":"Regidoria de Cultura de l&#039;Ajuntament d&#039;Altea","potentialAction":[{"@type":"SearchAction","target":{"@type":"EntryPoint","urlTemplate":"https://www.alteacultural.com/es/?s={search_term_string}"},"query-input":"required name=search_term_string"}],"inLanguage":"es"}]}</script>
<!-- / Yoast SEO plugin. -->

Com sona l'ESO 2023: "La persona més feliç del món" - Altea Cultural

12-may | 22.00 h | Aparcamiento Camí de l&#8217;Algar Concierto: Com sona l&#8217;ESO 2023 Altea: «La persona més feliç [&hellip;]

Com sona l&#8217;ESO 2023: &#8220;La persona més feliç del món&#8221;
