{"id":2573,"date":"2021-02-23T08:39:20","date_gmt":"2021-02-23T07:39:20","guid":{"rendered":"https:\/\/www.alteacultural.com\/?post_type=mec-events&#038;p=2573"},"modified":"2021-04-08T11:05:10","modified_gmt":"2021-04-08T09:05:10","slug":"ano-zero-laviebel","status":"publish","type":"mec-events","link":"https:\/\/www.alteacultural.com\/es\/events\/ano-zero-laviebel\/","title":{"rendered":"[CANCELADO] A\u00f1o Zero. Laviebel"},"content":{"rendered":"<p><span style=\"color: #ff0000;\"><strong>ACTO CANCELADO<br \/>\n<\/strong><\/span><span style=\"color: #ff0000;\">(+info 965 84 33 59 \/ taquilla@palaualtea.es)<\/span><\/p>\n<p><strong>10 de abril | 18h | Palau Altea<\/strong><\/p>\n<p>Un a\u00f1o Zero es una p\u00e1gina en blanco, uno de esos momentos en que empieza todo. A\u00d1O ZERO habla sobre la amistad, sobre el proyecto vital de 3 compa\u00f1eras inseparables. Las historias de A\u00d1O ZERO son HISTORIAS REALES. Tanto los personajes como los sucesos que se desarrollan en escena, son una remezcla libre de las vidas de las actrices y de la pandilla de las hijas del director. El objetivo es tocar tierra para conectar al p\u00fablico de hoy con referentes, temas y enfoques que atraviesan el tiempo. 3 actrices en escena. Un espect\u00e1culo \u00e1gil y lleno de contrastes, con una fuerte impronta musical. Un homenaje al Rock and Roll. A\u00d1O ZERO llama a la reflexi\u00f3n y la fiesta.<\/p>\n<p>Mati, Ramona y Amanda, crearon su grupo de m\u00fasica A\u00d1O ZERO, cuando ten\u00edan 12 a\u00f1os. En la funci\u00f3n de hoy, se meter\u00e1n en la m\u00e1quina del tiempo para vivir de nuevo, aquellos momentos que supusieron un antes y un despu\u00e9s en sus vidas, un verdadero a\u00f1o cero: El nacimiento de Ramona en un taxi, envuelta en una toalla de Los Ramones, Los S\u00e1bados de Rock en Familia en el Parad\u00eds, el garito rockero del barrio, El divorcio amistoso de los padres de Amanda, El d\u00eda en que se creyeron mayores e hicieron novillos, El bullying que sufri\u00f3 Mati y la fuerza de la amistad para superarlo, Aquel concierto de los Rolling Stones, al que fueron con sus padres, La presentaci\u00f3n de A\u00d1O ZERO en el Parad\u00eds. Componer canciones para afrontar los problemas y celebrar las cosas buenas de la vida\u2026 El poder del arte colectivo para enfrentarse a la realidad y reflexionar sobre ella. Quiz\u00e1s sea el momento de un nuevo a\u00f1o cero, quiz\u00e1s simplemente necesiten recordar de donde vienen, para comprender hacia donde van.<\/p>\n<p>&nbsp;<\/p>\n<p>Trailer:<\/p>\n<p><center><iframe data-src=\"https:\/\/www.youtube.com\/embed\/F66A76nTdOQ\" width=\"560\" height=\"315\" frameborder=\"0\" allowfullscreen=\"allowfullscreen\" src=\"data:image\/gif;base64,R0lGODlhAQABAAAAACH5BAEKAAEALAAAAAABAAEAAAICTAEAOw==\" class=\"lazyload\" data-load-mode=\"1\"><\/iframe><\/center>&nbsp;<\/p>\n<p>M\u00e1s informaci\u00f3n: <a href=\"https:\/\/laviebel.com\/ano-zero\/\">https:\/\/laviebel.com\/ano-zero\/<\/a><\/p>\n","protected":false},"excerpt":{"rendered":"<p>ACTO CANCELADO (+info 965 84 33 59 \/ taquilla@palaualtea.es) 10 de abril | 18h | Palau Altea Un a\u00f1o [&hellip;]<\/p>\n","protected":false},"author":1,"featured_media":2574,"comment_status":"open","ping_status":"closed","template":"","meta":{"_expiration-date-status":"saved","_expiration-date":0,"_expiration-date-type":"","_expiration-date-categories":[],"_expiration-date-options":[]},"yoast_head":"<!-- This site is optimized with the Yoast SEO plugin v22.8 - https:\/\/yoast.com\/wordpress\/plugins\/seo\/ -->\n<title>[CANCELADO] A\u00f1o Zero. Laviebel - Altea Cultural<\/title>\n<meta name=\"robots\" content=\"index, follow, max-snippet:-1, max-image-preview:large, max-video-preview:-1\" \/>\n<link rel=\"canonical\" href=\"https:\/\/www.alteacultural.com\/es\/events\/ano-zero-laviebel\/\" \/>\n<meta property=\"og:locale\" content=\"es_ES\" \/>\n<meta property=\"og:type\" content=\"article\" \/>\n<meta property=\"og:title\" content=\"[CANCELADO] A\u00f1o Zero. Laviebel - Altea Cultural\" \/>\n<meta property=\"og:description\" content=\"ACTO CANCELADO (+info 965 84 33 59 \/ taquilla@palaualtea.es) 10 de abril | 18h | Palau Altea Un a\u00f1o [&hellip;]\" \/>\n<meta property=\"og:url\" content=\"https:\/\/www.alteacultural.com\/es\/events\/ano-zero-laviebel\/\" \/>\n<meta property=\"og:site_name\" content=\"Altea Cultural\" \/>\n<meta property=\"article:modified_time\" content=\"2021-04-08T09:05:10+00:00\" \/>\n<meta property=\"og:image\" content=\"https:\/\/www.alteacultural.com\/wp-content\/uploads\/2021\/02\/ano-zero.jpg\" \/>\n\t<meta property=\"og:image:width\" content=\"1620\" \/>\n\t<meta property=\"og:image:height\" content=\"929\" \/>\n\t<meta property=\"og:image:type\" content=\"image\/jpeg\" \/>\n<meta name=\"twitter:card\" content=\"summary_large_image\" \/>\n<meta name=\"twitter:label1\" content=\"Tiempo de lectura\" \/>\n\t<meta name=\"twitter:data1\" content=\"2 minutos\" \/>\n<script type=\"application\/ld+json\" class=\"yoast-schema-graph\">{\"@context\":\"https:\/\/schema.org\",\"@graph\":[{\"@type\":\"WebPage\",\"@id\":\"https:\/\/www.alteacultural.com\/es\/events\/ano-zero-laviebel\/\",\"url\":\"https:\/\/www.alteacultural.com\/es\/events\/ano-zero-laviebel\/\",\"name\":\"[CANCELADO] A\u00f1o Zero. Laviebel - Altea Cultural\",\"isPartOf\":{\"@id\":\"https:\/\/www.alteacultural.com\/es\/#website\"},\"primaryImageOfPage\":{\"@id\":\"https:\/\/www.alteacultural.com\/es\/events\/ano-zero-laviebel\/#primaryimage\"},\"image\":{\"@id\":\"https:\/\/www.alteacultural.com\/es\/events\/ano-zero-laviebel\/#primaryimage\"},\"thumbnailUrl\":\"https:\/\/www.alteacultural.com\/wp-content\/uploads\/2021\/02\/ano-zero.jpg\",\"datePublished\":\"2021-02-23T07:39:20+00:00\",\"dateModified\":\"2021-04-08T09:05:10+00:00\",\"breadcrumb\":{\"@id\":\"https:\/\/www.alteacultural.com\/es\/events\/ano-zero-laviebel\/#breadcrumb\"},\"inLanguage\":\"es\",\"potentialAction\":[{\"@type\":\"ReadAction\",\"target\":[\"https:\/\/www.alteacultural.com\/es\/events\/ano-zero-laviebel\/\"]}]},{\"@type\":\"ImageObject\",\"inLanguage\":\"es\",\"@id\":\"https:\/\/www.alteacultural.com\/es\/events\/ano-zero-laviebel\/#primaryimage\",\"url\":\"https:\/\/www.alteacultural.com\/wp-content\/uploads\/2021\/02\/ano-zero.jpg\",\"contentUrl\":\"https:\/\/www.alteacultural.com\/wp-content\/uploads\/2021\/02\/ano-zero.jpg\",\"width\":1620,\"height\":929},{\"@type\":\"BreadcrumbList\",\"@id\":\"https:\/\/www.alteacultural.com\/es\/events\/ano-zero-laviebel\/#breadcrumb\",\"itemListElement\":[{\"@type\":\"ListItem\",\"position\":1,\"name\":\"Inici\",\"item\":\"https:\/\/www.alteacultural.com\/es\/\"},{\"@type\":\"ListItem\",\"position\":2,\"name\":\"Eventos\",\"item\":\"https:\/\/www.alteacultural.com\/es\/events\/\"},{\"@type\":\"ListItem\",\"position\":3,\"name\":\"[CANCELADO] A\u00f1o Zero. Laviebel\"}]},{\"@type\":\"WebSite\",\"@id\":\"https:\/\/www.alteacultural.com\/es\/#website\",\"url\":\"https:\/\/www.alteacultural.com\/es\/\",\"name\":\"Altea Cultural\",\"description\":\"Regidoria de Cultura de l&#039;Ajuntament d&#039;Altea\",\"potentialAction\":[{\"@type\":\"SearchAction\",\"target\":{\"@type\":\"EntryPoint\",\"urlTemplate\":\"https:\/\/www.alteacultural.com\/es\/?s={search_term_string}\"},\"query-input\":\"required name=search_term_string\"}],\"inLanguage\":\"es\"}]}<\/script>\n<!-- \/ Yoast SEO plugin. -->","yoast_head_json":{"title":"[CANCELADO] A\u00f1o Zero. Laviebel - Altea Cultural","robots":{"index":"index","follow":"follow","max-snippet":"max-snippet:-1","max-image-preview":"max-image-preview:large","max-video-preview":"max-video-preview:-1"},"canonical":"https:\/\/www.alteacultural.com\/es\/events\/ano-zero-laviebel\/","og_locale":"es_ES","og_type":"article","og_title":"[CANCELADO] A\u00f1o Zero. Laviebel - Altea Cultural","og_description":"ACTO CANCELADO (+info 965 84 33 59 \/ taquilla@palaualtea.es) 10 de abril | 18h | Palau Altea Un a\u00f1o [&hellip;]","og_url":"https:\/\/www.alteacultural.com\/es\/events\/ano-zero-laviebel\/","og_site_name":"Altea Cultural","article_modified_time":"2021-04-08T09:05:10+00:00","og_image":[{"width":1620,"height":929,"url":"https:\/\/www.alteacultural.com\/wp-content\/uploads\/2021\/02\/ano-zero.jpg","type":"image\/jpeg"}],"twitter_card":"summary_large_image","twitter_misc":{"Tiempo de lectura":"2 minutos"},"schema":{"@context":"https:\/\/schema.org","@graph":[{"@type":"WebPage","@id":"https:\/\/www.alteacultural.com\/es\/events\/ano-zero-laviebel\/","url":"https:\/\/www.alteacultural.com\/es\/events\/ano-zero-laviebel\/","name":"[CANCELADO] A\u00f1o Zero. Laviebel - Altea Cultural","isPartOf":{"@id":"https:\/\/www.alteacultural.com\/es\/#website"},"primaryImageOfPage":{"@id":"https:\/\/www.alteacultural.com\/es\/events\/ano-zero-laviebel\/#primaryimage"},"image":{"@id":"https:\/\/www.alteacultural.com\/es\/events\/ano-zero-laviebel\/#primaryimage"},"thumbnailUrl":"https:\/\/www.alteacultural.com\/wp-content\/uploads\/2021\/02\/ano-zero.jpg","datePublished":"2021-02-23T07:39:20+00:00","dateModified":"2021-04-08T09:05:10+00:00","breadcrumb":{"@id":"https:\/\/www.alteacultural.com\/es\/events\/ano-zero-laviebel\/#breadcrumb"},"inLanguage":"es","potentialAction":[{"@type":"ReadAction","target":["https:\/\/www.alteacultural.com\/es\/events\/ano-zero-laviebel\/"]}]},{"@type":"ImageObject","inLanguage":"es","@id":"https:\/\/www.alteacultural.com\/es\/events\/ano-zero-laviebel\/#primaryimage","url":"https:\/\/www.alteacultural.com\/wp-content\/uploads\/2021\/02\/ano-zero.jpg","contentUrl":"https:\/\/www.alteacultural.com\/wp-content\/uploads\/2021\/02\/ano-zero.jpg","width":1620,"height":929},{"@type":"BreadcrumbList","@id":"https:\/\/www.alteacultural.com\/es\/events\/ano-zero-laviebel\/#breadcrumb","itemListElement":[{"@type":"ListItem","position":1,"name":"Inici","item":"https:\/\/www.alteacultural.com\/es\/"},{"@type":"ListItem","position":2,"name":"Eventos","item":"https:\/\/www.alteacultural.com\/es\/events\/"},{"@type":"ListItem","position":3,"name":"[CANCELADO] A\u00f1o Zero. Laviebel"}]},{"@type":"WebSite","@id":"https:\/\/www.alteacultural.com\/es\/#website","url":"https:\/\/www.alteacultural.com\/es\/","name":"Altea Cultural","description":"Regidoria de Cultura de l&#039;Ajuntament d&#039;Altea","potentialAction":[{"@type":"SearchAction","target":{"@type":"EntryPoint","urlTemplate":"https:\/\/www.alteacultural.com\/es\/?s={search_term_string}"},"query-input":"required name=search_term_string"}],"inLanguage":"es"}]}},"mec_cost":"desde 16\u20ac (precio general)","mec_date":{"start":{"date":"2021-04-10","hour":6,"minutes":"0","ampm":"PM"},"end":{"date":"2021-04-10","hour":8,"minutes":"0","ampm":"PM"},"comment":"","repeat":{"type":"daily","interval":"1","advanced":"","end":"never","end_at_date":"","end_at_occurrences":"10"}},"_links":{"self":[{"href":"https:\/\/www.alteacultural.com\/es\/wp-json\/wp\/v2\/mec-events\/2573"}],"collection":[{"href":"https:\/\/www.alteacultural.com\/es\/wp-json\/wp\/v2\/mec-events"}],"about":[{"href":"https:\/\/www.alteacultural.com\/es\/wp-json\/wp\/v2\/types\/mec-events"}],"author":[{"embeddable":true,"href":"https:\/\/www.alteacultural.com\/es\/wp-json\/wp\/v2\/users\/1"}],"replies":[{"embeddable":true,"href":"https:\/\/www.alteacultural.com\/es\/wp-json\/wp\/v2\/comments?post=2573"}],"wp:featuredmedia":[{"embeddable":true,"href":"https:\/\/www.alteacultural.com\/es\/wp-json\/wp\/v2\/media\/2574"}],"wp:attachment":[{"href":"https:\/\/www.alteacultural.com\/es\/wp-json\/wp\/v2\/media?parent=2573"}],"curies":[{"name":"wp","href":"https:\/\/api.w.org\/{rel}","templated":true}]}}

[CANCELADO] Año Zero. Laviebel

<p><span style="color: #ff0000;"><strong>ACTO CANCELADO<br />
</strong></span><span style="color: #ff0000;">(+info 965 84 33 59 / taquilla@palaualtea.es)</span></p>
<p><strong>10 de abril | 18h | Palau Altea</strong></p>
<p>Un año Zero es una página en blanco, uno de esos momentos en que empieza todo. AÑO ZERO habla sobre la amistad, sobre el proyecto vital de 3 compañeras inseparables. Las historias de AÑO ZERO son HISTORIAS REALES. Tanto los personajes como los sucesos que se desarrollan en escena, son una remezcla libre de las vidas de las actrices y de la pandilla de las hijas del director. El objetivo es tocar tierra para conectar al público de hoy con referentes, temas y enfoques que atraviesan el tiempo. 3 actrices en escena. Un espectáculo ágil y lleno de contrastes, con una fuerte impronta musical. Un homenaje al Rock and Roll. AÑO ZERO llama a la reflexión y la fiesta.</p>
<p>Mati, Ramona y Amanda, crearon su grupo de música AÑO ZERO, cuando tenían 12 años. En la función de hoy, se meterán en la máquina del tiempo para vivir de nuevo, aquellos momentos que supusieron un antes y un después en sus vidas, un verdadero año cero: El nacimiento de Ramona en un taxi, envuelta en una toalla de Los Ramones, Los Sábados de Rock en Familia en el Paradís, el garito rockero del barrio, El divorcio amistoso de los padres de Amanda, El día en que se creyeron mayores e hicieron novillos, El bullying que sufrió Mati y la fuerza de la amistad para superarlo, Aquel concierto de los Rolling Stones, al que fueron con sus padres, La presentación de AÑO ZERO en el Paradís. Componer canciones para afrontar los problemas y celebrar las cosas buenas de la vida… El poder del arte colectivo para enfrentarse a la realidad y reflexionar sobre ella. Quizás sea el momento de un nuevo año cero, quizás simplemente necesiten recordar de donde vienen, para comprender hacia donde van.</p>
<p>&nbsp;</p>
<p>Trailer:</p>
<p><center><iframe data-src="https://www.youtube.com/embed/F66A76nTdOQ" width="560" height="315" frameborder="0" allowfullscreen="allowfullscreen" src="data:image/gif;base64,R0lGODlhAQABAAAAACH5BAEKAAEALAAAAAABAAEAAAICTAEAOw==" class="lazyload" data-load-mode="1"></iframe></center>&nbsp;</p>
<p>Más información: <a href="https://laviebel.com/ano-zero/">https://laviebel.com/ano-zero/</a></p>

<p>ACTO CANCELADO (+info 965 84 33 59 / taquilla@palaualtea.es) 10 de abril | 18h | Palau Altea Un año [&hellip;]</p>

<!-- This site is optimized with the Yoast SEO plugin v22.8 - https://yoast.com/wordpress/plugins/seo/ -->
<title>[CANCELADO] Año Zero. Laviebel - Altea Cultural</title>
<meta name="robots" content="index, follow, max-snippet:-1, max-image-preview:large, max-video-preview:-1" />
<link rel="canonical" href="https://www.alteacultural.com/es/events/ano-zero-laviebel/" />
<meta property="og:locale" content="es_ES" />
<meta property="og:type" content="article" />
<meta property="og:title" content="[CANCELADO] Año Zero. Laviebel - Altea Cultural" />
<meta property="og:description" content="ACTO CANCELADO (+info 965 84 33 59 / taquilla@palaualtea.es) 10 de abril | 18h | Palau Altea Un año [&hellip;]" />
<meta property="og:url" content="https://www.alteacultural.com/es/events/ano-zero-laviebel/" />
<meta property="og:site_name" content="Altea Cultural" />
<meta property="article:modified_time" content="2021-04-08T09:05:10+00:00" />
<meta property="og:image" content="https://www.alteacultural.com/wp-content/uploads/2021/02/ano-zero.jpg" />
	<meta property="og:image:width" content="1620" />
	<meta property="og:image:height" content="929" />
	<meta property="og:image:type" content="image/jpeg" />
<meta name="twitter:card" content="summary_large_image" />
<meta name="twitter:label1" content="Tiempo de lectura" />
	<meta name="twitter:data1" content="2 minutos" />
<script type="application/ld+json" class="yoast-schema-graph">{"@context":"https://schema.org","@graph":[{"@type":"WebPage","@id":"https://www.alteacultural.com/es/events/ano-zero-laviebel/","url":"https://www.alteacultural.com/es/events/ano-zero-laviebel/","name":"[CANCELADO] Año Zero. Laviebel - Altea Cultural","isPartOf":{"@id":"https://www.alteacultural.com/es/#website"},"primaryImageOfPage":{"@id":"https://www.alteacultural.com/es/events/ano-zero-laviebel/#primaryimage"},"image":{"@id":"https://www.alteacultural.com/es/events/ano-zero-laviebel/#primaryimage"},"thumbnailUrl":"https://www.alteacultural.com/wp-content/uploads/2021/02/ano-zero.jpg","datePublished":"2021-02-23T07:39:20+00:00","dateModified":"2021-04-08T09:05:10+00:00","breadcrumb":{"@id":"https://www.alteacultural.com/es/events/ano-zero-laviebel/#breadcrumb"},"inLanguage":"es","potentialAction":[{"@type":"ReadAction","target":["https://www.alteacultural.com/es/events/ano-zero-laviebel/"]}]},{"@type":"ImageObject","inLanguage":"es","@id":"https://www.alteacultural.com/es/events/ano-zero-laviebel/#primaryimage","url":"https://www.alteacultural.com/wp-content/uploads/2021/02/ano-zero.jpg","contentUrl":"https://www.alteacultural.com/wp-content/uploads/2021/02/ano-zero.jpg","width":1620,"height":929},{"@type":"BreadcrumbList","@id":"https://www.alteacultural.com/es/events/ano-zero-laviebel/#breadcrumb","itemListElement":[{"@type":"ListItem","position":1,"name":"Inici","item":"https://www.alteacultural.com/es/"},{"@type":"ListItem","position":2,"name":"Eventos","item":"https://www.alteacultural.com/es/events/"},{"@type":"ListItem","position":3,"name":"[CANCELADO] Año Zero. Laviebel"}]},{"@type":"WebSite","@id":"https://www.alteacultural.com/es/#website","url":"https://www.alteacultural.com/es/","name":"Altea Cultural","description":"Regidoria de Cultura de l&#039;Ajuntament d&#039;Altea","potentialAction":[{"@type":"SearchAction","target":{"@type":"EntryPoint","urlTemplate":"https://www.alteacultural.com/es/?s={search_term_string}"},"query-input":"required name=search_term_string"}],"inLanguage":"es"}]}</script>
<!-- / Yoast SEO plugin. -->

[CANCELADO] Año Zero. Laviebel - Altea Cultural

ACTO CANCELADO (+info 965 84 33 59 / taquilla@palaualtea.es) 10 de abril | 18h | Palau Altea Un año [&hellip;]
