{"id":2588,"date":"2021-02-24T10:19:48","date_gmt":"2021-02-24T09:19:48","guid":{"rendered":"https:\/\/www.alteacultural.com\/events\/michaels-legacy\/"},"modified":"2021-04-26T08:26:56","modified_gmt":"2021-04-26T06:26:56","slug":"michaels-legacy","status":"publish","type":"mec-events","link":"https:\/\/www.alteacultural.com\/es\/events\/michaels-legacy\/","title":{"rendered":"Michael&#8217;s Legacy"},"content":{"rendered":"<p><strong>29 de mayo | 26\u20ac | Palau Altea<\/strong><\/p>\n<p>Michael\u2019s Legacy es el primer homenaje a Michael Jackson que ofrece el concepto de espect\u00e1culo que ten\u00eda el rey del pop en sus giras. Michael\u2019s Legacy trata de un espect\u00e1culo apto para todas las edades, en el cual se podr\u00e1 disfrutar de una escenograf\u00eda muy cuidada, con r\u00e9plicas exactas de las canciones originales y un toque especial dado por la compa\u00f1\u00eda en sus representaciones, con un gran cuerpo de baile formado por 11 bailarines y grandes voces en directo que nos transmitir\u00e1n a la perfecci\u00f3n los mensajes que el rey del pop nos hac\u00eda llegar en cada una de sus actuaciones, haci\u00e9ndote vivir una incre\u00edble historia como si t\u00fa fueses el protagonista.<\/p>\n<p>Este incre\u00edble grupo art\u00edstico est\u00e1 formado por un elenco de casi veinte personas entre bailarines, actores, cantantes y t\u00e9cnicos, que junto a su capacidad interpretativa nos transmitir\u00e1n a la perfecci\u00f3n los mensajes que el rey del pop nos hac\u00eda llegar en cada una de sus actuaciones. Para ello contamos con el mejor Impersonator del Rey del Pop, Ximo MJ, con gran parecido f\u00edsico y capaz de realizar y transmitir a la perfecci\u00f3n, cada movimiento y gesto que acompa\u00f1aban en cada uno de sus conciertos a este gran artista como fue MICHAEL JACKSON.<\/p>\n<p>Trailer:<\/p>\n<p><center><iframe data-src=\"https:\/\/www.youtube.com\/embed\/4CGFlm7fwwk\" width=\"560\" height=\"315\" frameborder=\"0\" allowfullscreen=\"allowfullscreen\" src=\"data:image\/gif;base64,R0lGODlhAQABAAAAACH5BAEKAAEALAAAAAABAAEAAAICTAEAOw==\" class=\"lazyload\" data-load-mode=\"1\"><\/iframe><\/center>&nbsp;<\/p>\n<p>M\u00e1s informaci\u00f3n: <a href=\"https:\/\/www.michaelslegacy.net\/\">https:\/\/www.michaelslegacy.net\/<\/a><\/p>\n","protected":false},"excerpt":{"rendered":"<p>29 de mayo | 26\u20ac | Palau Altea Michael\u2019s Legacy es el primer homenaje a Michael Jackson que ofrece [&hellip;]<\/p>\n","protected":false},"author":1,"featured_media":2587,"comment_status":"open","ping_status":"closed","template":"","meta":{"_expiration-date-status":"saved","_expiration-date":0,"_expiration-date-type":"","_expiration-date-categories":[],"_expiration-date-options":[]},"yoast_head":"<!-- This site is optimized with the Yoast SEO plugin v22.8 - https:\/\/yoast.com\/wordpress\/plugins\/seo\/ -->\n<title>Michael&#039;s Legacy - Altea Cultural<\/title>\n<meta name=\"robots\" content=\"index, follow, max-snippet:-1, max-image-preview:large, max-video-preview:-1\" \/>\n<link rel=\"canonical\" href=\"https:\/\/www.alteacultural.com\/es\/events\/michaels-legacy\/\" \/>\n<meta property=\"og:locale\" content=\"es_ES\" \/>\n<meta property=\"og:type\" content=\"article\" \/>\n<meta property=\"og:title\" content=\"Michael&#039;s Legacy - Altea Cultural\" \/>\n<meta property=\"og:description\" content=\"29 de mayo | 26\u20ac | Palau Altea Michael\u2019s Legacy es el primer homenaje a Michael Jackson que ofrece [&hellip;]\" \/>\n<meta property=\"og:url\" content=\"https:\/\/www.alteacultural.com\/es\/events\/michaels-legacy\/\" \/>\n<meta property=\"og:site_name\" content=\"Altea Cultural\" \/>\n<meta property=\"article:modified_time\" content=\"2021-04-26T06:26:56+00:00\" \/>\n<meta property=\"og:image\" content=\"https:\/\/www.alteacultural.com\/wp-content\/uploads\/2021\/02\/michael2.jpg\" \/>\n\t<meta property=\"og:image:width\" content=\"1280\" \/>\n\t<meta property=\"og:image:height\" content=\"720\" \/>\n\t<meta property=\"og:image:type\" content=\"image\/jpeg\" \/>\n<meta name=\"twitter:card\" content=\"summary_large_image\" \/>\n<meta name=\"twitter:label1\" content=\"Tiempo de lectura\" \/>\n\t<meta name=\"twitter:data1\" content=\"1 minuto\" \/>\n<script type=\"application\/ld+json\" class=\"yoast-schema-graph\">{\"@context\":\"https:\/\/schema.org\",\"@graph\":[{\"@type\":\"WebPage\",\"@id\":\"https:\/\/www.alteacultural.com\/es\/events\/michaels-legacy\/\",\"url\":\"https:\/\/www.alteacultural.com\/es\/events\/michaels-legacy\/\",\"name\":\"Michael's Legacy - Altea Cultural\",\"isPartOf\":{\"@id\":\"https:\/\/www.alteacultural.com\/es\/#website\"},\"primaryImageOfPage\":{\"@id\":\"https:\/\/www.alteacultural.com\/es\/events\/michaels-legacy\/#primaryimage\"},\"image\":{\"@id\":\"https:\/\/www.alteacultural.com\/es\/events\/michaels-legacy\/#primaryimage\"},\"thumbnailUrl\":\"https:\/\/www.alteacultural.com\/wp-content\/uploads\/2021\/02\/michael2.jpg\",\"datePublished\":\"2021-02-24T09:19:48+00:00\",\"dateModified\":\"2021-04-26T06:26:56+00:00\",\"breadcrumb\":{\"@id\":\"https:\/\/www.alteacultural.com\/es\/events\/michaels-legacy\/#breadcrumb\"},\"inLanguage\":\"es\",\"potentialAction\":[{\"@type\":\"ReadAction\",\"target\":[\"https:\/\/www.alteacultural.com\/es\/events\/michaels-legacy\/\"]}]},{\"@type\":\"ImageObject\",\"inLanguage\":\"es\",\"@id\":\"https:\/\/www.alteacultural.com\/es\/events\/michaels-legacy\/#primaryimage\",\"url\":\"https:\/\/www.alteacultural.com\/wp-content\/uploads\/2021\/02\/michael2.jpg\",\"contentUrl\":\"https:\/\/www.alteacultural.com\/wp-content\/uploads\/2021\/02\/michael2.jpg\",\"width\":1280,\"height\":720},{\"@type\":\"BreadcrumbList\",\"@id\":\"https:\/\/www.alteacultural.com\/es\/events\/michaels-legacy\/#breadcrumb\",\"itemListElement\":[{\"@type\":\"ListItem\",\"position\":1,\"name\":\"Inici\",\"item\":\"https:\/\/www.alteacultural.com\/es\/\"},{\"@type\":\"ListItem\",\"position\":2,\"name\":\"Eventos\",\"item\":\"https:\/\/www.alteacultural.com\/es\/events\/\"},{\"@type\":\"ListItem\",\"position\":3,\"name\":\"Michael&#8217;s Legacy\"}]},{\"@type\":\"WebSite\",\"@id\":\"https:\/\/www.alteacultural.com\/es\/#website\",\"url\":\"https:\/\/www.alteacultural.com\/es\/\",\"name\":\"Altea Cultural\",\"description\":\"Regidoria de Cultura de l&#039;Ajuntament d&#039;Altea\",\"potentialAction\":[{\"@type\":\"SearchAction\",\"target\":{\"@type\":\"EntryPoint\",\"urlTemplate\":\"https:\/\/www.alteacultural.com\/es\/?s={search_term_string}\"},\"query-input\":\"required name=search_term_string\"}],\"inLanguage\":\"es\"}]}<\/script>\n<!-- \/ Yoast SEO plugin. -->","yoast_head_json":{"title":"Michael's Legacy - Altea Cultural","robots":{"index":"index","follow":"follow","max-snippet":"max-snippet:-1","max-image-preview":"max-image-preview:large","max-video-preview":"max-video-preview:-1"},"canonical":"https:\/\/www.alteacultural.com\/es\/events\/michaels-legacy\/","og_locale":"es_ES","og_type":"article","og_title":"Michael's Legacy - Altea Cultural","og_description":"29 de mayo | 26\u20ac | Palau Altea Michael\u2019s Legacy es el primer homenaje a Michael Jackson que ofrece [&hellip;]","og_url":"https:\/\/www.alteacultural.com\/es\/events\/michaels-legacy\/","og_site_name":"Altea Cultural","article_modified_time":"2021-04-26T06:26:56+00:00","og_image":[{"width":1280,"height":720,"url":"https:\/\/www.alteacultural.com\/wp-content\/uploads\/2021\/02\/michael2.jpg","type":"image\/jpeg"}],"twitter_card":"summary_large_image","twitter_misc":{"Tiempo de lectura":"1 minuto"},"schema":{"@context":"https:\/\/schema.org","@graph":[{"@type":"WebPage","@id":"https:\/\/www.alteacultural.com\/es\/events\/michaels-legacy\/","url":"https:\/\/www.alteacultural.com\/es\/events\/michaels-legacy\/","name":"Michael's Legacy - Altea Cultural","isPartOf":{"@id":"https:\/\/www.alteacultural.com\/es\/#website"},"primaryImageOfPage":{"@id":"https:\/\/www.alteacultural.com\/es\/events\/michaels-legacy\/#primaryimage"},"image":{"@id":"https:\/\/www.alteacultural.com\/es\/events\/michaels-legacy\/#primaryimage"},"thumbnailUrl":"https:\/\/www.alteacultural.com\/wp-content\/uploads\/2021\/02\/michael2.jpg","datePublished":"2021-02-24T09:19:48+00:00","dateModified":"2021-04-26T06:26:56+00:00","breadcrumb":{"@id":"https:\/\/www.alteacultural.com\/es\/events\/michaels-legacy\/#breadcrumb"},"inLanguage":"es","potentialAction":[{"@type":"ReadAction","target":["https:\/\/www.alteacultural.com\/es\/events\/michaels-legacy\/"]}]},{"@type":"ImageObject","inLanguage":"es","@id":"https:\/\/www.alteacultural.com\/es\/events\/michaels-legacy\/#primaryimage","url":"https:\/\/www.alteacultural.com\/wp-content\/uploads\/2021\/02\/michael2.jpg","contentUrl":"https:\/\/www.alteacultural.com\/wp-content\/uploads\/2021\/02\/michael2.jpg","width":1280,"height":720},{"@type":"BreadcrumbList","@id":"https:\/\/www.alteacultural.com\/es\/events\/michaels-legacy\/#breadcrumb","itemListElement":[{"@type":"ListItem","position":1,"name":"Inici","item":"https:\/\/www.alteacultural.com\/es\/"},{"@type":"ListItem","position":2,"name":"Eventos","item":"https:\/\/www.alteacultural.com\/es\/events\/"},{"@type":"ListItem","position":3,"name":"Michael&#8217;s Legacy"}]},{"@type":"WebSite","@id":"https:\/\/www.alteacultural.com\/es\/#website","url":"https:\/\/www.alteacultural.com\/es\/","name":"Altea Cultural","description":"Regidoria de Cultura de l&#039;Ajuntament d&#039;Altea","potentialAction":[{"@type":"SearchAction","target":{"@type":"EntryPoint","urlTemplate":"https:\/\/www.alteacultural.com\/es\/?s={search_term_string}"},"query-input":"required name=search_term_string"}],"inLanguage":"es"}]}},"mec_cost":"26\u20ac (precio general)","mec_date":{"start":{"date":"2021-05-29","hour":8,"minutes":"30","ampm":"PM"},"end":{"date":"2021-05-29","hour":10,"minutes":"0","ampm":"PM"},"comment":"","repeat":{"type":"daily","interval":"1","advanced":"","end":"never","end_at_date":"","end_at_occurrences":"10"}},"_links":{"self":[{"href":"https:\/\/www.alteacultural.com\/es\/wp-json\/wp\/v2\/mec-events\/2588"}],"collection":[{"href":"https:\/\/www.alteacultural.com\/es\/wp-json\/wp\/v2\/mec-events"}],"about":[{"href":"https:\/\/www.alteacultural.com\/es\/wp-json\/wp\/v2\/types\/mec-events"}],"author":[{"embeddable":true,"href":"https:\/\/www.alteacultural.com\/es\/wp-json\/wp\/v2\/users\/1"}],"replies":[{"embeddable":true,"href":"https:\/\/www.alteacultural.com\/es\/wp-json\/wp\/v2\/comments?post=2588"}],"wp:featuredmedia":[{"embeddable":true,"href":"https:\/\/www.alteacultural.com\/es\/wp-json\/wp\/v2\/media\/2587"}],"wp:attachment":[{"href":"https:\/\/www.alteacultural.com\/es\/wp-json\/wp\/v2\/media?parent=2588"}],"curies":[{"name":"wp","href":"https:\/\/api.w.org\/{rel}","templated":true}]}}

<p><strong>29 de mayo | 26€ | Palau Altea</strong></p>
<p>Michael’s Legacy es el primer homenaje a Michael Jackson que ofrece el concepto de espectáculo que tenía el rey del pop en sus giras. Michael’s Legacy trata de un espectáculo apto para todas las edades, en el cual se podrá disfrutar de una escenografía muy cuidada, con réplicas exactas de las canciones originales y un toque especial dado por la compañía en sus representaciones, con un gran cuerpo de baile formado por 11 bailarines y grandes voces en directo que nos transmitirán a la perfección los mensajes que el rey del pop nos hacía llegar en cada una de sus actuaciones, haciéndote vivir una increíble historia como si tú fueses el protagonista.</p>
<p>Este increíble grupo artístico está formado por un elenco de casi veinte personas entre bailarines, actores, cantantes y técnicos, que junto a su capacidad interpretativa nos transmitirán a la perfección los mensajes que el rey del pop nos hacía llegar en cada una de sus actuaciones. Para ello contamos con el mejor Impersonator del Rey del Pop, Ximo MJ, con gran parecido físico y capaz de realizar y transmitir a la perfección, cada movimiento y gesto que acompañaban en cada uno de sus conciertos a este gran artista como fue MICHAEL JACKSON.</p>
<p>Trailer:</p>
<p><center><iframe data-src="https://www.youtube.com/embed/4CGFlm7fwwk" width="560" height="315" frameborder="0" allowfullscreen="allowfullscreen" src="data:image/gif;base64,R0lGODlhAQABAAAAACH5BAEKAAEALAAAAAABAAEAAAICTAEAOw==" class="lazyload" data-load-mode="1"></iframe></center>&nbsp;</p>
<p>Más información: <a href="https://www.michaelslegacy.net/">https://www.michaelslegacy.net/</a></p>
