{"id":2603,"date":"2021-02-24T17:25:09","date_gmt":"2021-02-24T16:25:09","guid":{"rendered":"https:\/\/www.alteacultural.com\/events\/en-palabras-de-jo-mujercitas\/"},"modified":"2022-01-21T20:29:19","modified_gmt":"2022-01-21T19:29:19","slug":"en-palabras-de-jo-mujercitas","status":"publish","type":"mec-events","link":"https:\/\/www.alteacultural.com\/es\/events\/en-palabras-de-jo-mujercitas\/","title":{"rendered":"En palabras de jo&#8230;Mujercitas"},"content":{"rendered":"<p>23 de enero | 19:30 h | Palau Altea<\/p>\n<p>&nbsp;<\/p>\n<p>En palabras de Jo&#8230; Mujercitas narra el proceso de escritura de la c\u00e9lebre pieza de Louisa May Alcott y que tanto ha influido en diferentes mujeres de generaciones posteriores. As\u00ed, haciendo uso de otras piezas de la escritora (tambi\u00e9n sus dramas y sus novelas er\u00f3ticas) y de sus firmes convicciones pol\u00edticas y feministas, volvemos a revisitar la c\u00e9lebre Mujercitas, desde el presente, desde la iron\u00eda, desde el doble significado, leyendo \u201centre l\u00edneas\u201d \u2026 desde lo que quiz\u00e1s\u2026 a la vista de la biograf\u00eda de la autora\u2026 pensamos que quer\u00eda decir.<\/p>\n<p>Tr\u00e1iler:<\/p>\n<p><center><iframe data-src=\"https:\/\/www.youtube.com\/embed\/qIVFJalQUks\" width=\"560\" height=\"315\" frameborder=\"0\" allowfullscreen=\"allowfullscreen\" src=\"data:image\/gif;base64,R0lGODlhAQABAAAAACH5BAEKAAEALAAAAAABAAEAAAICTAEAOw==\" class=\"lazyload\" data-load-mode=\"1\"><\/iframe><\/center>&nbsp;<\/p>\n<p>M\u00e1s informaci\u00f3n: <a href=\"https:\/\/www.comolaseda.com\/mujercitas--en-palabras-de-jo-.html\">https:\/\/www.comolaseda.com\/mujercitas&#8211;en-palabras-de-jo-.html<\/a><\/p>\n","protected":false},"excerpt":{"rendered":"<p>23 de enero | 19:30 h | Palau Altea &nbsp; En palabras de Jo&#8230; Mujercitas narra el proceso de [&hellip;]<\/p>\n","protected":false},"author":1,"featured_media":2602,"comment_status":"open","ping_status":"closed","template":"","meta":{"_expiration-date-status":"saved","_expiration-date":0,"_expiration-date-type":"","_expiration-date-categories":[],"_expiration-date-options":[]},"yoast_head":"<!-- This site is optimized with the Yoast SEO plugin v22.8 - https:\/\/yoast.com\/wordpress\/plugins\/seo\/ -->\n<title>En palabras de jo...Mujercitas - Altea Cultural<\/title>\n<meta name=\"robots\" content=\"index, follow, max-snippet:-1, max-image-preview:large, max-video-preview:-1\" \/>\n<link rel=\"canonical\" href=\"https:\/\/www.alteacultural.com\/es\/events\/en-palabras-de-jo-mujercitas\/\" \/>\n<meta property=\"og:locale\" content=\"es_ES\" \/>\n<meta property=\"og:type\" content=\"article\" \/>\n<meta property=\"og:title\" content=\"En palabras de jo...Mujercitas - Altea Cultural\" \/>\n<meta property=\"og:description\" content=\"23 de enero | 19:30 h | Palau Altea &nbsp; En palabras de Jo&#8230; Mujercitas narra el proceso de [&hellip;]\" \/>\n<meta property=\"og:url\" content=\"https:\/\/www.alteacultural.com\/es\/events\/en-palabras-de-jo-mujercitas\/\" \/>\n<meta property=\"og:site_name\" content=\"Altea Cultural\" \/>\n<meta property=\"article:modified_time\" content=\"2022-01-21T19:29:19+00:00\" \/>\n<meta property=\"og:image\" content=\"https:\/\/www.alteacultural.com\/wp-content\/uploads\/2021\/02\/mujercitas.jpg\" \/>\n\t<meta property=\"og:image:width\" content=\"900\" \/>\n\t<meta property=\"og:image:height\" content=\"473\" \/>\n\t<meta property=\"og:image:type\" content=\"image\/jpeg\" \/>\n<meta name=\"twitter:card\" content=\"summary_large_image\" \/>\n<meta name=\"twitter:label1\" content=\"Tiempo de lectura\" \/>\n\t<meta name=\"twitter:data1\" content=\"1 minuto\" \/>\n<script type=\"application\/ld+json\" class=\"yoast-schema-graph\">{\"@context\":\"https:\/\/schema.org\",\"@graph\":[{\"@type\":\"WebPage\",\"@id\":\"https:\/\/www.alteacultural.com\/es\/events\/en-palabras-de-jo-mujercitas\/\",\"url\":\"https:\/\/www.alteacultural.com\/es\/events\/en-palabras-de-jo-mujercitas\/\",\"name\":\"En palabras de jo...Mujercitas - Altea Cultural\",\"isPartOf\":{\"@id\":\"https:\/\/www.alteacultural.com\/es\/#website\"},\"primaryImageOfPage\":{\"@id\":\"https:\/\/www.alteacultural.com\/es\/events\/en-palabras-de-jo-mujercitas\/#primaryimage\"},\"image\":{\"@id\":\"https:\/\/www.alteacultural.com\/es\/events\/en-palabras-de-jo-mujercitas\/#primaryimage\"},\"thumbnailUrl\":\"https:\/\/www.alteacultural.com\/wp-content\/uploads\/2021\/02\/mujercitas.jpg\",\"datePublished\":\"2021-02-24T16:25:09+00:00\",\"dateModified\":\"2022-01-21T19:29:19+00:00\",\"breadcrumb\":{\"@id\":\"https:\/\/www.alteacultural.com\/es\/events\/en-palabras-de-jo-mujercitas\/#breadcrumb\"},\"inLanguage\":\"es\",\"potentialAction\":[{\"@type\":\"ReadAction\",\"target\":[\"https:\/\/www.alteacultural.com\/es\/events\/en-palabras-de-jo-mujercitas\/\"]}]},{\"@type\":\"ImageObject\",\"inLanguage\":\"es\",\"@id\":\"https:\/\/www.alteacultural.com\/es\/events\/en-palabras-de-jo-mujercitas\/#primaryimage\",\"url\":\"https:\/\/www.alteacultural.com\/wp-content\/uploads\/2021\/02\/mujercitas.jpg\",\"contentUrl\":\"https:\/\/www.alteacultural.com\/wp-content\/uploads\/2021\/02\/mujercitas.jpg\",\"width\":900,\"height\":473},{\"@type\":\"BreadcrumbList\",\"@id\":\"https:\/\/www.alteacultural.com\/es\/events\/en-palabras-de-jo-mujercitas\/#breadcrumb\",\"itemListElement\":[{\"@type\":\"ListItem\",\"position\":1,\"name\":\"Inici\",\"item\":\"https:\/\/www.alteacultural.com\/es\/\"},{\"@type\":\"ListItem\",\"position\":2,\"name\":\"Eventos\",\"item\":\"https:\/\/www.alteacultural.com\/es\/events\/\"},{\"@type\":\"ListItem\",\"position\":3,\"name\":\"En palabras de jo&#8230;Mujercitas\"}]},{\"@type\":\"WebSite\",\"@id\":\"https:\/\/www.alteacultural.com\/es\/#website\",\"url\":\"https:\/\/www.alteacultural.com\/es\/\",\"name\":\"Altea Cultural\",\"description\":\"Regidoria de Cultura de l&#039;Ajuntament d&#039;Altea\",\"potentialAction\":[{\"@type\":\"SearchAction\",\"target\":{\"@type\":\"EntryPoint\",\"urlTemplate\":\"https:\/\/www.alteacultural.com\/es\/?s={search_term_string}\"},\"query-input\":\"required name=search_term_string\"}],\"inLanguage\":\"es\"}]}<\/script>\n<!-- \/ Yoast SEO plugin. -->","yoast_head_json":{"title":"En palabras de jo...Mujercitas - Altea Cultural","robots":{"index":"index","follow":"follow","max-snippet":"max-snippet:-1","max-image-preview":"max-image-preview:large","max-video-preview":"max-video-preview:-1"},"canonical":"https:\/\/www.alteacultural.com\/es\/events\/en-palabras-de-jo-mujercitas\/","og_locale":"es_ES","og_type":"article","og_title":"En palabras de jo...Mujercitas - Altea Cultural","og_description":"23 de enero | 19:30 h | Palau Altea &nbsp; En palabras de Jo&#8230; Mujercitas narra el proceso de [&hellip;]","og_url":"https:\/\/www.alteacultural.com\/es\/events\/en-palabras-de-jo-mujercitas\/","og_site_name":"Altea Cultural","article_modified_time":"2022-01-21T19:29:19+00:00","og_image":[{"width":900,"height":473,"url":"https:\/\/www.alteacultural.com\/wp-content\/uploads\/2021\/02\/mujercitas.jpg","type":"image\/jpeg"}],"twitter_card":"summary_large_image","twitter_misc":{"Tiempo de lectura":"1 minuto"},"schema":{"@context":"https:\/\/schema.org","@graph":[{"@type":"WebPage","@id":"https:\/\/www.alteacultural.com\/es\/events\/en-palabras-de-jo-mujercitas\/","url":"https:\/\/www.alteacultural.com\/es\/events\/en-palabras-de-jo-mujercitas\/","name":"En palabras de jo...Mujercitas - Altea Cultural","isPartOf":{"@id":"https:\/\/www.alteacultural.com\/es\/#website"},"primaryImageOfPage":{"@id":"https:\/\/www.alteacultural.com\/es\/events\/en-palabras-de-jo-mujercitas\/#primaryimage"},"image":{"@id":"https:\/\/www.alteacultural.com\/es\/events\/en-palabras-de-jo-mujercitas\/#primaryimage"},"thumbnailUrl":"https:\/\/www.alteacultural.com\/wp-content\/uploads\/2021\/02\/mujercitas.jpg","datePublished":"2021-02-24T16:25:09+00:00","dateModified":"2022-01-21T19:29:19+00:00","breadcrumb":{"@id":"https:\/\/www.alteacultural.com\/es\/events\/en-palabras-de-jo-mujercitas\/#breadcrumb"},"inLanguage":"es","potentialAction":[{"@type":"ReadAction","target":["https:\/\/www.alteacultural.com\/es\/events\/en-palabras-de-jo-mujercitas\/"]}]},{"@type":"ImageObject","inLanguage":"es","@id":"https:\/\/www.alteacultural.com\/es\/events\/en-palabras-de-jo-mujercitas\/#primaryimage","url":"https:\/\/www.alteacultural.com\/wp-content\/uploads\/2021\/02\/mujercitas.jpg","contentUrl":"https:\/\/www.alteacultural.com\/wp-content\/uploads\/2021\/02\/mujercitas.jpg","width":900,"height":473},{"@type":"BreadcrumbList","@id":"https:\/\/www.alteacultural.com\/es\/events\/en-palabras-de-jo-mujercitas\/#breadcrumb","itemListElement":[{"@type":"ListItem","position":1,"name":"Inici","item":"https:\/\/www.alteacultural.com\/es\/"},{"@type":"ListItem","position":2,"name":"Eventos","item":"https:\/\/www.alteacultural.com\/es\/events\/"},{"@type":"ListItem","position":3,"name":"En palabras de jo&#8230;Mujercitas"}]},{"@type":"WebSite","@id":"https:\/\/www.alteacultural.com\/es\/#website","url":"https:\/\/www.alteacultural.com\/es\/","name":"Altea Cultural","description":"Regidoria de Cultura de l&#039;Ajuntament d&#039;Altea","potentialAction":[{"@type":"SearchAction","target":{"@type":"EntryPoint","urlTemplate":"https:\/\/www.alteacultural.com\/es\/?s={search_term_string}"},"query-input":"required name=search_term_string"}],"inLanguage":"es"}]}},"mec_cost":"23\u20ac (precio general)","mec_date":{"start":{"date":"2022-01-23","hour":7,"minutes":"30","ampm":"PM"},"end":{"date":"2022-01-23","hour":9,"minutes":"0","ampm":"PM"},"comment":"","repeat":{"type":"daily","interval":"1","advanced":"","end":"never","end_at_date":"","end_at_occurrences":"10"}},"_links":{"self":[{"href":"https:\/\/www.alteacultural.com\/es\/wp-json\/wp\/v2\/mec-events\/2603"}],"collection":[{"href":"https:\/\/www.alteacultural.com\/es\/wp-json\/wp\/v2\/mec-events"}],"about":[{"href":"https:\/\/www.alteacultural.com\/es\/wp-json\/wp\/v2\/types\/mec-events"}],"author":[{"embeddable":true,"href":"https:\/\/www.alteacultural.com\/es\/wp-json\/wp\/v2\/users\/1"}],"replies":[{"embeddable":true,"href":"https:\/\/www.alteacultural.com\/es\/wp-json\/wp\/v2\/comments?post=2603"}],"wp:featuredmedia":[{"embeddable":true,"href":"https:\/\/www.alteacultural.com\/es\/wp-json\/wp\/v2\/media\/2602"}],"wp:attachment":[{"href":"https:\/\/www.alteacultural.com\/es\/wp-json\/wp\/v2\/media?parent=2603"}],"curies":[{"name":"wp","href":"https:\/\/api.w.org\/{rel}","templated":true}]}}

<p>23 de enero | 19:30 h | Palau Altea</p>
<p>&nbsp;</p>
<p>En palabras de Jo&#8230; Mujercitas narra el proceso de escritura de la célebre pieza de Louisa May Alcott y que tanto ha influido en diferentes mujeres de generaciones posteriores. Así, haciendo uso de otras piezas de la escritora (también sus dramas y sus novelas eróticas) y de sus firmes convicciones políticas y feministas, volvemos a revisitar la célebre Mujercitas, desde el presente, desde la ironía, desde el doble significado, leyendo “entre líneas” … desde lo que quizás… a la vista de la biografía de la autora… pensamos que quería decir.</p>
<p>Tráiler:</p>
<p><center><iframe data-src="https://www.youtube.com/embed/qIVFJalQUks" width="560" height="315" frameborder="0" allowfullscreen="allowfullscreen" src="data:image/gif;base64,R0lGODlhAQABAAAAACH5BAEKAAEALAAAAAABAAEAAAICTAEAOw==" class="lazyload" data-load-mode="1"></iframe></center>&nbsp;</p>
<p>Más información: <a href="https://www.comolaseda.com/mujercitas--en-palabras-de-jo-.html">https://www.comolaseda.com/mujercitas&#8211;en-palabras-de-jo-.html</a></p>
