{"id":27215,"date":"2023-08-04T12:37:03","date_gmt":"2023-08-04T10:37:03","guid":{"rendered":"https:\/\/www.alteacultural.com\/events\/dansa-la-bella-durmiente-international-ballet-company\/"},"modified":"2023-11-01T22:08:06","modified_gmt":"2023-11-01T21:08:06","slug":"dansa-la-bella-durmiente-international-ballet-company","status":"publish","type":"mec-events","link":"https:\/\/www.alteacultural.com\/es\/events\/dansa-la-bella-durmiente-international-ballet-company\/","title":{"rendered":"Danza: \u00abLa Bella Durmiente\u00bb- International Ballet Company"},"content":{"rendered":"<p><strong>30-dic | 18:00 | Palau Altea<\/strong><\/p>\n<p>La Bella Durmiente es una de las grandes partituras para ballet (junto con \u201cEl Lago de los Cisnes\u201d y \u201cCascanueces\u201d) compuestas por Tchaikovski. Data de 1890 y corresponde por tanto a un romanticismo tard\u00edo. Pero aunque ese romanticismo se rompa en el cuento de Perrault en el que se basa, queda compensado con una m\u00fasica inspirada y luminosa y con una coreograf\u00eda, la de Marius Petipa, que logr\u00f3 un modelo insuperado y una obra maestra del ballet cl\u00e1sico, con pasajes antol\u00f3gicos marcando las escenas claves de la acci\u00f3n y con, libre ya de todo pretexto narrativo, una verdadera exhibici\u00f3n acad\u00e9mica en el <em>divertissement final<\/em>.<\/p>\n<p>FICHA ART\u00cdSTICA:<\/p>\n<p>M\u00daSICA: PIOTR ILICH TCHAIKOVSKY<\/p>\n<p>LIBRETO: A. VSEVOLOJSKY<\/p>\n<p>COREOGRAF\u00cdA: MARIUS PETIPA<\/p>\n<p>DIRECTOR: TIMUR FAYZIEV<\/p>\n<p>DURACI\u00d3N: 1a parte 60&#8242; &#8211; Descanso 20&#8242; &#8211; 2a parte 45&#8242;. (Total 120 min.)<\/p>\n<p>EDAD RECOMENDADA: Para todos los p\u00fablicos.<\/p>\n<p>Entrada 33 \u20ac<\/p>\n<p>&nbsp;<\/p>\n<p><img fetchpriority=\"high\" decoding=\"async\" class=\"aligncenter wp-image-27209\" src=\"https:\/\/www.alteacultural.com\/wp-content\/uploads\/2023\/08\/Belladurmiento-cartel.jpeg\" alt=\"\" width=\"750\" height=\"502\" srcset=\"https:\/\/www.alteacultural.com\/wp-content\/uploads\/2023\/08\/Belladurmiento-cartel.jpeg 1024w, https:\/\/www.alteacultural.com\/wp-content\/uploads\/2023\/08\/Belladurmiento-cartel-768x514.jpeg 768w\" sizes=\"(max-width: 750px) 100vw, 750px\" \/><\/p>\n","protected":false},"excerpt":{"rendered":"<p>30-dic | 18:00 | Palau Altea La Bella Durmiente es una de las grandes partituras para ballet (junto con [&hellip;]<\/p>\n","protected":false},"author":1,"featured_media":27214,"comment_status":"open","ping_status":"closed","template":"","meta":{"_expiration-date-status":"","_expiration-date":0,"_expiration-date-type":"","_expiration-date-categories":[],"_expiration-date-options":[]},"yoast_head":"<!-- This site is optimized with the Yoast SEO plugin v22.8 - https:\/\/yoast.com\/wordpress\/plugins\/seo\/ -->\n<title>Danza: &quot;La Bella Durmiente&quot;- International Ballet Company - Altea Cultural<\/title>\n<meta name=\"robots\" content=\"index, follow, max-snippet:-1, max-image-preview:large, max-video-preview:-1\" \/>\n<link rel=\"canonical\" href=\"https:\/\/www.alteacultural.com\/es\/events\/dansa-la-bella-durmiente-international-ballet-company\/\" \/>\n<meta property=\"og:locale\" content=\"es_ES\" \/>\n<meta property=\"og:type\" content=\"article\" \/>\n<meta property=\"og:title\" content=\"Danza: &quot;La Bella Durmiente&quot;- International Ballet Company - Altea Cultural\" \/>\n<meta property=\"og:description\" content=\"30-dic | 18:00 | Palau Altea La Bella Durmiente es una de las grandes partituras para ballet (junto con [&hellip;]\" \/>\n<meta property=\"og:url\" content=\"https:\/\/www.alteacultural.com\/es\/events\/dansa-la-bella-durmiente-international-ballet-company\/\" \/>\n<meta property=\"og:site_name\" content=\"Altea Cultural\" \/>\n<meta property=\"article:modified_time\" content=\"2023-11-01T21:08:06+00:00\" \/>\n<meta property=\"og:image\" content=\"https:\/\/www.alteacultural.com\/wp-content\/uploads\/2023\/08\/2023.12.30-Belladurmiento-b-1.jpg\" \/>\n\t<meta property=\"og:image:width\" content=\"1010\" \/>\n\t<meta property=\"og:image:height\" content=\"200\" \/>\n\t<meta property=\"og:image:type\" content=\"image\/jpeg\" \/>\n<meta name=\"twitter:card\" content=\"summary_large_image\" \/>\n<meta name=\"twitter:label1\" content=\"Tiempo de lectura\" \/>\n\t<meta name=\"twitter:data1\" content=\"1 minuto\" \/>\n<script type=\"application\/ld+json\" class=\"yoast-schema-graph\">{\"@context\":\"https:\/\/schema.org\",\"@graph\":[{\"@type\":\"WebPage\",\"@id\":\"https:\/\/www.alteacultural.com\/es\/events\/dansa-la-bella-durmiente-international-ballet-company\/\",\"url\":\"https:\/\/www.alteacultural.com\/es\/events\/dansa-la-bella-durmiente-international-ballet-company\/\",\"name\":\"Danza: \\\"La Bella Durmiente\\\"- International Ballet Company - Altea Cultural\",\"isPartOf\":{\"@id\":\"https:\/\/www.alteacultural.com\/es\/#website\"},\"primaryImageOfPage\":{\"@id\":\"https:\/\/www.alteacultural.com\/es\/events\/dansa-la-bella-durmiente-international-ballet-company\/#primaryimage\"},\"image\":{\"@id\":\"https:\/\/www.alteacultural.com\/es\/events\/dansa-la-bella-durmiente-international-ballet-company\/#primaryimage\"},\"thumbnailUrl\":\"https:\/\/www.alteacultural.com\/wp-content\/uploads\/2023\/08\/2023.12.30-Belladurmiento-b-1.jpg\",\"datePublished\":\"2023-08-04T10:37:03+00:00\",\"dateModified\":\"2023-11-01T21:08:06+00:00\",\"breadcrumb\":{\"@id\":\"https:\/\/www.alteacultural.com\/es\/events\/dansa-la-bella-durmiente-international-ballet-company\/#breadcrumb\"},\"inLanguage\":\"es\",\"potentialAction\":[{\"@type\":\"ReadAction\",\"target\":[\"https:\/\/www.alteacultural.com\/es\/events\/dansa-la-bella-durmiente-international-ballet-company\/\"]}]},{\"@type\":\"ImageObject\",\"inLanguage\":\"es\",\"@id\":\"https:\/\/www.alteacultural.com\/es\/events\/dansa-la-bella-durmiente-international-ballet-company\/#primaryimage\",\"url\":\"https:\/\/www.alteacultural.com\/wp-content\/uploads\/2023\/08\/2023.12.30-Belladurmiento-b-1.jpg\",\"contentUrl\":\"https:\/\/www.alteacultural.com\/wp-content\/uploads\/2023\/08\/2023.12.30-Belladurmiento-b-1.jpg\",\"width\":1010,\"height\":200},{\"@type\":\"BreadcrumbList\",\"@id\":\"https:\/\/www.alteacultural.com\/es\/events\/dansa-la-bella-durmiente-international-ballet-company\/#breadcrumb\",\"itemListElement\":[{\"@type\":\"ListItem\",\"position\":1,\"name\":\"Inici\",\"item\":\"https:\/\/www.alteacultural.com\/es\/\"},{\"@type\":\"ListItem\",\"position\":2,\"name\":\"Eventos\",\"item\":\"https:\/\/www.alteacultural.com\/es\/events\/\"},{\"@type\":\"ListItem\",\"position\":3,\"name\":\"Danza: &#8220;La Bella Durmiente&#8221;- International Ballet Company\"}]},{\"@type\":\"WebSite\",\"@id\":\"https:\/\/www.alteacultural.com\/es\/#website\",\"url\":\"https:\/\/www.alteacultural.com\/es\/\",\"name\":\"Altea Cultural\",\"description\":\"Regidoria de Cultura de l&#039;Ajuntament d&#039;Altea\",\"potentialAction\":[{\"@type\":\"SearchAction\",\"target\":{\"@type\":\"EntryPoint\",\"urlTemplate\":\"https:\/\/www.alteacultural.com\/es\/?s={search_term_string}\"},\"query-input\":\"required name=search_term_string\"}],\"inLanguage\":\"es\"}]}<\/script>\n<!-- \/ Yoast SEO plugin. -->","yoast_head_json":{"title":"Danza: \"La Bella Durmiente\"- International Ballet Company - Altea Cultural","robots":{"index":"index","follow":"follow","max-snippet":"max-snippet:-1","max-image-preview":"max-image-preview:large","max-video-preview":"max-video-preview:-1"},"canonical":"https:\/\/www.alteacultural.com\/es\/events\/dansa-la-bella-durmiente-international-ballet-company\/","og_locale":"es_ES","og_type":"article","og_title":"Danza: \"La Bella Durmiente\"- International Ballet Company - Altea Cultural","og_description":"30-dic | 18:00 | Palau Altea La Bella Durmiente es una de las grandes partituras para ballet (junto con [&hellip;]","og_url":"https:\/\/www.alteacultural.com\/es\/events\/dansa-la-bella-durmiente-international-ballet-company\/","og_site_name":"Altea Cultural","article_modified_time":"2023-11-01T21:08:06+00:00","og_image":[{"width":1010,"height":200,"url":"https:\/\/www.alteacultural.com\/wp-content\/uploads\/2023\/08\/2023.12.30-Belladurmiento-b-1.jpg","type":"image\/jpeg"}],"twitter_card":"summary_large_image","twitter_misc":{"Tiempo de lectura":"1 minuto"},"schema":{"@context":"https:\/\/schema.org","@graph":[{"@type":"WebPage","@id":"https:\/\/www.alteacultural.com\/es\/events\/dansa-la-bella-durmiente-international-ballet-company\/","url":"https:\/\/www.alteacultural.com\/es\/events\/dansa-la-bella-durmiente-international-ballet-company\/","name":"Danza: \"La Bella Durmiente\"- International Ballet Company - Altea Cultural","isPartOf":{"@id":"https:\/\/www.alteacultural.com\/es\/#website"},"primaryImageOfPage":{"@id":"https:\/\/www.alteacultural.com\/es\/events\/dansa-la-bella-durmiente-international-ballet-company\/#primaryimage"},"image":{"@id":"https:\/\/www.alteacultural.com\/es\/events\/dansa-la-bella-durmiente-international-ballet-company\/#primaryimage"},"thumbnailUrl":"https:\/\/www.alteacultural.com\/wp-content\/uploads\/2023\/08\/2023.12.30-Belladurmiento-b-1.jpg","datePublished":"2023-08-04T10:37:03+00:00","dateModified":"2023-11-01T21:08:06+00:00","breadcrumb":{"@id":"https:\/\/www.alteacultural.com\/es\/events\/dansa-la-bella-durmiente-international-ballet-company\/#breadcrumb"},"inLanguage":"es","potentialAction":[{"@type":"ReadAction","target":["https:\/\/www.alteacultural.com\/es\/events\/dansa-la-bella-durmiente-international-ballet-company\/"]}]},{"@type":"ImageObject","inLanguage":"es","@id":"https:\/\/www.alteacultural.com\/es\/events\/dansa-la-bella-durmiente-international-ballet-company\/#primaryimage","url":"https:\/\/www.alteacultural.com\/wp-content\/uploads\/2023\/08\/2023.12.30-Belladurmiento-b-1.jpg","contentUrl":"https:\/\/www.alteacultural.com\/wp-content\/uploads\/2023\/08\/2023.12.30-Belladurmiento-b-1.jpg","width":1010,"height":200},{"@type":"BreadcrumbList","@id":"https:\/\/www.alteacultural.com\/es\/events\/dansa-la-bella-durmiente-international-ballet-company\/#breadcrumb","itemListElement":[{"@type":"ListItem","position":1,"name":"Inici","item":"https:\/\/www.alteacultural.com\/es\/"},{"@type":"ListItem","position":2,"name":"Eventos","item":"https:\/\/www.alteacultural.com\/es\/events\/"},{"@type":"ListItem","position":3,"name":"Danza: &#8220;La Bella Durmiente&#8221;- International Ballet Company"}]},{"@type":"WebSite","@id":"https:\/\/www.alteacultural.com\/es\/#website","url":"https:\/\/www.alteacultural.com\/es\/","name":"Altea Cultural","description":"Regidoria de Cultura de l&#039;Ajuntament d&#039;Altea","potentialAction":[{"@type":"SearchAction","target":{"@type":"EntryPoint","urlTemplate":"https:\/\/www.alteacultural.com\/es\/?s={search_term_string}"},"query-input":"required name=search_term_string"}],"inLanguage":"es"}]}},"mec_cost":"33 \u20ac","mec_date":{"start":{"date":"2023-12-30","hour":6,"minutes":"0","ampm":"PM"},"end":{"date":"2023-12-30","hour":8,"minutes":"0","ampm":"PM"},"comment":"","repeat":{"type":"daily","interval":"1","advanced":"","end":"never","end_at_date":"","end_at_occurrences":"10"}},"_links":{"self":[{"href":"https:\/\/www.alteacultural.com\/es\/wp-json\/wp\/v2\/mec-events\/27215"}],"collection":[{"href":"https:\/\/www.alteacultural.com\/es\/wp-json\/wp\/v2\/mec-events"}],"about":[{"href":"https:\/\/www.alteacultural.com\/es\/wp-json\/wp\/v2\/types\/mec-events"}],"author":[{"embeddable":true,"href":"https:\/\/www.alteacultural.com\/es\/wp-json\/wp\/v2\/users\/1"}],"replies":[{"embeddable":true,"href":"https:\/\/www.alteacultural.com\/es\/wp-json\/wp\/v2\/comments?post=27215"}],"wp:featuredmedia":[{"embeddable":true,"href":"https:\/\/www.alteacultural.com\/es\/wp-json\/wp\/v2\/media\/27214"}],"wp:attachment":[{"href":"https:\/\/www.alteacultural.com\/es\/wp-json\/wp\/v2\/media?parent=27215"}],"curies":[{"name":"wp","href":"https:\/\/api.w.org\/{rel}","templated":true}]}}

<p><strong>30-dic | 18:00 | Palau Altea</strong></p>
<p>La Bella Durmiente es una de las grandes partituras para ballet (junto con “El Lago de los Cisnes” y “Cascanueces”) compuestas por Tchaikovski. Data de 1890 y corresponde por tanto a un romanticismo tardío. Pero aunque ese romanticismo se rompa en el cuento de Perrault en el que se basa, queda compensado con una música inspirada y luminosa y con una coreografía, la de Marius Petipa, que logró un modelo insuperado y una obra maestra del ballet clásico, con pasajes antológicos marcando las escenas claves de la acción y con, libre ya de todo pretexto narrativo, una verdadera exhibición académica en el <em>divertissement final</em>.</p>
<p>FICHA ARTÍSTICA:</p>
<p>MÚSICA: PIOTR ILICH TCHAIKOVSKY</p>
<p>LIBRETO: A. VSEVOLOJSKY</p>
<p>COREOGRAFÍA: MARIUS PETIPA</p>
<p>DIRECTOR: TIMUR FAYZIEV</p>
<p>DURACIÓN: 1a parte 60&#8242; &#8211; Descanso 20&#8242; &#8211; 2a parte 45&#8242;. (Total 120 min.)</p>
<p>EDAD RECOMENDADA: Para todos los públicos.</p>
<p>Entrada 33 €</p>
<p>&nbsp;</p>
<p><img fetchpriority="high" decoding="async" class="aligncenter wp-image-27209" src="https://www.alteacultural.com/wp-content/uploads/2023/08/Belladurmiento-cartel.jpeg" alt="" width="750" height="502" srcset="https://www.alteacultural.com/wp-content/uploads/2023/08/Belladurmiento-cartel.jpeg 1024w, https://www.alteacultural.com/wp-content/uploads/2023/08/Belladurmiento-cartel-768x514.jpeg 768w" sizes="(max-width: 750px) 100vw, 750px" /></p>
