{"id":27644,"date":"2023-10-13T09:11:57","date_gmt":"2023-10-13T07:11:57","guid":{"rendered":"https:\/\/www.alteacultural.com\/events\/present-llibre-el-arte-de-menstruar-altea-llibres-a-la-tardor-2023\/"},"modified":"2024-06-12T21:09:41","modified_gmt":"2024-06-12T19:09:41","slug":"present-llibre-el-arte-de-menstruar-altea-llibres-a-la-tardor-2023","status":"publish","type":"mec-events","link":"https:\/\/www.alteacultural.com\/es\/events\/present-llibre-el-arte-de-menstruar-altea-llibres-a-la-tardor-2023\/","title":{"rendered":"Present. libro: \u00abEl arte de menstruar\u00bb &#8211; Altea, llibres a la tardor 2023"},"content":{"rendered":"<p><strong>26-oct | 19:00 | Biblioteca P\u00fablica Municipal Altea<\/strong><\/p>\n<p>Presentaci\u00f3n libro:\u00a0<em>El arte de menstruar\u00a0<\/em>en el ciclo \u00abAltea, llibres a la tardor 2023\u00bb.<\/p>\n<p>Autora: Anabel Mu\u00f1oz Llopis.<\/p>\n<p>El libro <em>El arte de menstruar <\/em>es una gu\u00eda de iniciaci\u00f3n para las ni\u00f1as que se van a iniciar en su ciclo<i class=\"otgs-ico-edit js-otgs-popover-tooltip tippy-active\" tabindex=\"0\" aria-describedby=\"tippy-2\"><\/i> menstrual. Este libro ilustrado explica todo el proceso que supone la menstruaci\u00f3n y los cambios que desencadena en nuestro cuerpo, nuestra forma de vernos y de sentirnos, y nos hace entender porque para algunas de nosotras la menstruaci\u00f3n no siempre es f\u00e1cil. No s\u00f3lo educa sobre el cuerpo, sino tambi\u00e9n en valores, destacando el uso de productos menstruales reutilizables y hablando sobre el impacto que tienen el uso de productos menstruales desechables no s\u00f3lo en el planeta, sino tambi\u00e9n en nuestro cuerpo. Este libro nos aleja de la visi\u00f3n tab\u00fa y te\u00f1ida de rosa que ha sido la menstruaci\u00f3n hasta ahora, y nos proporciona una mirada real y honesta que junto con la ilustraci\u00f3n har\u00e1n que la usuaria se sienta identificada y se entienda.<br \/>\n<a href=\"https:\/\/www.apuntmedia.es\/noticies\/cultura\/arte-menstruar-una-guia-dona-resposta-als-dubtes-primera-regla_1_1654960.html?fbclid=IwAR0LZupYb0SbxtLXlE9EP8fxYrQDrAnH450p6DhaeSzyDuA3C3sep3o6Z5I\" target=\"_blank\" rel=\"noopener noreferrer\">+INFO<\/a><\/p>\n<p><a href=\"https:\/\/www.alteacultural.com\/es\/tag\/presentacions-de-llibres\/\">VER CICLO COMPLETO<\/a><\/p>\n<p>&nbsp;<\/p>\n<p><img fetchpriority=\"high\" decoding=\"async\" class=\"aligncenter wp-image-27636\" src=\"https:\/\/www.alteacultural.com\/wp-content\/uploads\/2023\/10\/LlibresTardor23_Cartell-02.jpg\" alt=\"\" width=\"750\" height=\"1060\" srcset=\"https:\/\/www.alteacultural.com\/wp-content\/uploads\/2023\/10\/LlibresTardor23_Cartell-02.jpg 1754w, https:\/\/www.alteacultural.com\/wp-content\/uploads\/2023\/10\/LlibresTardor23_Cartell-02-768x1086.jpg 768w, https:\/\/www.alteacultural.com\/wp-content\/uploads\/2023\/10\/LlibresTardor23_Cartell-02-1086x1536.jpg 1086w, https:\/\/www.alteacultural.com\/wp-content\/uploads\/2023\/10\/LlibresTardor23_Cartell-02-1448x2048.jpg 1448w\" sizes=\"(max-width: 750px) 100vw, 750px\" \/><\/p>\n<p>&nbsp;<\/p>\n","protected":false},"excerpt":{"rendered":"<p>26-oct | 19:00 | Biblioteca P\u00fablica Municipal Altea Presentaci\u00f3n libro:\u00a0El arte de menstruar\u00a0en el ciclo \u00abAltea, llibres a la [&hellip;]<\/p>\n","protected":false},"author":1,"featured_media":27642,"comment_status":"open","ping_status":"closed","template":"","meta":{"_expiration-date-status":"","_expiration-date":0,"_expiration-date-type":"","_expiration-date-categories":[],"_expiration-date-options":[]},"yoast_head":"<!-- This site is optimized with the Yoast SEO plugin v22.8 - https:\/\/yoast.com\/wordpress\/plugins\/seo\/ -->\n<title>Present. libro: &quot;El arte de menstruar&quot; - Altea, llibres a la tardor 2023 - Altea Cultural<\/title>\n<meta name=\"robots\" content=\"index, follow, max-snippet:-1, max-image-preview:large, max-video-preview:-1\" \/>\n<link rel=\"canonical\" href=\"https:\/\/www.alteacultural.com\/es\/events\/present-llibre-el-arte-de-menstruar-altea-llibres-a-la-tardor-2023\/\" \/>\n<meta property=\"og:locale\" content=\"es_ES\" \/>\n<meta property=\"og:type\" content=\"article\" \/>\n<meta property=\"og:title\" content=\"Present. libro: &quot;El arte de menstruar&quot; - Altea, llibres a la tardor 2023 - Altea Cultural\" \/>\n<meta property=\"og:description\" content=\"26-oct | 19:00 | Biblioteca P\u00fablica Municipal Altea Presentaci\u00f3n libro:\u00a0El arte de menstruar\u00a0en el ciclo \u00abAltea, llibres a la [&hellip;]\" \/>\n<meta property=\"og:url\" content=\"https:\/\/www.alteacultural.com\/es\/events\/present-llibre-el-arte-de-menstruar-altea-llibres-a-la-tardor-2023\/\" \/>\n<meta property=\"og:site_name\" content=\"Altea Cultural\" \/>\n<meta property=\"article:modified_time\" content=\"2024-06-12T19:09:41+00:00\" \/>\n<meta property=\"og:image\" content=\"https:\/\/www.alteacultural.com\/wp-content\/uploads\/2023\/10\/LlibresTardor23_Banner1-01-scaled.jpg\" \/>\n\t<meta property=\"og:image:width\" content=\"2560\" \/>\n\t<meta property=\"og:image:height\" content=\"947\" \/>\n\t<meta property=\"og:image:type\" content=\"image\/jpeg\" \/>\n<meta name=\"twitter:card\" content=\"summary_large_image\" \/>\n<meta name=\"twitter:label1\" content=\"Tiempo de lectura\" \/>\n\t<meta name=\"twitter:data1\" content=\"1 minuto\" \/>\n<script type=\"application\/ld+json\" class=\"yoast-schema-graph\">{\"@context\":\"https:\/\/schema.org\",\"@graph\":[{\"@type\":\"WebPage\",\"@id\":\"https:\/\/www.alteacultural.com\/es\/events\/present-llibre-el-arte-de-menstruar-altea-llibres-a-la-tardor-2023\/\",\"url\":\"https:\/\/www.alteacultural.com\/es\/events\/present-llibre-el-arte-de-menstruar-altea-llibres-a-la-tardor-2023\/\",\"name\":\"Present. libro: \\\"El arte de menstruar\\\" - Altea, llibres a la tardor 2023 - Altea Cultural\",\"isPartOf\":{\"@id\":\"https:\/\/www.alteacultural.com\/es\/#website\"},\"primaryImageOfPage\":{\"@id\":\"https:\/\/www.alteacultural.com\/es\/events\/present-llibre-el-arte-de-menstruar-altea-llibres-a-la-tardor-2023\/#primaryimage\"},\"image\":{\"@id\":\"https:\/\/www.alteacultural.com\/es\/events\/present-llibre-el-arte-de-menstruar-altea-llibres-a-la-tardor-2023\/#primaryimage\"},\"thumbnailUrl\":\"https:\/\/www.alteacultural.com\/wp-content\/uploads\/2023\/10\/LlibresTardor23_Banner1-01-scaled.jpg\",\"datePublished\":\"2023-10-13T07:11:57+00:00\",\"dateModified\":\"2024-06-12T19:09:41+00:00\",\"breadcrumb\":{\"@id\":\"https:\/\/www.alteacultural.com\/es\/events\/present-llibre-el-arte-de-menstruar-altea-llibres-a-la-tardor-2023\/#breadcrumb\"},\"inLanguage\":\"es\",\"potentialAction\":[{\"@type\":\"ReadAction\",\"target\":[\"https:\/\/www.alteacultural.com\/es\/events\/present-llibre-el-arte-de-menstruar-altea-llibres-a-la-tardor-2023\/\"]}]},{\"@type\":\"ImageObject\",\"inLanguage\":\"es\",\"@id\":\"https:\/\/www.alteacultural.com\/es\/events\/present-llibre-el-arte-de-menstruar-altea-llibres-a-la-tardor-2023\/#primaryimage\",\"url\":\"https:\/\/www.alteacultural.com\/wp-content\/uploads\/2023\/10\/LlibresTardor23_Banner1-01-scaled.jpg\",\"contentUrl\":\"https:\/\/www.alteacultural.com\/wp-content\/uploads\/2023\/10\/LlibresTardor23_Banner1-01-scaled.jpg\",\"width\":2560,\"height\":947},{\"@type\":\"BreadcrumbList\",\"@id\":\"https:\/\/www.alteacultural.com\/es\/events\/present-llibre-el-arte-de-menstruar-altea-llibres-a-la-tardor-2023\/#breadcrumb\",\"itemListElement\":[{\"@type\":\"ListItem\",\"position\":1,\"name\":\"Inici\",\"item\":\"https:\/\/www.alteacultural.com\/es\/\"},{\"@type\":\"ListItem\",\"position\":2,\"name\":\"Eventos\",\"item\":\"https:\/\/www.alteacultural.com\/es\/events\/\"},{\"@type\":\"ListItem\",\"position\":3,\"name\":\"Present. libro: &#8220;El arte de menstruar&#8221; &#8211; Altea, llibres a la tardor 2023\"}]},{\"@type\":\"WebSite\",\"@id\":\"https:\/\/www.alteacultural.com\/es\/#website\",\"url\":\"https:\/\/www.alteacultural.com\/es\/\",\"name\":\"Altea Cultural\",\"description\":\"Regidoria de Cultura de l&#039;Ajuntament d&#039;Altea\",\"potentialAction\":[{\"@type\":\"SearchAction\",\"target\":{\"@type\":\"EntryPoint\",\"urlTemplate\":\"https:\/\/www.alteacultural.com\/es\/?s={search_term_string}\"},\"query-input\":\"required name=search_term_string\"}],\"inLanguage\":\"es\"}]}<\/script>\n<!-- \/ Yoast SEO plugin. -->","yoast_head_json":{"title":"Present. libro: \"El arte de menstruar\" - Altea, llibres a la tardor 2023 - Altea Cultural","robots":{"index":"index","follow":"follow","max-snippet":"max-snippet:-1","max-image-preview":"max-image-preview:large","max-video-preview":"max-video-preview:-1"},"canonical":"https:\/\/www.alteacultural.com\/es\/events\/present-llibre-el-arte-de-menstruar-altea-llibres-a-la-tardor-2023\/","og_locale":"es_ES","og_type":"article","og_title":"Present. libro: \"El arte de menstruar\" - Altea, llibres a la tardor 2023 - Altea Cultural","og_description":"26-oct | 19:00 | Biblioteca P\u00fablica Municipal Altea Presentaci\u00f3n libro:\u00a0El arte de menstruar\u00a0en el ciclo \u00abAltea, llibres a la [&hellip;]","og_url":"https:\/\/www.alteacultural.com\/es\/events\/present-llibre-el-arte-de-menstruar-altea-llibres-a-la-tardor-2023\/","og_site_name":"Altea Cultural","article_modified_time":"2024-06-12T19:09:41+00:00","og_image":[{"width":2560,"height":947,"url":"https:\/\/www.alteacultural.com\/wp-content\/uploads\/2023\/10\/LlibresTardor23_Banner1-01-scaled.jpg","type":"image\/jpeg"}],"twitter_card":"summary_large_image","twitter_misc":{"Tiempo de lectura":"1 minuto"},"schema":{"@context":"https:\/\/schema.org","@graph":[{"@type":"WebPage","@id":"https:\/\/www.alteacultural.com\/es\/events\/present-llibre-el-arte-de-menstruar-altea-llibres-a-la-tardor-2023\/","url":"https:\/\/www.alteacultural.com\/es\/events\/present-llibre-el-arte-de-menstruar-altea-llibres-a-la-tardor-2023\/","name":"Present. libro: \"El arte de menstruar\" - Altea, llibres a la tardor 2023 - Altea Cultural","isPartOf":{"@id":"https:\/\/www.alteacultural.com\/es\/#website"},"primaryImageOfPage":{"@id":"https:\/\/www.alteacultural.com\/es\/events\/present-llibre-el-arte-de-menstruar-altea-llibres-a-la-tardor-2023\/#primaryimage"},"image":{"@id":"https:\/\/www.alteacultural.com\/es\/events\/present-llibre-el-arte-de-menstruar-altea-llibres-a-la-tardor-2023\/#primaryimage"},"thumbnailUrl":"https:\/\/www.alteacultural.com\/wp-content\/uploads\/2023\/10\/LlibresTardor23_Banner1-01-scaled.jpg","datePublished":"2023-10-13T07:11:57+00:00","dateModified":"2024-06-12T19:09:41+00:00","breadcrumb":{"@id":"https:\/\/www.alteacultural.com\/es\/events\/present-llibre-el-arte-de-menstruar-altea-llibres-a-la-tardor-2023\/#breadcrumb"},"inLanguage":"es","potentialAction":[{"@type":"ReadAction","target":["https:\/\/www.alteacultural.com\/es\/events\/present-llibre-el-arte-de-menstruar-altea-llibres-a-la-tardor-2023\/"]}]},{"@type":"ImageObject","inLanguage":"es","@id":"https:\/\/www.alteacultural.com\/es\/events\/present-llibre-el-arte-de-menstruar-altea-llibres-a-la-tardor-2023\/#primaryimage","url":"https:\/\/www.alteacultural.com\/wp-content\/uploads\/2023\/10\/LlibresTardor23_Banner1-01-scaled.jpg","contentUrl":"https:\/\/www.alteacultural.com\/wp-content\/uploads\/2023\/10\/LlibresTardor23_Banner1-01-scaled.jpg","width":2560,"height":947},{"@type":"BreadcrumbList","@id":"https:\/\/www.alteacultural.com\/es\/events\/present-llibre-el-arte-de-menstruar-altea-llibres-a-la-tardor-2023\/#breadcrumb","itemListElement":[{"@type":"ListItem","position":1,"name":"Inici","item":"https:\/\/www.alteacultural.com\/es\/"},{"@type":"ListItem","position":2,"name":"Eventos","item":"https:\/\/www.alteacultural.com\/es\/events\/"},{"@type":"ListItem","position":3,"name":"Present. libro: &#8220;El arte de menstruar&#8221; &#8211; Altea, llibres a la tardor 2023"}]},{"@type":"WebSite","@id":"https:\/\/www.alteacultural.com\/es\/#website","url":"https:\/\/www.alteacultural.com\/es\/","name":"Altea Cultural","description":"Regidoria de Cultura de l&#039;Ajuntament d&#039;Altea","potentialAction":[{"@type":"SearchAction","target":{"@type":"EntryPoint","urlTemplate":"https:\/\/www.alteacultural.com\/es\/?s={search_term_string}"},"query-input":"required name=search_term_string"}],"inLanguage":"es"}]}},"mec_cost":"Entrada libre y gratuita","mec_date":{"start":{"date":"2023-10-26","hour":7,"minutes":"0","ampm":"PM"},"end":{"date":"2023-10-26","hour":8,"minutes":"0","ampm":"PM"},"comment":"","repeat":{"type":"daily","interval":"1","advanced":"","end":"never","end_at_date":"","end_at_occurrences":"10"}},"_links":{"self":[{"href":"https:\/\/www.alteacultural.com\/es\/wp-json\/wp\/v2\/mec-events\/27644"}],"collection":[{"href":"https:\/\/www.alteacultural.com\/es\/wp-json\/wp\/v2\/mec-events"}],"about":[{"href":"https:\/\/www.alteacultural.com\/es\/wp-json\/wp\/v2\/types\/mec-events"}],"author":[{"embeddable":true,"href":"https:\/\/www.alteacultural.com\/es\/wp-json\/wp\/v2\/users\/1"}],"replies":[{"embeddable":true,"href":"https:\/\/www.alteacultural.com\/es\/wp-json\/wp\/v2\/comments?post=27644"}],"wp:featuredmedia":[{"embeddable":true,"href":"https:\/\/www.alteacultural.com\/es\/wp-json\/wp\/v2\/media\/27642"}],"wp:attachment":[{"href":"https:\/\/www.alteacultural.com\/es\/wp-json\/wp\/v2\/media?parent=27644"}],"curies":[{"name":"wp","href":"https:\/\/api.w.org\/{rel}","templated":true}]}}

<p><strong>26-oct | 19:00 | Biblioteca Pública Municipal Altea</strong></p>
<p>Presentación libro: <em>El arte de menstruar </em>en el ciclo «Altea, llibres a la tardor 2023».</p>
<p>Autora: Anabel Muñoz Llopis.</p>
<p>El libro <em>El arte de menstruar </em>es una guía de iniciación para las niñas que se van a iniciar en su ciclo<i class="otgs-ico-edit js-otgs-popover-tooltip tippy-active" tabindex="0" aria-describedby="tippy-2"></i> menstrual. Este libro ilustrado explica todo el proceso que supone la menstruación y los cambios que desencadena en nuestro cuerpo, nuestra forma de vernos y de sentirnos, y nos hace entender porque para algunas de nosotras la menstruación no siempre es fácil. No sólo educa sobre el cuerpo, sino también en valores, destacando el uso de productos menstruales reutilizables y hablando sobre el impacto que tienen el uso de productos menstruales desechables no sólo en el planeta, sino también en nuestro cuerpo. Este libro nos aleja de la visión tabú y teñida de rosa que ha sido la menstruación hasta ahora, y nos proporciona una mirada real y honesta que junto con la ilustración harán que la usuaria se sienta identificada y se entienda.<br />
<a href="https://www.apuntmedia.es/noticies/cultura/arte-menstruar-una-guia-dona-resposta-als-dubtes-primera-regla_1_1654960.html?fbclid=IwAR0LZupYb0SbxtLXlE9EP8fxYrQDrAnH450p6DhaeSzyDuA3C3sep3o6Z5I" target="_blank" rel="noopener noreferrer">+INFO</a></p>
<p><a href="https://www.alteacultural.com/es/tag/presentacions-de-llibres/">VER CICLO COMPLETO</a></p>
<p>&nbsp;</p>
<p><img fetchpriority="high" decoding="async" class="aligncenter wp-image-27636" src="https://www.alteacultural.com/wp-content/uploads/2023/10/LlibresTardor23_Cartell-02.jpg" alt="" width="750" height="1060" srcset="https://www.alteacultural.com/wp-content/uploads/2023/10/LlibresTardor23_Cartell-02.jpg 1754w, https://www.alteacultural.com/wp-content/uploads/2023/10/LlibresTardor23_Cartell-02-768x1086.jpg 768w, https://www.alteacultural.com/wp-content/uploads/2023/10/LlibresTardor23_Cartell-02-1086x1536.jpg 1086w, https://www.alteacultural.com/wp-content/uploads/2023/10/LlibresTardor23_Cartell-02-1448x2048.jpg 1448w" sizes="(max-width: 750px) 100vw, 750px" /></p>
<p>&nbsp;</p>

<p>26-oct | 19:00 | Biblioteca Pública Municipal Altea Presentación libro: El arte de menstruar en el ciclo «Altea, llibres a la [&hellip;]</p>

<!-- This site is optimized with the Yoast SEO plugin v22.8 - https://yoast.com/wordpress/plugins/seo/ -->
<title>Present. libro: &quot;El arte de menstruar&quot; - Altea, llibres a la tardor 2023 - Altea Cultural</title>
<meta name="robots" content="index, follow, max-snippet:-1, max-image-preview:large, max-video-preview:-1" />
<link rel="canonical" href="https://www.alteacultural.com/es/events/present-llibre-el-arte-de-menstruar-altea-llibres-a-la-tardor-2023/" />
<meta property="og:locale" content="es_ES" />
<meta property="og:type" content="article" />
<meta property="og:title" content="Present. libro: &quot;El arte de menstruar&quot; - Altea, llibres a la tardor 2023 - Altea Cultural" />
<meta property="og:description" content="26-oct | 19:00 | Biblioteca Pública Municipal Altea Presentación libro: El arte de menstruar en el ciclo «Altea, llibres a la [&hellip;]" />
<meta property="og:url" content="https://www.alteacultural.com/es/events/present-llibre-el-arte-de-menstruar-altea-llibres-a-la-tardor-2023/" />
<meta property="og:site_name" content="Altea Cultural" />
<meta property="article:modified_time" content="2024-06-12T19:09:41+00:00" />
<meta property="og:image" content="https://www.alteacultural.com/wp-content/uploads/2023/10/LlibresTardor23_Banner1-01-scaled.jpg" />
	<meta property="og:image:width" content="2560" />
	<meta property="og:image:height" content="947" />
	<meta property="og:image:type" content="image/jpeg" />
<meta name="twitter:card" content="summary_large_image" />
<meta name="twitter:label1" content="Tiempo de lectura" />
	<meta name="twitter:data1" content="1 minuto" />
<script type="application/ld+json" class="yoast-schema-graph">{"@context":"https://schema.org","@graph":[{"@type":"WebPage","@id":"https://www.alteacultural.com/es/events/present-llibre-el-arte-de-menstruar-altea-llibres-a-la-tardor-2023/","url":"https://www.alteacultural.com/es/events/present-llibre-el-arte-de-menstruar-altea-llibres-a-la-tardor-2023/","name":"Present. libro: \"El arte de menstruar\" - Altea, llibres a la tardor 2023 - Altea Cultural","isPartOf":{"@id":"https://www.alteacultural.com/es/#website"},"primaryImageOfPage":{"@id":"https://www.alteacultural.com/es/events/present-llibre-el-arte-de-menstruar-altea-llibres-a-la-tardor-2023/#primaryimage"},"image":{"@id":"https://www.alteacultural.com/es/events/present-llibre-el-arte-de-menstruar-altea-llibres-a-la-tardor-2023/#primaryimage"},"thumbnailUrl":"https://www.alteacultural.com/wp-content/uploads/2023/10/LlibresTardor23_Banner1-01-scaled.jpg","datePublished":"2023-10-13T07:11:57+00:00","dateModified":"2024-06-12T19:09:41+00:00","breadcrumb":{"@id":"https://www.alteacultural.com/es/events/present-llibre-el-arte-de-menstruar-altea-llibres-a-la-tardor-2023/#breadcrumb"},"inLanguage":"es","potentialAction":[{"@type":"ReadAction","target":["https://www.alteacultural.com/es/events/present-llibre-el-arte-de-menstruar-altea-llibres-a-la-tardor-2023/"]}]},{"@type":"ImageObject","inLanguage":"es","@id":"https://www.alteacultural.com/es/events/present-llibre-el-arte-de-menstruar-altea-llibres-a-la-tardor-2023/#primaryimage","url":"https://www.alteacultural.com/wp-content/uploads/2023/10/LlibresTardor23_Banner1-01-scaled.jpg","contentUrl":"https://www.alteacultural.com/wp-content/uploads/2023/10/LlibresTardor23_Banner1-01-scaled.jpg","width":2560,"height":947},{"@type":"BreadcrumbList","@id":"https://www.alteacultural.com/es/events/present-llibre-el-arte-de-menstruar-altea-llibres-a-la-tardor-2023/#breadcrumb","itemListElement":[{"@type":"ListItem","position":1,"name":"Inici","item":"https://www.alteacultural.com/es/"},{"@type":"ListItem","position":2,"name":"Eventos","item":"https://www.alteacultural.com/es/events/"},{"@type":"ListItem","position":3,"name":"Present. libro: &#8220;El arte de menstruar&#8221; &#8211; Altea, llibres a la tardor 2023"}]},{"@type":"WebSite","@id":"https://www.alteacultural.com/es/#website","url":"https://www.alteacultural.com/es/","name":"Altea Cultural","description":"Regidoria de Cultura de l&#039;Ajuntament d&#039;Altea","potentialAction":[{"@type":"SearchAction","target":{"@type":"EntryPoint","urlTemplate":"https://www.alteacultural.com/es/?s={search_term_string}"},"query-input":"required name=search_term_string"}],"inLanguage":"es"}]}</script>
<!-- / Yoast SEO plugin. -->

26-oct | 19:00 | Biblioteca Pública Municipal Altea Presentación libro: El arte de menstruar en el ciclo «Altea, llibres a la [&hellip;]
