{"id":27656,"date":"2023-10-13T10:24:46","date_gmt":"2023-10-13T08:24:46","guid":{"rendered":"https:\/\/www.alteacultural.com\/events\/present-llibre-camigrants-altea-llibres-a-la-tardor-2023\/"},"modified":"2024-06-12T21:09:41","modified_gmt":"2024-06-12T19:09:41","slug":"present-llibre-camigrants-altea-llibres-a-la-tardor-2023","status":"publish","type":"mec-events","link":"https:\/\/www.alteacultural.com\/es\/events\/present-llibre-camigrants-altea-llibres-a-la-tardor-2023\/","title":{"rendered":"Present. libro: \u00abCamigrants\u00bb &#8211; Altea, llibres a la tardor 2023"},"content":{"rendered":"<p><strong> 02-nov | 19:00 | Biblioteca P\u00fablica Municipal Altea<\/strong><\/p>\n<p><em><strong>Acto en valenciano.<\/strong><\/em><\/p>\n<p>Presentaci\u00f3 llibre:\u00a0<em>Camigrants <\/em>en el cicle \u00abAltea, llibres a la tardor 2023\u00bb.<\/p>\n<p>Autor: Jos\u00e9 Figueres.<\/p>\n<p><em>Camigrants<\/em>, de Jos\u00e9 Figueres, \u00e9s el nou t\u00edtol de la col.lecci\u00f3 Literatura de Vincle Editorial, 2023. Es tracta d\u2019un relat de relats que narra amb sensibilitat, respecte i empatia el drama dels menors migrants no acompanyants. Una ficci\u00f3 basada en centenars d\u2019hist\u00f2ries reals que dona veu a joves com l\u2019Ibrahim, el Mamaoudou, la Saloua, l\u2019Ahmed, l\u2019Onera i la Lupita, els quals un dia abandonaren els seus pa\u00efsos d\u2019origen per a buscar un futur millor enfilant el cam\u00ed cap a Europa on, si no ets blanc o arribes amb visat, ho tens francament dif\u00edcil. Una tem\u00e0tica poc tractada a la literatura valenciana.<\/p>\n<p>\u201cVaig escriure Camigrants\u201d, indica Figueres, \u201cperqu\u00e8 volia visibilitzar la problem\u00e0tica d\u2019un dels col.lectius m\u00e9s vulnerables, com \u00e9s el dels menors estrangers no acompanyats. Volia deixar en negre sobre blanc aquesta altra realitat, desconeguda per a la gran majoria de la societat, que pateixen aquests joves que es llancen a la mar, al cam\u00ed o boten una tanca amb ganivets en la seua recerca per una vida millor\u201d, conclou l\u2019autor.<\/p>\n<p>Figueres ha escrit amb valentia un calidoscopi dels joves migrants. Un fresc social que aborda temes com els desequilibris econ\u00f2mics entre el Nord i el Sud, els governs i les monarquies corruptes al servei dels interessos de les corporacions internacionals, els diferents models de migraci\u00f3, l\u2019amistat, l\u2019amor, la mort, la discriminaci\u00f3, el masclisme, l\u2019homosexualitat, l\u2019homof\u00f2bia i la solidaritat basada en el suport mutu.<\/p>\n<p>Qui s\u00f3n?, D\u2019on venen? Per qu\u00e8 fugen de les seues fam\u00edlies i dels seues pa\u00efsos? Com arriben, com viuen el viatge? Quines dificultats troben en els diferents itineraris? Com es paguen el viatge? Com els curen les ferides de les ganivets de les tanques? Com sobreviuen a la m\u00e0fies? Figueres va intentar respondre a totes aquestes preguntes mitjan\u00e7ant la literatura, \u201cl\u2019arma m\u00e9s fr\u00e0gil i poderosa que transforma l\u2019estigma en estima\u201d, afirma.<\/p>\n<p><a href=\"https:\/\/www.alteacultural.com\/es\/tag\/presentacions-de-llibres\/\">VEURE CICLE COMPLET<\/a><\/p>\n<p>&nbsp;<\/p>\n<p><img fetchpriority=\"high\" decoding=\"async\" class=\"aligncenter wp-image-27636\" src=\"https:\/\/www.alteacultural.com\/wp-content\/uploads\/2023\/10\/LlibresTardor23_Cartell-02.jpg\" alt=\"\" width=\"750\" height=\"1060\" srcset=\"https:\/\/www.alteacultural.com\/wp-content\/uploads\/2023\/10\/LlibresTardor23_Cartell-02.jpg 1754w, https:\/\/www.alteacultural.com\/wp-content\/uploads\/2023\/10\/LlibresTardor23_Cartell-02-768x1086.jpg 768w, https:\/\/www.alteacultural.com\/wp-content\/uploads\/2023\/10\/LlibresTardor23_Cartell-02-1086x1536.jpg 1086w, https:\/\/www.alteacultural.com\/wp-content\/uploads\/2023\/10\/LlibresTardor23_Cartell-02-1448x2048.jpg 1448w\" sizes=\"(max-width: 750px) 100vw, 750px\" \/><\/p>\n","protected":false},"excerpt":{"rendered":"<p>02-nov | 19:00 | Biblioteca P\u00fablica Municipal Altea Acto en valenciano. Presentaci\u00f3 llibre:\u00a0Camigrants en el cicle \u00abAltea, llibres a [&hellip;]<\/p>\n","protected":false},"author":1,"featured_media":27655,"comment_status":"open","ping_status":"closed","template":"","meta":{"_expiration-date-status":"","_expiration-date":0,"_expiration-date-type":"","_expiration-date-categories":[],"_expiration-date-options":[]},"yoast_head":"<!-- This site is optimized with the Yoast SEO plugin v22.8 - https:\/\/yoast.com\/wordpress\/plugins\/seo\/ -->\n<title>Present. libro: &quot;Camigrants&quot; - Altea, llibres a la tardor 2023 - Altea Cultural<\/title>\n<meta name=\"robots\" content=\"index, follow, max-snippet:-1, max-image-preview:large, max-video-preview:-1\" \/>\n<link rel=\"canonical\" href=\"https:\/\/www.alteacultural.com\/es\/events\/present-llibre-camigrants-altea-llibres-a-la-tardor-2023\/\" \/>\n<meta property=\"og:locale\" content=\"es_ES\" \/>\n<meta property=\"og:type\" content=\"article\" \/>\n<meta property=\"og:title\" content=\"Present. libro: &quot;Camigrants&quot; - Altea, llibres a la tardor 2023 - Altea Cultural\" \/>\n<meta property=\"og:description\" content=\"02-nov | 19:00 | Biblioteca P\u00fablica Municipal Altea Acto en valenciano. Presentaci\u00f3 llibre:\u00a0Camigrants en el cicle \u00abAltea, llibres a [&hellip;]\" \/>\n<meta property=\"og:url\" content=\"https:\/\/www.alteacultural.com\/es\/events\/present-llibre-camigrants-altea-llibres-a-la-tardor-2023\/\" \/>\n<meta property=\"og:site_name\" content=\"Altea Cultural\" \/>\n<meta property=\"article:modified_time\" content=\"2024-06-12T19:09:41+00:00\" \/>\n<meta property=\"og:image\" content=\"https:\/\/www.alteacultural.com\/wp-content\/uploads\/2023\/10\/LlibresTardor23_Banner3-01-scaled.jpg\" \/>\n\t<meta property=\"og:image:width\" content=\"2560\" \/>\n\t<meta property=\"og:image:height\" content=\"947\" \/>\n\t<meta property=\"og:image:type\" content=\"image\/jpeg\" \/>\n<meta name=\"twitter:card\" content=\"summary_large_image\" \/>\n<meta name=\"twitter:label1\" content=\"Tiempo de lectura\" \/>\n\t<meta name=\"twitter:data1\" content=\"2 minutos\" \/>\n<script type=\"application\/ld+json\" class=\"yoast-schema-graph\">{\"@context\":\"https:\/\/schema.org\",\"@graph\":[{\"@type\":\"WebPage\",\"@id\":\"https:\/\/www.alteacultural.com\/es\/events\/present-llibre-camigrants-altea-llibres-a-la-tardor-2023\/\",\"url\":\"https:\/\/www.alteacultural.com\/es\/events\/present-llibre-camigrants-altea-llibres-a-la-tardor-2023\/\",\"name\":\"Present. libro: \\\"Camigrants\\\" - Altea, llibres a la tardor 2023 - Altea Cultural\",\"isPartOf\":{\"@id\":\"https:\/\/www.alteacultural.com\/es\/#website\"},\"primaryImageOfPage\":{\"@id\":\"https:\/\/www.alteacultural.com\/es\/events\/present-llibre-camigrants-altea-llibres-a-la-tardor-2023\/#primaryimage\"},\"image\":{\"@id\":\"https:\/\/www.alteacultural.com\/es\/events\/present-llibre-camigrants-altea-llibres-a-la-tardor-2023\/#primaryimage\"},\"thumbnailUrl\":\"https:\/\/www.alteacultural.com\/wp-content\/uploads\/2023\/10\/LlibresTardor23_Banner3-01-scaled.jpg\",\"datePublished\":\"2023-10-13T08:24:46+00:00\",\"dateModified\":\"2024-06-12T19:09:41+00:00\",\"breadcrumb\":{\"@id\":\"https:\/\/www.alteacultural.com\/es\/events\/present-llibre-camigrants-altea-llibres-a-la-tardor-2023\/#breadcrumb\"},\"inLanguage\":\"es\",\"potentialAction\":[{\"@type\":\"ReadAction\",\"target\":[\"https:\/\/www.alteacultural.com\/es\/events\/present-llibre-camigrants-altea-llibres-a-la-tardor-2023\/\"]}]},{\"@type\":\"ImageObject\",\"inLanguage\":\"es\",\"@id\":\"https:\/\/www.alteacultural.com\/es\/events\/present-llibre-camigrants-altea-llibres-a-la-tardor-2023\/#primaryimage\",\"url\":\"https:\/\/www.alteacultural.com\/wp-content\/uploads\/2023\/10\/LlibresTardor23_Banner3-01-scaled.jpg\",\"contentUrl\":\"https:\/\/www.alteacultural.com\/wp-content\/uploads\/2023\/10\/LlibresTardor23_Banner3-01-scaled.jpg\",\"width\":2560,\"height\":947},{\"@type\":\"BreadcrumbList\",\"@id\":\"https:\/\/www.alteacultural.com\/es\/events\/present-llibre-camigrants-altea-llibres-a-la-tardor-2023\/#breadcrumb\",\"itemListElement\":[{\"@type\":\"ListItem\",\"position\":1,\"name\":\"Inici\",\"item\":\"https:\/\/www.alteacultural.com\/es\/\"},{\"@type\":\"ListItem\",\"position\":2,\"name\":\"Eventos\",\"item\":\"https:\/\/www.alteacultural.com\/es\/events\/\"},{\"@type\":\"ListItem\",\"position\":3,\"name\":\"Present. libro: &#8220;Camigrants&#8221; &#8211; Altea, llibres a la tardor 2023\"}]},{\"@type\":\"WebSite\",\"@id\":\"https:\/\/www.alteacultural.com\/es\/#website\",\"url\":\"https:\/\/www.alteacultural.com\/es\/\",\"name\":\"Altea Cultural\",\"description\":\"Regidoria de Cultura de l&#039;Ajuntament d&#039;Altea\",\"potentialAction\":[{\"@type\":\"SearchAction\",\"target\":{\"@type\":\"EntryPoint\",\"urlTemplate\":\"https:\/\/www.alteacultural.com\/es\/?s={search_term_string}\"},\"query-input\":\"required name=search_term_string\"}],\"inLanguage\":\"es\"}]}<\/script>\n<!-- \/ Yoast SEO plugin. -->","yoast_head_json":{"title":"Present. libro: \"Camigrants\" - Altea, llibres a la tardor 2023 - Altea Cultural","robots":{"index":"index","follow":"follow","max-snippet":"max-snippet:-1","max-image-preview":"max-image-preview:large","max-video-preview":"max-video-preview:-1"},"canonical":"https:\/\/www.alteacultural.com\/es\/events\/present-llibre-camigrants-altea-llibres-a-la-tardor-2023\/","og_locale":"es_ES","og_type":"article","og_title":"Present. libro: \"Camigrants\" - Altea, llibres a la tardor 2023 - Altea Cultural","og_description":"02-nov | 19:00 | Biblioteca P\u00fablica Municipal Altea Acto en valenciano. Presentaci\u00f3 llibre:\u00a0Camigrants en el cicle \u00abAltea, llibres a [&hellip;]","og_url":"https:\/\/www.alteacultural.com\/es\/events\/present-llibre-camigrants-altea-llibres-a-la-tardor-2023\/","og_site_name":"Altea Cultural","article_modified_time":"2024-06-12T19:09:41+00:00","og_image":[{"width":2560,"height":947,"url":"https:\/\/www.alteacultural.com\/wp-content\/uploads\/2023\/10\/LlibresTardor23_Banner3-01-scaled.jpg","type":"image\/jpeg"}],"twitter_card":"summary_large_image","twitter_misc":{"Tiempo de lectura":"2 minutos"},"schema":{"@context":"https:\/\/schema.org","@graph":[{"@type":"WebPage","@id":"https:\/\/www.alteacultural.com\/es\/events\/present-llibre-camigrants-altea-llibres-a-la-tardor-2023\/","url":"https:\/\/www.alteacultural.com\/es\/events\/present-llibre-camigrants-altea-llibres-a-la-tardor-2023\/","name":"Present. libro: \"Camigrants\" - Altea, llibres a la tardor 2023 - Altea Cultural","isPartOf":{"@id":"https:\/\/www.alteacultural.com\/es\/#website"},"primaryImageOfPage":{"@id":"https:\/\/www.alteacultural.com\/es\/events\/present-llibre-camigrants-altea-llibres-a-la-tardor-2023\/#primaryimage"},"image":{"@id":"https:\/\/www.alteacultural.com\/es\/events\/present-llibre-camigrants-altea-llibres-a-la-tardor-2023\/#primaryimage"},"thumbnailUrl":"https:\/\/www.alteacultural.com\/wp-content\/uploads\/2023\/10\/LlibresTardor23_Banner3-01-scaled.jpg","datePublished":"2023-10-13T08:24:46+00:00","dateModified":"2024-06-12T19:09:41+00:00","breadcrumb":{"@id":"https:\/\/www.alteacultural.com\/es\/events\/present-llibre-camigrants-altea-llibres-a-la-tardor-2023\/#breadcrumb"},"inLanguage":"es","potentialAction":[{"@type":"ReadAction","target":["https:\/\/www.alteacultural.com\/es\/events\/present-llibre-camigrants-altea-llibres-a-la-tardor-2023\/"]}]},{"@type":"ImageObject","inLanguage":"es","@id":"https:\/\/www.alteacultural.com\/es\/events\/present-llibre-camigrants-altea-llibres-a-la-tardor-2023\/#primaryimage","url":"https:\/\/www.alteacultural.com\/wp-content\/uploads\/2023\/10\/LlibresTardor23_Banner3-01-scaled.jpg","contentUrl":"https:\/\/www.alteacultural.com\/wp-content\/uploads\/2023\/10\/LlibresTardor23_Banner3-01-scaled.jpg","width":2560,"height":947},{"@type":"BreadcrumbList","@id":"https:\/\/www.alteacultural.com\/es\/events\/present-llibre-camigrants-altea-llibres-a-la-tardor-2023\/#breadcrumb","itemListElement":[{"@type":"ListItem","position":1,"name":"Inici","item":"https:\/\/www.alteacultural.com\/es\/"},{"@type":"ListItem","position":2,"name":"Eventos","item":"https:\/\/www.alteacultural.com\/es\/events\/"},{"@type":"ListItem","position":3,"name":"Present. libro: &#8220;Camigrants&#8221; &#8211; Altea, llibres a la tardor 2023"}]},{"@type":"WebSite","@id":"https:\/\/www.alteacultural.com\/es\/#website","url":"https:\/\/www.alteacultural.com\/es\/","name":"Altea Cultural","description":"Regidoria de Cultura de l&#039;Ajuntament d&#039;Altea","potentialAction":[{"@type":"SearchAction","target":{"@type":"EntryPoint","urlTemplate":"https:\/\/www.alteacultural.com\/es\/?s={search_term_string}"},"query-input":"required name=search_term_string"}],"inLanguage":"es"}]}},"mec_cost":"Entrada libre y gratuita","mec_date":{"start":{"date":"2023-11-02","hour":7,"minutes":"0","ampm":"PM"},"end":{"date":"2023-11-02","hour":8,"minutes":"0","ampm":"PM"},"comment":"","repeat":{"type":"daily","interval":"1","advanced":"","end":"never","end_at_date":"","end_at_occurrences":"10"}},"_links":{"self":[{"href":"https:\/\/www.alteacultural.com\/es\/wp-json\/wp\/v2\/mec-events\/27656"}],"collection":[{"href":"https:\/\/www.alteacultural.com\/es\/wp-json\/wp\/v2\/mec-events"}],"about":[{"href":"https:\/\/www.alteacultural.com\/es\/wp-json\/wp\/v2\/types\/mec-events"}],"author":[{"embeddable":true,"href":"https:\/\/www.alteacultural.com\/es\/wp-json\/wp\/v2\/users\/1"}],"replies":[{"embeddable":true,"href":"https:\/\/www.alteacultural.com\/es\/wp-json\/wp\/v2\/comments?post=27656"}],"wp:featuredmedia":[{"embeddable":true,"href":"https:\/\/www.alteacultural.com\/es\/wp-json\/wp\/v2\/media\/27655"}],"wp:attachment":[{"href":"https:\/\/www.alteacultural.com\/es\/wp-json\/wp\/v2\/media?parent=27656"}],"curies":[{"name":"wp","href":"https:\/\/api.w.org\/{rel}","templated":true}]}}

<p><strong> 02-nov | 19:00 | Biblioteca Pública Municipal Altea</strong></p>
<p><em><strong>Acto en valenciano.</strong></em></p>
<p>Presentació llibre: <em>Camigrants </em>en el cicle «Altea, llibres a la tardor 2023».</p>
<p>Autor: José Figueres.</p>
<p><em>Camigrants</em>, de José Figueres, és el nou títol de la col.lecció Literatura de Vincle Editorial, 2023. Es tracta d’un relat de relats que narra amb sensibilitat, respecte i empatia el drama dels menors migrants no acompanyants. Una ficció basada en centenars d’històries reals que dona veu a joves com l’Ibrahim, el Mamaoudou, la Saloua, l’Ahmed, l’Onera i la Lupita, els quals un dia abandonaren els seus països d’origen per a buscar un futur millor enfilant el camí cap a Europa on, si no ets blanc o arribes amb visat, ho tens francament difícil. Una temàtica poc tractada a la literatura valenciana.</p>
<p>“Vaig escriure Camigrants”, indica Figueres, “perquè volia visibilitzar la problemàtica d’un dels col.lectius més vulnerables, com és el dels menors estrangers no acompanyats. Volia deixar en negre sobre blanc aquesta altra realitat, desconeguda per a la gran majoria de la societat, que pateixen aquests joves que es llancen a la mar, al camí o boten una tanca amb ganivets en la seua recerca per una vida millor”, conclou l’autor.</p>
<p>Figueres ha escrit amb valentia un calidoscopi dels joves migrants. Un fresc social que aborda temes com els desequilibris econòmics entre el Nord i el Sud, els governs i les monarquies corruptes al servei dels interessos de les corporacions internacionals, els diferents models de migració, l’amistat, l’amor, la mort, la discriminació, el masclisme, l’homosexualitat, l’homofòbia i la solidaritat basada en el suport mutu.</p>
<p>Qui són?, D’on venen? Per què fugen de les seues famílies i dels seues països? Com arriben, com viuen el viatge? Quines dificultats troben en els diferents itineraris? Com es paguen el viatge? Com els curen les ferides de les ganivets de les tanques? Com sobreviuen a la màfies? Figueres va intentar respondre a totes aquestes preguntes mitjançant la literatura, “l’arma més fràgil i poderosa que transforma l’estigma en estima”, afirma.</p>
<p><a href="https://www.alteacultural.com/es/tag/presentacions-de-llibres/">VEURE CICLE COMPLET</a></p>
<p>&nbsp;</p>
<p><img fetchpriority="high" decoding="async" class="aligncenter wp-image-27636" src="https://www.alteacultural.com/wp-content/uploads/2023/10/LlibresTardor23_Cartell-02.jpg" alt="" width="750" height="1060" srcset="https://www.alteacultural.com/wp-content/uploads/2023/10/LlibresTardor23_Cartell-02.jpg 1754w, https://www.alteacultural.com/wp-content/uploads/2023/10/LlibresTardor23_Cartell-02-768x1086.jpg 768w, https://www.alteacultural.com/wp-content/uploads/2023/10/LlibresTardor23_Cartell-02-1086x1536.jpg 1086w, https://www.alteacultural.com/wp-content/uploads/2023/10/LlibresTardor23_Cartell-02-1448x2048.jpg 1448w" sizes="(max-width: 750px) 100vw, 750px" /></p>

<p>02-nov | 19:00 | Biblioteca Pública Municipal Altea Acto en valenciano. Presentació llibre: Camigrants en el cicle «Altea, llibres a [&hellip;]</p>

<!-- This site is optimized with the Yoast SEO plugin v22.8 - https://yoast.com/wordpress/plugins/seo/ -->
<title>Present. libro: &quot;Camigrants&quot; - Altea, llibres a la tardor 2023 - Altea Cultural</title>
<meta name="robots" content="index, follow, max-snippet:-1, max-image-preview:large, max-video-preview:-1" />
<link rel="canonical" href="https://www.alteacultural.com/es/events/present-llibre-camigrants-altea-llibres-a-la-tardor-2023/" />
<meta property="og:locale" content="es_ES" />
<meta property="og:type" content="article" />
<meta property="og:title" content="Present. libro: &quot;Camigrants&quot; - Altea, llibres a la tardor 2023 - Altea Cultural" />
<meta property="og:description" content="02-nov | 19:00 | Biblioteca Pública Municipal Altea Acto en valenciano. Presentació llibre: Camigrants en el cicle «Altea, llibres a [&hellip;]" />
<meta property="og:url" content="https://www.alteacultural.com/es/events/present-llibre-camigrants-altea-llibres-a-la-tardor-2023/" />
<meta property="og:site_name" content="Altea Cultural" />
<meta property="article:modified_time" content="2024-06-12T19:09:41+00:00" />
<meta property="og:image" content="https://www.alteacultural.com/wp-content/uploads/2023/10/LlibresTardor23_Banner3-01-scaled.jpg" />
	<meta property="og:image:width" content="2560" />
	<meta property="og:image:height" content="947" />
	<meta property="og:image:type" content="image/jpeg" />
<meta name="twitter:card" content="summary_large_image" />
<meta name="twitter:label1" content="Tiempo de lectura" />
	<meta name="twitter:data1" content="2 minutos" />
<script type="application/ld+json" class="yoast-schema-graph">{"@context":"https://schema.org","@graph":[{"@type":"WebPage","@id":"https://www.alteacultural.com/es/events/present-llibre-camigrants-altea-llibres-a-la-tardor-2023/","url":"https://www.alteacultural.com/es/events/present-llibre-camigrants-altea-llibres-a-la-tardor-2023/","name":"Present. libro: \"Camigrants\" - Altea, llibres a la tardor 2023 - Altea Cultural","isPartOf":{"@id":"https://www.alteacultural.com/es/#website"},"primaryImageOfPage":{"@id":"https://www.alteacultural.com/es/events/present-llibre-camigrants-altea-llibres-a-la-tardor-2023/#primaryimage"},"image":{"@id":"https://www.alteacultural.com/es/events/present-llibre-camigrants-altea-llibres-a-la-tardor-2023/#primaryimage"},"thumbnailUrl":"https://www.alteacultural.com/wp-content/uploads/2023/10/LlibresTardor23_Banner3-01-scaled.jpg","datePublished":"2023-10-13T08:24:46+00:00","dateModified":"2024-06-12T19:09:41+00:00","breadcrumb":{"@id":"https://www.alteacultural.com/es/events/present-llibre-camigrants-altea-llibres-a-la-tardor-2023/#breadcrumb"},"inLanguage":"es","potentialAction":[{"@type":"ReadAction","target":["https://www.alteacultural.com/es/events/present-llibre-camigrants-altea-llibres-a-la-tardor-2023/"]}]},{"@type":"ImageObject","inLanguage":"es","@id":"https://www.alteacultural.com/es/events/present-llibre-camigrants-altea-llibres-a-la-tardor-2023/#primaryimage","url":"https://www.alteacultural.com/wp-content/uploads/2023/10/LlibresTardor23_Banner3-01-scaled.jpg","contentUrl":"https://www.alteacultural.com/wp-content/uploads/2023/10/LlibresTardor23_Banner3-01-scaled.jpg","width":2560,"height":947},{"@type":"BreadcrumbList","@id":"https://www.alteacultural.com/es/events/present-llibre-camigrants-altea-llibres-a-la-tardor-2023/#breadcrumb","itemListElement":[{"@type":"ListItem","position":1,"name":"Inici","item":"https://www.alteacultural.com/es/"},{"@type":"ListItem","position":2,"name":"Eventos","item":"https://www.alteacultural.com/es/events/"},{"@type":"ListItem","position":3,"name":"Present. libro: &#8220;Camigrants&#8221; &#8211; Altea, llibres a la tardor 2023"}]},{"@type":"WebSite","@id":"https://www.alteacultural.com/es/#website","url":"https://www.alteacultural.com/es/","name":"Altea Cultural","description":"Regidoria de Cultura de l&#039;Ajuntament d&#039;Altea","potentialAction":[{"@type":"SearchAction","target":{"@type":"EntryPoint","urlTemplate":"https://www.alteacultural.com/es/?s={search_term_string}"},"query-input":"required name=search_term_string"}],"inLanguage":"es"}]}</script>
<!-- / Yoast SEO plugin. -->

02-nov | 19:00 | Biblioteca Pública Municipal Altea Acto en valenciano. Presentació llibre: Camigrants en el cicle «Altea, llibres a [&hellip;]
