{"id":27678,"date":"2023-10-13T13:33:37","date_gmt":"2023-10-13T11:33:37","guid":{"rendered":"https:\/\/www.alteacultural.com\/events\/present-llibre-sonhos-esperanca-vida-altea-llibres-a-la-tardor-2023\/"},"modified":"2024-06-12T21:09:41","modified_gmt":"2024-06-12T19:09:41","slug":"present-llibre-sonhos-esperanca-vida-altea-llibres-a-la-tardor-2023","status":"publish","type":"mec-events","link":"https:\/\/www.alteacultural.com\/es\/events\/present-llibre-sonhos-esperanca-vida-altea-llibres-a-la-tardor-2023\/","title":{"rendered":"Present. libros: \u00abSonhos, Esperan\u00e7a&#8230;, VIDA\u00bb y \u00abLa lluna m&#8217;ha dit&#8230;\u00bb &#8211; Altea, llibres a la tardor 2023"},"content":{"rendered":"<p><strong>01-dic | 19:00 | Biblioteca P\u00fablica Municipal Altea<\/strong><\/p>\n<p><em><strong>Acto en valenciano.<\/strong><\/em><\/p>\n<p>Presentaci\u00f3 llibres:<br \/>\n<em>-\u00ab<strong>Sonhos, Esperan\u00e7a&#8230;, VIDA<\/strong>\u00bb<br \/>\n-\u00ab<strong>La lluna m&#8217;ha dit&#8230; Poemes per a Aitana<\/strong>\u00bb<br \/>\n<\/em>Autora: M\u00aa Rosa Porcar Centelles.<\/p>\n<p>Cicle \u00abAltea, llibres a la tardor 2023\u00bb.<\/p>\n<p>En aquest poemari, inspirat per la meua neta, Aitana, hi \u00e9s present el sentiment de pau, felicitat, il\u00b7lusi\u00f3, esperan\u00e7a, estima&#8230; que el naixement d&#8217;una criatura ens transmet.<\/p>\n<p>Hi \u00e9s present, tamb\u00e9, la necessitat de l&#8217;esfor\u00e7 i superaci\u00f3 personal, la reflexi\u00f3 del pas del temps&#8230;<\/p>\n<p>\u00c9s poesia pensada perqu\u00e8 Aitana puga comprendre-la tan sols aprenga a llegir.<\/p>\n<p><a href=\"https:\/\/www.alteacultural.com\/es\/tag\/presentacions-de-llibres\/\">VEURE CICLE COMPLET<\/a><\/p>\n<p>&nbsp;<\/p>\n<p><img fetchpriority=\"high\" decoding=\"async\" class=\"aligncenter wp-image-27636\" src=\"https:\/\/www.alteacultural.com\/wp-content\/uploads\/2023\/10\/LlibresTardor23_Cartell-02.jpg\" alt=\"\" width=\"750\" height=\"1060\" srcset=\"https:\/\/www.alteacultural.com\/wp-content\/uploads\/2023\/10\/LlibresTardor23_Cartell-02.jpg 1754w, https:\/\/www.alteacultural.com\/wp-content\/uploads\/2023\/10\/LlibresTardor23_Cartell-02-768x1086.jpg 768w, https:\/\/www.alteacultural.com\/wp-content\/uploads\/2023\/10\/LlibresTardor23_Cartell-02-1086x1536.jpg 1086w, https:\/\/www.alteacultural.com\/wp-content\/uploads\/2023\/10\/LlibresTardor23_Cartell-02-1448x2048.jpg 1448w\" sizes=\"(max-width: 750px) 100vw, 750px\" \/><\/p>\n","protected":false},"excerpt":{"rendered":"<p>01-dic | 19:00 | Biblioteca P\u00fablica Municipal Altea Acto en valenciano. Presentaci\u00f3 llibres: -\u00abSonhos, Esperan\u00e7a&#8230;, VIDA\u00bb -\u00abLa lluna m&#8217;ha [&hellip;]<\/p>\n","protected":false},"author":1,"featured_media":27677,"comment_status":"open","ping_status":"closed","template":"","meta":{"_expiration-date-status":"","_expiration-date":0,"_expiration-date-type":"","_expiration-date-categories":[],"_expiration-date-options":[]},"yoast_head":"<!-- This site is optimized with the Yoast SEO plugin v22.8 - https:\/\/yoast.com\/wordpress\/plugins\/seo\/ -->\n<title>Present. libros: &quot;Sonhos, Esperan\u00e7a..., VIDA&quot; y &quot;La lluna m&#039;ha dit...&quot; - Altea, llibres a la tardor 2023 - Altea Cultural<\/title>\n<meta name=\"robots\" content=\"index, follow, max-snippet:-1, max-image-preview:large, max-video-preview:-1\" \/>\n<link rel=\"canonical\" href=\"https:\/\/www.alteacultural.com\/es\/events\/present-llibre-sonhos-esperanca-vida-altea-llibres-a-la-tardor-2023\/\" \/>\n<meta property=\"og:locale\" content=\"es_ES\" \/>\n<meta property=\"og:type\" content=\"article\" \/>\n<meta property=\"og:title\" content=\"Present. libros: &quot;Sonhos, Esperan\u00e7a..., VIDA&quot; y &quot;La lluna m&#039;ha dit...&quot; - Altea, llibres a la tardor 2023 - Altea Cultural\" \/>\n<meta property=\"og:description\" content=\"01-dic | 19:00 | Biblioteca P\u00fablica Municipal Altea Acto en valenciano. Presentaci\u00f3 llibres: -\u00abSonhos, Esperan\u00e7a&#8230;, VIDA\u00bb -\u00abLa lluna m&#8217;ha [&hellip;]\" \/>\n<meta property=\"og:url\" content=\"https:\/\/www.alteacultural.com\/es\/events\/present-llibre-sonhos-esperanca-vida-altea-llibres-a-la-tardor-2023\/\" \/>\n<meta property=\"og:site_name\" content=\"Altea Cultural\" \/>\n<meta property=\"article:modified_time\" content=\"2024-06-12T19:09:41+00:00\" \/>\n<meta property=\"og:image\" content=\"https:\/\/www.alteacultural.com\/wp-content\/uploads\/2023\/10\/LlibresTardor23_Banner7-01-scaled.jpg\" \/>\n\t<meta property=\"og:image:width\" content=\"2560\" \/>\n\t<meta property=\"og:image:height\" content=\"947\" \/>\n\t<meta property=\"og:image:type\" content=\"image\/jpeg\" \/>\n<meta name=\"twitter:card\" content=\"summary_large_image\" \/>\n<meta name=\"twitter:label1\" content=\"Tiempo de lectura\" \/>\n\t<meta name=\"twitter:data1\" content=\"1 minuto\" \/>\n<script type=\"application\/ld+json\" class=\"yoast-schema-graph\">{\"@context\":\"https:\/\/schema.org\",\"@graph\":[{\"@type\":\"WebPage\",\"@id\":\"https:\/\/www.alteacultural.com\/es\/events\/present-llibre-sonhos-esperanca-vida-altea-llibres-a-la-tardor-2023\/\",\"url\":\"https:\/\/www.alteacultural.com\/es\/events\/present-llibre-sonhos-esperanca-vida-altea-llibres-a-la-tardor-2023\/\",\"name\":\"Present. libros: \\\"Sonhos, Esperan\u00e7a..., VIDA\\\" y \\\"La lluna m'ha dit...\\\" - Altea, llibres a la tardor 2023 - Altea Cultural\",\"isPartOf\":{\"@id\":\"https:\/\/www.alteacultural.com\/es\/#website\"},\"primaryImageOfPage\":{\"@id\":\"https:\/\/www.alteacultural.com\/es\/events\/present-llibre-sonhos-esperanca-vida-altea-llibres-a-la-tardor-2023\/#primaryimage\"},\"image\":{\"@id\":\"https:\/\/www.alteacultural.com\/es\/events\/present-llibre-sonhos-esperanca-vida-altea-llibres-a-la-tardor-2023\/#primaryimage\"},\"thumbnailUrl\":\"https:\/\/www.alteacultural.com\/wp-content\/uploads\/2023\/10\/LlibresTardor23_Banner7-01-scaled.jpg\",\"datePublished\":\"2023-10-13T11:33:37+00:00\",\"dateModified\":\"2024-06-12T19:09:41+00:00\",\"breadcrumb\":{\"@id\":\"https:\/\/www.alteacultural.com\/es\/events\/present-llibre-sonhos-esperanca-vida-altea-llibres-a-la-tardor-2023\/#breadcrumb\"},\"inLanguage\":\"es\",\"potentialAction\":[{\"@type\":\"ReadAction\",\"target\":[\"https:\/\/www.alteacultural.com\/es\/events\/present-llibre-sonhos-esperanca-vida-altea-llibres-a-la-tardor-2023\/\"]}]},{\"@type\":\"ImageObject\",\"inLanguage\":\"es\",\"@id\":\"https:\/\/www.alteacultural.com\/es\/events\/present-llibre-sonhos-esperanca-vida-altea-llibres-a-la-tardor-2023\/#primaryimage\",\"url\":\"https:\/\/www.alteacultural.com\/wp-content\/uploads\/2023\/10\/LlibresTardor23_Banner7-01-scaled.jpg\",\"contentUrl\":\"https:\/\/www.alteacultural.com\/wp-content\/uploads\/2023\/10\/LlibresTardor23_Banner7-01-scaled.jpg\",\"width\":2560,\"height\":947},{\"@type\":\"BreadcrumbList\",\"@id\":\"https:\/\/www.alteacultural.com\/es\/events\/present-llibre-sonhos-esperanca-vida-altea-llibres-a-la-tardor-2023\/#breadcrumb\",\"itemListElement\":[{\"@type\":\"ListItem\",\"position\":1,\"name\":\"Inici\",\"item\":\"https:\/\/www.alteacultural.com\/es\/\"},{\"@type\":\"ListItem\",\"position\":2,\"name\":\"Eventos\",\"item\":\"https:\/\/www.alteacultural.com\/es\/events\/\"},{\"@type\":\"ListItem\",\"position\":3,\"name\":\"Present. libros: &#8220;Sonhos, Esperan\u00e7a&#8230;, VIDA&#8221; y &#8220;La lluna m&#8217;ha dit&#8230;&#8221; &#8211; Altea, llibres a la tardor 2023\"}]},{\"@type\":\"WebSite\",\"@id\":\"https:\/\/www.alteacultural.com\/es\/#website\",\"url\":\"https:\/\/www.alteacultural.com\/es\/\",\"name\":\"Altea Cultural\",\"description\":\"Regidoria de Cultura de l&#039;Ajuntament d&#039;Altea\",\"potentialAction\":[{\"@type\":\"SearchAction\",\"target\":{\"@type\":\"EntryPoint\",\"urlTemplate\":\"https:\/\/www.alteacultural.com\/es\/?s={search_term_string}\"},\"query-input\":\"required name=search_term_string\"}],\"inLanguage\":\"es\"}]}<\/script>\n<!-- \/ Yoast SEO plugin. -->","yoast_head_json":{"title":"Present. libros: \"Sonhos, Esperan\u00e7a..., VIDA\" y \"La lluna m'ha dit...\" - Altea, llibres a la tardor 2023 - Altea Cultural","robots":{"index":"index","follow":"follow","max-snippet":"max-snippet:-1","max-image-preview":"max-image-preview:large","max-video-preview":"max-video-preview:-1"},"canonical":"https:\/\/www.alteacultural.com\/es\/events\/present-llibre-sonhos-esperanca-vida-altea-llibres-a-la-tardor-2023\/","og_locale":"es_ES","og_type":"article","og_title":"Present. libros: \"Sonhos, Esperan\u00e7a..., VIDA\" y \"La lluna m'ha dit...\" - Altea, llibres a la tardor 2023 - Altea Cultural","og_description":"01-dic | 19:00 | Biblioteca P\u00fablica Municipal Altea Acto en valenciano. Presentaci\u00f3 llibres: -\u00abSonhos, Esperan\u00e7a&#8230;, VIDA\u00bb -\u00abLa lluna m&#8217;ha [&hellip;]","og_url":"https:\/\/www.alteacultural.com\/es\/events\/present-llibre-sonhos-esperanca-vida-altea-llibres-a-la-tardor-2023\/","og_site_name":"Altea Cultural","article_modified_time":"2024-06-12T19:09:41+00:00","og_image":[{"width":2560,"height":947,"url":"https:\/\/www.alteacultural.com\/wp-content\/uploads\/2023\/10\/LlibresTardor23_Banner7-01-scaled.jpg","type":"image\/jpeg"}],"twitter_card":"summary_large_image","twitter_misc":{"Tiempo de lectura":"1 minuto"},"schema":{"@context":"https:\/\/schema.org","@graph":[{"@type":"WebPage","@id":"https:\/\/www.alteacultural.com\/es\/events\/present-llibre-sonhos-esperanca-vida-altea-llibres-a-la-tardor-2023\/","url":"https:\/\/www.alteacultural.com\/es\/events\/present-llibre-sonhos-esperanca-vida-altea-llibres-a-la-tardor-2023\/","name":"Present. libros: \"Sonhos, Esperan\u00e7a..., VIDA\" y \"La lluna m'ha dit...\" - Altea, llibres a la tardor 2023 - Altea Cultural","isPartOf":{"@id":"https:\/\/www.alteacultural.com\/es\/#website"},"primaryImageOfPage":{"@id":"https:\/\/www.alteacultural.com\/es\/events\/present-llibre-sonhos-esperanca-vida-altea-llibres-a-la-tardor-2023\/#primaryimage"},"image":{"@id":"https:\/\/www.alteacultural.com\/es\/events\/present-llibre-sonhos-esperanca-vida-altea-llibres-a-la-tardor-2023\/#primaryimage"},"thumbnailUrl":"https:\/\/www.alteacultural.com\/wp-content\/uploads\/2023\/10\/LlibresTardor23_Banner7-01-scaled.jpg","datePublished":"2023-10-13T11:33:37+00:00","dateModified":"2024-06-12T19:09:41+00:00","breadcrumb":{"@id":"https:\/\/www.alteacultural.com\/es\/events\/present-llibre-sonhos-esperanca-vida-altea-llibres-a-la-tardor-2023\/#breadcrumb"},"inLanguage":"es","potentialAction":[{"@type":"ReadAction","target":["https:\/\/www.alteacultural.com\/es\/events\/present-llibre-sonhos-esperanca-vida-altea-llibres-a-la-tardor-2023\/"]}]},{"@type":"ImageObject","inLanguage":"es","@id":"https:\/\/www.alteacultural.com\/es\/events\/present-llibre-sonhos-esperanca-vida-altea-llibres-a-la-tardor-2023\/#primaryimage","url":"https:\/\/www.alteacultural.com\/wp-content\/uploads\/2023\/10\/LlibresTardor23_Banner7-01-scaled.jpg","contentUrl":"https:\/\/www.alteacultural.com\/wp-content\/uploads\/2023\/10\/LlibresTardor23_Banner7-01-scaled.jpg","width":2560,"height":947},{"@type":"BreadcrumbList","@id":"https:\/\/www.alteacultural.com\/es\/events\/present-llibre-sonhos-esperanca-vida-altea-llibres-a-la-tardor-2023\/#breadcrumb","itemListElement":[{"@type":"ListItem","position":1,"name":"Inici","item":"https:\/\/www.alteacultural.com\/es\/"},{"@type":"ListItem","position":2,"name":"Eventos","item":"https:\/\/www.alteacultural.com\/es\/events\/"},{"@type":"ListItem","position":3,"name":"Present. libros: &#8220;Sonhos, Esperan\u00e7a&#8230;, VIDA&#8221; y &#8220;La lluna m&#8217;ha dit&#8230;&#8221; &#8211; Altea, llibres a la tardor 2023"}]},{"@type":"WebSite","@id":"https:\/\/www.alteacultural.com\/es\/#website","url":"https:\/\/www.alteacultural.com\/es\/","name":"Altea Cultural","description":"Regidoria de Cultura de l&#039;Ajuntament d&#039;Altea","potentialAction":[{"@type":"SearchAction","target":{"@type":"EntryPoint","urlTemplate":"https:\/\/www.alteacultural.com\/es\/?s={search_term_string}"},"query-input":"required name=search_term_string"}],"inLanguage":"es"}]}},"mec_cost":"Entrada libre y gratuita","mec_date":{"start":{"date":"2023-12-01","hour":7,"minutes":"0","ampm":"PM"},"end":{"date":"2023-12-01","hour":8,"minutes":"0","ampm":"PM"},"comment":"","repeat":{"type":"daily","interval":"1","advanced":"","end":"never","end_at_date":"","end_at_occurrences":"10"}},"_links":{"self":[{"href":"https:\/\/www.alteacultural.com\/es\/wp-json\/wp\/v2\/mec-events\/27678"}],"collection":[{"href":"https:\/\/www.alteacultural.com\/es\/wp-json\/wp\/v2\/mec-events"}],"about":[{"href":"https:\/\/www.alteacultural.com\/es\/wp-json\/wp\/v2\/types\/mec-events"}],"author":[{"embeddable":true,"href":"https:\/\/www.alteacultural.com\/es\/wp-json\/wp\/v2\/users\/1"}],"replies":[{"embeddable":true,"href":"https:\/\/www.alteacultural.com\/es\/wp-json\/wp\/v2\/comments?post=27678"}],"wp:featuredmedia":[{"embeddable":true,"href":"https:\/\/www.alteacultural.com\/es\/wp-json\/wp\/v2\/media\/27677"}],"wp:attachment":[{"href":"https:\/\/www.alteacultural.com\/es\/wp-json\/wp\/v2\/media?parent=27678"}],"curies":[{"name":"wp","href":"https:\/\/api.w.org\/{rel}","templated":true}]}}

Present. libros: «Sonhos, Esperança&#8230;, VIDA» y «La lluna m&#8217;ha dit&#8230;» &#8211; Altea, llibres a la tardor 2023

<p><strong>01-dic | 19:00 | Biblioteca Pública Municipal Altea</strong></p>
<p><em><strong>Acto en valenciano.</strong></em></p>
<p>Presentació llibres:<br />
<em>-«<strong>Sonhos, Esperança&#8230;, VIDA</strong>»<br />
-«<strong>La lluna m&#8217;ha dit&#8230; Poemes per a Aitana</strong>»<br />
</em>Autora: Mª Rosa Porcar Centelles.</p>
<p>Cicle «Altea, llibres a la tardor 2023».</p>
<p>En aquest poemari, inspirat per la meua neta, Aitana, hi és present el sentiment de pau, felicitat, il·lusió, esperança, estima&#8230; que el naixement d&#8217;una criatura ens transmet.</p>
<p>Hi és present, també, la necessitat de l&#8217;esforç i superació personal, la reflexió del pas del temps&#8230;</p>
<p>És poesia pensada perquè Aitana puga comprendre-la tan sols aprenga a llegir.</p>
<p><a href="https://www.alteacultural.com/es/tag/presentacions-de-llibres/">VEURE CICLE COMPLET</a></p>
<p>&nbsp;</p>
<p><img fetchpriority="high" decoding="async" class="aligncenter wp-image-27636" src="https://www.alteacultural.com/wp-content/uploads/2023/10/LlibresTardor23_Cartell-02.jpg" alt="" width="750" height="1060" srcset="https://www.alteacultural.com/wp-content/uploads/2023/10/LlibresTardor23_Cartell-02.jpg 1754w, https://www.alteacultural.com/wp-content/uploads/2023/10/LlibresTardor23_Cartell-02-768x1086.jpg 768w, https://www.alteacultural.com/wp-content/uploads/2023/10/LlibresTardor23_Cartell-02-1086x1536.jpg 1086w, https://www.alteacultural.com/wp-content/uploads/2023/10/LlibresTardor23_Cartell-02-1448x2048.jpg 1448w" sizes="(max-width: 750px) 100vw, 750px" /></p>

<p>01-dic | 19:00 | Biblioteca Pública Municipal Altea Acto en valenciano. Presentació llibres: -«Sonhos, Esperança&#8230;, VIDA» -«La lluna m&#8217;ha [&hellip;]</p>

<!-- This site is optimized with the Yoast SEO plugin v22.8 - https://yoast.com/wordpress/plugins/seo/ -->
<title>Present. libros: &quot;Sonhos, Esperança..., VIDA&quot; y &quot;La lluna m&#039;ha dit...&quot; - Altea, llibres a la tardor 2023 - Altea Cultural</title>
<meta name="robots" content="index, follow, max-snippet:-1, max-image-preview:large, max-video-preview:-1" />
<link rel="canonical" href="https://www.alteacultural.com/es/events/present-llibre-sonhos-esperanca-vida-altea-llibres-a-la-tardor-2023/" />
<meta property="og:locale" content="es_ES" />
<meta property="og:type" content="article" />
<meta property="og:title" content="Present. libros: &quot;Sonhos, Esperança..., VIDA&quot; y &quot;La lluna m&#039;ha dit...&quot; - Altea, llibres a la tardor 2023 - Altea Cultural" />
<meta property="og:description" content="01-dic | 19:00 | Biblioteca Pública Municipal Altea Acto en valenciano. Presentació llibres: -«Sonhos, Esperança&#8230;, VIDA» -«La lluna m&#8217;ha [&hellip;]" />
<meta property="og:url" content="https://www.alteacultural.com/es/events/present-llibre-sonhos-esperanca-vida-altea-llibres-a-la-tardor-2023/" />
<meta property="og:site_name" content="Altea Cultural" />
<meta property="article:modified_time" content="2024-06-12T19:09:41+00:00" />
<meta property="og:image" content="https://www.alteacultural.com/wp-content/uploads/2023/10/LlibresTardor23_Banner7-01-scaled.jpg" />
	<meta property="og:image:width" content="2560" />
	<meta property="og:image:height" content="947" />
	<meta property="og:image:type" content="image/jpeg" />
<meta name="twitter:card" content="summary_large_image" />
<meta name="twitter:label1" content="Tiempo de lectura" />
	<meta name="twitter:data1" content="1 minuto" />
<script type="application/ld+json" class="yoast-schema-graph">{"@context":"https://schema.org","@graph":[{"@type":"WebPage","@id":"https://www.alteacultural.com/es/events/present-llibre-sonhos-esperanca-vida-altea-llibres-a-la-tardor-2023/","url":"https://www.alteacultural.com/es/events/present-llibre-sonhos-esperanca-vida-altea-llibres-a-la-tardor-2023/","name":"Present. libros: \"Sonhos, Esperança..., VIDA\" y \"La lluna m'ha dit...\" - Altea, llibres a la tardor 2023 - Altea Cultural","isPartOf":{"@id":"https://www.alteacultural.com/es/#website"},"primaryImageOfPage":{"@id":"https://www.alteacultural.com/es/events/present-llibre-sonhos-esperanca-vida-altea-llibres-a-la-tardor-2023/#primaryimage"},"image":{"@id":"https://www.alteacultural.com/es/events/present-llibre-sonhos-esperanca-vida-altea-llibres-a-la-tardor-2023/#primaryimage"},"thumbnailUrl":"https://www.alteacultural.com/wp-content/uploads/2023/10/LlibresTardor23_Banner7-01-scaled.jpg","datePublished":"2023-10-13T11:33:37+00:00","dateModified":"2024-06-12T19:09:41+00:00","breadcrumb":{"@id":"https://www.alteacultural.com/es/events/present-llibre-sonhos-esperanca-vida-altea-llibres-a-la-tardor-2023/#breadcrumb"},"inLanguage":"es","potentialAction":[{"@type":"ReadAction","target":["https://www.alteacultural.com/es/events/present-llibre-sonhos-esperanca-vida-altea-llibres-a-la-tardor-2023/"]}]},{"@type":"ImageObject","inLanguage":"es","@id":"https://www.alteacultural.com/es/events/present-llibre-sonhos-esperanca-vida-altea-llibres-a-la-tardor-2023/#primaryimage","url":"https://www.alteacultural.com/wp-content/uploads/2023/10/LlibresTardor23_Banner7-01-scaled.jpg","contentUrl":"https://www.alteacultural.com/wp-content/uploads/2023/10/LlibresTardor23_Banner7-01-scaled.jpg","width":2560,"height":947},{"@type":"BreadcrumbList","@id":"https://www.alteacultural.com/es/events/present-llibre-sonhos-esperanca-vida-altea-llibres-a-la-tardor-2023/#breadcrumb","itemListElement":[{"@type":"ListItem","position":1,"name":"Inici","item":"https://www.alteacultural.com/es/"},{"@type":"ListItem","position":2,"name":"Eventos","item":"https://www.alteacultural.com/es/events/"},{"@type":"ListItem","position":3,"name":"Present. libros: &#8220;Sonhos, Esperança&#8230;, VIDA&#8221; y &#8220;La lluna m&#8217;ha dit&#8230;&#8221; &#8211; Altea, llibres a la tardor 2023"}]},{"@type":"WebSite","@id":"https://www.alteacultural.com/es/#website","url":"https://www.alteacultural.com/es/","name":"Altea Cultural","description":"Regidoria de Cultura de l&#039;Ajuntament d&#039;Altea","potentialAction":[{"@type":"SearchAction","target":{"@type":"EntryPoint","urlTemplate":"https://www.alteacultural.com/es/?s={search_term_string}"},"query-input":"required name=search_term_string"}],"inLanguage":"es"}]}</script>
<!-- / Yoast SEO plugin. -->

Present. libros: "Sonhos, Esperança..., VIDA" y "La lluna m'ha dit..." - Altea, llibres a la tardor 2023 - Altea Cultural

01-dic | 19:00 | Biblioteca Pública Municipal Altea Acto en valenciano. Presentació llibres: -«Sonhos, Esperança&#8230;, VIDA» -«La lluna m&#8217;ha [&hellip;]

Present. libros: &#8220;Sonhos, Esperança&#8230;, VIDA&#8221; y &#8220;La lluna m&#8217;ha dit&#8230;&#8221; &#8211; Altea, llibres a la tardor 2023
