{"id":27998,"date":"2023-11-03T09:00:47","date_gmt":"2023-11-03T08:00:47","guid":{"rendered":"https:\/\/www.alteacultural.com\/events\/expo-primavera-musical-la-musica-valenciana-reviscola\/"},"modified":"2024-08-08T10:09:03","modified_gmt":"2024-08-08T08:09:03","slug":"expo-primavera-musical-la-musica-valenciana-reviscola","status":"publish","type":"mec-events","link":"https:\/\/www.alteacultural.com\/es\/events\/expo-primavera-musical-la-musica-valenciana-reviscola\/","title":{"rendered":"Expo: \u00abPrimavera musical: La m\u00fasica valenciana revive\u00bb"},"content":{"rendered":"<p><strong>16-nov al 4-ene | Palau Altea<br \/>\n<\/strong><\/p>\n<p><strong>Expo: \u00abPrimavera musical: La m\u00fasica valenciana revive\u00bb.<br \/>\n<\/strong><\/p>\n<p>Una exposici\u00f3n que revisa las dos \u00faltimas d\u00e9cadas de la m\u00fasica valenciana. Si la visit\u00e1is, descubrir\u00e9is los grupos de m\u00fasica y los artistas, sus canciones y, adem\u00e1s de una panor\u00e1mica general, tambien har\u00e9is un recorrido que pasar\u00e1 por el arte gr\u00e1fico, la literatura, los festivales, el \u00e1mbito familiar, las publicaciones peri\u00f3dicas y el v\u00ednculo con los estudiantes. Aqu\u00ed podr\u00e9is hacer una degustaci\u00f3n y esperamos que os haga ganas de venir a verla.<\/p>\n<p>Horario de visitas de Palau Altea: martes y jueves 16.30 a 19.30 h<\/p>\n<p>Entrada libre y gratuita.<\/p>\n<p>Exposici\u00f3n ofrecida por el Servicio de Lenguas de la Universidad de Alicante.<\/p>\n<p>Actividades paralelas:<br \/>\n\u00b7\u00a0<a href=\"https:\/\/www.alteacultural.com\/es\/events\/conferencia-taula-redona-panorama-de-la-musica-en-valencia\/\">Conferencia: Mesa redonda &#8216;Panorama de la m\u00fasica en valenci\u00e0&#8217; \u00b7 15\/11\/2023<\/a><br \/>\n<a href=\"https:\/\/www.alteacultural.com\/es\/events\/presentacio-disc-tinc-un-manec-de-tres-pams-i-mig\/\" target=\"_blank\" rel=\"noopener noreferrer\">\u00b7 Presentaci\u00f3n disco &#8216;Tinc un m\u00e0nec de tres pams i mig\u00bb de Llu\u00eds el Sifoner (regrabaci\u00f3n) \u00b7 14\/12\/2023<\/a><\/p>\n<p>&nbsp;<\/p>\n<p><img fetchpriority=\"high\" decoding=\"async\" class=\"aligncenter wp-image-28333\" src=\"https:\/\/www.alteacultural.com\/wp-content\/uploads\/2023\/12\/ExpoPrimaveraMusicalNov23Gen24_RedonaMusValenciana_Sinofer_CartellCORREGIT-01.jpg\" alt=\"\" width=\"750\" height=\"1055\" srcset=\"https:\/\/www.alteacultural.com\/wp-content\/uploads\/2023\/12\/ExpoPrimaveraMusicalNov23Gen24_RedonaMusValenciana_Sinofer_CartellCORREGIT-01.jpg 1789w, https:\/\/www.alteacultural.com\/wp-content\/uploads\/2023\/12\/ExpoPrimaveraMusicalNov23Gen24_RedonaMusValenciana_Sinofer_CartellCORREGIT-01-768x1080.jpg 768w, https:\/\/www.alteacultural.com\/wp-content\/uploads\/2023\/12\/ExpoPrimaveraMusicalNov23Gen24_RedonaMusValenciana_Sinofer_CartellCORREGIT-01-1092x1536.jpg 1092w, https:\/\/www.alteacultural.com\/wp-content\/uploads\/2023\/12\/ExpoPrimaveraMusicalNov23Gen24_RedonaMusValenciana_Sinofer_CartellCORREGIT-01-1456x2048.jpg 1456w\" sizes=\"(max-width: 750px) 100vw, 750px\" \/><\/p>\n<p>&nbsp;<\/p>\n","protected":false},"excerpt":{"rendered":"<p>16-nov al 4-ene | Palau Altea Expo: \u00abPrimavera musical: La m\u00fasica valenciana revive\u00bb. Una exposici\u00f3n que revisa las dos [&hellip;]<\/p>\n","protected":false},"author":1,"featured_media":28006,"comment_status":"open","ping_status":"closed","template":"","meta":{"_expiration-date-status":"","_expiration-date":0,"_expiration-date-type":"","_expiration-date-categories":[],"_expiration-date-options":[]},"yoast_head":"<!-- This site is optimized with the Yoast SEO plugin v22.8 - https:\/\/yoast.com\/wordpress\/plugins\/seo\/ -->\n<title>Expo: &quot;Primavera musical: La m\u00fasica valenciana revive&quot; - Altea Cultural<\/title>\n<meta name=\"robots\" content=\"index, follow, max-snippet:-1, max-image-preview:large, max-video-preview:-1\" \/>\n<link rel=\"canonical\" href=\"https:\/\/www.alteacultural.com\/es\/events\/expo-primavera-musical-la-musica-valenciana-reviscola\/\" \/>\n<meta property=\"og:locale\" content=\"es_ES\" \/>\n<meta property=\"og:type\" content=\"article\" \/>\n<meta property=\"og:title\" content=\"Expo: &quot;Primavera musical: La m\u00fasica valenciana revive&quot; - Altea Cultural\" \/>\n<meta property=\"og:description\" content=\"16-nov al 4-ene | Palau Altea Expo: \u00abPrimavera musical: La m\u00fasica valenciana revive\u00bb. Una exposici\u00f3n que revisa las dos [&hellip;]\" \/>\n<meta property=\"og:url\" content=\"https:\/\/www.alteacultural.com\/es\/events\/expo-primavera-musical-la-musica-valenciana-reviscola\/\" \/>\n<meta property=\"og:site_name\" content=\"Altea Cultural\" \/>\n<meta property=\"article:modified_time\" content=\"2024-08-08T08:09:03+00:00\" \/>\n<meta property=\"og:image\" content=\"https:\/\/www.alteacultural.com\/wp-content\/uploads\/2023\/11\/ExpoPrimaveraMusicalNov23Gen24_RedonaMusValenciana_Sinofer_banner-scaled.jpg\" \/>\n\t<meta property=\"og:image:width\" content=\"2560\" \/>\n\t<meta property=\"og:image:height\" content=\"666\" \/>\n\t<meta property=\"og:image:type\" content=\"image\/jpeg\" \/>\n<meta name=\"twitter:card\" content=\"summary_large_image\" \/>\n<meta name=\"twitter:label1\" content=\"Tiempo de lectura\" \/>\n\t<meta name=\"twitter:data1\" content=\"1 minuto\" \/>\n<script type=\"application\/ld+json\" class=\"yoast-schema-graph\">{\"@context\":\"https:\/\/schema.org\",\"@graph\":[{\"@type\":\"WebPage\",\"@id\":\"https:\/\/www.alteacultural.com\/es\/events\/expo-primavera-musical-la-musica-valenciana-reviscola\/\",\"url\":\"https:\/\/www.alteacultural.com\/es\/events\/expo-primavera-musical-la-musica-valenciana-reviscola\/\",\"name\":\"Expo: \\\"Primavera musical: La m\u00fasica valenciana revive\\\" - Altea Cultural\",\"isPartOf\":{\"@id\":\"https:\/\/www.alteacultural.com\/es\/#website\"},\"primaryImageOfPage\":{\"@id\":\"https:\/\/www.alteacultural.com\/es\/events\/expo-primavera-musical-la-musica-valenciana-reviscola\/#primaryimage\"},\"image\":{\"@id\":\"https:\/\/www.alteacultural.com\/es\/events\/expo-primavera-musical-la-musica-valenciana-reviscola\/#primaryimage\"},\"thumbnailUrl\":\"https:\/\/www.alteacultural.com\/wp-content\/uploads\/2023\/11\/ExpoPrimaveraMusicalNov23Gen24_RedonaMusValenciana_Sinofer_banner-scaled.jpg\",\"datePublished\":\"2023-11-03T08:00:47+00:00\",\"dateModified\":\"2024-08-08T08:09:03+00:00\",\"breadcrumb\":{\"@id\":\"https:\/\/www.alteacultural.com\/es\/events\/expo-primavera-musical-la-musica-valenciana-reviscola\/#breadcrumb\"},\"inLanguage\":\"es\",\"potentialAction\":[{\"@type\":\"ReadAction\",\"target\":[\"https:\/\/www.alteacultural.com\/es\/events\/expo-primavera-musical-la-musica-valenciana-reviscola\/\"]}]},{\"@type\":\"ImageObject\",\"inLanguage\":\"es\",\"@id\":\"https:\/\/www.alteacultural.com\/es\/events\/expo-primavera-musical-la-musica-valenciana-reviscola\/#primaryimage\",\"url\":\"https:\/\/www.alteacultural.com\/wp-content\/uploads\/2023\/11\/ExpoPrimaveraMusicalNov23Gen24_RedonaMusValenciana_Sinofer_banner-scaled.jpg\",\"contentUrl\":\"https:\/\/www.alteacultural.com\/wp-content\/uploads\/2023\/11\/ExpoPrimaveraMusicalNov23Gen24_RedonaMusValenciana_Sinofer_banner-scaled.jpg\",\"width\":2560,\"height\":666},{\"@type\":\"BreadcrumbList\",\"@id\":\"https:\/\/www.alteacultural.com\/es\/events\/expo-primavera-musical-la-musica-valenciana-reviscola\/#breadcrumb\",\"itemListElement\":[{\"@type\":\"ListItem\",\"position\":1,\"name\":\"Inici\",\"item\":\"https:\/\/www.alteacultural.com\/es\/\"},{\"@type\":\"ListItem\",\"position\":2,\"name\":\"Eventos\",\"item\":\"https:\/\/www.alteacultural.com\/es\/events\/\"},{\"@type\":\"ListItem\",\"position\":3,\"name\":\"Expo: &#8220;Primavera musical: La m\u00fasica valenciana revive&#8221;\"}]},{\"@type\":\"WebSite\",\"@id\":\"https:\/\/www.alteacultural.com\/es\/#website\",\"url\":\"https:\/\/www.alteacultural.com\/es\/\",\"name\":\"Altea Cultural\",\"description\":\"Regidoria de Cultura de l&#039;Ajuntament d&#039;Altea\",\"potentialAction\":[{\"@type\":\"SearchAction\",\"target\":{\"@type\":\"EntryPoint\",\"urlTemplate\":\"https:\/\/www.alteacultural.com\/es\/?s={search_term_string}\"},\"query-input\":\"required name=search_term_string\"}],\"inLanguage\":\"es\"}]}<\/script>\n<!-- \/ Yoast SEO plugin. -->","yoast_head_json":{"title":"Expo: \"Primavera musical: La m\u00fasica valenciana revive\" - Altea Cultural","robots":{"index":"index","follow":"follow","max-snippet":"max-snippet:-1","max-image-preview":"max-image-preview:large","max-video-preview":"max-video-preview:-1"},"canonical":"https:\/\/www.alteacultural.com\/es\/events\/expo-primavera-musical-la-musica-valenciana-reviscola\/","og_locale":"es_ES","og_type":"article","og_title":"Expo: \"Primavera musical: La m\u00fasica valenciana revive\" - Altea Cultural","og_description":"16-nov al 4-ene | Palau Altea Expo: \u00abPrimavera musical: La m\u00fasica valenciana revive\u00bb. Una exposici\u00f3n que revisa las dos [&hellip;]","og_url":"https:\/\/www.alteacultural.com\/es\/events\/expo-primavera-musical-la-musica-valenciana-reviscola\/","og_site_name":"Altea Cultural","article_modified_time":"2024-08-08T08:09:03+00:00","og_image":[{"width":2560,"height":666,"url":"https:\/\/www.alteacultural.com\/wp-content\/uploads\/2023\/11\/ExpoPrimaveraMusicalNov23Gen24_RedonaMusValenciana_Sinofer_banner-scaled.jpg","type":"image\/jpeg"}],"twitter_card":"summary_large_image","twitter_misc":{"Tiempo de lectura":"1 minuto"},"schema":{"@context":"https:\/\/schema.org","@graph":[{"@type":"WebPage","@id":"https:\/\/www.alteacultural.com\/es\/events\/expo-primavera-musical-la-musica-valenciana-reviscola\/","url":"https:\/\/www.alteacultural.com\/es\/events\/expo-primavera-musical-la-musica-valenciana-reviscola\/","name":"Expo: \"Primavera musical: La m\u00fasica valenciana revive\" - Altea Cultural","isPartOf":{"@id":"https:\/\/www.alteacultural.com\/es\/#website"},"primaryImageOfPage":{"@id":"https:\/\/www.alteacultural.com\/es\/events\/expo-primavera-musical-la-musica-valenciana-reviscola\/#primaryimage"},"image":{"@id":"https:\/\/www.alteacultural.com\/es\/events\/expo-primavera-musical-la-musica-valenciana-reviscola\/#primaryimage"},"thumbnailUrl":"https:\/\/www.alteacultural.com\/wp-content\/uploads\/2023\/11\/ExpoPrimaveraMusicalNov23Gen24_RedonaMusValenciana_Sinofer_banner-scaled.jpg","datePublished":"2023-11-03T08:00:47+00:00","dateModified":"2024-08-08T08:09:03+00:00","breadcrumb":{"@id":"https:\/\/www.alteacultural.com\/es\/events\/expo-primavera-musical-la-musica-valenciana-reviscola\/#breadcrumb"},"inLanguage":"es","potentialAction":[{"@type":"ReadAction","target":["https:\/\/www.alteacultural.com\/es\/events\/expo-primavera-musical-la-musica-valenciana-reviscola\/"]}]},{"@type":"ImageObject","inLanguage":"es","@id":"https:\/\/www.alteacultural.com\/es\/events\/expo-primavera-musical-la-musica-valenciana-reviscola\/#primaryimage","url":"https:\/\/www.alteacultural.com\/wp-content\/uploads\/2023\/11\/ExpoPrimaveraMusicalNov23Gen24_RedonaMusValenciana_Sinofer_banner-scaled.jpg","contentUrl":"https:\/\/www.alteacultural.com\/wp-content\/uploads\/2023\/11\/ExpoPrimaveraMusicalNov23Gen24_RedonaMusValenciana_Sinofer_banner-scaled.jpg","width":2560,"height":666},{"@type":"BreadcrumbList","@id":"https:\/\/www.alteacultural.com\/es\/events\/expo-primavera-musical-la-musica-valenciana-reviscola\/#breadcrumb","itemListElement":[{"@type":"ListItem","position":1,"name":"Inici","item":"https:\/\/www.alteacultural.com\/es\/"},{"@type":"ListItem","position":2,"name":"Eventos","item":"https:\/\/www.alteacultural.com\/es\/events\/"},{"@type":"ListItem","position":3,"name":"Expo: &#8220;Primavera musical: La m\u00fasica valenciana revive&#8221;"}]},{"@type":"WebSite","@id":"https:\/\/www.alteacultural.com\/es\/#website","url":"https:\/\/www.alteacultural.com\/es\/","name":"Altea Cultural","description":"Regidoria de Cultura de l&#039;Ajuntament d&#039;Altea","potentialAction":[{"@type":"SearchAction","target":{"@type":"EntryPoint","urlTemplate":"https:\/\/www.alteacultural.com\/es\/?s={search_term_string}"},"query-input":"required name=search_term_string"}],"inLanguage":"es"}]}},"mec_cost":"Entrada libre y gratuita","mec_date":{"start":{"date":"2023-11-16","hour":4,"minutes":"30","ampm":"PM"},"end":{"date":"2024-01-04","hour":7,"minutes":"30","ampm":"PM"},"comment":"","repeat":{"type":"daily","interval":"1","advanced":"","end":"never","end_at_date":"","end_at_occurrences":"10"}},"_links":{"self":[{"href":"https:\/\/www.alteacultural.com\/es\/wp-json\/wp\/v2\/mec-events\/27998"}],"collection":[{"href":"https:\/\/www.alteacultural.com\/es\/wp-json\/wp\/v2\/mec-events"}],"about":[{"href":"https:\/\/www.alteacultural.com\/es\/wp-json\/wp\/v2\/types\/mec-events"}],"author":[{"embeddable":true,"href":"https:\/\/www.alteacultural.com\/es\/wp-json\/wp\/v2\/users\/1"}],"replies":[{"embeddable":true,"href":"https:\/\/www.alteacultural.com\/es\/wp-json\/wp\/v2\/comments?post=27998"}],"wp:featuredmedia":[{"embeddable":true,"href":"https:\/\/www.alteacultural.com\/es\/wp-json\/wp\/v2\/media\/28006"}],"wp:attachment":[{"href":"https:\/\/www.alteacultural.com\/es\/wp-json\/wp\/v2\/media?parent=27998"}],"curies":[{"name":"wp","href":"https:\/\/api.w.org\/{rel}","templated":true}]}}

Expo: «Primavera musical: La música valenciana revive»

<p><strong>16-nov al 4-ene | Palau Altea<br />
</strong></p>
<p><strong>Expo: «Primavera musical: La música valenciana revive».<br />
</strong></p>
<p>Una exposición que revisa las dos últimas décadas de la música valenciana. Si la visitáis, descubriréis los grupos de música y los artistas, sus canciones y, además de una panorámica general, tambien haréis un recorrido que pasará por el arte gráfico, la literatura, los festivales, el ámbito familiar, las publicaciones periódicas y el vínculo con los estudiantes. Aquí podréis hacer una degustación y esperamos que os haga ganas de venir a verla.</p>
<p>Horario de visitas de Palau Altea: martes y jueves 16.30 a 19.30 h</p>
<p>Entrada libre y gratuita.</p>
<p>Exposición ofrecida por el Servicio de Lenguas de la Universidad de Alicante.</p>
<p>Actividades paralelas:<br />
· <a href="https://www.alteacultural.com/es/events/conferencia-taula-redona-panorama-de-la-musica-en-valencia/">Conferencia: Mesa redonda &#8216;Panorama de la música en valencià&#8217; · 15/11/2023</a><br />
<a href="https://www.alteacultural.com/es/events/presentacio-disc-tinc-un-manec-de-tres-pams-i-mig/" target="_blank" rel="noopener noreferrer">· Presentación disco &#8216;Tinc un mànec de tres pams i mig» de Lluís el Sifoner (regrabación) · 14/12/2023</a></p>
<p>&nbsp;</p>
<p><img fetchpriority="high" decoding="async" class="aligncenter wp-image-28333" src="https://www.alteacultural.com/wp-content/uploads/2023/12/ExpoPrimaveraMusicalNov23Gen24_RedonaMusValenciana_Sinofer_CartellCORREGIT-01.jpg" alt="" width="750" height="1055" srcset="https://www.alteacultural.com/wp-content/uploads/2023/12/ExpoPrimaveraMusicalNov23Gen24_RedonaMusValenciana_Sinofer_CartellCORREGIT-01.jpg 1789w, https://www.alteacultural.com/wp-content/uploads/2023/12/ExpoPrimaveraMusicalNov23Gen24_RedonaMusValenciana_Sinofer_CartellCORREGIT-01-768x1080.jpg 768w, https://www.alteacultural.com/wp-content/uploads/2023/12/ExpoPrimaveraMusicalNov23Gen24_RedonaMusValenciana_Sinofer_CartellCORREGIT-01-1092x1536.jpg 1092w, https://www.alteacultural.com/wp-content/uploads/2023/12/ExpoPrimaveraMusicalNov23Gen24_RedonaMusValenciana_Sinofer_CartellCORREGIT-01-1456x2048.jpg 1456w" sizes="(max-width: 750px) 100vw, 750px" /></p>
<p>&nbsp;</p>

<p>16-nov al 4-ene | Palau Altea Expo: «Primavera musical: La música valenciana revive». Una exposición que revisa las dos [&hellip;]</p>

<!-- This site is optimized with the Yoast SEO plugin v22.8 - https://yoast.com/wordpress/plugins/seo/ -->
<title>Expo: &quot;Primavera musical: La música valenciana revive&quot; - Altea Cultural</title>
<meta name="robots" content="index, follow, max-snippet:-1, max-image-preview:large, max-video-preview:-1" />
<link rel="canonical" href="https://www.alteacultural.com/es/events/expo-primavera-musical-la-musica-valenciana-reviscola/" />
<meta property="og:locale" content="es_ES" />
<meta property="og:type" content="article" />
<meta property="og:title" content="Expo: &quot;Primavera musical: La música valenciana revive&quot; - Altea Cultural" />
<meta property="og:description" content="16-nov al 4-ene | Palau Altea Expo: «Primavera musical: La música valenciana revive». Una exposición que revisa las dos [&hellip;]" />
<meta property="og:url" content="https://www.alteacultural.com/es/events/expo-primavera-musical-la-musica-valenciana-reviscola/" />
<meta property="og:site_name" content="Altea Cultural" />
<meta property="article:modified_time" content="2024-08-08T08:09:03+00:00" />
<meta property="og:image" content="https://www.alteacultural.com/wp-content/uploads/2023/11/ExpoPrimaveraMusicalNov23Gen24_RedonaMusValenciana_Sinofer_banner-scaled.jpg" />
	<meta property="og:image:width" content="2560" />
	<meta property="og:image:height" content="666" />
	<meta property="og:image:type" content="image/jpeg" />
<meta name="twitter:card" content="summary_large_image" />
<meta name="twitter:label1" content="Tiempo de lectura" />
	<meta name="twitter:data1" content="1 minuto" />
<script type="application/ld+json" class="yoast-schema-graph">{"@context":"https://schema.org","@graph":[{"@type":"WebPage","@id":"https://www.alteacultural.com/es/events/expo-primavera-musical-la-musica-valenciana-reviscola/","url":"https://www.alteacultural.com/es/events/expo-primavera-musical-la-musica-valenciana-reviscola/","name":"Expo: \"Primavera musical: La música valenciana revive\" - Altea Cultural","isPartOf":{"@id":"https://www.alteacultural.com/es/#website"},"primaryImageOfPage":{"@id":"https://www.alteacultural.com/es/events/expo-primavera-musical-la-musica-valenciana-reviscola/#primaryimage"},"image":{"@id":"https://www.alteacultural.com/es/events/expo-primavera-musical-la-musica-valenciana-reviscola/#primaryimage"},"thumbnailUrl":"https://www.alteacultural.com/wp-content/uploads/2023/11/ExpoPrimaveraMusicalNov23Gen24_RedonaMusValenciana_Sinofer_banner-scaled.jpg","datePublished":"2023-11-03T08:00:47+00:00","dateModified":"2024-08-08T08:09:03+00:00","breadcrumb":{"@id":"https://www.alteacultural.com/es/events/expo-primavera-musical-la-musica-valenciana-reviscola/#breadcrumb"},"inLanguage":"es","potentialAction":[{"@type":"ReadAction","target":["https://www.alteacultural.com/es/events/expo-primavera-musical-la-musica-valenciana-reviscola/"]}]},{"@type":"ImageObject","inLanguage":"es","@id":"https://www.alteacultural.com/es/events/expo-primavera-musical-la-musica-valenciana-reviscola/#primaryimage","url":"https://www.alteacultural.com/wp-content/uploads/2023/11/ExpoPrimaveraMusicalNov23Gen24_RedonaMusValenciana_Sinofer_banner-scaled.jpg","contentUrl":"https://www.alteacultural.com/wp-content/uploads/2023/11/ExpoPrimaveraMusicalNov23Gen24_RedonaMusValenciana_Sinofer_banner-scaled.jpg","width":2560,"height":666},{"@type":"BreadcrumbList","@id":"https://www.alteacultural.com/es/events/expo-primavera-musical-la-musica-valenciana-reviscola/#breadcrumb","itemListElement":[{"@type":"ListItem","position":1,"name":"Inici","item":"https://www.alteacultural.com/es/"},{"@type":"ListItem","position":2,"name":"Eventos","item":"https://www.alteacultural.com/es/events/"},{"@type":"ListItem","position":3,"name":"Expo: &#8220;Primavera musical: La música valenciana revive&#8221;"}]},{"@type":"WebSite","@id":"https://www.alteacultural.com/es/#website","url":"https://www.alteacultural.com/es/","name":"Altea Cultural","description":"Regidoria de Cultura de l&#039;Ajuntament d&#039;Altea","potentialAction":[{"@type":"SearchAction","target":{"@type":"EntryPoint","urlTemplate":"https://www.alteacultural.com/es/?s={search_term_string}"},"query-input":"required name=search_term_string"}],"inLanguage":"es"}]}</script>
<!-- / Yoast SEO plugin. -->

Expo: "Primavera musical: La música valenciana revive" - Altea Cultural

16-nov al 4-ene | Palau Altea Expo: «Primavera musical: La música valenciana revive». Una exposición que revisa las dos [&hellip;]

Expo: &#8220;Primavera musical: La música valenciana revive&#8221;
