{"id":28995,"date":"2024-02-21T08:23:32","date_gmt":"2024-02-21T07:23:32","guid":{"rendered":"https:\/\/www.alteacultural.com\/events\/present-libro-el-corazon-imprudente-altea-llibres-a-la-primavera-2024\/"},"modified":"2024-06-12T21:09:28","modified_gmt":"2024-06-12T19:09:28","slug":"present-libro-el-corazon-imprudente-altea-llibres-a-la-primavera-2024","status":"publish","type":"mec-events","link":"https:\/\/www.alteacultural.com\/es\/events\/present-libro-el-corazon-imprudente-altea-llibres-a-la-primavera-2024\/","title":{"rendered":"Present. libro: \u00abEl coraz\u00f3n imprudente\u00bb &#8211; Altea, llibres a la primavera 2024"},"content":{"rendered":"<p><strong>7-mar | 19:00 | Biblioteca P\u00fablica Municipal Altea<\/strong><\/p>\n<p>Presentaci\u00f3n libro:\u00a0<em>El coraz\u00f3n imprudente. \u00ab<\/em>Altea, llibres a la primavera 2024&#8243;.<\/p>\n<p>Autora: Carmen Amoraga.<\/p>\n<p>\u00bfQu\u00e9 ocurre cuando, decidas lo que decidas, sabes que est\u00e1s cometiendo un error? Carmen Amoraga, finalista del Premio Planeta y ganadora del Premio Nadal, ha escrito una novela de amor y desamor, fidelidad y desgaste, miedo y valent\u00eda.<\/p>\n<p>Tina es una mujer al borde de los sesenta, con todo hecho y una vida razonablemente feliz. Jos\u00e9 Manuel es un m\u00e9dico a quien se le han pasado de largo demasiadas cosas, encasquillado en un matrimonio inc\u00f3modo en el que el amor solo ha sido un simulacro. Ambos se conocen de una manera casual e, inevitablemente, caen en un espejismo amoroso que pondr\u00e1 patas arriba lo que cre\u00edan saber de s\u00ed mismos. Una historia que tendremos tan presente como si fuera la nuestra.<\/p>\n<p><a href=\"https:\/\/www.alteacultural.com\/es\/tag\/presentacions-de-llibres\/\">VER CICLO COMPLETO<\/a><\/p>\n<p>&nbsp;<\/p>\n<p><img fetchpriority=\"high\" decoding=\"async\" class=\"aligncenter wp-image-29038\" src=\"https:\/\/www.alteacultural.com\/wp-content\/uploads\/2024\/02\/2024-04-18-z_LlibresPrimavera24Cartell-01.jpg\" alt=\"\" width=\"750\" height=\"1060\" srcset=\"https:\/\/www.alteacultural.com\/wp-content\/uploads\/2024\/02\/2024-04-18-z_LlibresPrimavera24Cartell-01.jpg 1754w, https:\/\/www.alteacultural.com\/wp-content\/uploads\/2024\/02\/2024-04-18-z_LlibresPrimavera24Cartell-01-768x1086.jpg 768w, https:\/\/www.alteacultural.com\/wp-content\/uploads\/2024\/02\/2024-04-18-z_LlibresPrimavera24Cartell-01-1086x1536.jpg 1086w, https:\/\/www.alteacultural.com\/wp-content\/uploads\/2024\/02\/2024-04-18-z_LlibresPrimavera24Cartell-01-1448x2048.jpg 1448w\" sizes=\"(max-width: 750px) 100vw, 750px\" \/><\/p>\n<p>&nbsp;<\/p>\n<p>&nbsp;<\/p>\n<p>&nbsp;<\/p>\n<p>&nbsp;<\/p>\n","protected":false},"excerpt":{"rendered":"<p>7-mar | 19:00 | Biblioteca P\u00fablica Municipal Altea Presentaci\u00f3n libro:\u00a0El coraz\u00f3n imprudente. \u00abAltea, llibres a la primavera 2024&#8243;. Autora: [&hellip;]<\/p>\n","protected":false},"author":1,"featured_media":28994,"comment_status":"open","ping_status":"closed","template":"","meta":{"_expiration-date-status":"","_expiration-date":0,"_expiration-date-type":"","_expiration-date-categories":[],"_expiration-date-options":[]},"yoast_head":"<!-- This site is optimized with the Yoast SEO plugin v22.8 - https:\/\/yoast.com\/wordpress\/plugins\/seo\/ -->\n<title>Present. libro: &quot;El coraz\u00f3n imprudente&quot; - Altea, llibres a la primavera 2024 - Altea Cultural<\/title>\n<meta name=\"robots\" content=\"index, follow, max-snippet:-1, max-image-preview:large, max-video-preview:-1\" \/>\n<link rel=\"canonical\" href=\"https:\/\/www.alteacultural.com\/es\/events\/present-libro-el-corazon-imprudente-altea-llibres-a-la-primavera-2024\/\" \/>\n<meta property=\"og:locale\" content=\"es_ES\" \/>\n<meta property=\"og:type\" content=\"article\" \/>\n<meta property=\"og:title\" content=\"Present. libro: &quot;El coraz\u00f3n imprudente&quot; - Altea, llibres a la primavera 2024 - Altea Cultural\" \/>\n<meta property=\"og:description\" content=\"7-mar | 19:00 | Biblioteca P\u00fablica Municipal Altea Presentaci\u00f3n libro:\u00a0El coraz\u00f3n imprudente. \u00abAltea, llibres a la primavera 2024&#8243;. Autora: [&hellip;]\" \/>\n<meta property=\"og:url\" content=\"https:\/\/www.alteacultural.com\/es\/events\/present-libro-el-corazon-imprudente-altea-llibres-a-la-primavera-2024\/\" \/>\n<meta property=\"og:site_name\" content=\"Altea Cultural\" \/>\n<meta property=\"article:modified_time\" content=\"2024-06-12T19:09:28+00:00\" \/>\n<meta property=\"og:image\" content=\"https:\/\/www.alteacultural.com\/wp-content\/uploads\/2024\/02\/LlibresPrimavera24Banner2-01-scaled.jpg\" \/>\n\t<meta property=\"og:image:width\" content=\"2560\" \/>\n\t<meta property=\"og:image:height\" content=\"947\" \/>\n\t<meta property=\"og:image:type\" content=\"image\/jpeg\" \/>\n<meta name=\"twitter:card\" content=\"summary_large_image\" \/>\n<meta name=\"twitter:label1\" content=\"Tiempo de lectura\" \/>\n\t<meta name=\"twitter:data1\" content=\"1 minuto\" \/>\n<script type=\"application\/ld+json\" class=\"yoast-schema-graph\">{\"@context\":\"https:\/\/schema.org\",\"@graph\":[{\"@type\":\"WebPage\",\"@id\":\"https:\/\/www.alteacultural.com\/es\/events\/present-libro-el-corazon-imprudente-altea-llibres-a-la-primavera-2024\/\",\"url\":\"https:\/\/www.alteacultural.com\/es\/events\/present-libro-el-corazon-imprudente-altea-llibres-a-la-primavera-2024\/\",\"name\":\"Present. libro: \\\"El coraz\u00f3n imprudente\\\" - Altea, llibres a la primavera 2024 - Altea Cultural\",\"isPartOf\":{\"@id\":\"https:\/\/www.alteacultural.com\/es\/#website\"},\"primaryImageOfPage\":{\"@id\":\"https:\/\/www.alteacultural.com\/es\/events\/present-libro-el-corazon-imprudente-altea-llibres-a-la-primavera-2024\/#primaryimage\"},\"image\":{\"@id\":\"https:\/\/www.alteacultural.com\/es\/events\/present-libro-el-corazon-imprudente-altea-llibres-a-la-primavera-2024\/#primaryimage\"},\"thumbnailUrl\":\"https:\/\/www.alteacultural.com\/wp-content\/uploads\/2024\/02\/LlibresPrimavera24Banner2-01-scaled.jpg\",\"datePublished\":\"2024-02-21T07:23:32+00:00\",\"dateModified\":\"2024-06-12T19:09:28+00:00\",\"breadcrumb\":{\"@id\":\"https:\/\/www.alteacultural.com\/es\/events\/present-libro-el-corazon-imprudente-altea-llibres-a-la-primavera-2024\/#breadcrumb\"},\"inLanguage\":\"es\",\"potentialAction\":[{\"@type\":\"ReadAction\",\"target\":[\"https:\/\/www.alteacultural.com\/es\/events\/present-libro-el-corazon-imprudente-altea-llibres-a-la-primavera-2024\/\"]}]},{\"@type\":\"ImageObject\",\"inLanguage\":\"es\",\"@id\":\"https:\/\/www.alteacultural.com\/es\/events\/present-libro-el-corazon-imprudente-altea-llibres-a-la-primavera-2024\/#primaryimage\",\"url\":\"https:\/\/www.alteacultural.com\/wp-content\/uploads\/2024\/02\/LlibresPrimavera24Banner2-01-scaled.jpg\",\"contentUrl\":\"https:\/\/www.alteacultural.com\/wp-content\/uploads\/2024\/02\/LlibresPrimavera24Banner2-01-scaled.jpg\",\"width\":2560,\"height\":947},{\"@type\":\"BreadcrumbList\",\"@id\":\"https:\/\/www.alteacultural.com\/es\/events\/present-libro-el-corazon-imprudente-altea-llibres-a-la-primavera-2024\/#breadcrumb\",\"itemListElement\":[{\"@type\":\"ListItem\",\"position\":1,\"name\":\"Inici\",\"item\":\"https:\/\/www.alteacultural.com\/es\/\"},{\"@type\":\"ListItem\",\"position\":2,\"name\":\"Eventos\",\"item\":\"https:\/\/www.alteacultural.com\/es\/events\/\"},{\"@type\":\"ListItem\",\"position\":3,\"name\":\"Present. libro: &#8220;El coraz\u00f3n imprudente&#8221; &#8211; Altea, llibres a la primavera 2024\"}]},{\"@type\":\"WebSite\",\"@id\":\"https:\/\/www.alteacultural.com\/es\/#website\",\"url\":\"https:\/\/www.alteacultural.com\/es\/\",\"name\":\"Altea Cultural\",\"description\":\"Regidoria de Cultura de l&#039;Ajuntament d&#039;Altea\",\"potentialAction\":[{\"@type\":\"SearchAction\",\"target\":{\"@type\":\"EntryPoint\",\"urlTemplate\":\"https:\/\/www.alteacultural.com\/es\/?s={search_term_string}\"},\"query-input\":\"required name=search_term_string\"}],\"inLanguage\":\"es\"}]}<\/script>\n<!-- \/ Yoast SEO plugin. -->","yoast_head_json":{"title":"Present. libro: \"El coraz\u00f3n imprudente\" - Altea, llibres a la primavera 2024 - Altea Cultural","robots":{"index":"index","follow":"follow","max-snippet":"max-snippet:-1","max-image-preview":"max-image-preview:large","max-video-preview":"max-video-preview:-1"},"canonical":"https:\/\/www.alteacultural.com\/es\/events\/present-libro-el-corazon-imprudente-altea-llibres-a-la-primavera-2024\/","og_locale":"es_ES","og_type":"article","og_title":"Present. libro: \"El coraz\u00f3n imprudente\" - Altea, llibres a la primavera 2024 - Altea Cultural","og_description":"7-mar | 19:00 | Biblioteca P\u00fablica Municipal Altea Presentaci\u00f3n libro:\u00a0El coraz\u00f3n imprudente. \u00abAltea, llibres a la primavera 2024&#8243;. Autora: [&hellip;]","og_url":"https:\/\/www.alteacultural.com\/es\/events\/present-libro-el-corazon-imprudente-altea-llibres-a-la-primavera-2024\/","og_site_name":"Altea Cultural","article_modified_time":"2024-06-12T19:09:28+00:00","og_image":[{"width":2560,"height":947,"url":"https:\/\/www.alteacultural.com\/wp-content\/uploads\/2024\/02\/LlibresPrimavera24Banner2-01-scaled.jpg","type":"image\/jpeg"}],"twitter_card":"summary_large_image","twitter_misc":{"Tiempo de lectura":"1 minuto"},"schema":{"@context":"https:\/\/schema.org","@graph":[{"@type":"WebPage","@id":"https:\/\/www.alteacultural.com\/es\/events\/present-libro-el-corazon-imprudente-altea-llibres-a-la-primavera-2024\/","url":"https:\/\/www.alteacultural.com\/es\/events\/present-libro-el-corazon-imprudente-altea-llibres-a-la-primavera-2024\/","name":"Present. libro: \"El coraz\u00f3n imprudente\" - Altea, llibres a la primavera 2024 - Altea Cultural","isPartOf":{"@id":"https:\/\/www.alteacultural.com\/es\/#website"},"primaryImageOfPage":{"@id":"https:\/\/www.alteacultural.com\/es\/events\/present-libro-el-corazon-imprudente-altea-llibres-a-la-primavera-2024\/#primaryimage"},"image":{"@id":"https:\/\/www.alteacultural.com\/es\/events\/present-libro-el-corazon-imprudente-altea-llibres-a-la-primavera-2024\/#primaryimage"},"thumbnailUrl":"https:\/\/www.alteacultural.com\/wp-content\/uploads\/2024\/02\/LlibresPrimavera24Banner2-01-scaled.jpg","datePublished":"2024-02-21T07:23:32+00:00","dateModified":"2024-06-12T19:09:28+00:00","breadcrumb":{"@id":"https:\/\/www.alteacultural.com\/es\/events\/present-libro-el-corazon-imprudente-altea-llibres-a-la-primavera-2024\/#breadcrumb"},"inLanguage":"es","potentialAction":[{"@type":"ReadAction","target":["https:\/\/www.alteacultural.com\/es\/events\/present-libro-el-corazon-imprudente-altea-llibres-a-la-primavera-2024\/"]}]},{"@type":"ImageObject","inLanguage":"es","@id":"https:\/\/www.alteacultural.com\/es\/events\/present-libro-el-corazon-imprudente-altea-llibres-a-la-primavera-2024\/#primaryimage","url":"https:\/\/www.alteacultural.com\/wp-content\/uploads\/2024\/02\/LlibresPrimavera24Banner2-01-scaled.jpg","contentUrl":"https:\/\/www.alteacultural.com\/wp-content\/uploads\/2024\/02\/LlibresPrimavera24Banner2-01-scaled.jpg","width":2560,"height":947},{"@type":"BreadcrumbList","@id":"https:\/\/www.alteacultural.com\/es\/events\/present-libro-el-corazon-imprudente-altea-llibres-a-la-primavera-2024\/#breadcrumb","itemListElement":[{"@type":"ListItem","position":1,"name":"Inici","item":"https:\/\/www.alteacultural.com\/es\/"},{"@type":"ListItem","position":2,"name":"Eventos","item":"https:\/\/www.alteacultural.com\/es\/events\/"},{"@type":"ListItem","position":3,"name":"Present. libro: &#8220;El coraz\u00f3n imprudente&#8221; &#8211; Altea, llibres a la primavera 2024"}]},{"@type":"WebSite","@id":"https:\/\/www.alteacultural.com\/es\/#website","url":"https:\/\/www.alteacultural.com\/es\/","name":"Altea Cultural","description":"Regidoria de Cultura de l&#039;Ajuntament d&#039;Altea","potentialAction":[{"@type":"SearchAction","target":{"@type":"EntryPoint","urlTemplate":"https:\/\/www.alteacultural.com\/es\/?s={search_term_string}"},"query-input":"required name=search_term_string"}],"inLanguage":"es"}]}},"mec_cost":"Entrada libre y gratuita","mec_date":{"start":{"date":"2024-03-07","hour":7,"minutes":"0","ampm":"PM"},"end":{"date":"2024-03-07","hour":8,"minutes":"0","ampm":"PM"},"comment":"","repeat":{"type":"daily","interval":"1","advanced":"","end":"never","end_at_date":"","end_at_occurrences":"10"}},"_links":{"self":[{"href":"https:\/\/www.alteacultural.com\/es\/wp-json\/wp\/v2\/mec-events\/28995"}],"collection":[{"href":"https:\/\/www.alteacultural.com\/es\/wp-json\/wp\/v2\/mec-events"}],"about":[{"href":"https:\/\/www.alteacultural.com\/es\/wp-json\/wp\/v2\/types\/mec-events"}],"author":[{"embeddable":true,"href":"https:\/\/www.alteacultural.com\/es\/wp-json\/wp\/v2\/users\/1"}],"replies":[{"embeddable":true,"href":"https:\/\/www.alteacultural.com\/es\/wp-json\/wp\/v2\/comments?post=28995"}],"wp:featuredmedia":[{"embeddable":true,"href":"https:\/\/www.alteacultural.com\/es\/wp-json\/wp\/v2\/media\/28994"}],"wp:attachment":[{"href":"https:\/\/www.alteacultural.com\/es\/wp-json\/wp\/v2\/media?parent=28995"}],"curies":[{"name":"wp","href":"https:\/\/api.w.org\/{rel}","templated":true}]}}

Present. libro: «El corazón imprudente» &#8211; Altea, llibres a la primavera 2024

<p><strong>7-mar | 19:00 | Biblioteca Pública Municipal Altea</strong></p>
<p>Presentación libro: <em>El corazón imprudente. «</em>Altea, llibres a la primavera 2024&#8243;.</p>
<p>Autora: Carmen Amoraga.</p>
<p>¿Qué ocurre cuando, decidas lo que decidas, sabes que estás cometiendo un error? Carmen Amoraga, finalista del Premio Planeta y ganadora del Premio Nadal, ha escrito una novela de amor y desamor, fidelidad y desgaste, miedo y valentía.</p>
<p>Tina es una mujer al borde de los sesenta, con todo hecho y una vida razonablemente feliz. José Manuel es un médico a quien se le han pasado de largo demasiadas cosas, encasquillado en un matrimonio incómodo en el que el amor solo ha sido un simulacro. Ambos se conocen de una manera casual e, inevitablemente, caen en un espejismo amoroso que pondrá patas arriba lo que creían saber de sí mismos. Una historia que tendremos tan presente como si fuera la nuestra.</p>
<p><a href="https://www.alteacultural.com/es/tag/presentacions-de-llibres/">VER CICLO COMPLETO</a></p>
<p>&nbsp;</p>
<p><img fetchpriority="high" decoding="async" class="aligncenter wp-image-29038" src="https://www.alteacultural.com/wp-content/uploads/2024/02/2024-04-18-z_LlibresPrimavera24Cartell-01.jpg" alt="" width="750" height="1060" srcset="https://www.alteacultural.com/wp-content/uploads/2024/02/2024-04-18-z_LlibresPrimavera24Cartell-01.jpg 1754w, https://www.alteacultural.com/wp-content/uploads/2024/02/2024-04-18-z_LlibresPrimavera24Cartell-01-768x1086.jpg 768w, https://www.alteacultural.com/wp-content/uploads/2024/02/2024-04-18-z_LlibresPrimavera24Cartell-01-1086x1536.jpg 1086w, https://www.alteacultural.com/wp-content/uploads/2024/02/2024-04-18-z_LlibresPrimavera24Cartell-01-1448x2048.jpg 1448w" sizes="(max-width: 750px) 100vw, 750px" /></p>
<p>&nbsp;</p>
<p>&nbsp;</p>
<p>&nbsp;</p>
<p>&nbsp;</p>

<p>7-mar | 19:00 | Biblioteca Pública Municipal Altea Presentación libro: El corazón imprudente. «Altea, llibres a la primavera 2024&#8243;. Autora: [&hellip;]</p>

<!-- This site is optimized with the Yoast SEO plugin v22.8 - https://yoast.com/wordpress/plugins/seo/ -->
<title>Present. libro: &quot;El corazón imprudente&quot; - Altea, llibres a la primavera 2024 - Altea Cultural</title>
<meta name="robots" content="index, follow, max-snippet:-1, max-image-preview:large, max-video-preview:-1" />
<link rel="canonical" href="https://www.alteacultural.com/es/events/present-libro-el-corazon-imprudente-altea-llibres-a-la-primavera-2024/" />
<meta property="og:locale" content="es_ES" />
<meta property="og:type" content="article" />
<meta property="og:title" content="Present. libro: &quot;El corazón imprudente&quot; - Altea, llibres a la primavera 2024 - Altea Cultural" />
<meta property="og:description" content="7-mar | 19:00 | Biblioteca Pública Municipal Altea Presentación libro: El corazón imprudente. «Altea, llibres a la primavera 2024&#8243;. Autora: [&hellip;]" />
<meta property="og:url" content="https://www.alteacultural.com/es/events/present-libro-el-corazon-imprudente-altea-llibres-a-la-primavera-2024/" />
<meta property="og:site_name" content="Altea Cultural" />
<meta property="article:modified_time" content="2024-06-12T19:09:28+00:00" />
<meta property="og:image" content="https://www.alteacultural.com/wp-content/uploads/2024/02/LlibresPrimavera24Banner2-01-scaled.jpg" />
	<meta property="og:image:width" content="2560" />
	<meta property="og:image:height" content="947" />
	<meta property="og:image:type" content="image/jpeg" />
<meta name="twitter:card" content="summary_large_image" />
<meta name="twitter:label1" content="Tiempo de lectura" />
	<meta name="twitter:data1" content="1 minuto" />
<script type="application/ld+json" class="yoast-schema-graph">{"@context":"https://schema.org","@graph":[{"@type":"WebPage","@id":"https://www.alteacultural.com/es/events/present-libro-el-corazon-imprudente-altea-llibres-a-la-primavera-2024/","url":"https://www.alteacultural.com/es/events/present-libro-el-corazon-imprudente-altea-llibres-a-la-primavera-2024/","name":"Present. libro: \"El corazón imprudente\" - Altea, llibres a la primavera 2024 - Altea Cultural","isPartOf":{"@id":"https://www.alteacultural.com/es/#website"},"primaryImageOfPage":{"@id":"https://www.alteacultural.com/es/events/present-libro-el-corazon-imprudente-altea-llibres-a-la-primavera-2024/#primaryimage"},"image":{"@id":"https://www.alteacultural.com/es/events/present-libro-el-corazon-imprudente-altea-llibres-a-la-primavera-2024/#primaryimage"},"thumbnailUrl":"https://www.alteacultural.com/wp-content/uploads/2024/02/LlibresPrimavera24Banner2-01-scaled.jpg","datePublished":"2024-02-21T07:23:32+00:00","dateModified":"2024-06-12T19:09:28+00:00","breadcrumb":{"@id":"https://www.alteacultural.com/es/events/present-libro-el-corazon-imprudente-altea-llibres-a-la-primavera-2024/#breadcrumb"},"inLanguage":"es","potentialAction":[{"@type":"ReadAction","target":["https://www.alteacultural.com/es/events/present-libro-el-corazon-imprudente-altea-llibres-a-la-primavera-2024/"]}]},{"@type":"ImageObject","inLanguage":"es","@id":"https://www.alteacultural.com/es/events/present-libro-el-corazon-imprudente-altea-llibres-a-la-primavera-2024/#primaryimage","url":"https://www.alteacultural.com/wp-content/uploads/2024/02/LlibresPrimavera24Banner2-01-scaled.jpg","contentUrl":"https://www.alteacultural.com/wp-content/uploads/2024/02/LlibresPrimavera24Banner2-01-scaled.jpg","width":2560,"height":947},{"@type":"BreadcrumbList","@id":"https://www.alteacultural.com/es/events/present-libro-el-corazon-imprudente-altea-llibres-a-la-primavera-2024/#breadcrumb","itemListElement":[{"@type":"ListItem","position":1,"name":"Inici","item":"https://www.alteacultural.com/es/"},{"@type":"ListItem","position":2,"name":"Eventos","item":"https://www.alteacultural.com/es/events/"},{"@type":"ListItem","position":3,"name":"Present. libro: &#8220;El corazón imprudente&#8221; &#8211; Altea, llibres a la primavera 2024"}]},{"@type":"WebSite","@id":"https://www.alteacultural.com/es/#website","url":"https://www.alteacultural.com/es/","name":"Altea Cultural","description":"Regidoria de Cultura de l&#039;Ajuntament d&#039;Altea","potentialAction":[{"@type":"SearchAction","target":{"@type":"EntryPoint","urlTemplate":"https://www.alteacultural.com/es/?s={search_term_string}"},"query-input":"required name=search_term_string"}],"inLanguage":"es"}]}</script>
<!-- / Yoast SEO plugin. -->

Present. libro: "El corazón imprudente" - Altea, llibres a la primavera 2024 - Altea Cultural

7-mar | 19:00 | Biblioteca Pública Municipal Altea Presentación libro: El corazón imprudente. «Altea, llibres a la primavera 2024&#8243;. Autora: [&hellip;]

Present. libro: &#8220;El corazón imprudente&#8221; &#8211; Altea, llibres a la primavera 2024
