{"id":29017,"date":"2024-02-21T09:13:45","date_gmt":"2024-02-21T08:13:45","guid":{"rendered":"https:\/\/www.alteacultural.com\/events\/present-llibre-palabras-que-nacen-y-transforman-altea-llibres-a-la-primavera-2024\/"},"modified":"2024-06-12T21:09:28","modified_gmt":"2024-06-12T19:09:28","slug":"present-llibre-palabras-que-nacen-y-transforman-altea-llibres-a-la-primavera-2024","status":"publish","type":"mec-events","link":"https:\/\/www.alteacultural.com\/es\/events\/present-llibre-palabras-que-nacen-y-transforman-altea-llibres-a-la-primavera-2024\/","title":{"rendered":"[\u274cAPLAZADO] Present. libro: \u00abPalabras que nacen y transforman\u00bb &#8211; Altea, llibres a la primavera 2024"},"content":{"rendered":"<p><strong>18-abr | 19:30 | Biblioteca P\u00fablica Municipal Altea<\/strong><\/p>\n<p><span style=\"color: #ff0000;\">[\u274cAPLAZADO AL <a style=\"color: #ff0000;\" href=\"https:\/\/www.alteacultural.com\/es\/events\/present-llibre-palabras-que-nacen-y-transforman-altea-llibres-a-la-primavera-2024-2\/\">09-05-2024<\/a>]<\/span><\/p>\n<p>Presentaci\u00f3n libro:\u00a0<em>Palabras que nacen y transforman.\u00a0<\/em>Altea, llibres a la primavera 2024.<\/p>\n<p>Autora: M.Isabel Santamar\u00eda P\u00e9rez.<\/p>\n<p>Palabras que nacen y transforman estudia la evoluci\u00f3n de los neologismos en las columnas ling\u00fc\u00edsticas a partir de una selecci\u00f3n de autores representativos desde principios del siglo XX hasta la actualidad, con la posibilidad de tener acceso a \u00abtoda\u00bb la lengua y de poder observar los fen\u00f3menos ling\u00fc\u00edsticos en su proceso. Desde esta concepci\u00f3n del cambio l\u00e9xico realizaremos una mirada en el tiempo para reflexionar sobre c\u00f3mo ha evolucionado la creatividad l\u00e9xica y la postura o actitud ante la misma. Se trata de un estudio detallado sobre la forma en que el nuevo vocabulario es tratado en las columnas sobre la lengua y hasta qu\u00e9 punto el rechazo o la aceptaci\u00f3n de este por parte de los columnistas coincide con los criterios de la Academia, principal representante de la norma ling\u00fc\u00edstica. De igual modo, enlazaremos el concepto de norma y uso con los neologismos extra\u00eddos de las columnas y contrastaremos la opini\u00f3n de sus autores con la norma acad\u00e9mica representada en la edici\u00f3n del diccionario acad\u00e9mico coet\u00e1neo y el uso real en los corpus textuales con el prop\u00f3sito de mostrar la continua lucha entre innovaci\u00f3n y tradici\u00f3n, entre lo que se dice y lo que debe decirse o lo que es lo mismo, del cambio ling\u00fc\u00edstico propio de toda lengua.<\/p>\n<p><a href=\"https:\/\/www.alteacultural.com\/tag\/presentacions-de-llibres\/\">VER CICLO COMPLETO<\/a><\/p>\n<p>&nbsp;<\/p>\n<p><img fetchpriority=\"high\" decoding=\"async\" class=\"aligncenter wp-image-30362\" src=\"https:\/\/www.alteacultural.com\/wp-content\/uploads\/2024\/04\/2024-04-18-z_LlibresPrimavera24Cartell-APLAZADO.jpg\" alt=\"\" width=\"750\" height=\"1060\" srcset=\"https:\/\/www.alteacultural.com\/wp-content\/uploads\/2024\/04\/2024-04-18-z_LlibresPrimavera24Cartell-APLAZADO.jpg 1754w, https:\/\/www.alteacultural.com\/wp-content\/uploads\/2024\/04\/2024-04-18-z_LlibresPrimavera24Cartell-APLAZADO-768x1086.jpg 768w, https:\/\/www.alteacultural.com\/wp-content\/uploads\/2024\/04\/2024-04-18-z_LlibresPrimavera24Cartell-APLAZADO-1086x1536.jpg 1086w, https:\/\/www.alteacultural.com\/wp-content\/uploads\/2024\/04\/2024-04-18-z_LlibresPrimavera24Cartell-APLAZADO-1448x2048.jpg 1448w\" sizes=\"(max-width: 750px) 100vw, 750px\" \/><\/p>\n<p>&nbsp;<\/p>\n<p>&nbsp;<\/p>\n<p>&nbsp;<\/p>\n<p>&nbsp;<\/p>\n","protected":false},"excerpt":{"rendered":"<p>18-abr | 19:30 | Biblioteca P\u00fablica Municipal Altea [\u274cAPLAZADO AL 09-05-2024] Presentaci\u00f3n libro:\u00a0Palabras que nacen y transforman.\u00a0Altea, llibres a [&hellip;]<\/p>\n","protected":false},"author":1,"featured_media":30342,"comment_status":"open","ping_status":"closed","template":"","meta":{"_expiration-date-status":"","_expiration-date":0,"_expiration-date-type":"","_expiration-date-categories":[],"_expiration-date-options":[]},"yoast_head":"<!-- This site is optimized with the Yoast SEO plugin v22.8 - https:\/\/yoast.com\/wordpress\/plugins\/seo\/ -->\n<title>[\u274cAPLAZADO] Present. libro: &quot;Palabras que nacen y transforman&quot; - Altea, llibres a la primavera 2024 - Altea Cultural<\/title>\n<meta name=\"robots\" content=\"index, follow, max-snippet:-1, max-image-preview:large, max-video-preview:-1\" \/>\n<link rel=\"canonical\" href=\"https:\/\/www.alteacultural.com\/es\/events\/present-llibre-palabras-que-nacen-y-transforman-altea-llibres-a-la-primavera-2024\/\" \/>\n<meta property=\"og:locale\" content=\"es_ES\" \/>\n<meta property=\"og:type\" content=\"article\" \/>\n<meta property=\"og:title\" content=\"[\u274cAPLAZADO] Present. libro: &quot;Palabras que nacen y transforman&quot; - Altea, llibres a la primavera 2024 - Altea Cultural\" \/>\n<meta property=\"og:description\" content=\"18-abr | 19:30 | Biblioteca P\u00fablica Municipal Altea [\u274cAPLAZADO AL 09-05-2024] Presentaci\u00f3n libro:\u00a0Palabras que nacen y transforman.\u00a0Altea, llibres a [&hellip;]\" \/>\n<meta property=\"og:url\" content=\"https:\/\/www.alteacultural.com\/es\/events\/present-llibre-palabras-que-nacen-y-transforman-altea-llibres-a-la-primavera-2024\/\" \/>\n<meta property=\"og:site_name\" content=\"Altea Cultural\" \/>\n<meta property=\"article:modified_time\" content=\"2024-06-12T19:09:28+00:00\" \/>\n<meta property=\"og:image\" content=\"https:\/\/www.alteacultural.com\/wp-content\/uploads\/2024\/04\/LlibresPrimavera24Banner-scaled.jpg\" \/>\n\t<meta property=\"og:image:width\" content=\"2560\" \/>\n\t<meta property=\"og:image:height\" content=\"947\" \/>\n\t<meta property=\"og:image:type\" content=\"image\/jpeg\" \/>\n<meta name=\"twitter:card\" content=\"summary_large_image\" \/>\n<meta name=\"twitter:label1\" content=\"Tiempo de lectura\" \/>\n\t<meta name=\"twitter:data1\" content=\"2 minutos\" \/>\n<script type=\"application\/ld+json\" class=\"yoast-schema-graph\">{\"@context\":\"https:\/\/schema.org\",\"@graph\":[{\"@type\":\"WebPage\",\"@id\":\"https:\/\/www.alteacultural.com\/es\/events\/present-llibre-palabras-que-nacen-y-transforman-altea-llibres-a-la-primavera-2024\/\",\"url\":\"https:\/\/www.alteacultural.com\/es\/events\/present-llibre-palabras-que-nacen-y-transforman-altea-llibres-a-la-primavera-2024\/\",\"name\":\"[\u274cAPLAZADO] Present. libro: \\\"Palabras que nacen y transforman\\\" - Altea, llibres a la primavera 2024 - Altea Cultural\",\"isPartOf\":{\"@id\":\"https:\/\/www.alteacultural.com\/es\/#website\"},\"primaryImageOfPage\":{\"@id\":\"https:\/\/www.alteacultural.com\/es\/events\/present-llibre-palabras-que-nacen-y-transforman-altea-llibres-a-la-primavera-2024\/#primaryimage\"},\"image\":{\"@id\":\"https:\/\/www.alteacultural.com\/es\/events\/present-llibre-palabras-que-nacen-y-transforman-altea-llibres-a-la-primavera-2024\/#primaryimage\"},\"thumbnailUrl\":\"https:\/\/www.alteacultural.com\/wp-content\/uploads\/2024\/04\/LlibresPrimavera24Banner-scaled.jpg\",\"datePublished\":\"2024-02-21T08:13:45+00:00\",\"dateModified\":\"2024-06-12T19:09:28+00:00\",\"breadcrumb\":{\"@id\":\"https:\/\/www.alteacultural.com\/es\/events\/present-llibre-palabras-que-nacen-y-transforman-altea-llibres-a-la-primavera-2024\/#breadcrumb\"},\"inLanguage\":\"es\",\"potentialAction\":[{\"@type\":\"ReadAction\",\"target\":[\"https:\/\/www.alteacultural.com\/es\/events\/present-llibre-palabras-que-nacen-y-transforman-altea-llibres-a-la-primavera-2024\/\"]}]},{\"@type\":\"ImageObject\",\"inLanguage\":\"es\",\"@id\":\"https:\/\/www.alteacultural.com\/es\/events\/present-llibre-palabras-que-nacen-y-transforman-altea-llibres-a-la-primavera-2024\/#primaryimage\",\"url\":\"https:\/\/www.alteacultural.com\/wp-content\/uploads\/2024\/04\/LlibresPrimavera24Banner-scaled.jpg\",\"contentUrl\":\"https:\/\/www.alteacultural.com\/wp-content\/uploads\/2024\/04\/LlibresPrimavera24Banner-scaled.jpg\",\"width\":2560,\"height\":947},{\"@type\":\"BreadcrumbList\",\"@id\":\"https:\/\/www.alteacultural.com\/es\/events\/present-llibre-palabras-que-nacen-y-transforman-altea-llibres-a-la-primavera-2024\/#breadcrumb\",\"itemListElement\":[{\"@type\":\"ListItem\",\"position\":1,\"name\":\"Inici\",\"item\":\"https:\/\/www.alteacultural.com\/es\/\"},{\"@type\":\"ListItem\",\"position\":2,\"name\":\"Eventos\",\"item\":\"https:\/\/www.alteacultural.com\/es\/events\/\"},{\"@type\":\"ListItem\",\"position\":3,\"name\":\"[\u274cAPLAZADO] Present. libro: &#8220;Palabras que nacen y transforman&#8221; &#8211; Altea, llibres a la primavera 2024\"}]},{\"@type\":\"WebSite\",\"@id\":\"https:\/\/www.alteacultural.com\/es\/#website\",\"url\":\"https:\/\/www.alteacultural.com\/es\/\",\"name\":\"Altea Cultural\",\"description\":\"Regidoria de Cultura de l&#039;Ajuntament d&#039;Altea\",\"potentialAction\":[{\"@type\":\"SearchAction\",\"target\":{\"@type\":\"EntryPoint\",\"urlTemplate\":\"https:\/\/www.alteacultural.com\/es\/?s={search_term_string}\"},\"query-input\":\"required name=search_term_string\"}],\"inLanguage\":\"es\"}]}<\/script>\n<!-- \/ Yoast SEO plugin. -->","yoast_head_json":{"title":"[\u274cAPLAZADO] Present. libro: \"Palabras que nacen y transforman\" - Altea, llibres a la primavera 2024 - Altea Cultural","robots":{"index":"index","follow":"follow","max-snippet":"max-snippet:-1","max-image-preview":"max-image-preview:large","max-video-preview":"max-video-preview:-1"},"canonical":"https:\/\/www.alteacultural.com\/es\/events\/present-llibre-palabras-que-nacen-y-transforman-altea-llibres-a-la-primavera-2024\/","og_locale":"es_ES","og_type":"article","og_title":"[\u274cAPLAZADO] Present. libro: \"Palabras que nacen y transforman\" - Altea, llibres a la primavera 2024 - Altea Cultural","og_description":"18-abr | 19:30 | Biblioteca P\u00fablica Municipal Altea [\u274cAPLAZADO AL 09-05-2024] Presentaci\u00f3n libro:\u00a0Palabras que nacen y transforman.\u00a0Altea, llibres a [&hellip;]","og_url":"https:\/\/www.alteacultural.com\/es\/events\/present-llibre-palabras-que-nacen-y-transforman-altea-llibres-a-la-primavera-2024\/","og_site_name":"Altea Cultural","article_modified_time":"2024-06-12T19:09:28+00:00","og_image":[{"width":2560,"height":947,"url":"https:\/\/www.alteacultural.com\/wp-content\/uploads\/2024\/04\/LlibresPrimavera24Banner-scaled.jpg","type":"image\/jpeg"}],"twitter_card":"summary_large_image","twitter_misc":{"Tiempo de lectura":"2 minutos"},"schema":{"@context":"https:\/\/schema.org","@graph":[{"@type":"WebPage","@id":"https:\/\/www.alteacultural.com\/es\/events\/present-llibre-palabras-que-nacen-y-transforman-altea-llibres-a-la-primavera-2024\/","url":"https:\/\/www.alteacultural.com\/es\/events\/present-llibre-palabras-que-nacen-y-transforman-altea-llibres-a-la-primavera-2024\/","name":"[\u274cAPLAZADO] Present. libro: \"Palabras que nacen y transforman\" - Altea, llibres a la primavera 2024 - Altea Cultural","isPartOf":{"@id":"https:\/\/www.alteacultural.com\/es\/#website"},"primaryImageOfPage":{"@id":"https:\/\/www.alteacultural.com\/es\/events\/present-llibre-palabras-que-nacen-y-transforman-altea-llibres-a-la-primavera-2024\/#primaryimage"},"image":{"@id":"https:\/\/www.alteacultural.com\/es\/events\/present-llibre-palabras-que-nacen-y-transforman-altea-llibres-a-la-primavera-2024\/#primaryimage"},"thumbnailUrl":"https:\/\/www.alteacultural.com\/wp-content\/uploads\/2024\/04\/LlibresPrimavera24Banner-scaled.jpg","datePublished":"2024-02-21T08:13:45+00:00","dateModified":"2024-06-12T19:09:28+00:00","breadcrumb":{"@id":"https:\/\/www.alteacultural.com\/es\/events\/present-llibre-palabras-que-nacen-y-transforman-altea-llibres-a-la-primavera-2024\/#breadcrumb"},"inLanguage":"es","potentialAction":[{"@type":"ReadAction","target":["https:\/\/www.alteacultural.com\/es\/events\/present-llibre-palabras-que-nacen-y-transforman-altea-llibres-a-la-primavera-2024\/"]}]},{"@type":"ImageObject","inLanguage":"es","@id":"https:\/\/www.alteacultural.com\/es\/events\/present-llibre-palabras-que-nacen-y-transforman-altea-llibres-a-la-primavera-2024\/#primaryimage","url":"https:\/\/www.alteacultural.com\/wp-content\/uploads\/2024\/04\/LlibresPrimavera24Banner-scaled.jpg","contentUrl":"https:\/\/www.alteacultural.com\/wp-content\/uploads\/2024\/04\/LlibresPrimavera24Banner-scaled.jpg","width":2560,"height":947},{"@type":"BreadcrumbList","@id":"https:\/\/www.alteacultural.com\/es\/events\/present-llibre-palabras-que-nacen-y-transforman-altea-llibres-a-la-primavera-2024\/#breadcrumb","itemListElement":[{"@type":"ListItem","position":1,"name":"Inici","item":"https:\/\/www.alteacultural.com\/es\/"},{"@type":"ListItem","position":2,"name":"Eventos","item":"https:\/\/www.alteacultural.com\/es\/events\/"},{"@type":"ListItem","position":3,"name":"[\u274cAPLAZADO] Present. libro: &#8220;Palabras que nacen y transforman&#8221; &#8211; Altea, llibres a la primavera 2024"}]},{"@type":"WebSite","@id":"https:\/\/www.alteacultural.com\/es\/#website","url":"https:\/\/www.alteacultural.com\/es\/","name":"Altea Cultural","description":"Regidoria de Cultura de l&#039;Ajuntament d&#039;Altea","potentialAction":[{"@type":"SearchAction","target":{"@type":"EntryPoint","urlTemplate":"https:\/\/www.alteacultural.com\/es\/?s={search_term_string}"},"query-input":"required name=search_term_string"}],"inLanguage":"es"}]}},"mec_cost":"Entrada libre y gratuita","mec_date":{"start":{"date":"2024-04-18","hour":7,"minutes":"30","ampm":"PM"},"end":{"date":"2024-04-18","hour":8,"minutes":"30","ampm":"PM"},"comment":"","repeat":{"type":"daily","interval":"1","advanced":"","end":"never","end_at_date":"","end_at_occurrences":"10"}},"_links":{"self":[{"href":"https:\/\/www.alteacultural.com\/es\/wp-json\/wp\/v2\/mec-events\/29017"}],"collection":[{"href":"https:\/\/www.alteacultural.com\/es\/wp-json\/wp\/v2\/mec-events"}],"about":[{"href":"https:\/\/www.alteacultural.com\/es\/wp-json\/wp\/v2\/types\/mec-events"}],"author":[{"embeddable":true,"href":"https:\/\/www.alteacultural.com\/es\/wp-json\/wp\/v2\/users\/1"}],"replies":[{"embeddable":true,"href":"https:\/\/www.alteacultural.com\/es\/wp-json\/wp\/v2\/comments?post=29017"}],"wp:featuredmedia":[{"embeddable":true,"href":"https:\/\/www.alteacultural.com\/es\/wp-json\/wp\/v2\/media\/30342"}],"wp:attachment":[{"href":"https:\/\/www.alteacultural.com\/es\/wp-json\/wp\/v2\/media?parent=29017"}],"curies":[{"name":"wp","href":"https:\/\/api.w.org\/{rel}","templated":true}]}}

<p><strong>18-abr | 19:30 | Biblioteca Pública Municipal Altea</strong></p>
<p><span style="color: #ff0000;">[❌APLAZADO AL <a style="color: #ff0000;" href="https://www.alteacultural.com/es/events/present-llibre-palabras-que-nacen-y-transforman-altea-llibres-a-la-primavera-2024-2/">09-05-2024</a>]</span></p>
<p>Presentación libro: <em>Palabras que nacen y transforman. </em>Altea, llibres a la primavera 2024.</p>
<p>Autora: M.Isabel Santamaría Pérez.</p>
<p>Palabras que nacen y transforman estudia la evolución de los neologismos en las columnas lingüísticas a partir de una selección de autores representativos desde principios del siglo XX hasta la actualidad, con la posibilidad de tener acceso a «toda» la lengua y de poder observar los fenómenos lingüísticos en su proceso. Desde esta concepción del cambio léxico realizaremos una mirada en el tiempo para reflexionar sobre cómo ha evolucionado la creatividad léxica y la postura o actitud ante la misma. Se trata de un estudio detallado sobre la forma en que el nuevo vocabulario es tratado en las columnas sobre la lengua y hasta qué punto el rechazo o la aceptación de este por parte de los columnistas coincide con los criterios de la Academia, principal representante de la norma lingüística. De igual modo, enlazaremos el concepto de norma y uso con los neologismos extraídos de las columnas y contrastaremos la opinión de sus autores con la norma académica representada en la edición del diccionario académico coetáneo y el uso real en los corpus textuales con el propósito de mostrar la continua lucha entre innovación y tradición, entre lo que se dice y lo que debe decirse o lo que es lo mismo, del cambio lingüístico propio de toda lengua.</p>
<p><a href="https://www.alteacultural.com/tag/presentacions-de-llibres/">VER CICLO COMPLETO</a></p>
<p>&nbsp;</p>
<p><img fetchpriority="high" decoding="async" class="aligncenter wp-image-30362" src="https://www.alteacultural.com/wp-content/uploads/2024/04/2024-04-18-z_LlibresPrimavera24Cartell-APLAZADO.jpg" alt="" width="750" height="1060" srcset="https://www.alteacultural.com/wp-content/uploads/2024/04/2024-04-18-z_LlibresPrimavera24Cartell-APLAZADO.jpg 1754w, https://www.alteacultural.com/wp-content/uploads/2024/04/2024-04-18-z_LlibresPrimavera24Cartell-APLAZADO-768x1086.jpg 768w, https://www.alteacultural.com/wp-content/uploads/2024/04/2024-04-18-z_LlibresPrimavera24Cartell-APLAZADO-1086x1536.jpg 1086w, https://www.alteacultural.com/wp-content/uploads/2024/04/2024-04-18-z_LlibresPrimavera24Cartell-APLAZADO-1448x2048.jpg 1448w" sizes="(max-width: 750px) 100vw, 750px" /></p>
<p>&nbsp;</p>
<p>&nbsp;</p>
<p>&nbsp;</p>
<p>&nbsp;</p>

<p>18-abr | 19:30 | Biblioteca Pública Municipal Altea [❌APLAZADO AL 09-05-2024] Presentación libro: Palabras que nacen y transforman. Altea, llibres a [&hellip;]</p>

<!-- This site is optimized with the Yoast SEO plugin v22.8 - https://yoast.com/wordpress/plugins/seo/ -->
<title>[❌APLAZADO] Present. libro: &quot;Palabras que nacen y transforman&quot; - Altea, llibres a la primavera 2024 - Altea Cultural</title>
<meta name="robots" content="index, follow, max-snippet:-1, max-image-preview:large, max-video-preview:-1" />
<link rel="canonical" href="https://www.alteacultural.com/es/events/present-llibre-palabras-que-nacen-y-transforman-altea-llibres-a-la-primavera-2024/" />
<meta property="og:locale" content="es_ES" />
<meta property="og:type" content="article" />
<meta property="og:title" content="[❌APLAZADO] Present. libro: &quot;Palabras que nacen y transforman&quot; - Altea, llibres a la primavera 2024 - Altea Cultural" />
<meta property="og:description" content="18-abr | 19:30 | Biblioteca Pública Municipal Altea [❌APLAZADO AL 09-05-2024] Presentación libro: Palabras que nacen y transforman. Altea, llibres a [&hellip;]" />
<meta property="og:url" content="https://www.alteacultural.com/es/events/present-llibre-palabras-que-nacen-y-transforman-altea-llibres-a-la-primavera-2024/" />
<meta property="og:site_name" content="Altea Cultural" />
<meta property="article:modified_time" content="2024-06-12T19:09:28+00:00" />
<meta property="og:image" content="https://www.alteacultural.com/wp-content/uploads/2024/04/LlibresPrimavera24Banner-scaled.jpg" />
	<meta property="og:image:width" content="2560" />
	<meta property="og:image:height" content="947" />
	<meta property="og:image:type" content="image/jpeg" />
<meta name="twitter:card" content="summary_large_image" />
<meta name="twitter:label1" content="Tiempo de lectura" />
	<meta name="twitter:data1" content="2 minutos" />
<script type="application/ld+json" class="yoast-schema-graph">{"@context":"https://schema.org","@graph":[{"@type":"WebPage","@id":"https://www.alteacultural.com/es/events/present-llibre-palabras-que-nacen-y-transforman-altea-llibres-a-la-primavera-2024/","url":"https://www.alteacultural.com/es/events/present-llibre-palabras-que-nacen-y-transforman-altea-llibres-a-la-primavera-2024/","name":"[❌APLAZADO] Present. libro: \"Palabras que nacen y transforman\" - Altea, llibres a la primavera 2024 - Altea Cultural","isPartOf":{"@id":"https://www.alteacultural.com/es/#website"},"primaryImageOfPage":{"@id":"https://www.alteacultural.com/es/events/present-llibre-palabras-que-nacen-y-transforman-altea-llibres-a-la-primavera-2024/#primaryimage"},"image":{"@id":"https://www.alteacultural.com/es/events/present-llibre-palabras-que-nacen-y-transforman-altea-llibres-a-la-primavera-2024/#primaryimage"},"thumbnailUrl":"https://www.alteacultural.com/wp-content/uploads/2024/04/LlibresPrimavera24Banner-scaled.jpg","datePublished":"2024-02-21T08:13:45+00:00","dateModified":"2024-06-12T19:09:28+00:00","breadcrumb":{"@id":"https://www.alteacultural.com/es/events/present-llibre-palabras-que-nacen-y-transforman-altea-llibres-a-la-primavera-2024/#breadcrumb"},"inLanguage":"es","potentialAction":[{"@type":"ReadAction","target":["https://www.alteacultural.com/es/events/present-llibre-palabras-que-nacen-y-transforman-altea-llibres-a-la-primavera-2024/"]}]},{"@type":"ImageObject","inLanguage":"es","@id":"https://www.alteacultural.com/es/events/present-llibre-palabras-que-nacen-y-transforman-altea-llibres-a-la-primavera-2024/#primaryimage","url":"https://www.alteacultural.com/wp-content/uploads/2024/04/LlibresPrimavera24Banner-scaled.jpg","contentUrl":"https://www.alteacultural.com/wp-content/uploads/2024/04/LlibresPrimavera24Banner-scaled.jpg","width":2560,"height":947},{"@type":"BreadcrumbList","@id":"https://www.alteacultural.com/es/events/present-llibre-palabras-que-nacen-y-transforman-altea-llibres-a-la-primavera-2024/#breadcrumb","itemListElement":[{"@type":"ListItem","position":1,"name":"Inici","item":"https://www.alteacultural.com/es/"},{"@type":"ListItem","position":2,"name":"Eventos","item":"https://www.alteacultural.com/es/events/"},{"@type":"ListItem","position":3,"name":"[❌APLAZADO] Present. libro: &#8220;Palabras que nacen y transforman&#8221; &#8211; Altea, llibres a la primavera 2024"}]},{"@type":"WebSite","@id":"https://www.alteacultural.com/es/#website","url":"https://www.alteacultural.com/es/","name":"Altea Cultural","description":"Regidoria de Cultura de l&#039;Ajuntament d&#039;Altea","potentialAction":[{"@type":"SearchAction","target":{"@type":"EntryPoint","urlTemplate":"https://www.alteacultural.com/es/?s={search_term_string}"},"query-input":"required name=search_term_string"}],"inLanguage":"es"}]}</script>
<!-- / Yoast SEO plugin. -->

18-abr | 19:30 | Biblioteca Pública Municipal Altea [❌APLAZADO AL 09-05-2024] Presentación libro: Palabras que nacen y transforman. Altea, llibres a [&hellip;]
