{"id":30244,"date":"2024-03-20T09:35:13","date_gmt":"2024-03-20T08:35:13","guid":{"rendered":"https:\/\/www.alteacultural.com\/events\/musica-queen-forever-tribute\/"},"modified":"2024-03-20T09:43:42","modified_gmt":"2024-03-20T08:43:42","slug":"musica-queen-forever-tribute","status":"publish","type":"mec-events","link":"https:\/\/www.alteacultural.com\/es\/events\/musica-queen-forever-tribute\/","title":{"rendered":"M\u00fasica: \u00abQueen Forever Tribute\u00bb"},"content":{"rendered":"<p><strong>29-jun | 21:00 | Palau Altea<\/strong><\/p>\n<p>Rememorando los mejores momentos en la historia de Queen, como Live Aid, Montreal, Live at Wembley, Queen Forever son la viva imagen de Mercury y los suyos en el escenario, desde su formaci\u00f3n en el 2015, cuidando el m\u00e1s m\u00ednimo detalle en vestuario, puesta en escena y arreglos musicales.<\/p>\n<p>Despu\u00e9s de su paso por el talent show Got Talent Espa\u00f1a, la banda se convierte en un referente en el mundo de los tributos llenando recintos. M\u00e1s de 600.000 personas han podido ver de que son capaces Tolo Sanders (Freddie Mercury), Adri\u00e1n Pujadas (Brian May), Haritz Caperochipi (Roger Taylor), Juanjo Amengual (John Deacon) y Sebasti\u00e1n Raimundo (Spike Edney).<\/p>\n<p>En palabras de Peter Freestone (Asistente Personal de Mercury desde 1979 hasta el d\u00eda de su muerte):\u00a0<i>\u201cEstos chicos me han hecho volver 40 a\u00f1os atr\u00e1s, musicalmente son incre\u00edbles\u201d.<\/i><\/p>\n<p>Si eres amante de Queen y no pudiste ver a los originales, sin lugar a dudas\u00a0 Queen Forever es la mejor opci\u00f3n para recordar la fuerza y el poder de la banda brit\u00e1nica, estamos hablando del mejor Queen despu\u00e9s de Queen.<\/p>\n<p>DURACI\u00d3N: 120 minutos sin descanso.<\/p>\n<p>EDAD RECOMENDADA: Para todos los p\u00fablicos.<\/p>\n<p>Entradas: 29 \u20ac<\/p>\n<p>&nbsp;<\/p>\n<p><img fetchpriority=\"high\" decoding=\"async\" class=\"aligncenter wp-image-30240\" src=\"https:\/\/www.alteacultural.com\/wp-content\/uploads\/2024\/03\/Cartelqueen-forever-tribute.jpg\" alt=\"\" width=\"750\" height=\"1060\" srcset=\"https:\/\/www.alteacultural.com\/wp-content\/uploads\/2024\/03\/Cartelqueen-forever-tribute.jpg 1080w, https:\/\/www.alteacultural.com\/wp-content\/uploads\/2024\/03\/Cartelqueen-forever-tribute-768x1086.jpg 768w\" sizes=\"(max-width: 750px) 100vw, 750px\" \/><\/p>\n<p>&nbsp;<\/p>\n","protected":false},"excerpt":{"rendered":"<p>29-jun | 21:00 | Palau Altea Rememorando los mejores momentos en la historia de Queen, como Live Aid, Montreal, [&hellip;]<\/p>\n","protected":false},"author":1,"featured_media":30243,"comment_status":"open","ping_status":"closed","template":"","meta":{"_expiration-date-status":"","_expiration-date":0,"_expiration-date-type":"","_expiration-date-categories":[],"_expiration-date-options":[]},"yoast_head":"<!-- This site is optimized with the Yoast SEO plugin v22.8 - https:\/\/yoast.com\/wordpress\/plugins\/seo\/ -->\n<title>M\u00fasica: &quot;Queen Forever Tribute&quot; - Altea Cultural<\/title>\n<meta name=\"robots\" content=\"index, follow, max-snippet:-1, max-image-preview:large, max-video-preview:-1\" \/>\n<link rel=\"canonical\" href=\"https:\/\/www.alteacultural.com\/es\/events\/musica-queen-forever-tribute\/\" \/>\n<meta property=\"og:locale\" content=\"es_ES\" \/>\n<meta property=\"og:type\" content=\"article\" \/>\n<meta property=\"og:title\" content=\"M\u00fasica: &quot;Queen Forever Tribute&quot; - Altea Cultural\" \/>\n<meta property=\"og:description\" content=\"29-jun | 21:00 | Palau Altea Rememorando los mejores momentos en la historia de Queen, como Live Aid, Montreal, [&hellip;]\" \/>\n<meta property=\"og:url\" content=\"https:\/\/www.alteacultural.com\/es\/events\/musica-queen-forever-tribute\/\" \/>\n<meta property=\"og:site_name\" content=\"Altea Cultural\" \/>\n<meta property=\"article:modified_time\" content=\"2024-03-20T08:43:42+00:00\" \/>\n<meta property=\"og:image\" content=\"https:\/\/www.alteacultural.com\/wp-content\/uploads\/2024\/03\/2024-06-29_Queen_banner.jpg\" \/>\n\t<meta property=\"og:image:width\" content=\"1060\" \/>\n\t<meta property=\"og:image:height\" content=\"423\" \/>\n\t<meta property=\"og:image:type\" content=\"image\/jpeg\" \/>\n<meta name=\"twitter:card\" content=\"summary_large_image\" \/>\n<meta name=\"twitter:label1\" content=\"Tiempo de lectura\" \/>\n\t<meta name=\"twitter:data1\" content=\"2 minutos\" \/>\n<script type=\"application\/ld+json\" class=\"yoast-schema-graph\">{\"@context\":\"https:\/\/schema.org\",\"@graph\":[{\"@type\":\"WebPage\",\"@id\":\"https:\/\/www.alteacultural.com\/es\/events\/musica-queen-forever-tribute\/\",\"url\":\"https:\/\/www.alteacultural.com\/es\/events\/musica-queen-forever-tribute\/\",\"name\":\"M\u00fasica: \\\"Queen Forever Tribute\\\" - Altea Cultural\",\"isPartOf\":{\"@id\":\"https:\/\/www.alteacultural.com\/es\/#website\"},\"primaryImageOfPage\":{\"@id\":\"https:\/\/www.alteacultural.com\/es\/events\/musica-queen-forever-tribute\/#primaryimage\"},\"image\":{\"@id\":\"https:\/\/www.alteacultural.com\/es\/events\/musica-queen-forever-tribute\/#primaryimage\"},\"thumbnailUrl\":\"https:\/\/www.alteacultural.com\/wp-content\/uploads\/2024\/03\/2024-06-29_Queen_banner.jpg\",\"datePublished\":\"2024-03-20T08:35:13+00:00\",\"dateModified\":\"2024-03-20T08:43:42+00:00\",\"breadcrumb\":{\"@id\":\"https:\/\/www.alteacultural.com\/es\/events\/musica-queen-forever-tribute\/#breadcrumb\"},\"inLanguage\":\"es\",\"potentialAction\":[{\"@type\":\"ReadAction\",\"target\":[\"https:\/\/www.alteacultural.com\/es\/events\/musica-queen-forever-tribute\/\"]}]},{\"@type\":\"ImageObject\",\"inLanguage\":\"es\",\"@id\":\"https:\/\/www.alteacultural.com\/es\/events\/musica-queen-forever-tribute\/#primaryimage\",\"url\":\"https:\/\/www.alteacultural.com\/wp-content\/uploads\/2024\/03\/2024-06-29_Queen_banner.jpg\",\"contentUrl\":\"https:\/\/www.alteacultural.com\/wp-content\/uploads\/2024\/03\/2024-06-29_Queen_banner.jpg\",\"width\":1060,\"height\":423},{\"@type\":\"BreadcrumbList\",\"@id\":\"https:\/\/www.alteacultural.com\/es\/events\/musica-queen-forever-tribute\/#breadcrumb\",\"itemListElement\":[{\"@type\":\"ListItem\",\"position\":1,\"name\":\"Inici\",\"item\":\"https:\/\/www.alteacultural.com\/es\/\"},{\"@type\":\"ListItem\",\"position\":2,\"name\":\"Eventos\",\"item\":\"https:\/\/www.alteacultural.com\/es\/events\/\"},{\"@type\":\"ListItem\",\"position\":3,\"name\":\"M\u00fasica: &#8220;Queen Forever Tribute&#8221;\"}]},{\"@type\":\"WebSite\",\"@id\":\"https:\/\/www.alteacultural.com\/es\/#website\",\"url\":\"https:\/\/www.alteacultural.com\/es\/\",\"name\":\"Altea Cultural\",\"description\":\"Regidoria de Cultura de l&#039;Ajuntament d&#039;Altea\",\"potentialAction\":[{\"@type\":\"SearchAction\",\"target\":{\"@type\":\"EntryPoint\",\"urlTemplate\":\"https:\/\/www.alteacultural.com\/es\/?s={search_term_string}\"},\"query-input\":\"required name=search_term_string\"}],\"inLanguage\":\"es\"}]}<\/script>\n<!-- \/ Yoast SEO plugin. -->","yoast_head_json":{"title":"M\u00fasica: \"Queen Forever Tribute\" - Altea Cultural","robots":{"index":"index","follow":"follow","max-snippet":"max-snippet:-1","max-image-preview":"max-image-preview:large","max-video-preview":"max-video-preview:-1"},"canonical":"https:\/\/www.alteacultural.com\/es\/events\/musica-queen-forever-tribute\/","og_locale":"es_ES","og_type":"article","og_title":"M\u00fasica: \"Queen Forever Tribute\" - Altea Cultural","og_description":"29-jun | 21:00 | Palau Altea Rememorando los mejores momentos en la historia de Queen, como Live Aid, Montreal, [&hellip;]","og_url":"https:\/\/www.alteacultural.com\/es\/events\/musica-queen-forever-tribute\/","og_site_name":"Altea Cultural","article_modified_time":"2024-03-20T08:43:42+00:00","og_image":[{"width":1060,"height":423,"url":"https:\/\/www.alteacultural.com\/wp-content\/uploads\/2024\/03\/2024-06-29_Queen_banner.jpg","type":"image\/jpeg"}],"twitter_card":"summary_large_image","twitter_misc":{"Tiempo de lectura":"2 minutos"},"schema":{"@context":"https:\/\/schema.org","@graph":[{"@type":"WebPage","@id":"https:\/\/www.alteacultural.com\/es\/events\/musica-queen-forever-tribute\/","url":"https:\/\/www.alteacultural.com\/es\/events\/musica-queen-forever-tribute\/","name":"M\u00fasica: \"Queen Forever Tribute\" - Altea Cultural","isPartOf":{"@id":"https:\/\/www.alteacultural.com\/es\/#website"},"primaryImageOfPage":{"@id":"https:\/\/www.alteacultural.com\/es\/events\/musica-queen-forever-tribute\/#primaryimage"},"image":{"@id":"https:\/\/www.alteacultural.com\/es\/events\/musica-queen-forever-tribute\/#primaryimage"},"thumbnailUrl":"https:\/\/www.alteacultural.com\/wp-content\/uploads\/2024\/03\/2024-06-29_Queen_banner.jpg","datePublished":"2024-03-20T08:35:13+00:00","dateModified":"2024-03-20T08:43:42+00:00","breadcrumb":{"@id":"https:\/\/www.alteacultural.com\/es\/events\/musica-queen-forever-tribute\/#breadcrumb"},"inLanguage":"es","potentialAction":[{"@type":"ReadAction","target":["https:\/\/www.alteacultural.com\/es\/events\/musica-queen-forever-tribute\/"]}]},{"@type":"ImageObject","inLanguage":"es","@id":"https:\/\/www.alteacultural.com\/es\/events\/musica-queen-forever-tribute\/#primaryimage","url":"https:\/\/www.alteacultural.com\/wp-content\/uploads\/2024\/03\/2024-06-29_Queen_banner.jpg","contentUrl":"https:\/\/www.alteacultural.com\/wp-content\/uploads\/2024\/03\/2024-06-29_Queen_banner.jpg","width":1060,"height":423},{"@type":"BreadcrumbList","@id":"https:\/\/www.alteacultural.com\/es\/events\/musica-queen-forever-tribute\/#breadcrumb","itemListElement":[{"@type":"ListItem","position":1,"name":"Inici","item":"https:\/\/www.alteacultural.com\/es\/"},{"@type":"ListItem","position":2,"name":"Eventos","item":"https:\/\/www.alteacultural.com\/es\/events\/"},{"@type":"ListItem","position":3,"name":"M\u00fasica: &#8220;Queen Forever Tribute&#8221;"}]},{"@type":"WebSite","@id":"https:\/\/www.alteacultural.com\/es\/#website","url":"https:\/\/www.alteacultural.com\/es\/","name":"Altea Cultural","description":"Regidoria de Cultura de l&#039;Ajuntament d&#039;Altea","potentialAction":[{"@type":"SearchAction","target":{"@type":"EntryPoint","urlTemplate":"https:\/\/www.alteacultural.com\/es\/?s={search_term_string}"},"query-input":"required name=search_term_string"}],"inLanguage":"es"}]}},"mec_cost":"29 \u20ac","mec_date":{"start":{"date":"2024-06-29","hour":9,"minutes":"0","ampm":"PM"},"end":{"date":"2024-06-29","hour":11,"minutes":"0","ampm":"PM"},"comment":"","repeat":{"type":"daily","interval":"1","advanced":"","end":"never","end_at_date":"","end_at_occurrences":"10"}},"_links":{"self":[{"href":"https:\/\/www.alteacultural.com\/es\/wp-json\/wp\/v2\/mec-events\/30244"}],"collection":[{"href":"https:\/\/www.alteacultural.com\/es\/wp-json\/wp\/v2\/mec-events"}],"about":[{"href":"https:\/\/www.alteacultural.com\/es\/wp-json\/wp\/v2\/types\/mec-events"}],"author":[{"embeddable":true,"href":"https:\/\/www.alteacultural.com\/es\/wp-json\/wp\/v2\/users\/1"}],"replies":[{"embeddable":true,"href":"https:\/\/www.alteacultural.com\/es\/wp-json\/wp\/v2\/comments?post=30244"}],"wp:featuredmedia":[{"embeddable":true,"href":"https:\/\/www.alteacultural.com\/es\/wp-json\/wp\/v2\/media\/30243"}],"wp:attachment":[{"href":"https:\/\/www.alteacultural.com\/es\/wp-json\/wp\/v2\/media?parent=30244"}],"curies":[{"name":"wp","href":"https:\/\/api.w.org\/{rel}","templated":true}]}}

Música: «Queen Forever Tribute»

<p><strong>29-jun | 21:00 | Palau Altea</strong></p>
<p>Rememorando los mejores momentos en la historia de Queen, como Live Aid, Montreal, Live at Wembley, Queen Forever son la viva imagen de Mercury y los suyos en el escenario, desde su formación en el 2015, cuidando el más mínimo detalle en vestuario, puesta en escena y arreglos musicales.</p>
<p>Después de su paso por el talent show Got Talent España, la banda se convierte en un referente en el mundo de los tributos llenando recintos. Más de 600.000 personas han podido ver de que son capaces Tolo Sanders (Freddie Mercury), Adrián Pujadas (Brian May), Haritz Caperochipi (Roger Taylor), Juanjo Amengual (John Deacon) y Sebastián Raimundo (Spike Edney).</p>
<p>En palabras de Peter Freestone (Asistente Personal de Mercury desde 1979 hasta el día de su muerte): <i>“Estos chicos me han hecho volver 40 años atrás, musicalmente son increíbles”.</i></p>
<p>Si eres amante de Queen y no pudiste ver a los originales, sin lugar a dudas  Queen Forever es la mejor opción para recordar la fuerza y el poder de la banda británica, estamos hablando del mejor Queen después de Queen.</p>
<p>DURACIÓN: 120 minutos sin descanso.</p>
<p>EDAD RECOMENDADA: Para todos los públicos.</p>
<p>Entradas: 29 €</p>
<p>&nbsp;</p>
<p><img fetchpriority="high" decoding="async" class="aligncenter wp-image-30240" src="https://www.alteacultural.com/wp-content/uploads/2024/03/Cartelqueen-forever-tribute.jpg" alt="" width="750" height="1060" srcset="https://www.alteacultural.com/wp-content/uploads/2024/03/Cartelqueen-forever-tribute.jpg 1080w, https://www.alteacultural.com/wp-content/uploads/2024/03/Cartelqueen-forever-tribute-768x1086.jpg 768w" sizes="(max-width: 750px) 100vw, 750px" /></p>
<p>&nbsp;</p>

<!-- This site is optimized with the Yoast SEO plugin v22.8 - https://yoast.com/wordpress/plugins/seo/ -->
<title>Música: &quot;Queen Forever Tribute&quot; - Altea Cultural</title>
<meta name="robots" content="index, follow, max-snippet:-1, max-image-preview:large, max-video-preview:-1" />
<link rel="canonical" href="https://www.alteacultural.com/es/events/musica-queen-forever-tribute/" />
<meta property="og:locale" content="es_ES" />
<meta property="og:type" content="article" />
<meta property="og:title" content="Música: &quot;Queen Forever Tribute&quot; - Altea Cultural" />
<meta property="og:description" content="29-jun | 21:00 | Palau Altea Rememorando los mejores momentos en la historia de Queen, como Live Aid, Montreal, [&hellip;]" />
<meta property="og:url" content="https://www.alteacultural.com/es/events/musica-queen-forever-tribute/" />
<meta property="og:site_name" content="Altea Cultural" />
<meta property="article:modified_time" content="2024-03-20T08:43:42+00:00" />
<meta property="og:image" content="https://www.alteacultural.com/wp-content/uploads/2024/03/2024-06-29_Queen_banner.jpg" />
	<meta property="og:image:width" content="1060" />
	<meta property="og:image:height" content="423" />
	<meta property="og:image:type" content="image/jpeg" />
<meta name="twitter:card" content="summary_large_image" />
<meta name="twitter:label1" content="Tiempo de lectura" />
	<meta name="twitter:data1" content="2 minutos" />
<script type="application/ld+json" class="yoast-schema-graph">{"@context":"https://schema.org","@graph":[{"@type":"WebPage","@id":"https://www.alteacultural.com/es/events/musica-queen-forever-tribute/","url":"https://www.alteacultural.com/es/events/musica-queen-forever-tribute/","name":"Música: \"Queen Forever Tribute\" - Altea Cultural","isPartOf":{"@id":"https://www.alteacultural.com/es/#website"},"primaryImageOfPage":{"@id":"https://www.alteacultural.com/es/events/musica-queen-forever-tribute/#primaryimage"},"image":{"@id":"https://www.alteacultural.com/es/events/musica-queen-forever-tribute/#primaryimage"},"thumbnailUrl":"https://www.alteacultural.com/wp-content/uploads/2024/03/2024-06-29_Queen_banner.jpg","datePublished":"2024-03-20T08:35:13+00:00","dateModified":"2024-03-20T08:43:42+00:00","breadcrumb":{"@id":"https://www.alteacultural.com/es/events/musica-queen-forever-tribute/#breadcrumb"},"inLanguage":"es","potentialAction":[{"@type":"ReadAction","target":["https://www.alteacultural.com/es/events/musica-queen-forever-tribute/"]}]},{"@type":"ImageObject","inLanguage":"es","@id":"https://www.alteacultural.com/es/events/musica-queen-forever-tribute/#primaryimage","url":"https://www.alteacultural.com/wp-content/uploads/2024/03/2024-06-29_Queen_banner.jpg","contentUrl":"https://www.alteacultural.com/wp-content/uploads/2024/03/2024-06-29_Queen_banner.jpg","width":1060,"height":423},{"@type":"BreadcrumbList","@id":"https://www.alteacultural.com/es/events/musica-queen-forever-tribute/#breadcrumb","itemListElement":[{"@type":"ListItem","position":1,"name":"Inici","item":"https://www.alteacultural.com/es/"},{"@type":"ListItem","position":2,"name":"Eventos","item":"https://www.alteacultural.com/es/events/"},{"@type":"ListItem","position":3,"name":"Música: &#8220;Queen Forever Tribute&#8221;"}]},{"@type":"WebSite","@id":"https://www.alteacultural.com/es/#website","url":"https://www.alteacultural.com/es/","name":"Altea Cultural","description":"Regidoria de Cultura de l&#039;Ajuntament d&#039;Altea","potentialAction":[{"@type":"SearchAction","target":{"@type":"EntryPoint","urlTemplate":"https://www.alteacultural.com/es/?s={search_term_string}"},"query-input":"required name=search_term_string"}],"inLanguage":"es"}]}</script>
<!-- / Yoast SEO plugin. -->

Música: "Queen Forever Tribute" - Altea Cultural

Música: &#8220;Queen Forever Tribute&#8221;
