{"id":30425,"date":"2024-04-19T08:01:49","date_gmt":"2024-04-19T06:01:49","guid":{"rendered":"https:\/\/www.alteacultural.com\/events\/les-biblioteques-daltea-celebren-el-dia-del-llibre-regalant-te-lectura\/"},"modified":"2024-06-12T21:09:28","modified_gmt":"2024-06-12T19:09:28","slug":"les-biblioteques-daltea-celebren-el-dia-del-llibre-regalant-te-lectura","status":"publish","type":"mec-events","link":"https:\/\/www.alteacultural.com\/es\/events\/les-biblioteques-daltea-celebren-el-dia-del-llibre-regalant-te-lectura\/","title":{"rendered":"Las Bibliotecas de Altea celebran el Dia del Libro \u00a1REGAL\u00c1NDOTE LECTURA!"},"content":{"rendered":"<p><strong>21-26 abr | Bibliotecas de Altea<\/strong><\/p>\n<p>\u00a1Las Bibliotecas de Altea te regalan lectura! Del 22 al 26 de abril 2024<\/p>\n<p>NUEVOS USUARIOS se les regalar\u00e1 un libro.<\/p>\n<p>YA USUARIOS que tomen prestado un libro se les entregar\u00e1 una participaci\u00f3n en un sorteo de un vale de 30\u20ac de nuevas lecturas. El ganador ser\u00e1 el poseedor de la participaci\u00f3n que coincida con las 2 \u00faltimas cifras del sorteo del Cuponazo (ONCE) del 26-04-2024. El ganador dispondr\u00e1 de 7 d\u00edas para reclamar su premio llamando al 965842853 y podr\u00e1 hacer uso del vale en la librer\u00eda de Altea\/Altea la Vella de su elecci\u00f3n. S\u00f3lo 1 participaci\u00f3n por usuario.<\/p>\n<p>Unidades limitadas de libros para nuevos usuarios como de participaciones para ya usuarios.<\/p>\n<p><strong>ACTIVIDADES:<\/strong><\/p>\n<ul>\n<li><strong>Ruta literAria: <\/strong>Altea la Vallea. 21\/abr 11h Pl. Caixaltea (Altea la Vella)<\/li>\n<li><strong>Presentaci\u00f3n libro <\/strong><em>El polp i l&#8217;estrela de mar.\u00a0<\/em>23\/abr 18:30h Centro Social Altea.<\/li>\n<li><strong>Encontes, Festival de Narraci\u00f3 Oral d&#8217;Altea.\u00a0<\/strong>21-26\/may<\/li>\n<\/ul>\n<p>&nbsp;<\/p>\n<p><img fetchpriority=\"high\" decoding=\"async\" class=\"aligncenter wp-image-30421\" src=\"https:\/\/www.alteacultural.com\/wp-content\/uploads\/2024\/04\/2024-04-26-DiaDelLlibreAltea2024_Cartell-01.jpg\" alt=\"\" width=\"750\" height=\"1061\" srcset=\"https:\/\/www.alteacultural.com\/wp-content\/uploads\/2024\/04\/2024-04-26-DiaDelLlibreAltea2024_Cartell-01.jpg 1240w, https:\/\/www.alteacultural.com\/wp-content\/uploads\/2024\/04\/2024-04-26-DiaDelLlibreAltea2024_Cartell-01-768x1086.jpg 768w, https:\/\/www.alteacultural.com\/wp-content\/uploads\/2024\/04\/2024-04-26-DiaDelLlibreAltea2024_Cartell-01-1086x1536.jpg 1086w\" sizes=\"(max-width: 750px) 100vw, 750px\" \/><\/p>\n","protected":false},"excerpt":{"rendered":"<p>21-26 abr | Bibliotecas de Altea \u00a1Las Bibliotecas de Altea te regalan lectura! Del 22 al 26 de abril [&hellip;]<\/p>\n","protected":false},"author":1,"featured_media":30424,"comment_status":"open","ping_status":"closed","template":"","meta":{"_expiration-date-status":"","_expiration-date":0,"_expiration-date-type":"","_expiration-date-categories":[],"_expiration-date-options":[]},"yoast_head":"<!-- This site is optimized with the Yoast SEO plugin v22.8 - https:\/\/yoast.com\/wordpress\/plugins\/seo\/ -->\n<title>Las Bibliotecas de Altea celebran el Dia del Libro \u00a1REGAL\u00c1NDOTE LECTURA! - Altea Cultural<\/title>\n<meta name=\"robots\" content=\"index, follow, max-snippet:-1, max-image-preview:large, max-video-preview:-1\" \/>\n<link rel=\"canonical\" href=\"https:\/\/www.alteacultural.com\/es\/events\/les-biblioteques-daltea-celebren-el-dia-del-llibre-regalant-te-lectura\/\" \/>\n<meta property=\"og:locale\" content=\"es_ES\" \/>\n<meta property=\"og:type\" content=\"article\" \/>\n<meta property=\"og:title\" content=\"Las Bibliotecas de Altea celebran el Dia del Libro \u00a1REGAL\u00c1NDOTE LECTURA! - Altea Cultural\" \/>\n<meta property=\"og:description\" content=\"21-26 abr | Bibliotecas de Altea \u00a1Las Bibliotecas de Altea te regalan lectura! Del 22 al 26 de abril [&hellip;]\" \/>\n<meta property=\"og:url\" content=\"https:\/\/www.alteacultural.com\/es\/events\/les-biblioteques-daltea-celebren-el-dia-del-llibre-regalant-te-lectura\/\" \/>\n<meta property=\"og:site_name\" content=\"Altea Cultural\" \/>\n<meta property=\"article:modified_time\" content=\"2024-06-12T19:09:28+00:00\" \/>\n<meta property=\"og:image\" content=\"https:\/\/www.alteacultural.com\/wp-content\/uploads\/2024\/04\/2024-04-21-26_dia_del_libro.jpg\" \/>\n\t<meta property=\"og:image:width\" content=\"1238\" \/>\n\t<meta property=\"og:image:height\" content=\"523\" \/>\n\t<meta property=\"og:image:type\" content=\"image\/jpeg\" \/>\n<meta name=\"twitter:card\" content=\"summary_large_image\" \/>\n<meta name=\"twitter:label1\" content=\"Tiempo de lectura\" \/>\n\t<meta name=\"twitter:data1\" content=\"1 minuto\" \/>\n<script type=\"application\/ld+json\" class=\"yoast-schema-graph\">{\"@context\":\"https:\/\/schema.org\",\"@graph\":[{\"@type\":\"WebPage\",\"@id\":\"https:\/\/www.alteacultural.com\/es\/events\/les-biblioteques-daltea-celebren-el-dia-del-llibre-regalant-te-lectura\/\",\"url\":\"https:\/\/www.alteacultural.com\/es\/events\/les-biblioteques-daltea-celebren-el-dia-del-llibre-regalant-te-lectura\/\",\"name\":\"Las Bibliotecas de Altea celebran el Dia del Libro \u00a1REGAL\u00c1NDOTE LECTURA! - Altea Cultural\",\"isPartOf\":{\"@id\":\"https:\/\/www.alteacultural.com\/es\/#website\"},\"primaryImageOfPage\":{\"@id\":\"https:\/\/www.alteacultural.com\/es\/events\/les-biblioteques-daltea-celebren-el-dia-del-llibre-regalant-te-lectura\/#primaryimage\"},\"image\":{\"@id\":\"https:\/\/www.alteacultural.com\/es\/events\/les-biblioteques-daltea-celebren-el-dia-del-llibre-regalant-te-lectura\/#primaryimage\"},\"thumbnailUrl\":\"https:\/\/www.alteacultural.com\/wp-content\/uploads\/2024\/04\/2024-04-21-26_dia_del_libro.jpg\",\"datePublished\":\"2024-04-19T06:01:49+00:00\",\"dateModified\":\"2024-06-12T19:09:28+00:00\",\"breadcrumb\":{\"@id\":\"https:\/\/www.alteacultural.com\/es\/events\/les-biblioteques-daltea-celebren-el-dia-del-llibre-regalant-te-lectura\/#breadcrumb\"},\"inLanguage\":\"es\",\"potentialAction\":[{\"@type\":\"ReadAction\",\"target\":[\"https:\/\/www.alteacultural.com\/es\/events\/les-biblioteques-daltea-celebren-el-dia-del-llibre-regalant-te-lectura\/\"]}]},{\"@type\":\"ImageObject\",\"inLanguage\":\"es\",\"@id\":\"https:\/\/www.alteacultural.com\/es\/events\/les-biblioteques-daltea-celebren-el-dia-del-llibre-regalant-te-lectura\/#primaryimage\",\"url\":\"https:\/\/www.alteacultural.com\/wp-content\/uploads\/2024\/04\/2024-04-21-26_dia_del_libro.jpg\",\"contentUrl\":\"https:\/\/www.alteacultural.com\/wp-content\/uploads\/2024\/04\/2024-04-21-26_dia_del_libro.jpg\",\"width\":1238,\"height\":523},{\"@type\":\"BreadcrumbList\",\"@id\":\"https:\/\/www.alteacultural.com\/es\/events\/les-biblioteques-daltea-celebren-el-dia-del-llibre-regalant-te-lectura\/#breadcrumb\",\"itemListElement\":[{\"@type\":\"ListItem\",\"position\":1,\"name\":\"Inici\",\"item\":\"https:\/\/www.alteacultural.com\/es\/\"},{\"@type\":\"ListItem\",\"position\":2,\"name\":\"Eventos\",\"item\":\"https:\/\/www.alteacultural.com\/es\/events\/\"},{\"@type\":\"ListItem\",\"position\":3,\"name\":\"Las Bibliotecas de Altea celebran el Dia del Libro \u00a1REGAL\u00c1NDOTE LECTURA!\"}]},{\"@type\":\"WebSite\",\"@id\":\"https:\/\/www.alteacultural.com\/es\/#website\",\"url\":\"https:\/\/www.alteacultural.com\/es\/\",\"name\":\"Altea Cultural\",\"description\":\"Regidoria de Cultura de l&#039;Ajuntament d&#039;Altea\",\"potentialAction\":[{\"@type\":\"SearchAction\",\"target\":{\"@type\":\"EntryPoint\",\"urlTemplate\":\"https:\/\/www.alteacultural.com\/es\/?s={search_term_string}\"},\"query-input\":\"required name=search_term_string\"}],\"inLanguage\":\"es\"}]}<\/script>\n<!-- \/ Yoast SEO plugin. -->","yoast_head_json":{"title":"Las Bibliotecas de Altea celebran el Dia del Libro \u00a1REGAL\u00c1NDOTE LECTURA! - Altea Cultural","robots":{"index":"index","follow":"follow","max-snippet":"max-snippet:-1","max-image-preview":"max-image-preview:large","max-video-preview":"max-video-preview:-1"},"canonical":"https:\/\/www.alteacultural.com\/es\/events\/les-biblioteques-daltea-celebren-el-dia-del-llibre-regalant-te-lectura\/","og_locale":"es_ES","og_type":"article","og_title":"Las Bibliotecas de Altea celebran el Dia del Libro \u00a1REGAL\u00c1NDOTE LECTURA! - Altea Cultural","og_description":"21-26 abr | Bibliotecas de Altea \u00a1Las Bibliotecas de Altea te regalan lectura! Del 22 al 26 de abril [&hellip;]","og_url":"https:\/\/www.alteacultural.com\/es\/events\/les-biblioteques-daltea-celebren-el-dia-del-llibre-regalant-te-lectura\/","og_site_name":"Altea Cultural","article_modified_time":"2024-06-12T19:09:28+00:00","og_image":[{"width":1238,"height":523,"url":"https:\/\/www.alteacultural.com\/wp-content\/uploads\/2024\/04\/2024-04-21-26_dia_del_libro.jpg","type":"image\/jpeg"}],"twitter_card":"summary_large_image","twitter_misc":{"Tiempo de lectura":"1 minuto"},"schema":{"@context":"https:\/\/schema.org","@graph":[{"@type":"WebPage","@id":"https:\/\/www.alteacultural.com\/es\/events\/les-biblioteques-daltea-celebren-el-dia-del-llibre-regalant-te-lectura\/","url":"https:\/\/www.alteacultural.com\/es\/events\/les-biblioteques-daltea-celebren-el-dia-del-llibre-regalant-te-lectura\/","name":"Las Bibliotecas de Altea celebran el Dia del Libro \u00a1REGAL\u00c1NDOTE LECTURA! - Altea Cultural","isPartOf":{"@id":"https:\/\/www.alteacultural.com\/es\/#website"},"primaryImageOfPage":{"@id":"https:\/\/www.alteacultural.com\/es\/events\/les-biblioteques-daltea-celebren-el-dia-del-llibre-regalant-te-lectura\/#primaryimage"},"image":{"@id":"https:\/\/www.alteacultural.com\/es\/events\/les-biblioteques-daltea-celebren-el-dia-del-llibre-regalant-te-lectura\/#primaryimage"},"thumbnailUrl":"https:\/\/www.alteacultural.com\/wp-content\/uploads\/2024\/04\/2024-04-21-26_dia_del_libro.jpg","datePublished":"2024-04-19T06:01:49+00:00","dateModified":"2024-06-12T19:09:28+00:00","breadcrumb":{"@id":"https:\/\/www.alteacultural.com\/es\/events\/les-biblioteques-daltea-celebren-el-dia-del-llibre-regalant-te-lectura\/#breadcrumb"},"inLanguage":"es","potentialAction":[{"@type":"ReadAction","target":["https:\/\/www.alteacultural.com\/es\/events\/les-biblioteques-daltea-celebren-el-dia-del-llibre-regalant-te-lectura\/"]}]},{"@type":"ImageObject","inLanguage":"es","@id":"https:\/\/www.alteacultural.com\/es\/events\/les-biblioteques-daltea-celebren-el-dia-del-llibre-regalant-te-lectura\/#primaryimage","url":"https:\/\/www.alteacultural.com\/wp-content\/uploads\/2024\/04\/2024-04-21-26_dia_del_libro.jpg","contentUrl":"https:\/\/www.alteacultural.com\/wp-content\/uploads\/2024\/04\/2024-04-21-26_dia_del_libro.jpg","width":1238,"height":523},{"@type":"BreadcrumbList","@id":"https:\/\/www.alteacultural.com\/es\/events\/les-biblioteques-daltea-celebren-el-dia-del-llibre-regalant-te-lectura\/#breadcrumb","itemListElement":[{"@type":"ListItem","position":1,"name":"Inici","item":"https:\/\/www.alteacultural.com\/es\/"},{"@type":"ListItem","position":2,"name":"Eventos","item":"https:\/\/www.alteacultural.com\/es\/events\/"},{"@type":"ListItem","position":3,"name":"Las Bibliotecas de Altea celebran el Dia del Libro \u00a1REGAL\u00c1NDOTE LECTURA!"}]},{"@type":"WebSite","@id":"https:\/\/www.alteacultural.com\/es\/#website","url":"https:\/\/www.alteacultural.com\/es\/","name":"Altea Cultural","description":"Regidoria de Cultura de l&#039;Ajuntament d&#039;Altea","potentialAction":[{"@type":"SearchAction","target":{"@type":"EntryPoint","urlTemplate":"https:\/\/www.alteacultural.com\/es\/?s={search_term_string}"},"query-input":"required name=search_term_string"}],"inLanguage":"es"}]}},"mec_cost":"","mec_date":{"start":{"date":"2024-04-21","hour":"8","minutes":"0","ampm":"AM"},"end":{"date":"2024-04-26","hour":6,"minutes":"0","ampm":"PM"},"allday":"1","comment":"","repeat":{"type":"daily","interval":"1","advanced":"","end":"never","end_at_date":"","end_at_occurrences":"10"}},"_links":{"self":[{"href":"https:\/\/www.alteacultural.com\/es\/wp-json\/wp\/v2\/mec-events\/30425"}],"collection":[{"href":"https:\/\/www.alteacultural.com\/es\/wp-json\/wp\/v2\/mec-events"}],"about":[{"href":"https:\/\/www.alteacultural.com\/es\/wp-json\/wp\/v2\/types\/mec-events"}],"author":[{"embeddable":true,"href":"https:\/\/www.alteacultural.com\/es\/wp-json\/wp\/v2\/users\/1"}],"replies":[{"embeddable":true,"href":"https:\/\/www.alteacultural.com\/es\/wp-json\/wp\/v2\/comments?post=30425"}],"wp:featuredmedia":[{"embeddable":true,"href":"https:\/\/www.alteacultural.com\/es\/wp-json\/wp\/v2\/media\/30424"}],"wp:attachment":[{"href":"https:\/\/www.alteacultural.com\/es\/wp-json\/wp\/v2\/media?parent=30425"}],"curies":[{"name":"wp","href":"https:\/\/api.w.org\/{rel}","templated":true}]}}

Las Bibliotecas de Altea celebran el Dia del Libro ¡REGALÁNDOTE LECTURA!

<p><strong>21-26 abr | Bibliotecas de Altea</strong></p>
<p>¡Las Bibliotecas de Altea te regalan lectura! Del 22 al 26 de abril 2024</p>
<p>NUEVOS USUARIOS se les regalará un libro.</p>
<p>YA USUARIOS que tomen prestado un libro se les entregará una participación en un sorteo de un vale de 30€ de nuevas lecturas. El ganador será el poseedor de la participación que coincida con las 2 últimas cifras del sorteo del Cuponazo (ONCE) del 26-04-2024. El ganador dispondrá de 7 días para reclamar su premio llamando al 965842853 y podrá hacer uso del vale en la librería de Altea/Altea la Vella de su elección. Sólo 1 participación por usuario.</p>
<p>Unidades limitadas de libros para nuevos usuarios como de participaciones para ya usuarios.</p>
<p><strong>ACTIVIDADES:</strong></p>
<ul>
<li><strong>Ruta literAria: </strong>Altea la Vallea. 21/abr 11h Pl. Caixaltea (Altea la Vella)</li>
<li><strong>Presentación libro </strong><em>El polp i l&#8217;estrela de mar. </em>23/abr 18:30h Centro Social Altea.</li>
<li><strong>Encontes, Festival de Narració Oral d&#8217;Altea. </strong>21-26/may</li>
</ul>
<p>&nbsp;</p>
<p><img fetchpriority="high" decoding="async" class="aligncenter wp-image-30421" src="https://www.alteacultural.com/wp-content/uploads/2024/04/2024-04-26-DiaDelLlibreAltea2024_Cartell-01.jpg" alt="" width="750" height="1061" srcset="https://www.alteacultural.com/wp-content/uploads/2024/04/2024-04-26-DiaDelLlibreAltea2024_Cartell-01.jpg 1240w, https://www.alteacultural.com/wp-content/uploads/2024/04/2024-04-26-DiaDelLlibreAltea2024_Cartell-01-768x1086.jpg 768w, https://www.alteacultural.com/wp-content/uploads/2024/04/2024-04-26-DiaDelLlibreAltea2024_Cartell-01-1086x1536.jpg 1086w" sizes="(max-width: 750px) 100vw, 750px" /></p>

<!-- This site is optimized with the Yoast SEO plugin v22.8 - https://yoast.com/wordpress/plugins/seo/ -->
<title>Las Bibliotecas de Altea celebran el Dia del Libro ¡REGALÁNDOTE LECTURA! - Altea Cultural</title>
<meta name="robots" content="index, follow, max-snippet:-1, max-image-preview:large, max-video-preview:-1" />
<link rel="canonical" href="https://www.alteacultural.com/es/events/les-biblioteques-daltea-celebren-el-dia-del-llibre-regalant-te-lectura/" />
<meta property="og:locale" content="es_ES" />
<meta property="og:type" content="article" />
<meta property="og:title" content="Las Bibliotecas de Altea celebran el Dia del Libro ¡REGALÁNDOTE LECTURA! - Altea Cultural" />
<meta property="og:description" content="21-26 abr | Bibliotecas de Altea ¡Las Bibliotecas de Altea te regalan lectura! Del 22 al 26 de abril [&hellip;]" />
<meta property="og:url" content="https://www.alteacultural.com/es/events/les-biblioteques-daltea-celebren-el-dia-del-llibre-regalant-te-lectura/" />
<meta property="og:site_name" content="Altea Cultural" />
<meta property="article:modified_time" content="2024-06-12T19:09:28+00:00" />
<meta property="og:image" content="https://www.alteacultural.com/wp-content/uploads/2024/04/2024-04-21-26_dia_del_libro.jpg" />
	<meta property="og:image:width" content="1238" />
	<meta property="og:image:height" content="523" />
	<meta property="og:image:type" content="image/jpeg" />
<meta name="twitter:card" content="summary_large_image" />
<meta name="twitter:label1" content="Tiempo de lectura" />
	<meta name="twitter:data1" content="1 minuto" />
<script type="application/ld+json" class="yoast-schema-graph">{"@context":"https://schema.org","@graph":[{"@type":"WebPage","@id":"https://www.alteacultural.com/es/events/les-biblioteques-daltea-celebren-el-dia-del-llibre-regalant-te-lectura/","url":"https://www.alteacultural.com/es/events/les-biblioteques-daltea-celebren-el-dia-del-llibre-regalant-te-lectura/","name":"Las Bibliotecas de Altea celebran el Dia del Libro ¡REGALÁNDOTE LECTURA! - Altea Cultural","isPartOf":{"@id":"https://www.alteacultural.com/es/#website"},"primaryImageOfPage":{"@id":"https://www.alteacultural.com/es/events/les-biblioteques-daltea-celebren-el-dia-del-llibre-regalant-te-lectura/#primaryimage"},"image":{"@id":"https://www.alteacultural.com/es/events/les-biblioteques-daltea-celebren-el-dia-del-llibre-regalant-te-lectura/#primaryimage"},"thumbnailUrl":"https://www.alteacultural.com/wp-content/uploads/2024/04/2024-04-21-26_dia_del_libro.jpg","datePublished":"2024-04-19T06:01:49+00:00","dateModified":"2024-06-12T19:09:28+00:00","breadcrumb":{"@id":"https://www.alteacultural.com/es/events/les-biblioteques-daltea-celebren-el-dia-del-llibre-regalant-te-lectura/#breadcrumb"},"inLanguage":"es","potentialAction":[{"@type":"ReadAction","target":["https://www.alteacultural.com/es/events/les-biblioteques-daltea-celebren-el-dia-del-llibre-regalant-te-lectura/"]}]},{"@type":"ImageObject","inLanguage":"es","@id":"https://www.alteacultural.com/es/events/les-biblioteques-daltea-celebren-el-dia-del-llibre-regalant-te-lectura/#primaryimage","url":"https://www.alteacultural.com/wp-content/uploads/2024/04/2024-04-21-26_dia_del_libro.jpg","contentUrl":"https://www.alteacultural.com/wp-content/uploads/2024/04/2024-04-21-26_dia_del_libro.jpg","width":1238,"height":523},{"@type":"BreadcrumbList","@id":"https://www.alteacultural.com/es/events/les-biblioteques-daltea-celebren-el-dia-del-llibre-regalant-te-lectura/#breadcrumb","itemListElement":[{"@type":"ListItem","position":1,"name":"Inici","item":"https://www.alteacultural.com/es/"},{"@type":"ListItem","position":2,"name":"Eventos","item":"https://www.alteacultural.com/es/events/"},{"@type":"ListItem","position":3,"name":"Las Bibliotecas de Altea celebran el Dia del Libro ¡REGALÁNDOTE LECTURA!"}]},{"@type":"WebSite","@id":"https://www.alteacultural.com/es/#website","url":"https://www.alteacultural.com/es/","name":"Altea Cultural","description":"Regidoria de Cultura de l&#039;Ajuntament d&#039;Altea","potentialAction":[{"@type":"SearchAction","target":{"@type":"EntryPoint","urlTemplate":"https://www.alteacultural.com/es/?s={search_term_string}"},"query-input":"required name=search_term_string"}],"inLanguage":"es"}]}</script>
<!-- / Yoast SEO plugin. -->

Las Bibliotecas de Altea celebran el Dia del Libro ¡REGALÁNDOTE LECTURA! - Altea Cultural
