{"id":30442,"date":"2024-04-19T09:34:41","date_gmt":"2024-04-19T07:34:41","guid":{"rendered":"https:\/\/www.alteacultural.com\/events\/narracio-de-diversos-contes-26-maig-encontes-2024\/"},"modified":"2024-06-12T21:09:28","modified_gmt":"2024-06-12T19:09:28","slug":"narracio-de-diversos-contes-26-maig-encontes-2024","status":"publish","type":"mec-events","link":"https:\/\/www.alteacultural.com\/es\/events\/narracio-de-diversos-contes-26-maig-encontes-2024\/","title":{"rendered":"Narraci\u00f3n de diversos cuentos 26 mayo \u2013 Encontes 2024"},"content":{"rendered":"<p><strong>26-may | Altea<\/strong><\/p>\n<p><strong>Encontes, 21 Festival de Narraci\u00f3 Oral d\u2019Altea 2024<\/strong><\/p>\n<p><strong>12:00 h. \u00abVermut de cuentos\u00bb.<\/strong> Narraci\u00f3n de cuentos en la hora del vermut. Con las narradoras y narradores participantes en Encontes. Para todos los p\u00fablicos. Narraciones en valenciano y castellano. Restaurant Ca Pere, Costera Pont de Montcau, 15.<\/p>\n<p><strong>18:00 h. \u00abHistorias de mi pueblo. Marat\u00f3n de cuentos\u00bb. <\/strong>Narraci\u00f3n de cuentos a cargo de gente de Altea. Para p\u00fablico familiar. Narraciones en valenciano y castellano. Plaza del Agua.<\/p>\n<p><strong>19:00 h. Cloenda \u00abAt\u00fambala\u00bb. <\/strong>M\u00fasica y cuentos con olor a mar. Baile de palabras y canciones con un pellizco de sal. A cargo de Atx\u00fambala. Para p\u00fablico familiar. Narraciones en valenciano. Plaza del Agua.<\/p>\n<div class=\"traductor-checkbox form-group\">\n<div class=\"row\">\n<div class=\"col-sm-offset-2 col-sm-5\"><\/div>\n<\/div>\n<\/div>\n<p><a href=\"https:\/\/www.alteacultural.com\/encontes\/\">Tota la programaci\u00f3 ac\u00ed<\/a>\u00a0\/\u00a0<a href=\"https:\/\/www.alteacultural.com\/encontes\/?lang=es\"><em>Toda la programaci\u00f3n aqu\u00ed<\/em><\/a><\/p>\n<p>&nbsp;<\/p>\n<p><strong>16\u00ba Mercado de Intercambio de Libros de Cuentos. \u201cCuentos que alimentan\u201d.<br \/>\n<\/strong>Intercambio de libros de cuentos por alimentos. Lleva un kg de alimentos que no sean frescos ni refrigerados y ll\u00e9vate un libro. Casa de Cultura. Todos los d\u00edas en el horario habitual.<\/p>\n","protected":false},"excerpt":{"rendered":"<p>26-may | Altea Encontes, 21 Festival de Narraci\u00f3 Oral d\u2019Altea 2024 12:00 h. \u00abVermut de cuentos\u00bb. Narraci\u00f3n de cuentos [&hellip;]<\/p>\n","protected":false},"author":1,"featured_media":30416,"comment_status":"open","ping_status":"closed","template":"","meta":{"_expiration-date-status":"","_expiration-date":0,"_expiration-date-type":"","_expiration-date-categories":[],"_expiration-date-options":[]},"yoast_head":"<!-- This site is optimized with the Yoast SEO plugin v22.8 - https:\/\/yoast.com\/wordpress\/plugins\/seo\/ -->\n<title>Narraci\u00f3n de diversos cuentos 26 mayo \u2013 Encontes 2024 - Altea Cultural<\/title>\n<meta name=\"robots\" content=\"index, follow, max-snippet:-1, max-image-preview:large, max-video-preview:-1\" \/>\n<link rel=\"canonical\" href=\"https:\/\/www.alteacultural.com\/es\/events\/narracio-de-diversos-contes-26-maig-encontes-2024\/\" \/>\n<meta property=\"og:locale\" content=\"es_ES\" \/>\n<meta property=\"og:type\" content=\"article\" \/>\n<meta property=\"og:title\" content=\"Narraci\u00f3n de diversos cuentos 26 mayo \u2013 Encontes 2024 - Altea Cultural\" \/>\n<meta property=\"og:description\" content=\"26-may | Altea Encontes, 21 Festival de Narraci\u00f3 Oral d\u2019Altea 2024 12:00 h. \u00abVermut de cuentos\u00bb. Narraci\u00f3n de cuentos [&hellip;]\" \/>\n<meta property=\"og:url\" content=\"https:\/\/www.alteacultural.com\/es\/events\/narracio-de-diversos-contes-26-maig-encontes-2024\/\" \/>\n<meta property=\"og:site_name\" content=\"Altea Cultural\" \/>\n<meta property=\"article:modified_time\" content=\"2024-06-12T19:09:28+00:00\" \/>\n<meta property=\"og:image\" content=\"https:\/\/www.alteacultural.com\/wp-content\/uploads\/2024\/04\/2024_05_encontes2024_banner.jpg\" \/>\n\t<meta property=\"og:image:width\" content=\"1238\" \/>\n\t<meta property=\"og:image:height\" content=\"607\" \/>\n\t<meta property=\"og:image:type\" content=\"image\/jpeg\" \/>\n<meta name=\"twitter:card\" content=\"summary_large_image\" \/>\n<meta name=\"twitter:label1\" content=\"Tiempo de lectura\" \/>\n\t<meta name=\"twitter:data1\" content=\"1 minuto\" \/>\n<script type=\"application\/ld+json\" class=\"yoast-schema-graph\">{\"@context\":\"https:\/\/schema.org\",\"@graph\":[{\"@type\":\"WebPage\",\"@id\":\"https:\/\/www.alteacultural.com\/es\/events\/narracio-de-diversos-contes-26-maig-encontes-2024\/\",\"url\":\"https:\/\/www.alteacultural.com\/es\/events\/narracio-de-diversos-contes-26-maig-encontes-2024\/\",\"name\":\"Narraci\u00f3n de diversos cuentos 26 mayo \u2013 Encontes 2024 - Altea Cultural\",\"isPartOf\":{\"@id\":\"https:\/\/www.alteacultural.com\/es\/#website\"},\"primaryImageOfPage\":{\"@id\":\"https:\/\/www.alteacultural.com\/es\/events\/narracio-de-diversos-contes-26-maig-encontes-2024\/#primaryimage\"},\"image\":{\"@id\":\"https:\/\/www.alteacultural.com\/es\/events\/narracio-de-diversos-contes-26-maig-encontes-2024\/#primaryimage\"},\"thumbnailUrl\":\"https:\/\/www.alteacultural.com\/wp-content\/uploads\/2024\/04\/2024_05_encontes2024_banner.jpg\",\"datePublished\":\"2024-04-19T07:34:41+00:00\",\"dateModified\":\"2024-06-12T19:09:28+00:00\",\"breadcrumb\":{\"@id\":\"https:\/\/www.alteacultural.com\/es\/events\/narracio-de-diversos-contes-26-maig-encontes-2024\/#breadcrumb\"},\"inLanguage\":\"es\",\"potentialAction\":[{\"@type\":\"ReadAction\",\"target\":[\"https:\/\/www.alteacultural.com\/es\/events\/narracio-de-diversos-contes-26-maig-encontes-2024\/\"]}]},{\"@type\":\"ImageObject\",\"inLanguage\":\"es\",\"@id\":\"https:\/\/www.alteacultural.com\/es\/events\/narracio-de-diversos-contes-26-maig-encontes-2024\/#primaryimage\",\"url\":\"https:\/\/www.alteacultural.com\/wp-content\/uploads\/2024\/04\/2024_05_encontes2024_banner.jpg\",\"contentUrl\":\"https:\/\/www.alteacultural.com\/wp-content\/uploads\/2024\/04\/2024_05_encontes2024_banner.jpg\",\"width\":1238,\"height\":607},{\"@type\":\"BreadcrumbList\",\"@id\":\"https:\/\/www.alteacultural.com\/es\/events\/narracio-de-diversos-contes-26-maig-encontes-2024\/#breadcrumb\",\"itemListElement\":[{\"@type\":\"ListItem\",\"position\":1,\"name\":\"Inici\",\"item\":\"https:\/\/www.alteacultural.com\/es\/\"},{\"@type\":\"ListItem\",\"position\":2,\"name\":\"Eventos\",\"item\":\"https:\/\/www.alteacultural.com\/es\/events\/\"},{\"@type\":\"ListItem\",\"position\":3,\"name\":\"Narraci\u00f3n de diversos cuentos 26 mayo \u2013 Encontes 2024\"}]},{\"@type\":\"WebSite\",\"@id\":\"https:\/\/www.alteacultural.com\/es\/#website\",\"url\":\"https:\/\/www.alteacultural.com\/es\/\",\"name\":\"Altea Cultural\",\"description\":\"Regidoria de Cultura de l&#039;Ajuntament d&#039;Altea\",\"potentialAction\":[{\"@type\":\"SearchAction\",\"target\":{\"@type\":\"EntryPoint\",\"urlTemplate\":\"https:\/\/www.alteacultural.com\/es\/?s={search_term_string}\"},\"query-input\":\"required name=search_term_string\"}],\"inLanguage\":\"es\"}]}<\/script>\n<!-- \/ Yoast SEO plugin. -->","yoast_head_json":{"title":"Narraci\u00f3n de diversos cuentos 26 mayo \u2013 Encontes 2024 - Altea Cultural","robots":{"index":"index","follow":"follow","max-snippet":"max-snippet:-1","max-image-preview":"max-image-preview:large","max-video-preview":"max-video-preview:-1"},"canonical":"https:\/\/www.alteacultural.com\/es\/events\/narracio-de-diversos-contes-26-maig-encontes-2024\/","og_locale":"es_ES","og_type":"article","og_title":"Narraci\u00f3n de diversos cuentos 26 mayo \u2013 Encontes 2024 - Altea Cultural","og_description":"26-may | Altea Encontes, 21 Festival de Narraci\u00f3 Oral d\u2019Altea 2024 12:00 h. \u00abVermut de cuentos\u00bb. Narraci\u00f3n de cuentos [&hellip;]","og_url":"https:\/\/www.alteacultural.com\/es\/events\/narracio-de-diversos-contes-26-maig-encontes-2024\/","og_site_name":"Altea Cultural","article_modified_time":"2024-06-12T19:09:28+00:00","og_image":[{"width":1238,"height":607,"url":"https:\/\/www.alteacultural.com\/wp-content\/uploads\/2024\/04\/2024_05_encontes2024_banner.jpg","type":"image\/jpeg"}],"twitter_card":"summary_large_image","twitter_misc":{"Tiempo de lectura":"1 minuto"},"schema":{"@context":"https:\/\/schema.org","@graph":[{"@type":"WebPage","@id":"https:\/\/www.alteacultural.com\/es\/events\/narracio-de-diversos-contes-26-maig-encontes-2024\/","url":"https:\/\/www.alteacultural.com\/es\/events\/narracio-de-diversos-contes-26-maig-encontes-2024\/","name":"Narraci\u00f3n de diversos cuentos 26 mayo \u2013 Encontes 2024 - Altea Cultural","isPartOf":{"@id":"https:\/\/www.alteacultural.com\/es\/#website"},"primaryImageOfPage":{"@id":"https:\/\/www.alteacultural.com\/es\/events\/narracio-de-diversos-contes-26-maig-encontes-2024\/#primaryimage"},"image":{"@id":"https:\/\/www.alteacultural.com\/es\/events\/narracio-de-diversos-contes-26-maig-encontes-2024\/#primaryimage"},"thumbnailUrl":"https:\/\/www.alteacultural.com\/wp-content\/uploads\/2024\/04\/2024_05_encontes2024_banner.jpg","datePublished":"2024-04-19T07:34:41+00:00","dateModified":"2024-06-12T19:09:28+00:00","breadcrumb":{"@id":"https:\/\/www.alteacultural.com\/es\/events\/narracio-de-diversos-contes-26-maig-encontes-2024\/#breadcrumb"},"inLanguage":"es","potentialAction":[{"@type":"ReadAction","target":["https:\/\/www.alteacultural.com\/es\/events\/narracio-de-diversos-contes-26-maig-encontes-2024\/"]}]},{"@type":"ImageObject","inLanguage":"es","@id":"https:\/\/www.alteacultural.com\/es\/events\/narracio-de-diversos-contes-26-maig-encontes-2024\/#primaryimage","url":"https:\/\/www.alteacultural.com\/wp-content\/uploads\/2024\/04\/2024_05_encontes2024_banner.jpg","contentUrl":"https:\/\/www.alteacultural.com\/wp-content\/uploads\/2024\/04\/2024_05_encontes2024_banner.jpg","width":1238,"height":607},{"@type":"BreadcrumbList","@id":"https:\/\/www.alteacultural.com\/es\/events\/narracio-de-diversos-contes-26-maig-encontes-2024\/#breadcrumb","itemListElement":[{"@type":"ListItem","position":1,"name":"Inici","item":"https:\/\/www.alteacultural.com\/es\/"},{"@type":"ListItem","position":2,"name":"Eventos","item":"https:\/\/www.alteacultural.com\/es\/events\/"},{"@type":"ListItem","position":3,"name":"Narraci\u00f3n de diversos cuentos 26 mayo \u2013 Encontes 2024"}]},{"@type":"WebSite","@id":"https:\/\/www.alteacultural.com\/es\/#website","url":"https:\/\/www.alteacultural.com\/es\/","name":"Altea Cultural","description":"Regidoria de Cultura de l&#039;Ajuntament d&#039;Altea","potentialAction":[{"@type":"SearchAction","target":{"@type":"EntryPoint","urlTemplate":"https:\/\/www.alteacultural.com\/es\/?s={search_term_string}"},"query-input":"required name=search_term_string"}],"inLanguage":"es"}]}},"mec_cost":"Entrada libre y gratuita","mec_date":{"start":{"date":"2024-05-26","hour":"9","minutes":"0","ampm":"AM"},"end":{"date":"2024-05-26","hour":10,"minutes":"0","ampm":"PM"},"comment":"","repeat":{"type":"daily","interval":"1","advanced":"","end":"never","end_at_date":"","end_at_occurrences":"10"}},"_links":{"self":[{"href":"https:\/\/www.alteacultural.com\/es\/wp-json\/wp\/v2\/mec-events\/30442"}],"collection":[{"href":"https:\/\/www.alteacultural.com\/es\/wp-json\/wp\/v2\/mec-events"}],"about":[{"href":"https:\/\/www.alteacultural.com\/es\/wp-json\/wp\/v2\/types\/mec-events"}],"author":[{"embeddable":true,"href":"https:\/\/www.alteacultural.com\/es\/wp-json\/wp\/v2\/users\/1"}],"replies":[{"embeddable":true,"href":"https:\/\/www.alteacultural.com\/es\/wp-json\/wp\/v2\/comments?post=30442"}],"wp:featuredmedia":[{"embeddable":true,"href":"https:\/\/www.alteacultural.com\/es\/wp-json\/wp\/v2\/media\/30416"}],"wp:attachment":[{"href":"https:\/\/www.alteacultural.com\/es\/wp-json\/wp\/v2\/media?parent=30442"}],"curies":[{"name":"wp","href":"https:\/\/api.w.org\/{rel}","templated":true}]}}

Narración de diversos cuentos 26 mayo – Encontes 2024

<p><strong>26-may | Altea</strong></p>
<p><strong>Encontes, 21 Festival de Narració Oral d’Altea 2024</strong></p>
<p><strong>12:00 h. «Vermut de cuentos».</strong> Narración de cuentos en la hora del vermut. Con las narradoras y narradores participantes en Encontes. Para todos los públicos. Narraciones en valenciano y castellano. Restaurant Ca Pere, Costera Pont de Montcau, 15.</p>
<p><strong>18:00 h. «Historias de mi pueblo. Maratón de cuentos». </strong>Narración de cuentos a cargo de gente de Altea. Para público familiar. Narraciones en valenciano y castellano. Plaza del Agua.</p>
<p><strong>19:00 h. Cloenda «Atúmbala». </strong>Música y cuentos con olor a mar. Baile de palabras y canciones con un pellizco de sal. A cargo de Atxúmbala. Para público familiar. Narraciones en valenciano. Plaza del Agua.</p>
<div class="traductor-checkbox form-group">
<div class="row">
<div class="col-sm-offset-2 col-sm-5"></div>
</div>
</div>
<p><a href="https://www.alteacultural.com/encontes/">Tota la programació ací</a> / <a href="https://www.alteacultural.com/encontes/?lang=es"><em>Toda la programación aquí</em></a></p>
<p>&nbsp;</p>
<p><strong>16º Mercado de Intercambio de Libros de Cuentos. “Cuentos que alimentan”.<br />
</strong>Intercambio de libros de cuentos por alimentos. Lleva un kg de alimentos que no sean frescos ni refrigerados y llévate un libro. Casa de Cultura. Todos los días en el horario habitual.</p>

<p>26-may | Altea Encontes, 21 Festival de Narració Oral d’Altea 2024 12:00 h. «Vermut de cuentos». Narración de cuentos [&hellip;]</p>

<!-- This site is optimized with the Yoast SEO plugin v22.8 - https://yoast.com/wordpress/plugins/seo/ -->
<title>Narración de diversos cuentos 26 mayo – Encontes 2024 - Altea Cultural</title>
<meta name="robots" content="index, follow, max-snippet:-1, max-image-preview:large, max-video-preview:-1" />
<link rel="canonical" href="https://www.alteacultural.com/es/events/narracio-de-diversos-contes-26-maig-encontes-2024/" />
<meta property="og:locale" content="es_ES" />
<meta property="og:type" content="article" />
<meta property="og:title" content="Narración de diversos cuentos 26 mayo – Encontes 2024 - Altea Cultural" />
<meta property="og:description" content="26-may | Altea Encontes, 21 Festival de Narració Oral d’Altea 2024 12:00 h. «Vermut de cuentos». Narración de cuentos [&hellip;]" />
<meta property="og:url" content="https://www.alteacultural.com/es/events/narracio-de-diversos-contes-26-maig-encontes-2024/" />
<meta property="og:site_name" content="Altea Cultural" />
<meta property="article:modified_time" content="2024-06-12T19:09:28+00:00" />
<meta property="og:image" content="https://www.alteacultural.com/wp-content/uploads/2024/04/2024_05_encontes2024_banner.jpg" />
	<meta property="og:image:width" content="1238" />
	<meta property="og:image:height" content="607" />
	<meta property="og:image:type" content="image/jpeg" />
<meta name="twitter:card" content="summary_large_image" />
<meta name="twitter:label1" content="Tiempo de lectura" />
	<meta name="twitter:data1" content="1 minuto" />
<script type="application/ld+json" class="yoast-schema-graph">{"@context":"https://schema.org","@graph":[{"@type":"WebPage","@id":"https://www.alteacultural.com/es/events/narracio-de-diversos-contes-26-maig-encontes-2024/","url":"https://www.alteacultural.com/es/events/narracio-de-diversos-contes-26-maig-encontes-2024/","name":"Narración de diversos cuentos 26 mayo – Encontes 2024 - Altea Cultural","isPartOf":{"@id":"https://www.alteacultural.com/es/#website"},"primaryImageOfPage":{"@id":"https://www.alteacultural.com/es/events/narracio-de-diversos-contes-26-maig-encontes-2024/#primaryimage"},"image":{"@id":"https://www.alteacultural.com/es/events/narracio-de-diversos-contes-26-maig-encontes-2024/#primaryimage"},"thumbnailUrl":"https://www.alteacultural.com/wp-content/uploads/2024/04/2024_05_encontes2024_banner.jpg","datePublished":"2024-04-19T07:34:41+00:00","dateModified":"2024-06-12T19:09:28+00:00","breadcrumb":{"@id":"https://www.alteacultural.com/es/events/narracio-de-diversos-contes-26-maig-encontes-2024/#breadcrumb"},"inLanguage":"es","potentialAction":[{"@type":"ReadAction","target":["https://www.alteacultural.com/es/events/narracio-de-diversos-contes-26-maig-encontes-2024/"]}]},{"@type":"ImageObject","inLanguage":"es","@id":"https://www.alteacultural.com/es/events/narracio-de-diversos-contes-26-maig-encontes-2024/#primaryimage","url":"https://www.alteacultural.com/wp-content/uploads/2024/04/2024_05_encontes2024_banner.jpg","contentUrl":"https://www.alteacultural.com/wp-content/uploads/2024/04/2024_05_encontes2024_banner.jpg","width":1238,"height":607},{"@type":"BreadcrumbList","@id":"https://www.alteacultural.com/es/events/narracio-de-diversos-contes-26-maig-encontes-2024/#breadcrumb","itemListElement":[{"@type":"ListItem","position":1,"name":"Inici","item":"https://www.alteacultural.com/es/"},{"@type":"ListItem","position":2,"name":"Eventos","item":"https://www.alteacultural.com/es/events/"},{"@type":"ListItem","position":3,"name":"Narración de diversos cuentos 26 mayo – Encontes 2024"}]},{"@type":"WebSite","@id":"https://www.alteacultural.com/es/#website","url":"https://www.alteacultural.com/es/","name":"Altea Cultural","description":"Regidoria de Cultura de l&#039;Ajuntament d&#039;Altea","potentialAction":[{"@type":"SearchAction","target":{"@type":"EntryPoint","urlTemplate":"https://www.alteacultural.com/es/?s={search_term_string}"},"query-input":"required name=search_term_string"}],"inLanguage":"es"}]}</script>
<!-- / Yoast SEO plugin. -->

Narración de diversos cuentos 26 mayo – Encontes 2024 - Altea Cultural

26-may | Altea Encontes, 21 Festival de Narració Oral d’Altea 2024 12:00 h. «Vermut de cuentos». Narración de cuentos [&hellip;]
