{"id":30824,"date":"2024-05-20T12:55:52","date_gmt":"2024-05-20T10:55:52","guid":{"rendered":"https:\/\/www.alteacultural.com\/events\/musica-la-noche-que-me-quieras-un-homenaje-a-gardel\/"},"modified":"2024-05-20T13:00:10","modified_gmt":"2024-05-20T11:00:10","slug":"musica-la-noche-que-me-quieras-un-homenaje-a-gardel","status":"publish","type":"mec-events","link":"https:\/\/www.alteacultural.com\/es\/events\/musica-la-noche-que-me-quieras-un-homenaje-a-gardel\/","title":{"rendered":"M\u00fasica: \u00abLa noche que me quieras, un homenaje a Gardel\u00bb"},"content":{"rendered":"<p><strong>22-jun | 21:00 h | Palau Altea<\/strong><\/p>\n<p>Resulta en la actualidad el \u00fanico espect\u00e1culo musical que se presenta en Europa, dedicado a uno de los iconos que el g\u00e9nero del Tango ha proporcionado a la m\u00fasica universal, y que entre otros apodos se reconoce como el Zorzal criollo o el morocho del Abasto: el gran CARLOS GARDEL.<\/p>\n<p>La universal figura de Carlos Gardel sigue resultando un enigma. Como reflexion\u00f3 el escritor argentino Ernesto S\u00e1bato, Gardel es \u00abel Hombre de Buenos Aires\u201d, pero tambi\u00e9n es memoria viva en cada una de las ciudades que visit\u00f3 y en el recuerdo de sus tangos y su prodigiosa voz.<\/p>\n<p>\u00bfQui\u00e9n acaso no guarda una melod\u00eda en la radio, una pel\u00edcula, un disco en casa de sus padres o abuelos, un familiar emigrado, que lo lleve a Carlos Gardel?<\/p>\n<p>En un hilo conductor donde la complicidad entre bailarines, m\u00fasicos y cantante se hace imperante en cada cuadro musical que rescatar\u00e1 momentos trascendentales de la vida de Gardel. Adem\u00e1s se completaran con una gran puesta esc\u00e9nica, efectos e incluso la voz del mism\u00edsimo Gardel en la escena, para deleite de los asistentes que viven con emoci\u00f3n desde sus butacas, este relato musical.<\/p>\n<p>Este musical ha sido reconocido y auspiciado por la Embajada de Argentina en Espa\u00f1a.<\/p>\n<p>\u201cLa noche que me quieras\u201d. Una aut\u00e9ntica declaraci\u00f3n de amor en tiempo de Tango.<\/p>\n<p><strong>Duraci\u00f3n:<\/strong> 80 minutos<\/p>\n<p><strong>Edad<\/strong><strong> recomendada:<\/strong> A partir de 14 a\u00f1os.<\/p>\n<p><strong>Entradas:<\/strong> 21-24 \u20ac<\/p>\n<p><img fetchpriority=\"high\" decoding=\"async\" class=\"aligncenter wp-image-30820\" src=\"https:\/\/www.alteacultural.com\/wp-content\/uploads\/2024\/05\/2024-06-22_La_Noche_que_me_Quieras.jpg\" alt=\"\" width=\"750\" height=\"1124\" \/><\/p>\n<p>&nbsp;<\/p>\n","protected":false},"excerpt":{"rendered":"<p>22-jun | 21:00 h | Palau Altea Resulta en la actualidad el \u00fanico espect\u00e1culo musical que se presenta en [&hellip;]<\/p>\n","protected":false},"author":1,"featured_media":30823,"comment_status":"open","ping_status":"closed","template":"","meta":{"_expiration-date-status":"","_expiration-date":0,"_expiration-date-type":"","_expiration-date-categories":[],"_expiration-date-options":[]},"yoast_head":"<!-- This site is optimized with the Yoast SEO plugin v22.8 - https:\/\/yoast.com\/wordpress\/plugins\/seo\/ -->\n<title>M\u00fasica: &quot;La noche que me quieras, un homenaje a Gardel&quot; - Altea Cultural<\/title>\n<meta name=\"robots\" content=\"index, follow, max-snippet:-1, max-image-preview:large, max-video-preview:-1\" \/>\n<link rel=\"canonical\" href=\"https:\/\/www.alteacultural.com\/es\/events\/musica-la-noche-que-me-quieras-un-homenaje-a-gardel\/\" \/>\n<meta property=\"og:locale\" content=\"es_ES\" \/>\n<meta property=\"og:type\" content=\"article\" \/>\n<meta property=\"og:title\" content=\"M\u00fasica: &quot;La noche que me quieras, un homenaje a Gardel&quot; - Altea Cultural\" \/>\n<meta property=\"og:description\" content=\"22-jun | 21:00 h | Palau Altea Resulta en la actualidad el \u00fanico espect\u00e1culo musical que se presenta en [&hellip;]\" \/>\n<meta property=\"og:url\" content=\"https:\/\/www.alteacultural.com\/es\/events\/musica-la-noche-que-me-quieras-un-homenaje-a-gardel\/\" \/>\n<meta property=\"og:site_name\" content=\"Altea Cultural\" \/>\n<meta property=\"article:modified_time\" content=\"2024-05-20T11:00:10+00:00\" \/>\n<meta property=\"og:image\" content=\"https:\/\/www.alteacultural.com\/wp-content\/uploads\/2024\/05\/2024_06_22_-La_Noche_que_me_quieras_banner.jpg\" \/>\n\t<meta property=\"og:image:width\" content=\"1360\" \/>\n\t<meta property=\"og:image:height\" content=\"910\" \/>\n\t<meta property=\"og:image:type\" content=\"image\/jpeg\" \/>\n<meta name=\"twitter:card\" content=\"summary_large_image\" \/>\n<meta name=\"twitter:label1\" content=\"Tiempo de lectura\" \/>\n\t<meta name=\"twitter:data1\" content=\"2 minutos\" \/>\n<script type=\"application\/ld+json\" class=\"yoast-schema-graph\">{\"@context\":\"https:\/\/schema.org\",\"@graph\":[{\"@type\":\"WebPage\",\"@id\":\"https:\/\/www.alteacultural.com\/es\/events\/musica-la-noche-que-me-quieras-un-homenaje-a-gardel\/\",\"url\":\"https:\/\/www.alteacultural.com\/es\/events\/musica-la-noche-que-me-quieras-un-homenaje-a-gardel\/\",\"name\":\"M\u00fasica: \\\"La noche que me quieras, un homenaje a Gardel\\\" - Altea Cultural\",\"isPartOf\":{\"@id\":\"https:\/\/www.alteacultural.com\/es\/#website\"},\"primaryImageOfPage\":{\"@id\":\"https:\/\/www.alteacultural.com\/es\/events\/musica-la-noche-que-me-quieras-un-homenaje-a-gardel\/#primaryimage\"},\"image\":{\"@id\":\"https:\/\/www.alteacultural.com\/es\/events\/musica-la-noche-que-me-quieras-un-homenaje-a-gardel\/#primaryimage\"},\"thumbnailUrl\":\"https:\/\/www.alteacultural.com\/wp-content\/uploads\/2024\/05\/2024_06_22_-La_Noche_que_me_quieras_banner.jpg\",\"datePublished\":\"2024-05-20T10:55:52+00:00\",\"dateModified\":\"2024-05-20T11:00:10+00:00\",\"breadcrumb\":{\"@id\":\"https:\/\/www.alteacultural.com\/es\/events\/musica-la-noche-que-me-quieras-un-homenaje-a-gardel\/#breadcrumb\"},\"inLanguage\":\"es\",\"potentialAction\":[{\"@type\":\"ReadAction\",\"target\":[\"https:\/\/www.alteacultural.com\/es\/events\/musica-la-noche-que-me-quieras-un-homenaje-a-gardel\/\"]}]},{\"@type\":\"ImageObject\",\"inLanguage\":\"es\",\"@id\":\"https:\/\/www.alteacultural.com\/es\/events\/musica-la-noche-que-me-quieras-un-homenaje-a-gardel\/#primaryimage\",\"url\":\"https:\/\/www.alteacultural.com\/wp-content\/uploads\/2024\/05\/2024_06_22_-La_Noche_que_me_quieras_banner.jpg\",\"contentUrl\":\"https:\/\/www.alteacultural.com\/wp-content\/uploads\/2024\/05\/2024_06_22_-La_Noche_que_me_quieras_banner.jpg\",\"width\":1360,\"height\":910},{\"@type\":\"BreadcrumbList\",\"@id\":\"https:\/\/www.alteacultural.com\/es\/events\/musica-la-noche-que-me-quieras-un-homenaje-a-gardel\/#breadcrumb\",\"itemListElement\":[{\"@type\":\"ListItem\",\"position\":1,\"name\":\"Inici\",\"item\":\"https:\/\/www.alteacultural.com\/es\/\"},{\"@type\":\"ListItem\",\"position\":2,\"name\":\"Eventos\",\"item\":\"https:\/\/www.alteacultural.com\/es\/events\/\"},{\"@type\":\"ListItem\",\"position\":3,\"name\":\"M\u00fasica: &#8220;La noche que me quieras, un homenaje a Gardel&#8221;\"}]},{\"@type\":\"WebSite\",\"@id\":\"https:\/\/www.alteacultural.com\/es\/#website\",\"url\":\"https:\/\/www.alteacultural.com\/es\/\",\"name\":\"Altea Cultural\",\"description\":\"Regidoria de Cultura de l&#039;Ajuntament d&#039;Altea\",\"potentialAction\":[{\"@type\":\"SearchAction\",\"target\":{\"@type\":\"EntryPoint\",\"urlTemplate\":\"https:\/\/www.alteacultural.com\/es\/?s={search_term_string}\"},\"query-input\":\"required name=search_term_string\"}],\"inLanguage\":\"es\"}]}<\/script>\n<!-- \/ Yoast SEO plugin. -->","yoast_head_json":{"title":"M\u00fasica: \"La noche que me quieras, un homenaje a Gardel\" - Altea Cultural","robots":{"index":"index","follow":"follow","max-snippet":"max-snippet:-1","max-image-preview":"max-image-preview:large","max-video-preview":"max-video-preview:-1"},"canonical":"https:\/\/www.alteacultural.com\/es\/events\/musica-la-noche-que-me-quieras-un-homenaje-a-gardel\/","og_locale":"es_ES","og_type":"article","og_title":"M\u00fasica: \"La noche que me quieras, un homenaje a Gardel\" - Altea Cultural","og_description":"22-jun | 21:00 h | Palau Altea Resulta en la actualidad el \u00fanico espect\u00e1culo musical que se presenta en [&hellip;]","og_url":"https:\/\/www.alteacultural.com\/es\/events\/musica-la-noche-que-me-quieras-un-homenaje-a-gardel\/","og_site_name":"Altea Cultural","article_modified_time":"2024-05-20T11:00:10+00:00","og_image":[{"width":1360,"height":910,"url":"https:\/\/www.alteacultural.com\/wp-content\/uploads\/2024\/05\/2024_06_22_-La_Noche_que_me_quieras_banner.jpg","type":"image\/jpeg"}],"twitter_card":"summary_large_image","twitter_misc":{"Tiempo de lectura":"2 minutos"},"schema":{"@context":"https:\/\/schema.org","@graph":[{"@type":"WebPage","@id":"https:\/\/www.alteacultural.com\/es\/events\/musica-la-noche-que-me-quieras-un-homenaje-a-gardel\/","url":"https:\/\/www.alteacultural.com\/es\/events\/musica-la-noche-que-me-quieras-un-homenaje-a-gardel\/","name":"M\u00fasica: \"La noche que me quieras, un homenaje a Gardel\" - Altea Cultural","isPartOf":{"@id":"https:\/\/www.alteacultural.com\/es\/#website"},"primaryImageOfPage":{"@id":"https:\/\/www.alteacultural.com\/es\/events\/musica-la-noche-que-me-quieras-un-homenaje-a-gardel\/#primaryimage"},"image":{"@id":"https:\/\/www.alteacultural.com\/es\/events\/musica-la-noche-que-me-quieras-un-homenaje-a-gardel\/#primaryimage"},"thumbnailUrl":"https:\/\/www.alteacultural.com\/wp-content\/uploads\/2024\/05\/2024_06_22_-La_Noche_que_me_quieras_banner.jpg","datePublished":"2024-05-20T10:55:52+00:00","dateModified":"2024-05-20T11:00:10+00:00","breadcrumb":{"@id":"https:\/\/www.alteacultural.com\/es\/events\/musica-la-noche-que-me-quieras-un-homenaje-a-gardel\/#breadcrumb"},"inLanguage":"es","potentialAction":[{"@type":"ReadAction","target":["https:\/\/www.alteacultural.com\/es\/events\/musica-la-noche-que-me-quieras-un-homenaje-a-gardel\/"]}]},{"@type":"ImageObject","inLanguage":"es","@id":"https:\/\/www.alteacultural.com\/es\/events\/musica-la-noche-que-me-quieras-un-homenaje-a-gardel\/#primaryimage","url":"https:\/\/www.alteacultural.com\/wp-content\/uploads\/2024\/05\/2024_06_22_-La_Noche_que_me_quieras_banner.jpg","contentUrl":"https:\/\/www.alteacultural.com\/wp-content\/uploads\/2024\/05\/2024_06_22_-La_Noche_que_me_quieras_banner.jpg","width":1360,"height":910},{"@type":"BreadcrumbList","@id":"https:\/\/www.alteacultural.com\/es\/events\/musica-la-noche-que-me-quieras-un-homenaje-a-gardel\/#breadcrumb","itemListElement":[{"@type":"ListItem","position":1,"name":"Inici","item":"https:\/\/www.alteacultural.com\/es\/"},{"@type":"ListItem","position":2,"name":"Eventos","item":"https:\/\/www.alteacultural.com\/es\/events\/"},{"@type":"ListItem","position":3,"name":"M\u00fasica: &#8220;La noche que me quieras, un homenaje a Gardel&#8221;"}]},{"@type":"WebSite","@id":"https:\/\/www.alteacultural.com\/es\/#website","url":"https:\/\/www.alteacultural.com\/es\/","name":"Altea Cultural","description":"Regidoria de Cultura de l&#039;Ajuntament d&#039;Altea","potentialAction":[{"@type":"SearchAction","target":{"@type":"EntryPoint","urlTemplate":"https:\/\/www.alteacultural.com\/es\/?s={search_term_string}"},"query-input":"required name=search_term_string"}],"inLanguage":"es"}]}},"mec_cost":"21-24 \u20ac","mec_date":{"start":{"date":"2024-06-22","hour":9,"minutes":"0","ampm":"PM"},"end":{"date":"2024-06-22","hour":10,"minutes":"0","ampm":"PM"},"comment":"","repeat":{"type":"daily","interval":"1","advanced":"","end":"never","end_at_date":"","end_at_occurrences":"10"}},"_links":{"self":[{"href":"https:\/\/www.alteacultural.com\/es\/wp-json\/wp\/v2\/mec-events\/30824"}],"collection":[{"href":"https:\/\/www.alteacultural.com\/es\/wp-json\/wp\/v2\/mec-events"}],"about":[{"href":"https:\/\/www.alteacultural.com\/es\/wp-json\/wp\/v2\/types\/mec-events"}],"author":[{"embeddable":true,"href":"https:\/\/www.alteacultural.com\/es\/wp-json\/wp\/v2\/users\/1"}],"replies":[{"embeddable":true,"href":"https:\/\/www.alteacultural.com\/es\/wp-json\/wp\/v2\/comments?post=30824"}],"wp:featuredmedia":[{"embeddable":true,"href":"https:\/\/www.alteacultural.com\/es\/wp-json\/wp\/v2\/media\/30823"}],"wp:attachment":[{"href":"https:\/\/www.alteacultural.com\/es\/wp-json\/wp\/v2\/media?parent=30824"}],"curies":[{"name":"wp","href":"https:\/\/api.w.org\/{rel}","templated":true}]}}

Música: «La noche que me quieras, un homenaje a Gardel»

<p><strong>22-jun | 21:00 h | Palau Altea</strong></p>
<p>Resulta en la actualidad el único espectáculo musical que se presenta en Europa, dedicado a uno de los iconos que el género del Tango ha proporcionado a la música universal, y que entre otros apodos se reconoce como el Zorzal criollo o el morocho del Abasto: el gran CARLOS GARDEL.</p>
<p>La universal figura de Carlos Gardel sigue resultando un enigma. Como reflexionó el escritor argentino Ernesto Sábato, Gardel es «el Hombre de Buenos Aires”, pero también es memoria viva en cada una de las ciudades que visitó y en el recuerdo de sus tangos y su prodigiosa voz.</p>
<p>¿Quién acaso no guarda una melodía en la radio, una película, un disco en casa de sus padres o abuelos, un familiar emigrado, que lo lleve a Carlos Gardel?</p>
<p>En un hilo conductor donde la complicidad entre bailarines, músicos y cantante se hace imperante en cada cuadro musical que rescatará momentos trascendentales de la vida de Gardel. Además se completaran con una gran puesta escénica, efectos e incluso la voz del mismísimo Gardel en la escena, para deleite de los asistentes que viven con emoción desde sus butacas, este relato musical.</p>
<p>Este musical ha sido reconocido y auspiciado por la Embajada de Argentina en España.</p>
<p>“La noche que me quieras”. Una auténtica declaración de amor en tiempo de Tango.</p>
<p><strong>Duración:</strong> 80 minutos</p>
<p><strong>Edad</strong><strong> recomendada:</strong> A partir de 14 años.</p>
<p><strong>Entradas:</strong> 21-24 €</p>
<p><img fetchpriority="high" decoding="async" class="aligncenter wp-image-30820" src="https://www.alteacultural.com/wp-content/uploads/2024/05/2024-06-22_La_Noche_que_me_Quieras.jpg" alt="" width="750" height="1124" /></p>
<p>&nbsp;</p>

<p>22-jun | 21:00 h | Palau Altea Resulta en la actualidad el único espectáculo musical que se presenta en [&hellip;]</p>

<!-- This site is optimized with the Yoast SEO plugin v22.8 - https://yoast.com/wordpress/plugins/seo/ -->
<title>Música: &quot;La noche que me quieras, un homenaje a Gardel&quot; - Altea Cultural</title>
<meta name="robots" content="index, follow, max-snippet:-1, max-image-preview:large, max-video-preview:-1" />
<link rel="canonical" href="https://www.alteacultural.com/es/events/musica-la-noche-que-me-quieras-un-homenaje-a-gardel/" />
<meta property="og:locale" content="es_ES" />
<meta property="og:type" content="article" />
<meta property="og:title" content="Música: &quot;La noche que me quieras, un homenaje a Gardel&quot; - Altea Cultural" />
<meta property="og:description" content="22-jun | 21:00 h | Palau Altea Resulta en la actualidad el único espectáculo musical que se presenta en [&hellip;]" />
<meta property="og:url" content="https://www.alteacultural.com/es/events/musica-la-noche-que-me-quieras-un-homenaje-a-gardel/" />
<meta property="og:site_name" content="Altea Cultural" />
<meta property="article:modified_time" content="2024-05-20T11:00:10+00:00" />
<meta property="og:image" content="https://www.alteacultural.com/wp-content/uploads/2024/05/2024_06_22_-La_Noche_que_me_quieras_banner.jpg" />
	<meta property="og:image:width" content="1360" />
	<meta property="og:image:height" content="910" />
	<meta property="og:image:type" content="image/jpeg" />
<meta name="twitter:card" content="summary_large_image" />
<meta name="twitter:label1" content="Tiempo de lectura" />
	<meta name="twitter:data1" content="2 minutos" />
<script type="application/ld+json" class="yoast-schema-graph">{"@context":"https://schema.org","@graph":[{"@type":"WebPage","@id":"https://www.alteacultural.com/es/events/musica-la-noche-que-me-quieras-un-homenaje-a-gardel/","url":"https://www.alteacultural.com/es/events/musica-la-noche-que-me-quieras-un-homenaje-a-gardel/","name":"Música: \"La noche que me quieras, un homenaje a Gardel\" - Altea Cultural","isPartOf":{"@id":"https://www.alteacultural.com/es/#website"},"primaryImageOfPage":{"@id":"https://www.alteacultural.com/es/events/musica-la-noche-que-me-quieras-un-homenaje-a-gardel/#primaryimage"},"image":{"@id":"https://www.alteacultural.com/es/events/musica-la-noche-que-me-quieras-un-homenaje-a-gardel/#primaryimage"},"thumbnailUrl":"https://www.alteacultural.com/wp-content/uploads/2024/05/2024_06_22_-La_Noche_que_me_quieras_banner.jpg","datePublished":"2024-05-20T10:55:52+00:00","dateModified":"2024-05-20T11:00:10+00:00","breadcrumb":{"@id":"https://www.alteacultural.com/es/events/musica-la-noche-que-me-quieras-un-homenaje-a-gardel/#breadcrumb"},"inLanguage":"es","potentialAction":[{"@type":"ReadAction","target":["https://www.alteacultural.com/es/events/musica-la-noche-que-me-quieras-un-homenaje-a-gardel/"]}]},{"@type":"ImageObject","inLanguage":"es","@id":"https://www.alteacultural.com/es/events/musica-la-noche-que-me-quieras-un-homenaje-a-gardel/#primaryimage","url":"https://www.alteacultural.com/wp-content/uploads/2024/05/2024_06_22_-La_Noche_que_me_quieras_banner.jpg","contentUrl":"https://www.alteacultural.com/wp-content/uploads/2024/05/2024_06_22_-La_Noche_que_me_quieras_banner.jpg","width":1360,"height":910},{"@type":"BreadcrumbList","@id":"https://www.alteacultural.com/es/events/musica-la-noche-que-me-quieras-un-homenaje-a-gardel/#breadcrumb","itemListElement":[{"@type":"ListItem","position":1,"name":"Inici","item":"https://www.alteacultural.com/es/"},{"@type":"ListItem","position":2,"name":"Eventos","item":"https://www.alteacultural.com/es/events/"},{"@type":"ListItem","position":3,"name":"Música: &#8220;La noche que me quieras, un homenaje a Gardel&#8221;"}]},{"@type":"WebSite","@id":"https://www.alteacultural.com/es/#website","url":"https://www.alteacultural.com/es/","name":"Altea Cultural","description":"Regidoria de Cultura de l&#039;Ajuntament d&#039;Altea","potentialAction":[{"@type":"SearchAction","target":{"@type":"EntryPoint","urlTemplate":"https://www.alteacultural.com/es/?s={search_term_string}"},"query-input":"required name=search_term_string"}],"inLanguage":"es"}]}</script>
<!-- / Yoast SEO plugin. -->

Música: "La noche que me quieras, un homenaje a Gardel" - Altea Cultural

22-jun | 21:00 h | Palau Altea Resulta en la actualidad el único espectáculo musical que se presenta en [&hellip;]

Música: &#8220;La noche que me quieras, un homenaje a Gardel&#8221;
