{"id":32909,"date":"2024-09-25T09:01:39","date_gmt":"2024-09-25T07:01:39","guid":{"rendered":"https:\/\/www.alteacultural.com\/events\/presentacion-del-libro-encontrando-el-norte-altea-llibres-a-la-tardor-2024\/"},"modified":"2024-11-10T11:44:49","modified_gmt":"2024-11-10T10:44:49","slug":"presentacion-del-libro-encontrando-el-norte-altea-llibres-a-la-tardor-2024","status":"publish","type":"mec-events","link":"https:\/\/www.alteacultural.com\/es\/events\/presentacion-del-libro-encontrando-el-norte-altea-llibres-a-la-tardor-2024\/","title":{"rendered":"Presentaci\u00f3n del libro: Encontrando el Norte &#8211; Altea, llibres a la tardor &#8211; 2024"},"content":{"rendered":"<p><strong>21-nov | 19:30 h | Biblioteca P\u00fablica Altea \/ Casa de Cultura d&#8217;Altea<\/strong><\/p>\n<p>Presentaci\u00f3n del libro: Encontrando el Norte en el ciclo \u201cAltea, llibres a la tardor \u2013 2024\u201d.<\/p>\n<p>Autor: Paco Menchero.<\/p>\n<p>Con este trabajo te invito a que tu yo como ser, pueda sentir e interpretar tu verdad con respecto a 31 poes\u00edas + m\u00fasica que te ofrezco. Me siento muy agradecido porqu\u00e9 participes emocionalmente de esta, mi obra. Despu\u00e9s de 28 a\u00f1os dedicado al mundo de la m\u00fasica con algunas grabaciones como Autor, Compositor e int\u00e9rprete, me atrevo ahora con esta obra po\u00e9tica donde mi guitarra y mi voz siguen estando presente.<\/p>\n<p><a href=\"https:\/\/www.alteacultural.com\/es\/tag\/presentacions-de-llibres-es\/\">VER CICLO COMPLETO<\/a><\/p>\n<p>&nbsp;<\/p>\n<p><img fetchpriority=\"high\" decoding=\"async\" class=\"aligncenter wp-image-33308\" src=\"https:\/\/www.alteacultural.com\/wp-content\/uploads\/2024\/10\/2024-12-19-LlibresTardor24_Cartell_CORREGIDO.jpg\" alt=\"\" width=\"750\" height=\"1060\" srcset=\"https:\/\/www.alteacultural.com\/wp-content\/uploads\/2024\/10\/2024-12-19-LlibresTardor24_Cartell_CORREGIDO.jpg 1754w, https:\/\/www.alteacultural.com\/wp-content\/uploads\/2024\/10\/2024-12-19-LlibresTardor24_Cartell_CORREGIDO-768x1086.jpg 768w, https:\/\/www.alteacultural.com\/wp-content\/uploads\/2024\/10\/2024-12-19-LlibresTardor24_Cartell_CORREGIDO-1086x1536.jpg 1086w, https:\/\/www.alteacultural.com\/wp-content\/uploads\/2024\/10\/2024-12-19-LlibresTardor24_Cartell_CORREGIDO-1448x2048.jpg 1448w\" sizes=\"(max-width: 750px) 100vw, 750px\" \/><\/p>\n","protected":false},"excerpt":{"rendered":"<p>21-nov | 19:30 h | Biblioteca P\u00fablica Altea \/ Casa de Cultura d&#8217;Altea Presentaci\u00f3n del libro: Encontrando el Norte [&hellip;]<\/p>\n","protected":false},"author":1,"featured_media":32908,"comment_status":"open","ping_status":"closed","template":"","meta":{"_expiration-date-status":"","_expiration-date":0,"_expiration-date-type":"","_expiration-date-categories":[],"_expiration-date-options":[]},"yoast_head":"<!-- This site is optimized with the Yoast SEO plugin v22.8 - https:\/\/yoast.com\/wordpress\/plugins\/seo\/ -->\n<title>Presentaci\u00f3n del libro: Encontrando el Norte - Altea, llibres a la tardor - 2024 - Altea Cultural<\/title>\n<meta name=\"robots\" content=\"index, follow, max-snippet:-1, max-image-preview:large, max-video-preview:-1\" \/>\n<link rel=\"canonical\" href=\"https:\/\/www.alteacultural.com\/es\/events\/presentacion-del-libro-encontrando-el-norte-altea-llibres-a-la-tardor-2024\/\" \/>\n<meta property=\"og:locale\" content=\"es_ES\" \/>\n<meta property=\"og:type\" content=\"article\" \/>\n<meta property=\"og:title\" content=\"Presentaci\u00f3n del libro: Encontrando el Norte - Altea, llibres a la tardor - 2024 - Altea Cultural\" \/>\n<meta property=\"og:description\" content=\"21-nov | 19:30 h | Biblioteca P\u00fablica Altea \/ Casa de Cultura d&#8217;Altea Presentaci\u00f3n del libro: Encontrando el Norte [&hellip;]\" \/>\n<meta property=\"og:url\" content=\"https:\/\/www.alteacultural.com\/es\/events\/presentacion-del-libro-encontrando-el-norte-altea-llibres-a-la-tardor-2024\/\" \/>\n<meta property=\"og:site_name\" content=\"Altea Cultural\" \/>\n<meta property=\"article:modified_time\" content=\"2024-11-10T10:44:49+00:00\" \/>\n<meta property=\"og:image\" content=\"https:\/\/www.alteacultural.com\/wp-content\/uploads\/2024\/09\/21-11-2024_Paco_Merchero_Encontrando_el_Norte.jpeg\" \/>\n\t<meta property=\"og:image:width\" content=\"1600\" \/>\n\t<meta property=\"og:image:height\" content=\"591\" \/>\n\t<meta property=\"og:image:type\" content=\"image\/jpeg\" \/>\n<meta name=\"twitter:card\" content=\"summary_large_image\" \/>\n<meta name=\"twitter:label1\" content=\"Tiempo de lectura\" \/>\n\t<meta name=\"twitter:data1\" content=\"1 minuto\" \/>\n<script type=\"application\/ld+json\" class=\"yoast-schema-graph\">{\"@context\":\"https:\/\/schema.org\",\"@graph\":[{\"@type\":\"WebPage\",\"@id\":\"https:\/\/www.alteacultural.com\/es\/events\/presentacion-del-libro-encontrando-el-norte-altea-llibres-a-la-tardor-2024\/\",\"url\":\"https:\/\/www.alteacultural.com\/es\/events\/presentacion-del-libro-encontrando-el-norte-altea-llibres-a-la-tardor-2024\/\",\"name\":\"Presentaci\u00f3n del libro: Encontrando el Norte - Altea, llibres a la tardor - 2024 - Altea Cultural\",\"isPartOf\":{\"@id\":\"https:\/\/www.alteacultural.com\/es\/#website\"},\"primaryImageOfPage\":{\"@id\":\"https:\/\/www.alteacultural.com\/es\/events\/presentacion-del-libro-encontrando-el-norte-altea-llibres-a-la-tardor-2024\/#primaryimage\"},\"image\":{\"@id\":\"https:\/\/www.alteacultural.com\/es\/events\/presentacion-del-libro-encontrando-el-norte-altea-llibres-a-la-tardor-2024\/#primaryimage\"},\"thumbnailUrl\":\"https:\/\/www.alteacultural.com\/wp-content\/uploads\/2024\/09\/21-11-2024_Paco_Merchero_Encontrando_el_Norte.jpeg\",\"datePublished\":\"2024-09-25T07:01:39+00:00\",\"dateModified\":\"2024-11-10T10:44:49+00:00\",\"breadcrumb\":{\"@id\":\"https:\/\/www.alteacultural.com\/es\/events\/presentacion-del-libro-encontrando-el-norte-altea-llibres-a-la-tardor-2024\/#breadcrumb\"},\"inLanguage\":\"es\",\"potentialAction\":[{\"@type\":\"ReadAction\",\"target\":[\"https:\/\/www.alteacultural.com\/es\/events\/presentacion-del-libro-encontrando-el-norte-altea-llibres-a-la-tardor-2024\/\"]}]},{\"@type\":\"ImageObject\",\"inLanguage\":\"es\",\"@id\":\"https:\/\/www.alteacultural.com\/es\/events\/presentacion-del-libro-encontrando-el-norte-altea-llibres-a-la-tardor-2024\/#primaryimage\",\"url\":\"https:\/\/www.alteacultural.com\/wp-content\/uploads\/2024\/09\/21-11-2024_Paco_Merchero_Encontrando_el_Norte.jpeg\",\"contentUrl\":\"https:\/\/www.alteacultural.com\/wp-content\/uploads\/2024\/09\/21-11-2024_Paco_Merchero_Encontrando_el_Norte.jpeg\",\"width\":1600,\"height\":591},{\"@type\":\"BreadcrumbList\",\"@id\":\"https:\/\/www.alteacultural.com\/es\/events\/presentacion-del-libro-encontrando-el-norte-altea-llibres-a-la-tardor-2024\/#breadcrumb\",\"itemListElement\":[{\"@type\":\"ListItem\",\"position\":1,\"name\":\"Inici\",\"item\":\"https:\/\/www.alteacultural.com\/es\/\"},{\"@type\":\"ListItem\",\"position\":2,\"name\":\"Eventos\",\"item\":\"https:\/\/www.alteacultural.com\/es\/events\/\"},{\"@type\":\"ListItem\",\"position\":3,\"name\":\"Presentaci\u00f3n del libro: Encontrando el Norte &#8211; Altea, llibres a la tardor &#8211; 2024\"}]},{\"@type\":\"WebSite\",\"@id\":\"https:\/\/www.alteacultural.com\/es\/#website\",\"url\":\"https:\/\/www.alteacultural.com\/es\/\",\"name\":\"Altea Cultural\",\"description\":\"Regidoria de Cultura de l&#039;Ajuntament d&#039;Altea\",\"potentialAction\":[{\"@type\":\"SearchAction\",\"target\":{\"@type\":\"EntryPoint\",\"urlTemplate\":\"https:\/\/www.alteacultural.com\/es\/?s={search_term_string}\"},\"query-input\":\"required name=search_term_string\"}],\"inLanguage\":\"es\"}]}<\/script>\n<!-- \/ Yoast SEO plugin. -->","yoast_head_json":{"title":"Presentaci\u00f3n del libro: Encontrando el Norte - Altea, llibres a la tardor - 2024 - Altea Cultural","robots":{"index":"index","follow":"follow","max-snippet":"max-snippet:-1","max-image-preview":"max-image-preview:large","max-video-preview":"max-video-preview:-1"},"canonical":"https:\/\/www.alteacultural.com\/es\/events\/presentacion-del-libro-encontrando-el-norte-altea-llibres-a-la-tardor-2024\/","og_locale":"es_ES","og_type":"article","og_title":"Presentaci\u00f3n del libro: Encontrando el Norte - Altea, llibres a la tardor - 2024 - Altea Cultural","og_description":"21-nov | 19:30 h | Biblioteca P\u00fablica Altea \/ Casa de Cultura d&#8217;Altea Presentaci\u00f3n del libro: Encontrando el Norte [&hellip;]","og_url":"https:\/\/www.alteacultural.com\/es\/events\/presentacion-del-libro-encontrando-el-norte-altea-llibres-a-la-tardor-2024\/","og_site_name":"Altea Cultural","article_modified_time":"2024-11-10T10:44:49+00:00","og_image":[{"width":1600,"height":591,"url":"https:\/\/www.alteacultural.com\/wp-content\/uploads\/2024\/09\/21-11-2024_Paco_Merchero_Encontrando_el_Norte.jpeg","type":"image\/jpeg"}],"twitter_card":"summary_large_image","twitter_misc":{"Tiempo de lectura":"1 minuto"},"schema":{"@context":"https:\/\/schema.org","@graph":[{"@type":"WebPage","@id":"https:\/\/www.alteacultural.com\/es\/events\/presentacion-del-libro-encontrando-el-norte-altea-llibres-a-la-tardor-2024\/","url":"https:\/\/www.alteacultural.com\/es\/events\/presentacion-del-libro-encontrando-el-norte-altea-llibres-a-la-tardor-2024\/","name":"Presentaci\u00f3n del libro: Encontrando el Norte - Altea, llibres a la tardor - 2024 - Altea Cultural","isPartOf":{"@id":"https:\/\/www.alteacultural.com\/es\/#website"},"primaryImageOfPage":{"@id":"https:\/\/www.alteacultural.com\/es\/events\/presentacion-del-libro-encontrando-el-norte-altea-llibres-a-la-tardor-2024\/#primaryimage"},"image":{"@id":"https:\/\/www.alteacultural.com\/es\/events\/presentacion-del-libro-encontrando-el-norte-altea-llibres-a-la-tardor-2024\/#primaryimage"},"thumbnailUrl":"https:\/\/www.alteacultural.com\/wp-content\/uploads\/2024\/09\/21-11-2024_Paco_Merchero_Encontrando_el_Norte.jpeg","datePublished":"2024-09-25T07:01:39+00:00","dateModified":"2024-11-10T10:44:49+00:00","breadcrumb":{"@id":"https:\/\/www.alteacultural.com\/es\/events\/presentacion-del-libro-encontrando-el-norte-altea-llibres-a-la-tardor-2024\/#breadcrumb"},"inLanguage":"es","potentialAction":[{"@type":"ReadAction","target":["https:\/\/www.alteacultural.com\/es\/events\/presentacion-del-libro-encontrando-el-norte-altea-llibres-a-la-tardor-2024\/"]}]},{"@type":"ImageObject","inLanguage":"es","@id":"https:\/\/www.alteacultural.com\/es\/events\/presentacion-del-libro-encontrando-el-norte-altea-llibres-a-la-tardor-2024\/#primaryimage","url":"https:\/\/www.alteacultural.com\/wp-content\/uploads\/2024\/09\/21-11-2024_Paco_Merchero_Encontrando_el_Norte.jpeg","contentUrl":"https:\/\/www.alteacultural.com\/wp-content\/uploads\/2024\/09\/21-11-2024_Paco_Merchero_Encontrando_el_Norte.jpeg","width":1600,"height":591},{"@type":"BreadcrumbList","@id":"https:\/\/www.alteacultural.com\/es\/events\/presentacion-del-libro-encontrando-el-norte-altea-llibres-a-la-tardor-2024\/#breadcrumb","itemListElement":[{"@type":"ListItem","position":1,"name":"Inici","item":"https:\/\/www.alteacultural.com\/es\/"},{"@type":"ListItem","position":2,"name":"Eventos","item":"https:\/\/www.alteacultural.com\/es\/events\/"},{"@type":"ListItem","position":3,"name":"Presentaci\u00f3n del libro: Encontrando el Norte &#8211; Altea, llibres a la tardor &#8211; 2024"}]},{"@type":"WebSite","@id":"https:\/\/www.alteacultural.com\/es\/#website","url":"https:\/\/www.alteacultural.com\/es\/","name":"Altea Cultural","description":"Regidoria de Cultura de l&#039;Ajuntament d&#039;Altea","potentialAction":[{"@type":"SearchAction","target":{"@type":"EntryPoint","urlTemplate":"https:\/\/www.alteacultural.com\/es\/?s={search_term_string}"},"query-input":"required name=search_term_string"}],"inLanguage":"es"}]}},"mec_cost":"Entrada libre y gratuita","mec_date":{"start":{"date":"2024-11-21","hour":7,"minutes":"30","ampm":"PM"},"end":{"date":"2024-11-21","hour":8,"minutes":"30","ampm":"PM"},"comment":"","repeat":{"type":"daily","interval":"1","advanced":"","end":"never","end_at_date":"","end_at_occurrences":"10"}},"_links":{"self":[{"href":"https:\/\/www.alteacultural.com\/es\/wp-json\/wp\/v2\/mec-events\/32909"}],"collection":[{"href":"https:\/\/www.alteacultural.com\/es\/wp-json\/wp\/v2\/mec-events"}],"about":[{"href":"https:\/\/www.alteacultural.com\/es\/wp-json\/wp\/v2\/types\/mec-events"}],"author":[{"embeddable":true,"href":"https:\/\/www.alteacultural.com\/es\/wp-json\/wp\/v2\/users\/1"}],"replies":[{"embeddable":true,"href":"https:\/\/www.alteacultural.com\/es\/wp-json\/wp\/v2\/comments?post=32909"}],"wp:featuredmedia":[{"embeddable":true,"href":"https:\/\/www.alteacultural.com\/es\/wp-json\/wp\/v2\/media\/32908"}],"wp:attachment":[{"href":"https:\/\/www.alteacultural.com\/es\/wp-json\/wp\/v2\/media?parent=32909"}],"curies":[{"name":"wp","href":"https:\/\/api.w.org\/{rel}","templated":true}]}}

Presentación del libro: Encontrando el Norte &#8211; Altea, llibres a la tardor &#8211; 2024

<p><strong>21-nov | 19:30 h | Biblioteca Pública Altea / Casa de Cultura d&#8217;Altea</strong></p>
<p>Presentación del libro: Encontrando el Norte en el ciclo “Altea, llibres a la tardor – 2024”.</p>
<p>Autor: Paco Menchero.</p>
<p>Con este trabajo te invito a que tu yo como ser, pueda sentir e interpretar tu verdad con respecto a 31 poesías + música que te ofrezco. Me siento muy agradecido porqué participes emocionalmente de esta, mi obra. Después de 28 años dedicado al mundo de la música con algunas grabaciones como Autor, Compositor e intérprete, me atrevo ahora con esta obra poética donde mi guitarra y mi voz siguen estando presente.</p>
<p><a href="https://www.alteacultural.com/es/tag/presentacions-de-llibres-es/">VER CICLO COMPLETO</a></p>
<p>&nbsp;</p>
<p><img fetchpriority="high" decoding="async" class="aligncenter wp-image-33308" src="https://www.alteacultural.com/wp-content/uploads/2024/10/2024-12-19-LlibresTardor24_Cartell_CORREGIDO.jpg" alt="" width="750" height="1060" srcset="https://www.alteacultural.com/wp-content/uploads/2024/10/2024-12-19-LlibresTardor24_Cartell_CORREGIDO.jpg 1754w, https://www.alteacultural.com/wp-content/uploads/2024/10/2024-12-19-LlibresTardor24_Cartell_CORREGIDO-768x1086.jpg 768w, https://www.alteacultural.com/wp-content/uploads/2024/10/2024-12-19-LlibresTardor24_Cartell_CORREGIDO-1086x1536.jpg 1086w, https://www.alteacultural.com/wp-content/uploads/2024/10/2024-12-19-LlibresTardor24_Cartell_CORREGIDO-1448x2048.jpg 1448w" sizes="(max-width: 750px) 100vw, 750px" /></p>

<p>21-nov | 19:30 h | Biblioteca Pública Altea / Casa de Cultura d&#8217;Altea Presentación del libro: Encontrando el Norte [&hellip;]</p>

<!-- This site is optimized with the Yoast SEO plugin v22.8 - https://yoast.com/wordpress/plugins/seo/ -->
<title>Presentación del libro: Encontrando el Norte - Altea, llibres a la tardor - 2024 - Altea Cultural</title>
<meta name="robots" content="index, follow, max-snippet:-1, max-image-preview:large, max-video-preview:-1" />
<link rel="canonical" href="https://www.alteacultural.com/es/events/presentacion-del-libro-encontrando-el-norte-altea-llibres-a-la-tardor-2024/" />
<meta property="og:locale" content="es_ES" />
<meta property="og:type" content="article" />
<meta property="og:title" content="Presentación del libro: Encontrando el Norte - Altea, llibres a la tardor - 2024 - Altea Cultural" />
<meta property="og:description" content="21-nov | 19:30 h | Biblioteca Pública Altea / Casa de Cultura d&#8217;Altea Presentación del libro: Encontrando el Norte [&hellip;]" />
<meta property="og:url" content="https://www.alteacultural.com/es/events/presentacion-del-libro-encontrando-el-norte-altea-llibres-a-la-tardor-2024/" />
<meta property="og:site_name" content="Altea Cultural" />
<meta property="article:modified_time" content="2024-11-10T10:44:49+00:00" />
<meta property="og:image" content="https://www.alteacultural.com/wp-content/uploads/2024/09/21-11-2024_Paco_Merchero_Encontrando_el_Norte.jpeg" />
	<meta property="og:image:width" content="1600" />
	<meta property="og:image:height" content="591" />
	<meta property="og:image:type" content="image/jpeg" />
<meta name="twitter:card" content="summary_large_image" />
<meta name="twitter:label1" content="Tiempo de lectura" />
	<meta name="twitter:data1" content="1 minuto" />
<script type="application/ld+json" class="yoast-schema-graph">{"@context":"https://schema.org","@graph":[{"@type":"WebPage","@id":"https://www.alteacultural.com/es/events/presentacion-del-libro-encontrando-el-norte-altea-llibres-a-la-tardor-2024/","url":"https://www.alteacultural.com/es/events/presentacion-del-libro-encontrando-el-norte-altea-llibres-a-la-tardor-2024/","name":"Presentación del libro: Encontrando el Norte - Altea, llibres a la tardor - 2024 - Altea Cultural","isPartOf":{"@id":"https://www.alteacultural.com/es/#website"},"primaryImageOfPage":{"@id":"https://www.alteacultural.com/es/events/presentacion-del-libro-encontrando-el-norte-altea-llibres-a-la-tardor-2024/#primaryimage"},"image":{"@id":"https://www.alteacultural.com/es/events/presentacion-del-libro-encontrando-el-norte-altea-llibres-a-la-tardor-2024/#primaryimage"},"thumbnailUrl":"https://www.alteacultural.com/wp-content/uploads/2024/09/21-11-2024_Paco_Merchero_Encontrando_el_Norte.jpeg","datePublished":"2024-09-25T07:01:39+00:00","dateModified":"2024-11-10T10:44:49+00:00","breadcrumb":{"@id":"https://www.alteacultural.com/es/events/presentacion-del-libro-encontrando-el-norte-altea-llibres-a-la-tardor-2024/#breadcrumb"},"inLanguage":"es","potentialAction":[{"@type":"ReadAction","target":["https://www.alteacultural.com/es/events/presentacion-del-libro-encontrando-el-norte-altea-llibres-a-la-tardor-2024/"]}]},{"@type":"ImageObject","inLanguage":"es","@id":"https://www.alteacultural.com/es/events/presentacion-del-libro-encontrando-el-norte-altea-llibres-a-la-tardor-2024/#primaryimage","url":"https://www.alteacultural.com/wp-content/uploads/2024/09/21-11-2024_Paco_Merchero_Encontrando_el_Norte.jpeg","contentUrl":"https://www.alteacultural.com/wp-content/uploads/2024/09/21-11-2024_Paco_Merchero_Encontrando_el_Norte.jpeg","width":1600,"height":591},{"@type":"BreadcrumbList","@id":"https://www.alteacultural.com/es/events/presentacion-del-libro-encontrando-el-norte-altea-llibres-a-la-tardor-2024/#breadcrumb","itemListElement":[{"@type":"ListItem","position":1,"name":"Inici","item":"https://www.alteacultural.com/es/"},{"@type":"ListItem","position":2,"name":"Eventos","item":"https://www.alteacultural.com/es/events/"},{"@type":"ListItem","position":3,"name":"Presentación del libro: Encontrando el Norte &#8211; Altea, llibres a la tardor &#8211; 2024"}]},{"@type":"WebSite","@id":"https://www.alteacultural.com/es/#website","url":"https://www.alteacultural.com/es/","name":"Altea Cultural","description":"Regidoria de Cultura de l&#039;Ajuntament d&#039;Altea","potentialAction":[{"@type":"SearchAction","target":{"@type":"EntryPoint","urlTemplate":"https://www.alteacultural.com/es/?s={search_term_string}"},"query-input":"required name=search_term_string"}],"inLanguage":"es"}]}</script>
<!-- / Yoast SEO plugin. -->

Presentación del libro: Encontrando el Norte - Altea, llibres a la tardor - 2024 - Altea Cultural

21-nov | 19:30 h | Biblioteca Pública Altea / Casa de Cultura d&#8217;Altea Presentación del libro: Encontrando el Norte [&hellip;]
