{"id":33306,"date":"2024-10-28T11:07:06","date_gmt":"2024-10-28T10:07:06","guid":{"rendered":"https:\/\/www.alteacultural.com\/events\/divas-el-poder-de-la-musica-2\/"},"modified":"2024-10-28T11:09:51","modified_gmt":"2024-10-28T10:09:51","slug":"divas-el-poder-de-la-musica-2","status":"publish","type":"mec-events","link":"https:\/\/www.alteacultural.com\/es\/events\/divas-el-poder-de-la-musica-2\/","title":{"rendered":"DIVAS, el poder de la m\u00fasica"},"content":{"rendered":"<p><strong>28-dic | 20.00 h | Palau Altea<\/strong><\/p>\n<p><strong>Divas, el poder de la m\u00fasica.<\/strong><\/p>\n<p>El gran homenaje musical: Beyonc\u00e9, Lady Gaga, Rihanna, Dua Lipa&#8230; DIVAS, el poder de la m\u00fasica, es el viaje inmersivo que te lleva al sonido de las reinas de la pista de las \u00faltimas d\u00e9cadas. Sum\u00e9rgete en una aventura sensorial llena de glamour, seducci\u00f3n y belleza, reviviendo la esencia de las ic\u00f3nicas divas que han escrito en letras de oro la historia reciente de la m\u00fasica. Disfruta de unas incre\u00edbles selecci\u00f3n de canciones en vivo, coreograf\u00edas espectaculares y una escenograf\u00eda envolvente que te har\u00e1n sentir la grandeza de estas legendarias reinas del entretenimiento.<\/p>\n<p>Un tributo a Cher a Tina Turner a Beyonce, JLo, Rihanna, Dua Lipa,&#8230; y muchas DIVAS m\u00e1s, interpretadas por 4 grandes voces , junto a 4 magn\u00edficas bailarinas, en un show con 30 HITS inolvidables. El viaje empieza aqu\u00ed \u00a1No te lo puedes perder!<\/p>\n<p>Duraci\u00f3n aprox. 80 min.<\/p>\n<p>Entrada 34-36 \u20ac.<\/p>\n<p><img fetchpriority=\"high\" decoding=\"async\" class=\"aligncenter wp-image-32662\" src=\"https:\/\/www.alteacultural.com\/wp-content\/uploads\/2024\/09\/30-11-2024_Divas-el-poder-de-la-musica.jpg\" alt=\"\" width=\"750\" height=\"1126\" \/><\/p>\n","protected":false},"excerpt":{"rendered":"<p>28-dic | 20.00 h | Palau Altea Divas, el poder de la m\u00fasica. El gran homenaje musical: Beyonc\u00e9, Lady [&hellip;]<\/p>\n","protected":false},"author":1,"featured_media":33302,"comment_status":"open","ping_status":"closed","template":"","meta":{"_expiration-date-status":"","_expiration-date":0,"_expiration-date-type":"","_expiration-date-categories":[],"_expiration-date-options":[]},"yoast_head":"<!-- This site is optimized with the Yoast SEO plugin v22.8 - https:\/\/yoast.com\/wordpress\/plugins\/seo\/ -->\n<title>DIVAS, el poder de la m\u00fasica - Altea Cultural<\/title>\n<meta name=\"robots\" content=\"index, follow, max-snippet:-1, max-image-preview:large, max-video-preview:-1\" \/>\n<link rel=\"canonical\" href=\"https:\/\/www.alteacultural.com\/es\/events\/divas-el-poder-de-la-musica-2\/\" \/>\n<meta property=\"og:locale\" content=\"es_ES\" \/>\n<meta property=\"og:type\" content=\"article\" \/>\n<meta property=\"og:title\" content=\"DIVAS, el poder de la m\u00fasica - Altea Cultural\" \/>\n<meta property=\"og:description\" content=\"28-dic | 20.00 h | Palau Altea Divas, el poder de la m\u00fasica. El gran homenaje musical: Beyonc\u00e9, Lady [&hellip;]\" \/>\n<meta property=\"og:url\" content=\"https:\/\/www.alteacultural.com\/es\/events\/divas-el-poder-de-la-musica-2\/\" \/>\n<meta property=\"og:site_name\" content=\"Altea Cultural\" \/>\n<meta property=\"article:modified_time\" content=\"2024-10-28T10:09:51+00:00\" \/>\n<meta property=\"og:image\" content=\"https:\/\/www.alteacultural.com\/wp-content\/uploads\/2024\/10\/28-12-2024_Divas_El_poder_de_la_musica_banner.jpg\" \/>\n\t<meta property=\"og:image:width\" content=\"1358\" \/>\n\t<meta property=\"og:image:height\" content=\"564\" \/>\n\t<meta property=\"og:image:type\" content=\"image\/jpeg\" \/>\n<meta name=\"twitter:card\" content=\"summary_large_image\" \/>\n<meta name=\"twitter:label1\" content=\"Tiempo de lectura\" \/>\n\t<meta name=\"twitter:data1\" content=\"2 minutos\" \/>\n<script type=\"application\/ld+json\" class=\"yoast-schema-graph\">{\"@context\":\"https:\/\/schema.org\",\"@graph\":[{\"@type\":\"WebPage\",\"@id\":\"https:\/\/www.alteacultural.com\/es\/events\/divas-el-poder-de-la-musica-2\/\",\"url\":\"https:\/\/www.alteacultural.com\/es\/events\/divas-el-poder-de-la-musica-2\/\",\"name\":\"DIVAS, el poder de la m\u00fasica - Altea Cultural\",\"isPartOf\":{\"@id\":\"https:\/\/www.alteacultural.com\/es\/#website\"},\"primaryImageOfPage\":{\"@id\":\"https:\/\/www.alteacultural.com\/es\/events\/divas-el-poder-de-la-musica-2\/#primaryimage\"},\"image\":{\"@id\":\"https:\/\/www.alteacultural.com\/es\/events\/divas-el-poder-de-la-musica-2\/#primaryimage\"},\"thumbnailUrl\":\"https:\/\/www.alteacultural.com\/wp-content\/uploads\/2024\/10\/28-12-2024_Divas_El_poder_de_la_musica_banner.jpg\",\"datePublished\":\"2024-10-28T10:07:06+00:00\",\"dateModified\":\"2024-10-28T10:09:51+00:00\",\"breadcrumb\":{\"@id\":\"https:\/\/www.alteacultural.com\/es\/events\/divas-el-poder-de-la-musica-2\/#breadcrumb\"},\"inLanguage\":\"es\",\"potentialAction\":[{\"@type\":\"ReadAction\",\"target\":[\"https:\/\/www.alteacultural.com\/es\/events\/divas-el-poder-de-la-musica-2\/\"]}]},{\"@type\":\"ImageObject\",\"inLanguage\":\"es\",\"@id\":\"https:\/\/www.alteacultural.com\/es\/events\/divas-el-poder-de-la-musica-2\/#primaryimage\",\"url\":\"https:\/\/www.alteacultural.com\/wp-content\/uploads\/2024\/10\/28-12-2024_Divas_El_poder_de_la_musica_banner.jpg\",\"contentUrl\":\"https:\/\/www.alteacultural.com\/wp-content\/uploads\/2024\/10\/28-12-2024_Divas_El_poder_de_la_musica_banner.jpg\",\"width\":1358,\"height\":564},{\"@type\":\"BreadcrumbList\",\"@id\":\"https:\/\/www.alteacultural.com\/es\/events\/divas-el-poder-de-la-musica-2\/#breadcrumb\",\"itemListElement\":[{\"@type\":\"ListItem\",\"position\":1,\"name\":\"Inici\",\"item\":\"https:\/\/www.alteacultural.com\/es\/\"},{\"@type\":\"ListItem\",\"position\":2,\"name\":\"Eventos\",\"item\":\"https:\/\/www.alteacultural.com\/es\/events\/\"},{\"@type\":\"ListItem\",\"position\":3,\"name\":\"DIVAS, el poder de la m\u00fasica\"}]},{\"@type\":\"WebSite\",\"@id\":\"https:\/\/www.alteacultural.com\/es\/#website\",\"url\":\"https:\/\/www.alteacultural.com\/es\/\",\"name\":\"Altea Cultural\",\"description\":\"Regidoria de Cultura de l&#039;Ajuntament d&#039;Altea\",\"potentialAction\":[{\"@type\":\"SearchAction\",\"target\":{\"@type\":\"EntryPoint\",\"urlTemplate\":\"https:\/\/www.alteacultural.com\/es\/?s={search_term_string}\"},\"query-input\":\"required name=search_term_string\"}],\"inLanguage\":\"es\"}]}<\/script>\n<!-- \/ Yoast SEO plugin. -->","yoast_head_json":{"title":"DIVAS, el poder de la m\u00fasica - Altea Cultural","robots":{"index":"index","follow":"follow","max-snippet":"max-snippet:-1","max-image-preview":"max-image-preview:large","max-video-preview":"max-video-preview:-1"},"canonical":"https:\/\/www.alteacultural.com\/es\/events\/divas-el-poder-de-la-musica-2\/","og_locale":"es_ES","og_type":"article","og_title":"DIVAS, el poder de la m\u00fasica - Altea Cultural","og_description":"28-dic | 20.00 h | Palau Altea Divas, el poder de la m\u00fasica. El gran homenaje musical: Beyonc\u00e9, Lady [&hellip;]","og_url":"https:\/\/www.alteacultural.com\/es\/events\/divas-el-poder-de-la-musica-2\/","og_site_name":"Altea Cultural","article_modified_time":"2024-10-28T10:09:51+00:00","og_image":[{"width":1358,"height":564,"url":"https:\/\/www.alteacultural.com\/wp-content\/uploads\/2024\/10\/28-12-2024_Divas_El_poder_de_la_musica_banner.jpg","type":"image\/jpeg"}],"twitter_card":"summary_large_image","twitter_misc":{"Tiempo de lectura":"2 minutos"},"schema":{"@context":"https:\/\/schema.org","@graph":[{"@type":"WebPage","@id":"https:\/\/www.alteacultural.com\/es\/events\/divas-el-poder-de-la-musica-2\/","url":"https:\/\/www.alteacultural.com\/es\/events\/divas-el-poder-de-la-musica-2\/","name":"DIVAS, el poder de la m\u00fasica - Altea Cultural","isPartOf":{"@id":"https:\/\/www.alteacultural.com\/es\/#website"},"primaryImageOfPage":{"@id":"https:\/\/www.alteacultural.com\/es\/events\/divas-el-poder-de-la-musica-2\/#primaryimage"},"image":{"@id":"https:\/\/www.alteacultural.com\/es\/events\/divas-el-poder-de-la-musica-2\/#primaryimage"},"thumbnailUrl":"https:\/\/www.alteacultural.com\/wp-content\/uploads\/2024\/10\/28-12-2024_Divas_El_poder_de_la_musica_banner.jpg","datePublished":"2024-10-28T10:07:06+00:00","dateModified":"2024-10-28T10:09:51+00:00","breadcrumb":{"@id":"https:\/\/www.alteacultural.com\/es\/events\/divas-el-poder-de-la-musica-2\/#breadcrumb"},"inLanguage":"es","potentialAction":[{"@type":"ReadAction","target":["https:\/\/www.alteacultural.com\/es\/events\/divas-el-poder-de-la-musica-2\/"]}]},{"@type":"ImageObject","inLanguage":"es","@id":"https:\/\/www.alteacultural.com\/es\/events\/divas-el-poder-de-la-musica-2\/#primaryimage","url":"https:\/\/www.alteacultural.com\/wp-content\/uploads\/2024\/10\/28-12-2024_Divas_El_poder_de_la_musica_banner.jpg","contentUrl":"https:\/\/www.alteacultural.com\/wp-content\/uploads\/2024\/10\/28-12-2024_Divas_El_poder_de_la_musica_banner.jpg","width":1358,"height":564},{"@type":"BreadcrumbList","@id":"https:\/\/www.alteacultural.com\/es\/events\/divas-el-poder-de-la-musica-2\/#breadcrumb","itemListElement":[{"@type":"ListItem","position":1,"name":"Inici","item":"https:\/\/www.alteacultural.com\/es\/"},{"@type":"ListItem","position":2,"name":"Eventos","item":"https:\/\/www.alteacultural.com\/es\/events\/"},{"@type":"ListItem","position":3,"name":"DIVAS, el poder de la m\u00fasica"}]},{"@type":"WebSite","@id":"https:\/\/www.alteacultural.com\/es\/#website","url":"https:\/\/www.alteacultural.com\/es\/","name":"Altea Cultural","description":"Regidoria de Cultura de l&#039;Ajuntament d&#039;Altea","potentialAction":[{"@type":"SearchAction","target":{"@type":"EntryPoint","urlTemplate":"https:\/\/www.alteacultural.com\/es\/?s={search_term_string}"},"query-input":"required name=search_term_string"}],"inLanguage":"es"}]}},"mec_cost":"34-36 \u20ac","mec_date":{"start":{"date":"2024-12-28","hour":8,"minutes":"0","ampm":"PM"},"end":{"date":"2024-12-28","hour":9,"minutes":"0","ampm":"PM"},"comment":"","repeat":{"type":"daily","interval":"1","advanced":"","end":"never","end_at_date":"","end_at_occurrences":"10"}},"_links":{"self":[{"href":"https:\/\/www.alteacultural.com\/es\/wp-json\/wp\/v2\/mec-events\/33306"}],"collection":[{"href":"https:\/\/www.alteacultural.com\/es\/wp-json\/wp\/v2\/mec-events"}],"about":[{"href":"https:\/\/www.alteacultural.com\/es\/wp-json\/wp\/v2\/types\/mec-events"}],"author":[{"embeddable":true,"href":"https:\/\/www.alteacultural.com\/es\/wp-json\/wp\/v2\/users\/1"}],"replies":[{"embeddable":true,"href":"https:\/\/www.alteacultural.com\/es\/wp-json\/wp\/v2\/comments?post=33306"}],"wp:featuredmedia":[{"embeddable":true,"href":"https:\/\/www.alteacultural.com\/es\/wp-json\/wp\/v2\/media\/33302"}],"wp:attachment":[{"href":"https:\/\/www.alteacultural.com\/es\/wp-json\/wp\/v2\/media?parent=33306"}],"curies":[{"name":"wp","href":"https:\/\/api.w.org\/{rel}","templated":true}]}}

DIVAS, el poder de la música

<p><strong>28-dic | 20.00 h | Palau Altea</strong></p>
<p><strong>Divas, el poder de la música.</strong></p>
<p>El gran homenaje musical: Beyoncé, Lady Gaga, Rihanna, Dua Lipa&#8230; DIVAS, el poder de la música, es el viaje inmersivo que te lleva al sonido de las reinas de la pista de las últimas décadas. Sumérgete en una aventura sensorial llena de glamour, seducción y belleza, reviviendo la esencia de las icónicas divas que han escrito en letras de oro la historia reciente de la música. Disfruta de unas increíbles selección de canciones en vivo, coreografías espectaculares y una escenografía envolvente que te harán sentir la grandeza de estas legendarias reinas del entretenimiento.</p>
<p>Un tributo a Cher a Tina Turner a Beyonce, JLo, Rihanna, Dua Lipa,&#8230; y muchas DIVAS más, interpretadas por 4 grandes voces , junto a 4 magníficas bailarinas, en un show con 30 HITS inolvidables. El viaje empieza aquí ¡No te lo puedes perder!</p>
<p>Duración aprox. 80 min.</p>
<p>Entrada 34-36 €.</p>
<p><img fetchpriority="high" decoding="async" class="aligncenter wp-image-32662" src="https://www.alteacultural.com/wp-content/uploads/2024/09/30-11-2024_Divas-el-poder-de-la-musica.jpg" alt="" width="750" height="1126" /></p>

<p>28-dic | 20.00 h | Palau Altea Divas, el poder de la música. El gran homenaje musical: Beyoncé, Lady [&hellip;]</p>

<!-- This site is optimized with the Yoast SEO plugin v22.8 - https://yoast.com/wordpress/plugins/seo/ -->
<title>DIVAS, el poder de la música - Altea Cultural</title>
<meta name="robots" content="index, follow, max-snippet:-1, max-image-preview:large, max-video-preview:-1" />
<link rel="canonical" href="https://www.alteacultural.com/es/events/divas-el-poder-de-la-musica-2/" />
<meta property="og:locale" content="es_ES" />
<meta property="og:type" content="article" />
<meta property="og:title" content="DIVAS, el poder de la música - Altea Cultural" />
<meta property="og:description" content="28-dic | 20.00 h | Palau Altea Divas, el poder de la música. El gran homenaje musical: Beyoncé, Lady [&hellip;]" />
<meta property="og:url" content="https://www.alteacultural.com/es/events/divas-el-poder-de-la-musica-2/" />
<meta property="og:site_name" content="Altea Cultural" />
<meta property="article:modified_time" content="2024-10-28T10:09:51+00:00" />
<meta property="og:image" content="https://www.alteacultural.com/wp-content/uploads/2024/10/28-12-2024_Divas_El_poder_de_la_musica_banner.jpg" />
	<meta property="og:image:width" content="1358" />
	<meta property="og:image:height" content="564" />
	<meta property="og:image:type" content="image/jpeg" />
<meta name="twitter:card" content="summary_large_image" />
<meta name="twitter:label1" content="Tiempo de lectura" />
	<meta name="twitter:data1" content="2 minutos" />
<script type="application/ld+json" class="yoast-schema-graph">{"@context":"https://schema.org","@graph":[{"@type":"WebPage","@id":"https://www.alteacultural.com/es/events/divas-el-poder-de-la-musica-2/","url":"https://www.alteacultural.com/es/events/divas-el-poder-de-la-musica-2/","name":"DIVAS, el poder de la música - Altea Cultural","isPartOf":{"@id":"https://www.alteacultural.com/es/#website"},"primaryImageOfPage":{"@id":"https://www.alteacultural.com/es/events/divas-el-poder-de-la-musica-2/#primaryimage"},"image":{"@id":"https://www.alteacultural.com/es/events/divas-el-poder-de-la-musica-2/#primaryimage"},"thumbnailUrl":"https://www.alteacultural.com/wp-content/uploads/2024/10/28-12-2024_Divas_El_poder_de_la_musica_banner.jpg","datePublished":"2024-10-28T10:07:06+00:00","dateModified":"2024-10-28T10:09:51+00:00","breadcrumb":{"@id":"https://www.alteacultural.com/es/events/divas-el-poder-de-la-musica-2/#breadcrumb"},"inLanguage":"es","potentialAction":[{"@type":"ReadAction","target":["https://www.alteacultural.com/es/events/divas-el-poder-de-la-musica-2/"]}]},{"@type":"ImageObject","inLanguage":"es","@id":"https://www.alteacultural.com/es/events/divas-el-poder-de-la-musica-2/#primaryimage","url":"https://www.alteacultural.com/wp-content/uploads/2024/10/28-12-2024_Divas_El_poder_de_la_musica_banner.jpg","contentUrl":"https://www.alteacultural.com/wp-content/uploads/2024/10/28-12-2024_Divas_El_poder_de_la_musica_banner.jpg","width":1358,"height":564},{"@type":"BreadcrumbList","@id":"https://www.alteacultural.com/es/events/divas-el-poder-de-la-musica-2/#breadcrumb","itemListElement":[{"@type":"ListItem","position":1,"name":"Inici","item":"https://www.alteacultural.com/es/"},{"@type":"ListItem","position":2,"name":"Eventos","item":"https://www.alteacultural.com/es/events/"},{"@type":"ListItem","position":3,"name":"DIVAS, el poder de la música"}]},{"@type":"WebSite","@id":"https://www.alteacultural.com/es/#website","url":"https://www.alteacultural.com/es/","name":"Altea Cultural","description":"Regidoria de Cultura de l&#039;Ajuntament d&#039;Altea","potentialAction":[{"@type":"SearchAction","target":{"@type":"EntryPoint","urlTemplate":"https://www.alteacultural.com/es/?s={search_term_string}"},"query-input":"required name=search_term_string"}],"inLanguage":"es"}]}</script>
<!-- / Yoast SEO plugin. -->

DIVAS, el poder de la música - Altea Cultural

28-dic | 20.00 h | Palau Altea Divas, el poder de la música. El gran homenaje musical: Beyoncé, Lady [&hellip;]
