{"id":33390,"date":"2024-11-04T12:51:30","date_gmt":"2024-11-04T11:51:30","guid":{"rendered":"https:\/\/www.alteacultural.com\/events\/cuento-de-navidad-2\/"},"modified":"2024-11-20T13:47:50","modified_gmt":"2024-11-20T12:47:50","slug":"cuento-de-navidad-2","status":"publish","type":"mec-events","link":"https:\/\/www.alteacultural.com\/es\/events\/cuento-de-navidad-2\/","title":{"rendered":"Cuento de Navidad"},"content":{"rendered":"<p><strong>30-nov | 18:00 h | Palau Altea<\/strong><\/p>\n<p><strong>Cuento de Navidad. Seda \/ Sai.<br \/>\n<\/strong>Versi\u00f3n musical del cl\u00e1sico cuento de Dickens con Juan Fern\u00e1ndez.<\/p>\n<p>El Se\u00f1or Scrooge es un hombre avaro que no cree en la Navidad, pero en la madrugada de Nochebuena recibe la visita de tres fantasmas quienes, le advierten que debe cambiar su actitud ego\u00edsta o no podr\u00e1 revertir su funesto destino\u2026 Entonces, Scrooge convierte este cuento en una profunda transformaci\u00f3n personal que impacta en las vidas de otros personajes que le rodean al verle creer en la generosidad.<\/p>\n<p>Cuento de Navidad ha traspasado el tiempo y el espacio convirti\u00e9ndose -como el Se\u00f1or Scrooge- en una obra esencial en la infancia de las ni\u00f1as y ni\u00f1os por sus valores, obviando lo material de la navidad, para dar importancia a la espiritualidad y la generosidad que est\u00e1 en los corazones de los adultos, pero sobre todo y de una manera hermosa, compasiva y sincera en la de los ni\u00f1os y ni\u00f1as como el mensaje que aport\u00f3 eternamente Dickens a la humanidad con este c\u00e1ntico de navidad.<\/p>\n<p>DURACI\u00d3N: 70 minutos.<\/p>\n<p>Familiar.<\/p>\n<p>Entrada 25-31 \u20ac.<\/p>\n<p>&nbsp;<\/p>\n<p><img fetchpriority=\"high\" decoding=\"async\" class=\"aligncenter wp-image-33386\" src=\"https:\/\/www.alteacultural.com\/wp-content\/uploads\/2024\/11\/CuentoDeNavidad-2.jpg\" alt=\"\" width=\"750\" height=\"1039\" \/><\/p>\n","protected":false},"excerpt":{"rendered":"<p>30-nov | 18:00 h | Palau Altea Cuento de Navidad. Seda \/ Sai. Versi\u00f3n musical del cl\u00e1sico cuento de [&hellip;]<\/p>\n","protected":false},"author":1,"featured_media":33389,"comment_status":"open","ping_status":"closed","template":"","meta":{"_expiration-date-status":"","_expiration-date":0,"_expiration-date-type":"","_expiration-date-categories":[],"_expiration-date-options":[]},"yoast_head":"<!-- This site is optimized with the Yoast SEO plugin v22.8 - https:\/\/yoast.com\/wordpress\/plugins\/seo\/ -->\n<title>Cuento de Navidad - Altea Cultural<\/title>\n<meta name=\"robots\" content=\"index, follow, max-snippet:-1, max-image-preview:large, max-video-preview:-1\" \/>\n<link rel=\"canonical\" href=\"https:\/\/www.alteacultural.com\/es\/events\/cuento-de-navidad-2\/\" \/>\n<meta property=\"og:locale\" content=\"es_ES\" \/>\n<meta property=\"og:type\" content=\"article\" \/>\n<meta property=\"og:title\" content=\"Cuento de Navidad - Altea Cultural\" \/>\n<meta property=\"og:description\" content=\"30-nov | 18:00 h | Palau Altea Cuento de Navidad. Seda \/ Sai. Versi\u00f3n musical del cl\u00e1sico cuento de [&hellip;]\" \/>\n<meta property=\"og:url\" content=\"https:\/\/www.alteacultural.com\/es\/events\/cuento-de-navidad-2\/\" \/>\n<meta property=\"og:site_name\" content=\"Altea Cultural\" \/>\n<meta property=\"article:modified_time\" content=\"2024-11-20T12:47:50+00:00\" \/>\n<meta property=\"og:image\" content=\"https:\/\/www.alteacultural.com\/wp-content\/uploads\/2024\/11\/CuentoDeNavidad_banner.jpg\" \/>\n\t<meta property=\"og:image:width\" content=\"738\" \/>\n\t<meta property=\"og:image:height\" content=\"321\" \/>\n\t<meta property=\"og:image:type\" content=\"image\/jpeg\" \/>\n<meta name=\"twitter:card\" content=\"summary_large_image\" \/>\n<meta name=\"twitter:label1\" content=\"Tiempo de lectura\" \/>\n\t<meta name=\"twitter:data1\" content=\"2 minutos\" \/>\n<script type=\"application\/ld+json\" class=\"yoast-schema-graph\">{\"@context\":\"https:\/\/schema.org\",\"@graph\":[{\"@type\":\"WebPage\",\"@id\":\"https:\/\/www.alteacultural.com\/es\/events\/cuento-de-navidad-2\/\",\"url\":\"https:\/\/www.alteacultural.com\/es\/events\/cuento-de-navidad-2\/\",\"name\":\"Cuento de Navidad - Altea Cultural\",\"isPartOf\":{\"@id\":\"https:\/\/www.alteacultural.com\/es\/#website\"},\"primaryImageOfPage\":{\"@id\":\"https:\/\/www.alteacultural.com\/es\/events\/cuento-de-navidad-2\/#primaryimage\"},\"image\":{\"@id\":\"https:\/\/www.alteacultural.com\/es\/events\/cuento-de-navidad-2\/#primaryimage\"},\"thumbnailUrl\":\"https:\/\/www.alteacultural.com\/wp-content\/uploads\/2024\/11\/CuentoDeNavidad_banner.jpg\",\"datePublished\":\"2024-11-04T11:51:30+00:00\",\"dateModified\":\"2024-11-20T12:47:50+00:00\",\"breadcrumb\":{\"@id\":\"https:\/\/www.alteacultural.com\/es\/events\/cuento-de-navidad-2\/#breadcrumb\"},\"inLanguage\":\"es\",\"potentialAction\":[{\"@type\":\"ReadAction\",\"target\":[\"https:\/\/www.alteacultural.com\/es\/events\/cuento-de-navidad-2\/\"]}]},{\"@type\":\"ImageObject\",\"inLanguage\":\"es\",\"@id\":\"https:\/\/www.alteacultural.com\/es\/events\/cuento-de-navidad-2\/#primaryimage\",\"url\":\"https:\/\/www.alteacultural.com\/wp-content\/uploads\/2024\/11\/CuentoDeNavidad_banner.jpg\",\"contentUrl\":\"https:\/\/www.alteacultural.com\/wp-content\/uploads\/2024\/11\/CuentoDeNavidad_banner.jpg\",\"width\":738,\"height\":321},{\"@type\":\"BreadcrumbList\",\"@id\":\"https:\/\/www.alteacultural.com\/es\/events\/cuento-de-navidad-2\/#breadcrumb\",\"itemListElement\":[{\"@type\":\"ListItem\",\"position\":1,\"name\":\"Inici\",\"item\":\"https:\/\/www.alteacultural.com\/es\/\"},{\"@type\":\"ListItem\",\"position\":2,\"name\":\"Eventos\",\"item\":\"https:\/\/www.alteacultural.com\/es\/events\/\"},{\"@type\":\"ListItem\",\"position\":3,\"name\":\"Cuento de Navidad\"}]},{\"@type\":\"WebSite\",\"@id\":\"https:\/\/www.alteacultural.com\/es\/#website\",\"url\":\"https:\/\/www.alteacultural.com\/es\/\",\"name\":\"Altea Cultural\",\"description\":\"Regidoria de Cultura de l&#039;Ajuntament d&#039;Altea\",\"potentialAction\":[{\"@type\":\"SearchAction\",\"target\":{\"@type\":\"EntryPoint\",\"urlTemplate\":\"https:\/\/www.alteacultural.com\/es\/?s={search_term_string}\"},\"query-input\":\"required name=search_term_string\"}],\"inLanguage\":\"es\"}]}<\/script>\n<!-- \/ Yoast SEO plugin. -->","yoast_head_json":{"title":"Cuento de Navidad - Altea Cultural","robots":{"index":"index","follow":"follow","max-snippet":"max-snippet:-1","max-image-preview":"max-image-preview:large","max-video-preview":"max-video-preview:-1"},"canonical":"https:\/\/www.alteacultural.com\/es\/events\/cuento-de-navidad-2\/","og_locale":"es_ES","og_type":"article","og_title":"Cuento de Navidad - Altea Cultural","og_description":"30-nov | 18:00 h | Palau Altea Cuento de Navidad. Seda \/ Sai. Versi\u00f3n musical del cl\u00e1sico cuento de [&hellip;]","og_url":"https:\/\/www.alteacultural.com\/es\/events\/cuento-de-navidad-2\/","og_site_name":"Altea Cultural","article_modified_time":"2024-11-20T12:47:50+00:00","og_image":[{"width":738,"height":321,"url":"https:\/\/www.alteacultural.com\/wp-content\/uploads\/2024\/11\/CuentoDeNavidad_banner.jpg","type":"image\/jpeg"}],"twitter_card":"summary_large_image","twitter_misc":{"Tiempo de lectura":"2 minutos"},"schema":{"@context":"https:\/\/schema.org","@graph":[{"@type":"WebPage","@id":"https:\/\/www.alteacultural.com\/es\/events\/cuento-de-navidad-2\/","url":"https:\/\/www.alteacultural.com\/es\/events\/cuento-de-navidad-2\/","name":"Cuento de Navidad - Altea Cultural","isPartOf":{"@id":"https:\/\/www.alteacultural.com\/es\/#website"},"primaryImageOfPage":{"@id":"https:\/\/www.alteacultural.com\/es\/events\/cuento-de-navidad-2\/#primaryimage"},"image":{"@id":"https:\/\/www.alteacultural.com\/es\/events\/cuento-de-navidad-2\/#primaryimage"},"thumbnailUrl":"https:\/\/www.alteacultural.com\/wp-content\/uploads\/2024\/11\/CuentoDeNavidad_banner.jpg","datePublished":"2024-11-04T11:51:30+00:00","dateModified":"2024-11-20T12:47:50+00:00","breadcrumb":{"@id":"https:\/\/www.alteacultural.com\/es\/events\/cuento-de-navidad-2\/#breadcrumb"},"inLanguage":"es","potentialAction":[{"@type":"ReadAction","target":["https:\/\/www.alteacultural.com\/es\/events\/cuento-de-navidad-2\/"]}]},{"@type":"ImageObject","inLanguage":"es","@id":"https:\/\/www.alteacultural.com\/es\/events\/cuento-de-navidad-2\/#primaryimage","url":"https:\/\/www.alteacultural.com\/wp-content\/uploads\/2024\/11\/CuentoDeNavidad_banner.jpg","contentUrl":"https:\/\/www.alteacultural.com\/wp-content\/uploads\/2024\/11\/CuentoDeNavidad_banner.jpg","width":738,"height":321},{"@type":"BreadcrumbList","@id":"https:\/\/www.alteacultural.com\/es\/events\/cuento-de-navidad-2\/#breadcrumb","itemListElement":[{"@type":"ListItem","position":1,"name":"Inici","item":"https:\/\/www.alteacultural.com\/es\/"},{"@type":"ListItem","position":2,"name":"Eventos","item":"https:\/\/www.alteacultural.com\/es\/events\/"},{"@type":"ListItem","position":3,"name":"Cuento de Navidad"}]},{"@type":"WebSite","@id":"https:\/\/www.alteacultural.com\/es\/#website","url":"https:\/\/www.alteacultural.com\/es\/","name":"Altea Cultural","description":"Regidoria de Cultura de l&#039;Ajuntament d&#039;Altea","potentialAction":[{"@type":"SearchAction","target":{"@type":"EntryPoint","urlTemplate":"https:\/\/www.alteacultural.com\/es\/?s={search_term_string}"},"query-input":"required name=search_term_string"}],"inLanguage":"es"}]}},"mec_cost":"25-31 \u20ac","mec_date":{"start":{"date":"2024-11-30","hour":6,"minutes":"0","ampm":"PM"},"end":{"date":"2024-11-30","hour":7,"minutes":"0","ampm":"PM"},"comment":"","repeat":{"type":"daily","interval":"1","advanced":"","end":"never","end_at_date":"","end_at_occurrences":"10"}},"_links":{"self":[{"href":"https:\/\/www.alteacultural.com\/es\/wp-json\/wp\/v2\/mec-events\/33390"}],"collection":[{"href":"https:\/\/www.alteacultural.com\/es\/wp-json\/wp\/v2\/mec-events"}],"about":[{"href":"https:\/\/www.alteacultural.com\/es\/wp-json\/wp\/v2\/types\/mec-events"}],"author":[{"embeddable":true,"href":"https:\/\/www.alteacultural.com\/es\/wp-json\/wp\/v2\/users\/1"}],"replies":[{"embeddable":true,"href":"https:\/\/www.alteacultural.com\/es\/wp-json\/wp\/v2\/comments?post=33390"}],"wp:featuredmedia":[{"embeddable":true,"href":"https:\/\/www.alteacultural.com\/es\/wp-json\/wp\/v2\/media\/33389"}],"wp:attachment":[{"href":"https:\/\/www.alteacultural.com\/es\/wp-json\/wp\/v2\/media?parent=33390"}],"curies":[{"name":"wp","href":"https:\/\/api.w.org\/{rel}","templated":true}]}}

<p><strong>30-nov | 18:00 h | Palau Altea</strong></p>
<p><strong>Cuento de Navidad. Seda / Sai.<br />
</strong>Versión musical del clásico cuento de Dickens con Juan Fernández.</p>
<p>El Señor Scrooge es un hombre avaro que no cree en la Navidad, pero en la madrugada de Nochebuena recibe la visita de tres fantasmas quienes, le advierten que debe cambiar su actitud egoísta o no podrá revertir su funesto destino… Entonces, Scrooge convierte este cuento en una profunda transformación personal que impacta en las vidas de otros personajes que le rodean al verle creer en la generosidad.</p>
<p>Cuento de Navidad ha traspasado el tiempo y el espacio convirtiéndose -como el Señor Scrooge- en una obra esencial en la infancia de las niñas y niños por sus valores, obviando lo material de la navidad, para dar importancia a la espiritualidad y la generosidad que está en los corazones de los adultos, pero sobre todo y de una manera hermosa, compasiva y sincera en la de los niños y niñas como el mensaje que aportó eternamente Dickens a la humanidad con este cántico de navidad.</p>
<p>DURACIÓN: 70 minutos.</p>
<p>Familiar.</p>
<p>Entrada 25-31 €.</p>
<p>&nbsp;</p>
<p><img fetchpriority="high" decoding="async" class="aligncenter wp-image-33386" src="https://www.alteacultural.com/wp-content/uploads/2024/11/CuentoDeNavidad-2.jpg" alt="" width="750" height="1039" /></p>

<p>30-nov | 18:00 h | Palau Altea Cuento de Navidad. Seda / Sai. Versión musical del clásico cuento de [&hellip;]</p>

<!-- This site is optimized with the Yoast SEO plugin v22.8 - https://yoast.com/wordpress/plugins/seo/ -->
<title>Cuento de Navidad - Altea Cultural</title>
<meta name="robots" content="index, follow, max-snippet:-1, max-image-preview:large, max-video-preview:-1" />
<link rel="canonical" href="https://www.alteacultural.com/es/events/cuento-de-navidad-2/" />
<meta property="og:locale" content="es_ES" />
<meta property="og:type" content="article" />
<meta property="og:title" content="Cuento de Navidad - Altea Cultural" />
<meta property="og:description" content="30-nov | 18:00 h | Palau Altea Cuento de Navidad. Seda / Sai. Versión musical del clásico cuento de [&hellip;]" />
<meta property="og:url" content="https://www.alteacultural.com/es/events/cuento-de-navidad-2/" />
<meta property="og:site_name" content="Altea Cultural" />
<meta property="article:modified_time" content="2024-11-20T12:47:50+00:00" />
<meta property="og:image" content="https://www.alteacultural.com/wp-content/uploads/2024/11/CuentoDeNavidad_banner.jpg" />
	<meta property="og:image:width" content="738" />
	<meta property="og:image:height" content="321" />
	<meta property="og:image:type" content="image/jpeg" />
<meta name="twitter:card" content="summary_large_image" />
<meta name="twitter:label1" content="Tiempo de lectura" />
	<meta name="twitter:data1" content="2 minutos" />
<script type="application/ld+json" class="yoast-schema-graph">{"@context":"https://schema.org","@graph":[{"@type":"WebPage","@id":"https://www.alteacultural.com/es/events/cuento-de-navidad-2/","url":"https://www.alteacultural.com/es/events/cuento-de-navidad-2/","name":"Cuento de Navidad - Altea Cultural","isPartOf":{"@id":"https://www.alteacultural.com/es/#website"},"primaryImageOfPage":{"@id":"https://www.alteacultural.com/es/events/cuento-de-navidad-2/#primaryimage"},"image":{"@id":"https://www.alteacultural.com/es/events/cuento-de-navidad-2/#primaryimage"},"thumbnailUrl":"https://www.alteacultural.com/wp-content/uploads/2024/11/CuentoDeNavidad_banner.jpg","datePublished":"2024-11-04T11:51:30+00:00","dateModified":"2024-11-20T12:47:50+00:00","breadcrumb":{"@id":"https://www.alteacultural.com/es/events/cuento-de-navidad-2/#breadcrumb"},"inLanguage":"es","potentialAction":[{"@type":"ReadAction","target":["https://www.alteacultural.com/es/events/cuento-de-navidad-2/"]}]},{"@type":"ImageObject","inLanguage":"es","@id":"https://www.alteacultural.com/es/events/cuento-de-navidad-2/#primaryimage","url":"https://www.alteacultural.com/wp-content/uploads/2024/11/CuentoDeNavidad_banner.jpg","contentUrl":"https://www.alteacultural.com/wp-content/uploads/2024/11/CuentoDeNavidad_banner.jpg","width":738,"height":321},{"@type":"BreadcrumbList","@id":"https://www.alteacultural.com/es/events/cuento-de-navidad-2/#breadcrumb","itemListElement":[{"@type":"ListItem","position":1,"name":"Inici","item":"https://www.alteacultural.com/es/"},{"@type":"ListItem","position":2,"name":"Eventos","item":"https://www.alteacultural.com/es/events/"},{"@type":"ListItem","position":3,"name":"Cuento de Navidad"}]},{"@type":"WebSite","@id":"https://www.alteacultural.com/es/#website","url":"https://www.alteacultural.com/es/","name":"Altea Cultural","description":"Regidoria de Cultura de l&#039;Ajuntament d&#039;Altea","potentialAction":[{"@type":"SearchAction","target":{"@type":"EntryPoint","urlTemplate":"https://www.alteacultural.com/es/?s={search_term_string}"},"query-input":"required name=search_term_string"}],"inLanguage":"es"}]}</script>
<!-- / Yoast SEO plugin. -->

30-nov | 18:00 h | Palau Altea Cuento de Navidad. Seda / Sai. Versión musical del clásico cuento de [&hellip;]
