{"id":33423,"date":"2024-11-05T10:34:39","date_gmt":"2024-11-05T09:34:39","guid":{"rendered":"https:\/\/www.alteacultural.com\/events\/gran-concert-dany-nou\/"},"modified":"2025-01-02T14:57:18","modified_gmt":"2025-01-02T13:57:18","slug":"gran-concert-dany-nou","status":"publish","type":"mec-events","link":"https:\/\/www.alteacultural.com\/es\/events\/gran-concert-dany-nou\/","title":{"rendered":"[\u274cCANCELADO] Gran Concierto de A\u00f1o Nuevo"},"content":{"rendered":"<p><strong><span style=\"color: #ff0000;\">ACTO CANCELADO<\/span><\/strong><span style=\"color: #ff0000;\"> POR MOTIVOS AJENOS AL PALAU ALTEA\/AYTO. DE ALTEA.<br \/>\nA<\/span><span style=\"color: #ff0000;\">PLAZADO AL <a style=\"color: #ff0000;\" href=\"https:\/\/www.alteacultural.com\/es\/events\/gran-concert-dany-nou-2\/\" target=\"_blank\" rel=\"noopener\"><strong>10-01-2025<\/strong>.<\/a><\/span><\/p>\n<p>&nbsp;<\/p>\n<p><strong>1-ene | 19:00 h | Palau Altea<\/strong><\/p>\n<p>Gran Concierto de A\u00f1o Nuevo: Strauss Festival Orchestra &amp; Strauss Festival Ballet Ensemble.<\/p>\n<p>M\u00e1s de 80 artistas, m\u00fasicos, cantantes y bailarines! La extraordinaria gira de 35 a\u00f1os de \u00e9xito que ha conquistado a toda Europa.<\/p>\n<p>\u00bfQue\u0301 tiene esta producci\u00f3n para que los espectadores m\u00e1s exigentes de las mejores salas de toda Europa se rindan ante ella?<\/p>\n<p>Si eres uno de los amantes de la m\u00fasica cl\u00e1sica, los t\u00edtulos m\u00e1s conocidos del rey del vals, Napoleo\u0301n, Fiesta de las flores, El vals del emperador o Champagne, te ser\u00e1n familiares. El vals m\u00e1s c\u00e9lebre de todos, El Bello Danubio azul y la Marcha Radetzky completan este extraordinario concierto que ha apasionado a m\u00e1s de 5 millones de espectadores de todo el mundo.<\/p>\n<p>Musikverein de Viena, Concertgebouw de Amsterdam, la Philarmonie de Berli\u0301n, el Musikhalle de Hamburgo, el Auditorium Parco della Musica de Roma, el Gran Teatre del Liceu, el Palau de la Mu\u0301sica de Barcelona o el Teatro Real de Madrid&#8230; Estas s\u00f3lo son algunas de las salas que se llenaron para ver uno de los eventos m\u00e1s esperados de la temporada musical.<\/p>\n<p>DURACI\u00d3N: 120 minutos con 20 minutos de descanso.<\/p>\n<p>Entrada 41 \u20ac.<\/p>\n<p><img fetchpriority=\"high\" decoding=\"async\" class=\"aligncenter wp-image-33419\" src=\"https:\/\/www.alteacultural.com\/wp-content\/uploads\/2024\/11\/GranConciertoDeAnoNuevo2.jpg\" alt=\"\" width=\"750\" height=\"1134\" \/><\/p>\n<p>&nbsp;<\/p>\n","protected":false},"excerpt":{"rendered":"<p>ACTO CANCELADO POR MOTIVOS AJENOS AL PALAU ALTEA\/AYTO. DE ALTEA. APLAZADO AL 10-01-2025. &nbsp; 1-ene | 19:00 h | [&hellip;]<\/p>\n","protected":false},"author":1,"featured_media":33422,"comment_status":"open","ping_status":"closed","template":"","meta":{"_expiration-date-status":"","_expiration-date":0,"_expiration-date-type":"","_expiration-date-categories":[],"_expiration-date-options":[]},"yoast_head":"<!-- This site is optimized with the Yoast SEO plugin v22.8 - https:\/\/yoast.com\/wordpress\/plugins\/seo\/ -->\n<title>[\u274cCANCELADO] Gran Concierto de A\u00f1o Nuevo - Altea Cultural<\/title>\n<meta name=\"robots\" content=\"index, follow, max-snippet:-1, max-image-preview:large, max-video-preview:-1\" \/>\n<link rel=\"canonical\" href=\"https:\/\/www.alteacultural.com\/es\/events\/gran-concert-dany-nou\/\" \/>\n<meta property=\"og:locale\" content=\"es_ES\" \/>\n<meta property=\"og:type\" content=\"article\" \/>\n<meta property=\"og:title\" content=\"[\u274cCANCELADO] Gran Concierto de A\u00f1o Nuevo - Altea Cultural\" \/>\n<meta property=\"og:description\" content=\"ACTO CANCELADO POR MOTIVOS AJENOS AL PALAU ALTEA\/AYTO. DE ALTEA. APLAZADO AL 10-01-2025. &nbsp; 1-ene | 19:00 h | [&hellip;]\" \/>\n<meta property=\"og:url\" content=\"https:\/\/www.alteacultural.com\/es\/events\/gran-concert-dany-nou\/\" \/>\n<meta property=\"og:site_name\" content=\"Altea Cultural\" \/>\n<meta property=\"article:modified_time\" content=\"2025-01-02T13:57:18+00:00\" \/>\n<meta property=\"og:image\" content=\"https:\/\/www.alteacultural.com\/wp-content\/uploads\/2024\/11\/GranConciertoDeAnoNuevo_banner2.jpg\" \/>\n\t<meta property=\"og:image:width\" content=\"1351\" \/>\n\t<meta property=\"og:image:height\" content=\"346\" \/>\n\t<meta property=\"og:image:type\" content=\"image\/jpeg\" \/>\n<meta name=\"twitter:card\" content=\"summary_large_image\" \/>\n<meta name=\"twitter:label1\" content=\"Tiempo de lectura\" \/>\n\t<meta name=\"twitter:data1\" content=\"2 minutos\" \/>\n<script type=\"application\/ld+json\" class=\"yoast-schema-graph\">{\"@context\":\"https:\/\/schema.org\",\"@graph\":[{\"@type\":\"WebPage\",\"@id\":\"https:\/\/www.alteacultural.com\/es\/events\/gran-concert-dany-nou\/\",\"url\":\"https:\/\/www.alteacultural.com\/es\/events\/gran-concert-dany-nou\/\",\"name\":\"[\u274cCANCELADO] Gran Concierto de A\u00f1o Nuevo - Altea Cultural\",\"isPartOf\":{\"@id\":\"https:\/\/www.alteacultural.com\/es\/#website\"},\"primaryImageOfPage\":{\"@id\":\"https:\/\/www.alteacultural.com\/es\/events\/gran-concert-dany-nou\/#primaryimage\"},\"image\":{\"@id\":\"https:\/\/www.alteacultural.com\/es\/events\/gran-concert-dany-nou\/#primaryimage\"},\"thumbnailUrl\":\"https:\/\/www.alteacultural.com\/wp-content\/uploads\/2024\/11\/GranConciertoDeAnoNuevo_banner2.jpg\",\"datePublished\":\"2024-11-05T09:34:39+00:00\",\"dateModified\":\"2025-01-02T13:57:18+00:00\",\"breadcrumb\":{\"@id\":\"https:\/\/www.alteacultural.com\/es\/events\/gran-concert-dany-nou\/#breadcrumb\"},\"inLanguage\":\"es\",\"potentialAction\":[{\"@type\":\"ReadAction\",\"target\":[\"https:\/\/www.alteacultural.com\/es\/events\/gran-concert-dany-nou\/\"]}]},{\"@type\":\"ImageObject\",\"inLanguage\":\"es\",\"@id\":\"https:\/\/www.alteacultural.com\/es\/events\/gran-concert-dany-nou\/#primaryimage\",\"url\":\"https:\/\/www.alteacultural.com\/wp-content\/uploads\/2024\/11\/GranConciertoDeAnoNuevo_banner2.jpg\",\"contentUrl\":\"https:\/\/www.alteacultural.com\/wp-content\/uploads\/2024\/11\/GranConciertoDeAnoNuevo_banner2.jpg\",\"width\":1351,\"height\":346},{\"@type\":\"BreadcrumbList\",\"@id\":\"https:\/\/www.alteacultural.com\/es\/events\/gran-concert-dany-nou\/#breadcrumb\",\"itemListElement\":[{\"@type\":\"ListItem\",\"position\":1,\"name\":\"Inici\",\"item\":\"https:\/\/www.alteacultural.com\/es\/\"},{\"@type\":\"ListItem\",\"position\":2,\"name\":\"Eventos\",\"item\":\"https:\/\/www.alteacultural.com\/es\/events\/\"},{\"@type\":\"ListItem\",\"position\":3,\"name\":\"[\u274cCANCELADO] Gran Concierto de A\u00f1o Nuevo\"}]},{\"@type\":\"WebSite\",\"@id\":\"https:\/\/www.alteacultural.com\/es\/#website\",\"url\":\"https:\/\/www.alteacultural.com\/es\/\",\"name\":\"Altea Cultural\",\"description\":\"Regidoria de Cultura de l&#039;Ajuntament d&#039;Altea\",\"potentialAction\":[{\"@type\":\"SearchAction\",\"target\":{\"@type\":\"EntryPoint\",\"urlTemplate\":\"https:\/\/www.alteacultural.com\/es\/?s={search_term_string}\"},\"query-input\":\"required name=search_term_string\"}],\"inLanguage\":\"es\"}]}<\/script>\n<!-- \/ Yoast SEO plugin. -->","yoast_head_json":{"title":"[\u274cCANCELADO] Gran Concierto de A\u00f1o Nuevo - Altea Cultural","robots":{"index":"index","follow":"follow","max-snippet":"max-snippet:-1","max-image-preview":"max-image-preview:large","max-video-preview":"max-video-preview:-1"},"canonical":"https:\/\/www.alteacultural.com\/es\/events\/gran-concert-dany-nou\/","og_locale":"es_ES","og_type":"article","og_title":"[\u274cCANCELADO] Gran Concierto de A\u00f1o Nuevo - Altea Cultural","og_description":"ACTO CANCELADO POR MOTIVOS AJENOS AL PALAU ALTEA\/AYTO. DE ALTEA. APLAZADO AL 10-01-2025. &nbsp; 1-ene | 19:00 h | [&hellip;]","og_url":"https:\/\/www.alteacultural.com\/es\/events\/gran-concert-dany-nou\/","og_site_name":"Altea Cultural","article_modified_time":"2025-01-02T13:57:18+00:00","og_image":[{"width":1351,"height":346,"url":"https:\/\/www.alteacultural.com\/wp-content\/uploads\/2024\/11\/GranConciertoDeAnoNuevo_banner2.jpg","type":"image\/jpeg"}],"twitter_card":"summary_large_image","twitter_misc":{"Tiempo de lectura":"2 minutos"},"schema":{"@context":"https:\/\/schema.org","@graph":[{"@type":"WebPage","@id":"https:\/\/www.alteacultural.com\/es\/events\/gran-concert-dany-nou\/","url":"https:\/\/www.alteacultural.com\/es\/events\/gran-concert-dany-nou\/","name":"[\u274cCANCELADO] Gran Concierto de A\u00f1o Nuevo - Altea Cultural","isPartOf":{"@id":"https:\/\/www.alteacultural.com\/es\/#website"},"primaryImageOfPage":{"@id":"https:\/\/www.alteacultural.com\/es\/events\/gran-concert-dany-nou\/#primaryimage"},"image":{"@id":"https:\/\/www.alteacultural.com\/es\/events\/gran-concert-dany-nou\/#primaryimage"},"thumbnailUrl":"https:\/\/www.alteacultural.com\/wp-content\/uploads\/2024\/11\/GranConciertoDeAnoNuevo_banner2.jpg","datePublished":"2024-11-05T09:34:39+00:00","dateModified":"2025-01-02T13:57:18+00:00","breadcrumb":{"@id":"https:\/\/www.alteacultural.com\/es\/events\/gran-concert-dany-nou\/#breadcrumb"},"inLanguage":"es","potentialAction":[{"@type":"ReadAction","target":["https:\/\/www.alteacultural.com\/es\/events\/gran-concert-dany-nou\/"]}]},{"@type":"ImageObject","inLanguage":"es","@id":"https:\/\/www.alteacultural.com\/es\/events\/gran-concert-dany-nou\/#primaryimage","url":"https:\/\/www.alteacultural.com\/wp-content\/uploads\/2024\/11\/GranConciertoDeAnoNuevo_banner2.jpg","contentUrl":"https:\/\/www.alteacultural.com\/wp-content\/uploads\/2024\/11\/GranConciertoDeAnoNuevo_banner2.jpg","width":1351,"height":346},{"@type":"BreadcrumbList","@id":"https:\/\/www.alteacultural.com\/es\/events\/gran-concert-dany-nou\/#breadcrumb","itemListElement":[{"@type":"ListItem","position":1,"name":"Inici","item":"https:\/\/www.alteacultural.com\/es\/"},{"@type":"ListItem","position":2,"name":"Eventos","item":"https:\/\/www.alteacultural.com\/es\/events\/"},{"@type":"ListItem","position":3,"name":"[\u274cCANCELADO] Gran Concierto de A\u00f1o Nuevo"}]},{"@type":"WebSite","@id":"https:\/\/www.alteacultural.com\/es\/#website","url":"https:\/\/www.alteacultural.com\/es\/","name":"Altea Cultural","description":"Regidoria de Cultura de l&#039;Ajuntament d&#039;Altea","potentialAction":[{"@type":"SearchAction","target":{"@type":"EntryPoint","urlTemplate":"https:\/\/www.alteacultural.com\/es\/?s={search_term_string}"},"query-input":"required name=search_term_string"}],"inLanguage":"es"}]}},"mec_cost":"41 \u20ac","mec_date":{"start":{"date":"2025-01-01","hour":7,"minutes":"0","ampm":"PM"},"end":{"date":"2025-01-01","hour":9,"minutes":"0","ampm":"PM"},"comment":"","repeat":{"type":"daily","interval":"1","advanced":"","end":"never","end_at_date":"","end_at_occurrences":"10"}},"_links":{"self":[{"href":"https:\/\/www.alteacultural.com\/es\/wp-json\/wp\/v2\/mec-events\/33423"}],"collection":[{"href":"https:\/\/www.alteacultural.com\/es\/wp-json\/wp\/v2\/mec-events"}],"about":[{"href":"https:\/\/www.alteacultural.com\/es\/wp-json\/wp\/v2\/types\/mec-events"}],"author":[{"embeddable":true,"href":"https:\/\/www.alteacultural.com\/es\/wp-json\/wp\/v2\/users\/1"}],"replies":[{"embeddable":true,"href":"https:\/\/www.alteacultural.com\/es\/wp-json\/wp\/v2\/comments?post=33423"}],"wp:featuredmedia":[{"embeddable":true,"href":"https:\/\/www.alteacultural.com\/es\/wp-json\/wp\/v2\/media\/33422"}],"wp:attachment":[{"href":"https:\/\/www.alteacultural.com\/es\/wp-json\/wp\/v2\/media?parent=33423"}],"curies":[{"name":"wp","href":"https:\/\/api.w.org\/{rel}","templated":true}]}}

[❌CANCELADO] Gran Concierto de Año Nuevo

<p><strong><span style="color: #ff0000;">ACTO CANCELADO</span></strong><span style="color: #ff0000;"> POR MOTIVOS AJENOS AL PALAU ALTEA/AYTO. DE ALTEA.<br />
A</span><span style="color: #ff0000;">PLAZADO AL <a style="color: #ff0000;" href="https://www.alteacultural.com/es/events/gran-concert-dany-nou-2/" target="_blank" rel="noopener"><strong>10-01-2025</strong>.</a></span></p>
<p>&nbsp;</p>
<p><strong>1-ene | 19:00 h | Palau Altea</strong></p>
<p>Gran Concierto de Año Nuevo: Strauss Festival Orchestra &amp; Strauss Festival Ballet Ensemble.</p>
<p>Más de 80 artistas, músicos, cantantes y bailarines! La extraordinaria gira de 35 años de éxito que ha conquistado a toda Europa.</p>
<p>¿Qué tiene esta producción para que los espectadores más exigentes de las mejores salas de toda Europa se rindan ante ella?</p>
<p>Si eres uno de los amantes de la música clásica, los títulos más conocidos del rey del vals, Napoleón, Fiesta de las flores, El vals del emperador o Champagne, te serán familiares. El vals más célebre de todos, El Bello Danubio azul y la Marcha Radetzky completan este extraordinario concierto que ha apasionado a más de 5 millones de espectadores de todo el mundo.</p>
<p>Musikverein de Viena, Concertgebouw de Amsterdam, la Philarmonie de Berlín, el Musikhalle de Hamburgo, el Auditorium Parco della Musica de Roma, el Gran Teatre del Liceu, el Palau de la Música de Barcelona o el Teatro Real de Madrid&#8230; Estas sólo son algunas de las salas que se llenaron para ver uno de los eventos más esperados de la temporada musical.</p>
<p>DURACIÓN: 120 minutos con 20 minutos de descanso.</p>
<p>Entrada 41 €.</p>
<p><img fetchpriority="high" decoding="async" class="aligncenter wp-image-33419" src="https://www.alteacultural.com/wp-content/uploads/2024/11/GranConciertoDeAnoNuevo2.jpg" alt="" width="750" height="1134" /></p>
<p>&nbsp;</p>

<!-- This site is optimized with the Yoast SEO plugin v22.8 - https://yoast.com/wordpress/plugins/seo/ -->
<title>[❌CANCELADO] Gran Concierto de Año Nuevo - Altea Cultural</title>
<meta name="robots" content="index, follow, max-snippet:-1, max-image-preview:large, max-video-preview:-1" />
<link rel="canonical" href="https://www.alteacultural.com/es/events/gran-concert-dany-nou/" />
<meta property="og:locale" content="es_ES" />
<meta property="og:type" content="article" />
<meta property="og:title" content="[❌CANCELADO] Gran Concierto de Año Nuevo - Altea Cultural" />
<meta property="og:description" content="ACTO CANCELADO POR MOTIVOS AJENOS AL PALAU ALTEA/AYTO. DE ALTEA. APLAZADO AL 10-01-2025. &nbsp; 1-ene | 19:00 h | [&hellip;]" />
<meta property="og:url" content="https://www.alteacultural.com/es/events/gran-concert-dany-nou/" />
<meta property="og:site_name" content="Altea Cultural" />
<meta property="article:modified_time" content="2025-01-02T13:57:18+00:00" />
<meta property="og:image" content="https://www.alteacultural.com/wp-content/uploads/2024/11/GranConciertoDeAnoNuevo_banner2.jpg" />
	<meta property="og:image:width" content="1351" />
	<meta property="og:image:height" content="346" />
	<meta property="og:image:type" content="image/jpeg" />
<meta name="twitter:card" content="summary_large_image" />
<meta name="twitter:label1" content="Tiempo de lectura" />
	<meta name="twitter:data1" content="2 minutos" />
<script type="application/ld+json" class="yoast-schema-graph">{"@context":"https://schema.org","@graph":[{"@type":"WebPage","@id":"https://www.alteacultural.com/es/events/gran-concert-dany-nou/","url":"https://www.alteacultural.com/es/events/gran-concert-dany-nou/","name":"[❌CANCELADO] Gran Concierto de Año Nuevo - Altea Cultural","isPartOf":{"@id":"https://www.alteacultural.com/es/#website"},"primaryImageOfPage":{"@id":"https://www.alteacultural.com/es/events/gran-concert-dany-nou/#primaryimage"},"image":{"@id":"https://www.alteacultural.com/es/events/gran-concert-dany-nou/#primaryimage"},"thumbnailUrl":"https://www.alteacultural.com/wp-content/uploads/2024/11/GranConciertoDeAnoNuevo_banner2.jpg","datePublished":"2024-11-05T09:34:39+00:00","dateModified":"2025-01-02T13:57:18+00:00","breadcrumb":{"@id":"https://www.alteacultural.com/es/events/gran-concert-dany-nou/#breadcrumb"},"inLanguage":"es","potentialAction":[{"@type":"ReadAction","target":["https://www.alteacultural.com/es/events/gran-concert-dany-nou/"]}]},{"@type":"ImageObject","inLanguage":"es","@id":"https://www.alteacultural.com/es/events/gran-concert-dany-nou/#primaryimage","url":"https://www.alteacultural.com/wp-content/uploads/2024/11/GranConciertoDeAnoNuevo_banner2.jpg","contentUrl":"https://www.alteacultural.com/wp-content/uploads/2024/11/GranConciertoDeAnoNuevo_banner2.jpg","width":1351,"height":346},{"@type":"BreadcrumbList","@id":"https://www.alteacultural.com/es/events/gran-concert-dany-nou/#breadcrumb","itemListElement":[{"@type":"ListItem","position":1,"name":"Inici","item":"https://www.alteacultural.com/es/"},{"@type":"ListItem","position":2,"name":"Eventos","item":"https://www.alteacultural.com/es/events/"},{"@type":"ListItem","position":3,"name":"[❌CANCELADO] Gran Concierto de Año Nuevo"}]},{"@type":"WebSite","@id":"https://www.alteacultural.com/es/#website","url":"https://www.alteacultural.com/es/","name":"Altea Cultural","description":"Regidoria de Cultura de l&#039;Ajuntament d&#039;Altea","potentialAction":[{"@type":"SearchAction","target":{"@type":"EntryPoint","urlTemplate":"https://www.alteacultural.com/es/?s={search_term_string}"},"query-input":"required name=search_term_string"}],"inLanguage":"es"}]}</script>
<!-- / Yoast SEO plugin. -->

[❌CANCELADO] Gran Concierto de Año Nuevo - Altea Cultural
