{"id":34161,"date":"2024-12-30T10:59:04","date_gmt":"2024-12-30T09:59:04","guid":{"rendered":"https:\/\/www.alteacultural.com\/events\/dani-miquel-i-els-ma-me-mi-mo-musics-cap-dany-infantil\/"},"modified":"2024-12-30T11:02:07","modified_gmt":"2024-12-30T10:02:07","slug":"dani-miquel-i-els-ma-me-mi-mo-musics-cap-dany-infantil","status":"publish","type":"mec-events","link":"https:\/\/www.alteacultural.com\/es\/events\/dani-miquel-i-els-ma-me-mi-mo-musics-cap-dany-infantil\/","title":{"rendered":"Dani Miquel i els ma-me-mi-mo m\u00fasics: Cap d&#8217;Any Infantil"},"content":{"rendered":"<p><em><strong>Acto en valenciano<\/strong><\/em><\/p>\n<p>31-des | 11:00 h | Pl. Esgl\u00e9sia (Altea)<\/p>\n<p><strong>Dani Miquel i els ma-me-mi-mo m\u00fasics: Cap d&#8217;Any Infantil<\/strong><\/p>\n<p>Festa Infantil cap d\u2019any amb Dani Miquel. El dimarts 31, a partir de les 11.00 hores, els m\u00e9s xicotets podran celebrar una festa per a acomiadar l\u2019any amb Dani Miquel i els ma,me,mi,mo, m\u00fasics. Aquesta activitat, organitzada per la regidoria d\u2019Educaci\u00f3, tindr\u00e0 lloc en la pla\u00e7a de l\u2019Esgl\u00e9sia.<\/p>\n<p>Entrada lliure<\/p>\n<p><img fetchpriority=\"high\" decoding=\"async\" class=\"aligncenter wp-image-34159\" src=\"https:\/\/www.alteacultural.com\/wp-content\/uploads\/2024\/12\/2024-12-31-Dani-Miquel-i-els-ma-me-mi-mo-musics.jpg\" alt=\"\" width=\"750\" height=\"1062\" srcset=\"https:\/\/www.alteacultural.com\/wp-content\/uploads\/2024\/12\/2024-12-31-Dani-Miquel-i-els-ma-me-mi-mo-musics.jpg 1447w, https:\/\/www.alteacultural.com\/wp-content\/uploads\/2024\/12\/2024-12-31-Dani-Miquel-i-els-ma-me-mi-mo-musics-768x1087.jpg 768w, https:\/\/www.alteacultural.com\/wp-content\/uploads\/2024\/12\/2024-12-31-Dani-Miquel-i-els-ma-me-mi-mo-musics-1085x1536.jpg 1085w\" sizes=\"(max-width: 750px) 100vw, 750px\" \/><\/p>\n","protected":false},"excerpt":{"rendered":"<p>Acto en valenciano 31-des | 11:00 h | Pl. Esgl\u00e9sia (Altea) Dani Miquel i els ma-me-mi-mo m\u00fasics: Cap d&#8217;Any [&hellip;]<\/p>\n","protected":false},"author":1,"featured_media":34158,"comment_status":"open","ping_status":"closed","template":"","meta":{"_expiration-date-status":"","_expiration-date":0,"_expiration-date-type":"","_expiration-date-categories":[],"_expiration-date-options":[]},"yoast_head":"<!-- This site is optimized with the Yoast SEO plugin v22.8 - https:\/\/yoast.com\/wordpress\/plugins\/seo\/ -->\n<title>Dani Miquel i els ma-me-mi-mo m\u00fasics: Cap d&#039;Any Infantil - Altea Cultural<\/title>\n<meta name=\"robots\" content=\"index, follow, max-snippet:-1, max-image-preview:large, max-video-preview:-1\" \/>\n<link rel=\"canonical\" href=\"https:\/\/www.alteacultural.com\/es\/events\/dani-miquel-i-els-ma-me-mi-mo-musics-cap-dany-infantil\/\" \/>\n<meta property=\"og:locale\" content=\"es_ES\" \/>\n<meta property=\"og:type\" content=\"article\" \/>\n<meta property=\"og:title\" content=\"Dani Miquel i els ma-me-mi-mo m\u00fasics: Cap d&#039;Any Infantil - Altea Cultural\" \/>\n<meta property=\"og:description\" content=\"Acto en valenciano 31-des | 11:00 h | Pl. Esgl\u00e9sia (Altea) Dani Miquel i els ma-me-mi-mo m\u00fasics: Cap d&#8217;Any [&hellip;]\" \/>\n<meta property=\"og:url\" content=\"https:\/\/www.alteacultural.com\/es\/events\/dani-miquel-i-els-ma-me-mi-mo-musics-cap-dany-infantil\/\" \/>\n<meta property=\"og:site_name\" content=\"Altea Cultural\" \/>\n<meta property=\"article:modified_time\" content=\"2024-12-30T10:02:07+00:00\" \/>\n<meta property=\"og:image\" content=\"https:\/\/www.alteacultural.com\/wp-content\/uploads\/2024\/12\/2024-12-31-Dani-Miquel-i-els-ma-me-mi-mo-musics-banner.jpg\" \/>\n\t<meta property=\"og:image:width\" content=\"1442\" \/>\n\t<meta property=\"og:image:height\" content=\"581\" \/>\n\t<meta property=\"og:image:type\" content=\"image\/jpeg\" \/>\n<meta name=\"twitter:card\" content=\"summary_large_image\" \/>\n<meta name=\"twitter:label1\" content=\"Tiempo de lectura\" \/>\n\t<meta name=\"twitter:data1\" content=\"1 minuto\" \/>\n<script type=\"application\/ld+json\" class=\"yoast-schema-graph\">{\"@context\":\"https:\/\/schema.org\",\"@graph\":[{\"@type\":\"WebPage\",\"@id\":\"https:\/\/www.alteacultural.com\/es\/events\/dani-miquel-i-els-ma-me-mi-mo-musics-cap-dany-infantil\/\",\"url\":\"https:\/\/www.alteacultural.com\/es\/events\/dani-miquel-i-els-ma-me-mi-mo-musics-cap-dany-infantil\/\",\"name\":\"Dani Miquel i els ma-me-mi-mo m\u00fasics: Cap d'Any Infantil - Altea Cultural\",\"isPartOf\":{\"@id\":\"https:\/\/www.alteacultural.com\/es\/#website\"},\"primaryImageOfPage\":{\"@id\":\"https:\/\/www.alteacultural.com\/es\/events\/dani-miquel-i-els-ma-me-mi-mo-musics-cap-dany-infantil\/#primaryimage\"},\"image\":{\"@id\":\"https:\/\/www.alteacultural.com\/es\/events\/dani-miquel-i-els-ma-me-mi-mo-musics-cap-dany-infantil\/#primaryimage\"},\"thumbnailUrl\":\"https:\/\/www.alteacultural.com\/wp-content\/uploads\/2024\/12\/2024-12-31-Dani-Miquel-i-els-ma-me-mi-mo-musics-banner.jpg\",\"datePublished\":\"2024-12-30T09:59:04+00:00\",\"dateModified\":\"2024-12-30T10:02:07+00:00\",\"breadcrumb\":{\"@id\":\"https:\/\/www.alteacultural.com\/es\/events\/dani-miquel-i-els-ma-me-mi-mo-musics-cap-dany-infantil\/#breadcrumb\"},\"inLanguage\":\"es\",\"potentialAction\":[{\"@type\":\"ReadAction\",\"target\":[\"https:\/\/www.alteacultural.com\/es\/events\/dani-miquel-i-els-ma-me-mi-mo-musics-cap-dany-infantil\/\"]}]},{\"@type\":\"ImageObject\",\"inLanguage\":\"es\",\"@id\":\"https:\/\/www.alteacultural.com\/es\/events\/dani-miquel-i-els-ma-me-mi-mo-musics-cap-dany-infantil\/#primaryimage\",\"url\":\"https:\/\/www.alteacultural.com\/wp-content\/uploads\/2024\/12\/2024-12-31-Dani-Miquel-i-els-ma-me-mi-mo-musics-banner.jpg\",\"contentUrl\":\"https:\/\/www.alteacultural.com\/wp-content\/uploads\/2024\/12\/2024-12-31-Dani-Miquel-i-els-ma-me-mi-mo-musics-banner.jpg\",\"width\":1442,\"height\":581},{\"@type\":\"BreadcrumbList\",\"@id\":\"https:\/\/www.alteacultural.com\/es\/events\/dani-miquel-i-els-ma-me-mi-mo-musics-cap-dany-infantil\/#breadcrumb\",\"itemListElement\":[{\"@type\":\"ListItem\",\"position\":1,\"name\":\"Inici\",\"item\":\"https:\/\/www.alteacultural.com\/es\/\"},{\"@type\":\"ListItem\",\"position\":2,\"name\":\"Eventos\",\"item\":\"https:\/\/www.alteacultural.com\/es\/events\/\"},{\"@type\":\"ListItem\",\"position\":3,\"name\":\"Dani Miquel i els ma-me-mi-mo m\u00fasics: Cap d&#8217;Any Infantil\"}]},{\"@type\":\"WebSite\",\"@id\":\"https:\/\/www.alteacultural.com\/es\/#website\",\"url\":\"https:\/\/www.alteacultural.com\/es\/\",\"name\":\"Altea Cultural\",\"description\":\"Regidoria de Cultura de l&#039;Ajuntament d&#039;Altea\",\"potentialAction\":[{\"@type\":\"SearchAction\",\"target\":{\"@type\":\"EntryPoint\",\"urlTemplate\":\"https:\/\/www.alteacultural.com\/es\/?s={search_term_string}\"},\"query-input\":\"required name=search_term_string\"}],\"inLanguage\":\"es\"}]}<\/script>\n<!-- \/ Yoast SEO plugin. -->","yoast_head_json":{"title":"Dani Miquel i els ma-me-mi-mo m\u00fasics: Cap d'Any Infantil - Altea Cultural","robots":{"index":"index","follow":"follow","max-snippet":"max-snippet:-1","max-image-preview":"max-image-preview:large","max-video-preview":"max-video-preview:-1"},"canonical":"https:\/\/www.alteacultural.com\/es\/events\/dani-miquel-i-els-ma-me-mi-mo-musics-cap-dany-infantil\/","og_locale":"es_ES","og_type":"article","og_title":"Dani Miquel i els ma-me-mi-mo m\u00fasics: Cap d'Any Infantil - Altea Cultural","og_description":"Acto en valenciano 31-des | 11:00 h | Pl. Esgl\u00e9sia (Altea) Dani Miquel i els ma-me-mi-mo m\u00fasics: Cap d&#8217;Any [&hellip;]","og_url":"https:\/\/www.alteacultural.com\/es\/events\/dani-miquel-i-els-ma-me-mi-mo-musics-cap-dany-infantil\/","og_site_name":"Altea Cultural","article_modified_time":"2024-12-30T10:02:07+00:00","og_image":[{"width":1442,"height":581,"url":"https:\/\/www.alteacultural.com\/wp-content\/uploads\/2024\/12\/2024-12-31-Dani-Miquel-i-els-ma-me-mi-mo-musics-banner.jpg","type":"image\/jpeg"}],"twitter_card":"summary_large_image","twitter_misc":{"Tiempo de lectura":"1 minuto"},"schema":{"@context":"https:\/\/schema.org","@graph":[{"@type":"WebPage","@id":"https:\/\/www.alteacultural.com\/es\/events\/dani-miquel-i-els-ma-me-mi-mo-musics-cap-dany-infantil\/","url":"https:\/\/www.alteacultural.com\/es\/events\/dani-miquel-i-els-ma-me-mi-mo-musics-cap-dany-infantil\/","name":"Dani Miquel i els ma-me-mi-mo m\u00fasics: Cap d'Any Infantil - Altea Cultural","isPartOf":{"@id":"https:\/\/www.alteacultural.com\/es\/#website"},"primaryImageOfPage":{"@id":"https:\/\/www.alteacultural.com\/es\/events\/dani-miquel-i-els-ma-me-mi-mo-musics-cap-dany-infantil\/#primaryimage"},"image":{"@id":"https:\/\/www.alteacultural.com\/es\/events\/dani-miquel-i-els-ma-me-mi-mo-musics-cap-dany-infantil\/#primaryimage"},"thumbnailUrl":"https:\/\/www.alteacultural.com\/wp-content\/uploads\/2024\/12\/2024-12-31-Dani-Miquel-i-els-ma-me-mi-mo-musics-banner.jpg","datePublished":"2024-12-30T09:59:04+00:00","dateModified":"2024-12-30T10:02:07+00:00","breadcrumb":{"@id":"https:\/\/www.alteacultural.com\/es\/events\/dani-miquel-i-els-ma-me-mi-mo-musics-cap-dany-infantil\/#breadcrumb"},"inLanguage":"es","potentialAction":[{"@type":"ReadAction","target":["https:\/\/www.alteacultural.com\/es\/events\/dani-miquel-i-els-ma-me-mi-mo-musics-cap-dany-infantil\/"]}]},{"@type":"ImageObject","inLanguage":"es","@id":"https:\/\/www.alteacultural.com\/es\/events\/dani-miquel-i-els-ma-me-mi-mo-musics-cap-dany-infantil\/#primaryimage","url":"https:\/\/www.alteacultural.com\/wp-content\/uploads\/2024\/12\/2024-12-31-Dani-Miquel-i-els-ma-me-mi-mo-musics-banner.jpg","contentUrl":"https:\/\/www.alteacultural.com\/wp-content\/uploads\/2024\/12\/2024-12-31-Dani-Miquel-i-els-ma-me-mi-mo-musics-banner.jpg","width":1442,"height":581},{"@type":"BreadcrumbList","@id":"https:\/\/www.alteacultural.com\/es\/events\/dani-miquel-i-els-ma-me-mi-mo-musics-cap-dany-infantil\/#breadcrumb","itemListElement":[{"@type":"ListItem","position":1,"name":"Inici","item":"https:\/\/www.alteacultural.com\/es\/"},{"@type":"ListItem","position":2,"name":"Eventos","item":"https:\/\/www.alteacultural.com\/es\/events\/"},{"@type":"ListItem","position":3,"name":"Dani Miquel i els ma-me-mi-mo m\u00fasics: Cap d&#8217;Any Infantil"}]},{"@type":"WebSite","@id":"https:\/\/www.alteacultural.com\/es\/#website","url":"https:\/\/www.alteacultural.com\/es\/","name":"Altea Cultural","description":"Regidoria de Cultura de l&#039;Ajuntament d&#039;Altea","potentialAction":[{"@type":"SearchAction","target":{"@type":"EntryPoint","urlTemplate":"https:\/\/www.alteacultural.com\/es\/?s={search_term_string}"},"query-input":"required name=search_term_string"}],"inLanguage":"es"}]}},"mec_cost":"Entrada lliure i gratu\u00efta","mec_date":{"start":{"date":"2024-12-31","hour":"11","minutes":"0","ampm":"AM"},"end":{"date":"2024-12-31","hour":"12","minutes":"30","ampm":"PM"},"comment":"","repeat":{"type":"daily","interval":"1","advanced":"","end":"never","end_at_date":"","end_at_occurrences":"10"}},"_links":{"self":[{"href":"https:\/\/www.alteacultural.com\/es\/wp-json\/wp\/v2\/mec-events\/34161"}],"collection":[{"href":"https:\/\/www.alteacultural.com\/es\/wp-json\/wp\/v2\/mec-events"}],"about":[{"href":"https:\/\/www.alteacultural.com\/es\/wp-json\/wp\/v2\/types\/mec-events"}],"author":[{"embeddable":true,"href":"https:\/\/www.alteacultural.com\/es\/wp-json\/wp\/v2\/users\/1"}],"replies":[{"embeddable":true,"href":"https:\/\/www.alteacultural.com\/es\/wp-json\/wp\/v2\/comments?post=34161"}],"wp:featuredmedia":[{"embeddable":true,"href":"https:\/\/www.alteacultural.com\/es\/wp-json\/wp\/v2\/media\/34158"}],"wp:attachment":[{"href":"https:\/\/www.alteacultural.com\/es\/wp-json\/wp\/v2\/media?parent=34161"}],"curies":[{"name":"wp","href":"https:\/\/api.w.org\/{rel}","templated":true}]}}

Dani Miquel i els ma-me-mi-mo músics: Cap d&#8217;Any Infantil

<p><em><strong>Acto en valenciano</strong></em></p>
<p>31-des | 11:00 h | Pl. Església (Altea)</p>
<p><strong>Dani Miquel i els ma-me-mi-mo músics: Cap d&#8217;Any Infantil</strong></p>
<p>Festa Infantil cap d’any amb Dani Miquel. El dimarts 31, a partir de les 11.00 hores, els més xicotets podran celebrar una festa per a acomiadar l’any amb Dani Miquel i els ma,me,mi,mo, músics. Aquesta activitat, organitzada per la regidoria d’Educació, tindrà lloc en la plaça de l’Església.</p>
<p>Entrada lliure</p>
<p><img fetchpriority="high" decoding="async" class="aligncenter wp-image-34159" src="https://www.alteacultural.com/wp-content/uploads/2024/12/2024-12-31-Dani-Miquel-i-els-ma-me-mi-mo-musics.jpg" alt="" width="750" height="1062" srcset="https://www.alteacultural.com/wp-content/uploads/2024/12/2024-12-31-Dani-Miquel-i-els-ma-me-mi-mo-musics.jpg 1447w, https://www.alteacultural.com/wp-content/uploads/2024/12/2024-12-31-Dani-Miquel-i-els-ma-me-mi-mo-musics-768x1087.jpg 768w, https://www.alteacultural.com/wp-content/uploads/2024/12/2024-12-31-Dani-Miquel-i-els-ma-me-mi-mo-musics-1085x1536.jpg 1085w" sizes="(max-width: 750px) 100vw, 750px" /></p>

<p>Acto en valenciano 31-des | 11:00 h | Pl. Església (Altea) Dani Miquel i els ma-me-mi-mo músics: Cap d&#8217;Any [&hellip;]</p>

<!-- This site is optimized with the Yoast SEO plugin v22.8 - https://yoast.com/wordpress/plugins/seo/ -->
<title>Dani Miquel i els ma-me-mi-mo músics: Cap d&#039;Any Infantil - Altea Cultural</title>
<meta name="robots" content="index, follow, max-snippet:-1, max-image-preview:large, max-video-preview:-1" />
<link rel="canonical" href="https://www.alteacultural.com/es/events/dani-miquel-i-els-ma-me-mi-mo-musics-cap-dany-infantil/" />
<meta property="og:locale" content="es_ES" />
<meta property="og:type" content="article" />
<meta property="og:title" content="Dani Miquel i els ma-me-mi-mo músics: Cap d&#039;Any Infantil - Altea Cultural" />
<meta property="og:description" content="Acto en valenciano 31-des | 11:00 h | Pl. Església (Altea) Dani Miquel i els ma-me-mi-mo músics: Cap d&#8217;Any [&hellip;]" />
<meta property="og:url" content="https://www.alteacultural.com/es/events/dani-miquel-i-els-ma-me-mi-mo-musics-cap-dany-infantil/" />
<meta property="og:site_name" content="Altea Cultural" />
<meta property="article:modified_time" content="2024-12-30T10:02:07+00:00" />
<meta property="og:image" content="https://www.alteacultural.com/wp-content/uploads/2024/12/2024-12-31-Dani-Miquel-i-els-ma-me-mi-mo-musics-banner.jpg" />
	<meta property="og:image:width" content="1442" />
	<meta property="og:image:height" content="581" />
	<meta property="og:image:type" content="image/jpeg" />
<meta name="twitter:card" content="summary_large_image" />
<meta name="twitter:label1" content="Tiempo de lectura" />
	<meta name="twitter:data1" content="1 minuto" />
<script type="application/ld+json" class="yoast-schema-graph">{"@context":"https://schema.org","@graph":[{"@type":"WebPage","@id":"https://www.alteacultural.com/es/events/dani-miquel-i-els-ma-me-mi-mo-musics-cap-dany-infantil/","url":"https://www.alteacultural.com/es/events/dani-miquel-i-els-ma-me-mi-mo-musics-cap-dany-infantil/","name":"Dani Miquel i els ma-me-mi-mo músics: Cap d'Any Infantil - Altea Cultural","isPartOf":{"@id":"https://www.alteacultural.com/es/#website"},"primaryImageOfPage":{"@id":"https://www.alteacultural.com/es/events/dani-miquel-i-els-ma-me-mi-mo-musics-cap-dany-infantil/#primaryimage"},"image":{"@id":"https://www.alteacultural.com/es/events/dani-miquel-i-els-ma-me-mi-mo-musics-cap-dany-infantil/#primaryimage"},"thumbnailUrl":"https://www.alteacultural.com/wp-content/uploads/2024/12/2024-12-31-Dani-Miquel-i-els-ma-me-mi-mo-musics-banner.jpg","datePublished":"2024-12-30T09:59:04+00:00","dateModified":"2024-12-30T10:02:07+00:00","breadcrumb":{"@id":"https://www.alteacultural.com/es/events/dani-miquel-i-els-ma-me-mi-mo-musics-cap-dany-infantil/#breadcrumb"},"inLanguage":"es","potentialAction":[{"@type":"ReadAction","target":["https://www.alteacultural.com/es/events/dani-miquel-i-els-ma-me-mi-mo-musics-cap-dany-infantil/"]}]},{"@type":"ImageObject","inLanguage":"es","@id":"https://www.alteacultural.com/es/events/dani-miquel-i-els-ma-me-mi-mo-musics-cap-dany-infantil/#primaryimage","url":"https://www.alteacultural.com/wp-content/uploads/2024/12/2024-12-31-Dani-Miquel-i-els-ma-me-mi-mo-musics-banner.jpg","contentUrl":"https://www.alteacultural.com/wp-content/uploads/2024/12/2024-12-31-Dani-Miquel-i-els-ma-me-mi-mo-musics-banner.jpg","width":1442,"height":581},{"@type":"BreadcrumbList","@id":"https://www.alteacultural.com/es/events/dani-miquel-i-els-ma-me-mi-mo-musics-cap-dany-infantil/#breadcrumb","itemListElement":[{"@type":"ListItem","position":1,"name":"Inici","item":"https://www.alteacultural.com/es/"},{"@type":"ListItem","position":2,"name":"Eventos","item":"https://www.alteacultural.com/es/events/"},{"@type":"ListItem","position":3,"name":"Dani Miquel i els ma-me-mi-mo músics: Cap d&#8217;Any Infantil"}]},{"@type":"WebSite","@id":"https://www.alteacultural.com/es/#website","url":"https://www.alteacultural.com/es/","name":"Altea Cultural","description":"Regidoria de Cultura de l&#039;Ajuntament d&#039;Altea","potentialAction":[{"@type":"SearchAction","target":{"@type":"EntryPoint","urlTemplate":"https://www.alteacultural.com/es/?s={search_term_string}"},"query-input":"required name=search_term_string"}],"inLanguage":"es"}]}</script>
<!-- / Yoast SEO plugin. -->

Dani Miquel i els ma-me-mi-mo músics: Cap d'Any Infantil - Altea Cultural

Acto en valenciano 31-des | 11:00 h | Pl. Església (Altea) Dani Miquel i els ma-me-mi-mo músics: Cap d&#8217;Any [&hellip;]

Entrada lliure i gratuïta
